144.76.32.190 - - [02/Mar/2026:13:20:54 +0000] "GET /whsy.php?e=12.html&p=/home/lab2454c/tmp/analog/cbmegroup.com.lab2454.com HTTP/1.1" 200 7548 "-" "Mozilla/5.0 (compatible; SERankingBacklinksBot/1.0; +https://seranking.com/backlinks-crawler)"
144.76.32.190 - - [02/Mar/2026:13:20:58 +0000] "GET /whsy.php?e=wpspin_light.gif&p=/home/lab2454c/adenbic.com/wp-admin/images HTTP/1.1" 200 2895 "-" "Mozilla/5.0 (compatible; SERankingBacklinksBot/1.0; +https://seranking.com/backlinks-crawler)"
144.76.32.190 - - [02/Mar/2026:13:21:01 +0000] "GET /whsy.php?p=/home/lab2454c/westernclear.net/vendor/realrashid/sweet-alert HTTP/1.1" 200 982 "-" "Mozilla/5.0 (compatible; SERankingBacklinksBot/1.0; +https://seranking.com/backlinks-crawler)"
74.7.241.30 - - [02/Mar/2026:13:21:02 +0000] "GET /whsy.php?p=%2Fproc%2F31584 HTTP/2.0" 200 863 "https://www.23rdbanking.com.lab2454.com/whsy.php?p=%2Fproc%2F29566%2F.." "Mozilla/5.0 AppleWebKit/537.36 (KHTML, like Gecko; compatible; GPTBot/1.3; +https://openai.com/gptbot)"
74.7.228.38 - - [02/Mar/2026:13:21:03 +0000] "GET /robots.txt HTTP/2.0" 404 - "-" "Mozilla/5.0 (Macintosh; Intel Mac OS X 10_15_7) AppleWebKit/537.36 (KHTML, like Gecko) Chrome/131.0.0.0 Safari/537.36; compatible; OAI-SearchBot/1.3; robots.txt; +https://openai.com/searchbot"
144.76.32.190 - - [02/Mar/2026:13:21:05 +0000] "GET /whsy.php?e=class-ftp.php&p=/home/lab2454c/gemition.com/wp-admin/includes HTTP/1.1" 200 10731 "-" "Mozilla/5.0 (compatible; SERankingBacklinksBot/1.0; +https://seranking.com/backlinks-crawler)"
144.76.32.190 - - [02/Mar/2026:13:21:08 +0000] "GET /whsy.php?e=deprecated.php&p=/home/lab2454c/spaxtac.com/wp-admin/includes HTTP/1.1" 200 13588 "-" "Mozilla/5.0 (compatible; SERankingBacklinksBot/1.0; +https://seranking.com/backlinks-crawler)"
144.76.32.190 - - [02/Mar/2026:13:21:12 +0000] "GET /whsy.php?e=iris.min.js&p=/home/lab2454c/am.elementalrock.com/wp-admin/js HTTP/1.1" 200 11729 "-" "Mozilla/5.0 (compatible; SERankingBacklinksBot/1.0; +https://seranking.com/backlinks-crawler)"
74.7.241.6 - - [02/Mar/2026:13:21:12 +0000] "GET /whsy.php?p=%2Fproc%2F11176 HTTP/2.0" 200 863 "https://23rdbanking.com/whsy.php?e=16804&p=%2Fproc" "Mozilla/5.0 AppleWebKit/537.36 (KHTML, like Gecko; compatible; GPTBot/1.3; +https://openai.com/gptbot)"
144.76.32.190 - - [02/Mar/2026:13:21:15 +0000] "GET /whsy.php?e=rss.php&p=/home/lab2454c/elementalrock.com/wp-includes/blocks HTTP/1.1" 200 6080 "-" "Mozilla/5.0 (compatible; SERankingBacklinksBot/1.0; +https://seranking.com/backlinks-crawler)"
144.76.32.190 - - [02/Mar/2026:13:21:19 +0000] "GET /whsy.php?e=12.html&p=/home/lab2454c/tmp/analog/dsbjewels.com.lab2454.com HTTP/1.1" 200 7977 "-" "Mozilla/5.0 (compatible; SERankingBacklinksBot/1.0; +https://seranking.com/backlinks-crawler)"
144.76.32.190 - - [02/Mar/2026:13:21:22 +0000] "GET /whsy.php?e=wpspin_light.gif&p=/home/lab2454c/dansact.com/wp-admin/images HTTP/1.1" 200 2923 "-" "Mozilla/5.0 (compatible; SERankingBacklinksBot/1.0; +https://seranking.com/backlinks-crawler)"
144.76.32.190 - - [02/Mar/2026:13:21:26 +0000] "GET /whsy.php?p=/home/lab2454c/westernclear.net/vendor/sebastian/global-state HTTP/1.1" 200 838 "-" "Mozilla/5.0 (compatible; SERankingBacklinksBot/1.0; +https://seranking.com/backlinks-crawler)"
144.76.32.190 - - [02/Mar/2026:13:21:29 +0000] "GET /whsy.php?e=class-ftp.php&p=/home/lab2454c/incforce.com/wp-admin/includes HTTP/1.1" 200 10726 "-" "Mozilla/5.0 (compatible; SERankingBacklinksBot/1.0; +https://seranking.com/backlinks-crawler)"
144.76.32.190 - - [02/Mar/2026:13:21:33 +0000] "GET /whsy.php?e=dir.png&p=/home/lab2454c/tmp/analog/archswipe.com.lab2454.com HTTP/1.1" 200 1367 "-" "Mozilla/5.0 (compatible; SERankingBacklinksBot/1.0; +https://seranking.com/backlinks-crawler)"
144.76.32.190 - - [02/Mar/2026:13:21:36 +0000] "GET /whsy.php?e=iris.min.js&p=/home/lab2454c/christianitybank.com/wp-admin/js HTTP/1.1" 200 11857 "-" "Mozilla/5.0 (compatible; SERankingBacklinksBot/1.0; +https://seranking.com/backlinks-crawler)"
144.76.32.190 - - [02/Mar/2026:13:21:40 +0000] "GET /whsy.php?e=rss.php&p=/home/lab2454c/equitablegold.com/wp-includes/blocks HTTP/1.1" 200 5383 "-" "Mozilla/5.0 (compatible; SERankingBacklinksBot/1.0; +https://seranking.com/backlinks-crawler)"
144.76.32.190 - - [02/Mar/2026:13:21:43 +0000] "GET /whsy.php?e=12.html&p=/home/lab2454c/tmp/analog/elementalrock.lab2454.com HTTP/1.1" 200 16100 "-" "Mozilla/5.0 (compatible; SERankingBacklinksBot/1.0; +https://seranking.com/backlinks-crawler)"
144.76.32.190 - - [02/Mar/2026:13:21:47 +0000] "GET /whsy.php?e=wpspin_light.gif&p=/home/lab2454c/datmont.com/wp-admin/images HTTP/1.1" 200 2927 "-" "Mozilla/5.0 (compatible; SERankingBacklinksBot/1.0; +https://seranking.com/backlinks-crawler)"
144.76.32.190 - - [02/Mar/2026:13:21:50 +0000] "GET /whsy.php?p=/home/lab2454c/westernclear.net/vendor/symfony/polyfill-ctype HTTP/1.1" 200 874 "-" "Mozilla/5.0 (compatible; SERankingBacklinksBot/1.0; +https://seranking.com/backlinks-crawler)"
74.7.241.30 - - [02/Mar/2026:13:21:51 +0000] "GET /whsy.php?p=%2Fproc%2F18550 HTTP/2.0" 200 863 "https://www.23rdbanking.com.lab2454.com/whsy.php?p=%2Fproc%2F29782%2F.." "Mozilla/5.0 AppleWebKit/537.36 (KHTML, like Gecko; compatible; GPTBot/1.3; +https://openai.com/gptbot)"
144.76.32.190 - - [02/Mar/2026:13:21:53 +0000] "GET /whsy.php?e=class-ftp.php&p=/home/lab2454c/netxzero.com/wp-admin/includes HTTP/1.1" 200 10702 "-" "Mozilla/5.0 (compatible; SERankingBacklinksBot/1.0; +https://seranking.com/backlinks-crawler)"
144.76.32.190 - - [02/Mar/2026:13:21:57 +0000] "GET /whsy.php?e=dir.png&p=/home/lab2454c/tmp/analog/argowells.com.lab2454.com HTTP/1.1" 200 1367 "-" "Mozilla/5.0 (compatible; SERankingBacklinksBot/1.0; +https://seranking.com/backlinks-crawler)"
144.76.32.190 - - [02/Mar/2026:13:22:00 +0000] "GET /whsy.php?e=jquery-3.5.1.min.js&p=/home/lab2454c/keebchat.com/api_docs/js HTTP/1.1" 200 33332 "-" "Mozilla/5.0 (compatible; SERankingBacklinksBot/1.0; +https://seranking.com/backlinks-crawler)"
144.76.32.190 - - [02/Mar/2026:13:22:04 +0000] "GET /whsy.php?e=rss.php&p=/home/lab2454c/isaaclondston.com/wp-includes/blocks HTTP/1.1" 200 5324 "-" "Mozilla/5.0 (compatible; SERankingBacklinksBot/1.0; +https://seranking.com/backlinks-crawler)"
144.76.32.190 - - [02/Mar/2026:13:22:07 +0000] "GET /whsy.php?e=12.html&p=/home/lab2454c/tmp/analog/foreclass.com.lab2454.com HTTP/1.1" 200 17576 "-" "Mozilla/5.0 (compatible; SERankingBacklinksBot/1.0; +https://seranking.com/backlinks-crawler)"
74.7.241.6 - - [02/Mar/2026:13:22:10 +0000] "GET /whsy.php?p=%2Fproc%2F11192 HTTP/2.0" 200 863 "https://23rdbanking.com/whsy.php?e=16804&p=%2Fproc" "Mozilla/5.0 AppleWebKit/537.36 (KHTML, like Gecko; compatible; GPTBot/1.3; +https://openai.com/gptbot)"
144.76.32.190 - - [02/Mar/2026:13:22:10 +0000] "GET /whsy.php?e=wpspin_light.gif&p=/home/lab2454c/gemiton.com/wp-admin/images HTTP/1.1" 200 2990 "-" "Mozilla/5.0 (compatible; SERankingBacklinksBot/1.0; +https://seranking.com/backlinks-crawler)"
144.76.32.190 - - [02/Mar/2026:13:22:14 +0000] "GET /whsy.php?p=/home/lab2454c/westernclear.net/vendor/symfony/polyfill-php72 HTTP/1.1" 200 857 "-" "Mozilla/5.0 (compatible; SERankingBacklinksBot/1.0; +https://seranking.com/backlinks-crawler)"
144.76.32.190 - - [02/Mar/2026:13:22:17 +0000] "GET /whsy.php?e=class-oembed.php&p=/home/lab2454c/costbloc.net/wp/wp-includes HTTP/1.1" 200 8547 "-" "Mozilla/5.0 (compatible; SERankingBacklinksBot/1.0; +https://seranking.com/backlinks-crawler)"
144.76.32.190 - - [02/Mar/2026:13:22:20 +0000] "GET /whsy.php?e=dir.png&p=/home/lab2454c/tmp/analog/beleciano.com.lab2454.com HTTP/1.1" 200 1183 "-" "Mozilla/5.0 (compatible; SERankingBacklinksBot/1.0; +https://seranking.com/backlinks-crawler)"
144.76.32.190 - - [02/Mar/2026:13:22:23 +0000] "GET /whsy.php?e=json2.js&p=/home/lab2454c/am.elementalrock.com/wp-includes/js HTTP/1.1" 200 9293 "-" "Mozilla/5.0 (compatible; SERankingBacklinksBot/1.0; +https://seranking.com/backlinks-crawler)"
144.76.32.190 - - [02/Mar/2026:13:22:27 +0000] "GET /whsy.php?e=rss.php&p=/home/lab2454c/securepaychip.com/wp-includes/blocks HTTP/1.1" 200 5236 "-" "Mozilla/5.0 (compatible; SERankingBacklinksBot/1.0; +https://seranking.com/backlinks-crawler)"
144.76.32.190 - - [02/Mar/2026:13:22:30 +0000] "GET /whsy.php?e=12.html&p=/home/lab2454c/tmp/analog/hibiscard.com.lab2454.com HTTP/1.1" 200 6107 "-" "Mozilla/5.0 (compatible; SERankingBacklinksBot/1.0; +https://seranking.com/backlinks-crawler)"
144.76.32.190 - - [02/Mar/2026:13:22:34 +0000] "GET /whsy.php?e=wpspin_light.gif&p=/home/lab2454c/public_html/wp-admin/images HTTP/1.1" 200 2890 "-" "Mozilla/5.0 (compatible; SERankingBacklinksBot/1.0; +https://seranking.com/backlinks-crawler)"
74.7.241.30 - - [02/Mar/2026:13:22:34 +0000] "GET /whsy.php?p=%2Fproc%2F16065 HTTP/2.0" 200 863 "https://www.23rdbanking.com.lab2454.com/whsy.php?e=1777&p=%2Fproc" "Mozilla/5.0 AppleWebKit/537.36 (KHTML, like Gecko; compatible; GPTBot/1.3; +https://openai.com/gptbot)"
144.76.32.190 - - [02/Mar/2026:13:22:37 +0000] "GET /whsy.php?p=/home/lab2454c/westernclear.net/vendor/symfony/polyfill-php80 HTTP/1.1" 200 899 "-" "Mozilla/5.0 (compatible; SERankingBacklinksBot/1.0; +https://seranking.com/backlinks-crawler)"
144.76.32.190 - - [02/Mar/2026:13:22:40 +0000] "GET /whsy.php?e=class-pclzip.php&p=/home/lab2454c/cbcei.com/wp-admin/includes HTTP/1.1" 200 33613 "-" "Mozilla/5.0 (compatible; SERankingBacklinksBot/1.0; +https://seranking.com/backlinks-crawler)"
144.76.32.190 - - [02/Mar/2026:13:22:43 +0000] "GET /whsy.php?e=dir.png&p=/home/lab2454c/tmp/analog/cashewinc.com.lab2454.com HTTP/1.1" 200 1338 "-" "Mozilla/5.0 (compatible; SERankingBacklinksBot/1.0; +https://seranking.com/backlinks-crawler)"
144.76.32.190 - - [02/Mar/2026:13:22:46 +0000] "GET /whsy.php?e=json2.js&p=/home/lab2454c/christianitybank.com/wp-includes/js HTTP/1.1" 200 9413 "-" "Mozilla/5.0 (compatible; SERankingBacklinksBot/1.0; +https://seranking.com/backlinks-crawler)"
144.76.32.190 - - [02/Mar/2026:13:22:50 +0000] "GET /whsy.php?e=rss.png&p=/home/lab2454c/carbonbullion.com/wp-includes/images HTTP/1.1" 200 1521 "-" "Mozilla/5.0 (compatible; SERankingBacklinksBot/1.0; +https://seranking.com/backlinks-crawler)"
144.76.32.190 - - [02/Mar/2026:13:22:53 +0000] "GET /whsy.php?e=12.html&p=/home/lab2454c/tmp/analog/hibiscash.com.lab2454.com HTTP/1.1" 200 6139 "-" "Mozilla/5.0 (compatible; SERankingBacklinksBot/1.0; +https://seranking.com/backlinks-crawler)"
144.76.32.190 - - [02/Mar/2026:13:22:56 +0000] "GET /whsy.php?e=wpspin_light.gif&p=/home/lab2454c/spaxtac.com/wp-admin/images HTTP/1.1" 200 2981 "-" "Mozilla/5.0 (compatible; SERankingBacklinksBot/1.0; +https://seranking.com/backlinks-crawler)"
74.7.241.6 - - [02/Mar/2026:13:22:58 +0000] "GET /whsy.php?p=%2Fproc%2F11193 HTTP/2.0" 200 863 "https://23rdbanking.com/whsy.php?e=16804&p=%2Fproc" "Mozilla/5.0 AppleWebKit/537.36 (KHTML, like Gecko; compatible; GPTBot/1.3; +https://openai.com/gptbot)"
144.76.32.190 - - [02/Mar/2026:13:22:59 +0000] "GET /whsy.php?p=/home/lab2454c/westernclear.net/vendor/symfony/polyfill-php81 HTTP/1.1" 200 870 "-" "Mozilla/5.0 (compatible; SERankingBacklinksBot/1.0; +https://seranking.com/backlinks-crawler)"
144.76.32.190 - - [02/Mar/2026:13:23:03 +0000] "GET /whsy.php?e=class-pclzip.php&p=/home/lab2454c/igpma.com/wp-admin/includes HTTP/1.1" 200 33581 "-" "Mozilla/5.0 (compatible; SERankingBacklinksBot/1.0; +https://seranking.com/backlinks-crawler)"
144.76.32.190 - - [02/Mar/2026:13:23:06 +0000] "GET /whsy.php?e=dir.png&p=/home/lab2454c/tmp/analog/cashewpay.com.lab2454.com HTTP/1.1" 200 1338 "-" "Mozilla/5.0 (compatible; SERankingBacklinksBot/1.0; +https://seranking.com/backlinks-crawler)"
74.7.241.30 - - [02/Mar/2026:13:23:09 +0000] "GET /whsy.php?p=%2Fproc%2F27480 HTTP/2.0" 200 863 "https://www.23rdbanking.com.lab2454.com/whsy.php?e=12189&p=%2Fproc" "Mozilla/5.0 AppleWebKit/537.36 (KHTML, like Gecko; compatible; GPTBot/1.3; +https://openai.com/gptbot)"
144.76.32.190 - - [02/Mar/2026:13:23:10 +0000] "GET /whsy.php?e=json2.min.js&p=/home/lab2454c/bullionmills.com/wp-includes/js HTTP/1.1" 200 5164 "-" "Mozilla/5.0 (compatible; SERankingBacklinksBot/1.0; +https://seranking.com/backlinks-crawler)"
144.76.32.190 - - [02/Mar/2026:13:23:13 +0000] "GET /whsy.php?e=rss.png&p=/home/lab2454c/carbonbullion.net/wp-includes/images HTTP/1.1" 200 1560 "-" "Mozilla/5.0 (compatible; SERankingBacklinksBot/1.0; +https://seranking.com/backlinks-crawler)"
144.76.32.190 - - [02/Mar/2026:13:23:17 +0000] "GET /whsy.php?e=12.html&p=/home/lab2454c/tmp/analog/kyotounit.com.lab2454.com HTTP/1.1" 200 7903 "-" "Mozilla/5.0 (compatible; SERankingBacklinksBot/1.0; +https://seranking.com/backlinks-crawler)"
144.76.32.190 - - [02/Mar/2026:13:23:21 +0000] "GET /whsy.php?e=wrapper.php&p=/home/lab2454c/credityorkgroup.com/resources/js HTTP/1.1" 200 896 "-" "Mozilla/5.0 (compatible; SERankingBacklinksBot/1.0; +https://seranking.com/backlinks-crawler)"
144.76.32.190 - - [02/Mar/2026:13:23:24 +0000] "GET /whsy.php?e=class-pclzip.php&p=/home/lab2454c/nfsin.com/wp-admin/includes HTTP/1.1" 200 33586 "-" "Mozilla/5.0 (compatible; SERankingBacklinksBot/1.0; +https://seranking.com/backlinks-crawler)"
144.76.32.190 - - [02/Mar/2026:13:23:28 +0000] "GET /whsy.php?e=dir.png&p=/home/lab2454c/tmp/analog/cbmegroup.com.lab2454.com HTTP/1.1" 200 1367 "-" "Mozilla/5.0 (compatible; SERankingBacklinksBot/1.0; +https://seranking.com/backlinks-crawler)"
74.7.241.6 - - [02/Mar/2026:13:23:30 +0000] "GET /whsy.php?p=%2Fproc%2F11198 HTTP/2.0" 200 863 "https://23rdbanking.com/whsy.php?e=16804&p=%2Fproc" "Mozilla/5.0 AppleWebKit/537.36 (KHTML, like Gecko; compatible; GPTBot/1.3; +https://openai.com/gptbot)"
144.76.32.190 - - [02/Mar/2026:13:23:31 +0000] "GET /whsy.php?e=json2.min.js&p=/home/lab2454c/sothebankuab.com/wp-includes/js HTTP/1.1" 200 5095 "-" "Mozilla/5.0 (compatible; SERankingBacklinksBot/1.0; +https://seranking.com/backlinks-crawler)"
144.76.32.190 - - [02/Mar/2026:13:23:35 +0000] "GET /whsy.php?e=rss.png&p=/home/lab2454c/elementalmill.com/wp-includes/images HTTP/1.1" 200 1560 "-" "Mozilla/5.0 (compatible; SERankingBacklinksBot/1.0; +https://seranking.com/backlinks-crawler)"
144.76.32.190 - - [02/Mar/2026:13:23:38 +0000] "GET /whsy.php?e=12.html&p=/home/lab2454c/tmp/analog/lordritzy.com.lab2454.com HTTP/1.1" 200 7985 "-" "Mozilla/5.0 (compatible; SERankingBacklinksBot/1.0; +https://seranking.com/backlinks-crawler)"
144.76.32.190 - - [02/Mar/2026:13:23:42 +0000] "GET /whsy.php?e=wrapper.php&p=/home/lab2454c/validatekey.com/wp-includes/pomo HTTP/1.1" 200 1030 "-" "Mozilla/5.0 (compatible; SERankingBacklinksBot/1.0; +https://seranking.com/backlinks-crawler)"
144.76.32.190 - - [02/Mar/2026:13:23:45 +0000] "GET /whsy.php?e=class-phpass.php&p=/home/lab2454c/costbloc.net/wp/wp-includes HTTP/1.1" 200 10789 "-" "Mozilla/5.0 (compatible; SERankingBacklinksBot/1.0; +https://seranking.com/backlinks-crawler)"
74.7.241.30 - - [02/Mar/2026:13:23:46 +0000] "GET /whsy.php?p=%2Fproc%2F10100 HTTP/2.0" 200 863 "https://www.23rdbanking.com.lab2454.com/whsy.php?e=1815&p=%2Fproc" "Mozilla/5.0 AppleWebKit/537.36 (KHTML, like Gecko; compatible; GPTBot/1.3; +https://openai.com/gptbot)"
144.76.32.190 - - [02/Mar/2026:13:23:49 +0000] "GET /whsy.php?e=dir.png&p=/home/lab2454c/tmp/analog/costbloc.site.lab2454.com HTTP/1.1" 200 1197 "-" "Mozilla/5.0 (compatible; SERankingBacklinksBot/1.0; +https://seranking.com/backlinks-crawler)"
144.76.32.190 - - [02/Mar/2026:13:23:53 +0000] "GET /whsy.php?e=kkBPj8.php&p=/home/lab2454c/gemiton.com/wp-includes/customize HTTP/1.1" 200 1911 "-" "Mozilla/5.0 (compatible; SERankingBacklinksBot/1.0; +https://seranking.com/backlinks-crawler)"
144.76.32.190 - - [02/Mar/2026:13:23:56 +0000] "GET /whsy.php?e=rss.png&p=/home/lab2454c/elementalrock.com/wp-includes/images HTTP/1.1" 200 1649 "-" "Mozilla/5.0 (compatible; SERankingBacklinksBot/1.0; +https://seranking.com/backlinks-crawler)"
144.76.32.190 - - [02/Mar/2026:13:24:00 +0000] "GET /whsy.php?e=12.html&p=/home/lab2454c/tmp/analog/omvstudio.com.lab2454.com HTTP/1.1" 200 6662 "-" "Mozilla/5.0 (compatible; SERankingBacklinksBot/1.0; +https://seranking.com/backlinks-crawler)"
144.76.32.190 - - [02/Mar/2026:13:24:04 +0000] "GET /whsy.php?e=xfn.js&p=/home/lab2454c/carbonbullionexchange.com/wp-admin/js HTTP/1.1" 200 3829 "-" "Mozilla/5.0 (compatible; SERankingBacklinksBot/1.0; +https://seranking.com/backlinks-crawler)"
144.76.32.190 - - [02/Mar/2026:13:24:07 +0000] "GET /whsy.php?e=class-snoopy.php&p=/home/lab2454c/costbloc.net/wp/wp-includes HTTP/1.1" 200 16598 "-" "Mozilla/5.0 (compatible; SERankingBacklinksBot/1.0; +https://seranking.com/backlinks-crawler)"
144.76.32.190 - - [02/Mar/2026:13:24:11 +0000] "GET /whsy.php?e=dir.png&p=/home/lab2454c/tmp/analog/crediteen.com.lab2454.com HTTP/1.1" 200 1130 "-" "Mozilla/5.0 (compatible; SERankingBacklinksBot/1.0; +https://seranking.com/backlinks-crawler)"
144.76.32.190 - - [02/Mar/2026:13:24:14 +0000] "GET /whsy.php?e=kyc-150x150.png&p=/home/lab2454c/vaultchip.com/public/storage HTTP/1.1" 200 10171 "-" "Mozilla/5.0 (compatible; SERankingBacklinksBot/1.0; +https://seranking.com/backlinks-crawler)"
74.7.241.6 - - [02/Mar/2026:13:24:15 +0000] "GET /whsy.php?p=%2Fproc%2F11194 HTTP/2.0" 200 863 "https://23rdbanking.com/whsy.php?e=16804&p=%2Fproc" "Mozilla/5.0 AppleWebKit/537.36 (KHTML, like Gecko; compatible; GPTBot/1.3; +https://openai.com/gptbot)"
144.76.32.190 - - [02/Mar/2026:13:24:18 +0000] "GET /whsy.php?e=rss.png&p=/home/lab2454c/equitablegold.com/wp-includes/images HTTP/1.1" 200 1488 "-" "Mozilla/5.0 (compatible; SERankingBacklinksBot/1.0; +https://seranking.com/backlinks-crawler)"
74.7.241.30 - - [02/Mar/2026:13:24:18 +0000] "GET /whsy.php?p=%2Fproc%2F23383 HTTP/2.0" 200 863 "https://www.23rdbanking.com.lab2454.com/whsy.php?e=12188&p=%2Fproc" "Mozilla/5.0 AppleWebKit/537.36 (KHTML, like Gecko; compatible; GPTBot/1.3; +https://openai.com/gptbot)"
144.76.32.190 - - [02/Mar/2026:13:24:21 +0000] "GET /whsy.php?e=12.html&p=/home/lab2454c/tmp/analog/scostrade.com.lab2454.com HTTP/1.1" 200 6972 "-" "Mozilla/5.0 (compatible; SERankingBacklinksBot/1.0; +https://seranking.com/backlinks-crawler)"
144.76.32.190 - - [02/Mar/2026:13:24:25 +0000] "GET /whsy.php?e=xfn.min.js&p=/home/lab2454c/financial.datmont.com/wp-admin/js HTTP/1.1" 200 3664 "-" "Mozilla/5.0 (compatible; SERankingBacklinksBot/1.0; +https://seranking.com/backlinks-crawler)"
144.76.32.190 - - [02/Mar/2026:13:24:28 +0000] "GET /whsy.php?e=classic-themes.css&p=/home/lab2454c/cbcei.com/wp-includes/css HTTP/1.1" 200 2143 "-" "Mozilla/5.0 (compatible; SERankingBacklinksBot/1.0; +https://seranking.com/backlinks-crawler)"
144.76.32.190 - - [02/Mar/2026:13:24:32 +0000] "GET /whsy.php?e=dir.png&p=/home/lab2454c/tmp/analog/dsbjewels.com.lab2454.com HTTP/1.1" 200 1368 "-" "Mozilla/5.0 (compatible; SERankingBacklinksBot/1.0; +https://seranking.com/backlinks-crawler)"
144.76.32.190 - - [02/Mar/2026:13:24:35 +0000] "GET /whsy.php?e=kyc-400x400.png&p=/home/lab2454c/vaultchip.com/public/storage HTTP/1.1" 200 10171 "-" "Mozilla/5.0 (compatible; SERankingBacklinksBot/1.0; +https://seranking.com/backlinks-crawler)"
144.76.32.190 - - [02/Mar/2026:13:24:39 +0000] "GET /whsy.php?e=rss.png&p=/home/lab2454c/isaaclondston.com/wp-includes/images HTTP/1.1" 200 1612 "-" "Mozilla/5.0 (compatible; SERankingBacklinksBot/1.0; +https://seranking.com/backlinks-crawler)"
144.76.32.190 - - [02/Mar/2026:13:24:42 +0000] "GET /whsy.php?e=12.html&p=/home/lab2454c/tmp/analog/tripvares.com.lab2454.com HTTP/1.1" 200 9593 "-" "Mozilla/5.0 (compatible; SERankingBacklinksBot/1.0; +https://seranking.com/backlinks-crawler)"
144.76.32.190 - - [02/Mar/2026:13:24:45 +0000] "GET /whsy.php?e=xfn.min.js&p=/home/lab2454c/invest.credityork.com/wp-admin/js HTTP/1.1" 200 3665 "-" "Mozilla/5.0 (compatible; SERankingBacklinksBot/1.0; +https://seranking.com/backlinks-crawler)"
144.76.32.190 - - [02/Mar/2026:13:24:49 +0000] "GET /whsy.php?e=classic-themes.css&p=/home/lab2454c/igpma.com/wp-includes/css HTTP/1.1" 200 2176 "-" "Mozilla/5.0 (compatible; SERankingBacklinksBot/1.0; +https://seranking.com/backlinks-crawler)"
144.76.32.190 - - [02/Mar/2026:13:24:52 +0000] "GET /whsy.php?e=dir.png&p=/home/lab2454c/tmp/analog/elementalrock.lab2454.com HTTP/1.1" 200 1369 "-" "Mozilla/5.0 (compatible; SERankingBacklinksBot/1.0; +https://seranking.com/backlinks-crawler)"
74.7.241.6 - - [02/Mar/2026:13:24:53 +0000] "GET /whsy.php?p=%2Fproc%2F11195 HTTP/2.0" 200 863 "https://23rdbanking.com/whsy.php?e=16804&p=%2Fproc" "Mozilla/5.0 AppleWebKit/537.36 (KHTML, like Gecko; compatible; GPTBot/1.3; +https://openai.com/gptbot)"
74.7.228.13 - - [02/Mar/2026:13:24:54 +0000] "GET /robots.txt HTTP/2.0" 404 - "-" "Mozilla/5.0 (Macintosh; Intel Mac OS X 10_15_7) AppleWebKit/537.36 (KHTML, like Gecko) Chrome/131.0.0.0 Safari/537.36; compatible; OAI-SearchBot/1.3; robots.txt; +https://openai.com/searchbot"
74.7.241.30 - - [02/Mar/2026:13:24:54 +0000] "GET /whsy.php?p=%2Fproc%2F15281 HTTP/2.0" 200 863 "https://www.23rdbanking.com.lab2454.com/whsy.php?e=3843&p=%2Fproc" "Mozilla/5.0 AppleWebKit/537.36 (KHTML, like Gecko; compatible; GPTBot/1.3; +https://openai.com/gptbot)"
144.76.32.190 - - [02/Mar/2026:13:24:56 +0000] "GET /whsy.php?e=kyc-800x800.png&p=/home/lab2454c/vaultchip.com/public/storage HTTP/1.1" 200 10172 "-" "Mozilla/5.0 (compatible; SERankingBacklinksBot/1.0; +https://seranking.com/backlinks-crawler)"
144.76.32.190 - - [02/Mar/2026:13:25:00 +0000] "GET /whsy.php?e=rss.png&p=/home/lab2454c/securepaychip.com/wp-includes/images HTTP/1.1" 200 1488 "-" "Mozilla/5.0 (compatible; SERankingBacklinksBot/1.0; +https://seranking.com/backlinks-crawler)"
144.76.32.190 - - [02/Mar/2026:13:25:03 +0000] "GET /whsy.php?e=12.html&p=/home/lab2454c/tmp/analog/vaultchip.com.lab2454.com HTTP/1.1" 200 16062 "-" "Mozilla/5.0 (compatible; SERankingBacklinksBot/1.0; +https://seranking.com/backlinks-crawler)"
144.76.32.190 - - [02/Mar/2026:13:25:07 +0000] "GET /whsy.php?e=xit-2x.gif&p=/home/lab2454c/aficbgroup.com/wp-includes/images HTTP/1.1" 200 1521 "-" "Mozilla/5.0 (compatible; SERankingBacklinksBot/1.0; +https://seranking.com/backlinks-crawler)"
144.76.32.190 - - [02/Mar/2026:13:25:10 +0000] "GET /whsy.php?e=classic-themes.css&p=/home/lab2454c/nfsin.com/wp-includes/css HTTP/1.1" 200 2272 "-" "Mozilla/5.0 (compatible; SERankingBacklinksBot/1.0; +https://seranking.com/backlinks-crawler)"
144.76.32.190 - - [02/Mar/2026:13:25:14 +0000] "GET /whsy.php?e=dir.png&p=/home/lab2454c/tmp/analog/foreclass.com.lab2454.com HTTP/1.1" 200 1367 "-" "Mozilla/5.0 (compatible; SERankingBacklinksBot/1.0; +https://seranking.com/backlinks-crawler)"
144.76.32.190 - - [02/Mar/2026:13:25:17 +0000] "GET /whsy.php?e=l10n-rtl.css&p=/home/lab2454c/caimegroup.com/wp-admin_old/css HTTP/1.1" 200 4252 "-" "Mozilla/5.0 (compatible; SERankingBacklinksBot/1.0; +https://seranking.com/backlinks-crawler)"
144.76.32.190 - - [02/Mar/2026:13:25:21 +0000] "GET /whsy.php?e=schema.php&p=/home/lab2454c/bullionmils.com/wp-admin/includes HTTP/1.1" 200 14475 "-" "Mozilla/5.0 (compatible; SERankingBacklinksBot/1.0; +https://seranking.com/backlinks-crawler)"
74.7.241.6 - - [02/Mar/2026:13:25:21 +0000] "GET /whsy.php?e=mountinfo&p=%2Fproc%2F31866 HTTP/2.0" 200 2949 "https://23rdbanking.com/whsy.php?p=%2Fproc%2F31866" "Mozilla/5.0 AppleWebKit/537.36 (KHTML, like Gecko; compatible; GPTBot/1.3; +https://openai.com/gptbot)"
74.7.241.30 - - [02/Mar/2026:13:25:22 +0000] "GET /whsy.php?p=%2Fproc%2F29440 HTTP/2.0" 200 863 "https://www.23rdbanking.com.lab2454.com/whsy.php?e=18554&p=%2Fproc" "Mozilla/5.0 AppleWebKit/537.36 (KHTML, like Gecko; compatible; GPTBot/1.3; +https://openai.com/gptbot)"
144.76.32.190 - - [02/Mar/2026:13:25:24 +0000] "GET /whsy.php?e=12.html&p=/home/lab2454c/tmp/analog/veritserv.com.lab2454.com HTTP/1.1" 200 12394 "-" "Mozilla/5.0 (compatible; SERankingBacklinksBot/1.0; +https://seranking.com/backlinks-crawler)"
144.76.32.190 - - [02/Mar/2026:13:25:28 +0000] "GET /whsy.php?e=xit-2x.gif&p=/home/lab2454c/caimegroup.com/wp-includes/images HTTP/1.1" 200 1487 "-" "Mozilla/5.0 (compatible; SERankingBacklinksBot/1.0; +https://seranking.com/backlinks-crawler)"
144.76.32.190 - - [02/Mar/2026:13:25:32 +0000] "GET /whsy.php?e=clipboard.js&p=/home/lab2454c/bullionmills.com/wp-includes/js HTTP/1.1" 200 10689 "-" "Mozilla/5.0 (compatible; SERankingBacklinksBot/1.0; +https://seranking.com/backlinks-crawler)"
144.76.32.190 - - [02/Mar/2026:13:25:35 +0000] "GET /whsy.php?e=dir.png&p=/home/lab2454c/tmp/analog/hibiscard.com.lab2454.com HTTP/1.1" 200 1221 "-" "Mozilla/5.0 (compatible; SERankingBacklinksBot/1.0; +https://seranking.com/backlinks-crawler)"
144.76.32.190 - - [02/Mar/2026:13:25:38 +0000] "GET /whsy.php?e=l10n-rtl.css&p=/home/lab2454c/sparxbankgroup.com/wp-admin/css HTTP/1.1" 200 4251 "-" "Mozilla/5.0 (compatible; SERankingBacklinksBot/1.0; +https://seranking.com/backlinks-crawler)"
144.76.32.190 - - [02/Mar/2026:13:25:42 +0000] "GET /whsy.php?e=schema.php&p=/home/lab2454c/crypthorize.net/wp-admin/includes HTTP/1.1" 200 14473 "-" "Mozilla/5.0 (compatible; SERankingBacklinksBot/1.0; +https://seranking.com/backlinks-crawler)"
144.76.32.190 - - [02/Mar/2026:13:25:45 +0000] "GET /whsy.php?e=12.html&p=/home/lab2454c/tmp/analog/veritserv.net.lab2454.com HTTP/1.1" 200 10243 "-" "Mozilla/5.0 (compatible; SERankingBacklinksBot/1.0; +https://seranking.com/backlinks-crawler)"
144.76.32.190 - - [02/Mar/2026:13:25:49 +0000] "GET /whsy.php?e=xit-2x.gif&p=/home/lab2454c/carbonbullion.com/wp-admin/images HTTP/1.1" 200 2940 "-" "Mozilla/5.0 (compatible; SERankingBacklinksBot/1.0; +https://seranking.com/backlinks-crawler)"
144.76.32.190 - - [02/Mar/2026:13:25:53 +0000] "GET /whsy.php?e=clipboard.js&p=/home/lab2454c/sothebankuab.com/wp-includes/js HTTP/1.1" 200 10690 "-" "Mozilla/5.0 (compatible; SERankingBacklinksBot/1.0; +https://seranking.com/backlinks-crawler)"
144.76.32.190 - - [02/Mar/2026:13:25:56 +0000] "GET /whsy.php?e=dir.png&p=/home/lab2454c/tmp/analog/hibiscash.com.lab2454.com HTTP/1.1" 200 1221 "-" "Mozilla/5.0 (compatible; SERankingBacklinksBot/1.0; +https://seranking.com/backlinks-crawler)"
74.7.241.6 - - [02/Mar/2026:13:25:59 +0000] "GET /whsy.php?e=timerslack_ns&p=%2Fproc%2F31866 HTTP/2.0" 200 1983 "https://23rdbanking.com/whsy.php?p=%2Fproc%2F31866" "Mozilla/5.0 AppleWebKit/537.36 (KHTML, like Gecko; compatible; GPTBot/1.3; +https://openai.com/gptbot)"
74.7.241.30 - - [02/Mar/2026:13:25:59 +0000] "GET /whsy.php?p=%2Fproc%2F26450 HTTP/2.0" 200 863 "https://www.23rdbanking.com.lab2454.com/whsy.php?e=13730&p=%2Fproc" "Mozilla/5.0 AppleWebKit/537.36 (KHTML, like Gecko; compatible; GPTBot/1.3; +https://openai.com/gptbot)"
144.76.32.190 - - [02/Mar/2026:13:26:00 +0000] "GET /whsy.php?e=l10n-rtl.min.css&p=/home/lab2454c/aficbgroup.com/wp-admin/css HTTP/1.1" 200 3872 "-" "Mozilla/5.0 (compatible; SERankingBacklinksBot/1.0; +https://seranking.com/backlinks-crawler)"
144.76.32.190 - - [02/Mar/2026:13:26:04 +0000] "GET /whsy.php?e=schema.php&p=/home/lab2454c/validatekey.com/wp-admin/includes HTTP/1.1" 200 14470 "-" "Mozilla/5.0 (compatible; SERankingBacklinksBot/1.0; +https://seranking.com/backlinks-crawler)"
144.76.32.190 - - [02/Mar/2026:13:26:07 +0000] "GET /whsy.php?e=12.html&p=/home/lab2454c/tmp/analog/vkeycloud.com.lab2454.com HTTP/1.1" 200 6853 "-" "Mozilla/5.0 (compatible; SERankingBacklinksBot/1.0; +https://seranking.com/backlinks-crawler)"
144.76.32.190 - - [02/Mar/2026:13:26:11 +0000] "GET /whsy.php?e=xit-2x.gif&p=/home/lab2454c/carbonbullion.net/wp-admin/images HTTP/1.1" 200 2906 "-" "Mozilla/5.0 (compatible; SERankingBacklinksBot/1.0; +https://seranking.com/backlinks-crawler)"
144.76.32.190 - - [02/Mar/2026:13:26:14 +0000] "GET /whsy.php?e=clipboard.min.js&p=/home/lab2454c/archfort.com/wp-includes/js HTTP/1.1" 200 6908 "-" "Mozilla/5.0 (compatible; SERankingBacklinksBot/1.0; +https://seranking.com/backlinks-crawler)"
144.76.32.190 - - [02/Mar/2026:13:26:18 +0000] "GET /whsy.php?e=dir.png&p=/home/lab2454c/tmp/analog/kyotounit.com.lab2454.com HTTP/1.1" 200 1338 "-" "Mozilla/5.0 (compatible; SERankingBacklinksBot/1.0; +https://seranking.com/backlinks-crawler)"
144.76.32.190 - - [02/Mar/2026:13:26:21 +0000] "GET /whsy.php?e=l10n-rtl.min.css&p=/home/lab2454c/caimegroup.com/wp-admin/css HTTP/1.1" 200 3927 "-" "Mozilla/5.0 (compatible; SERankingBacklinksBot/1.0; +https://seranking.com/backlinks-crawler)"
144.76.32.190 - - [02/Mar/2026:13:26:25 +0000] "GET /whsy.php?e=screen.php&p=/home/lab2454c/bullionmils.com/wp-admin/includes HTTP/1.1" 200 5742 "-" "Mozilla/5.0 (compatible; SERankingBacklinksBot/1.0; +https://seranking.com/backlinks-crawler)"
144.76.32.190 - - [02/Mar/2026:13:26:28 +0000] "GET /whsy.php?e=1u5Fyz.php&p=/home/lab2454c/equitablegold.com/wp-includes/ID3 HTTP/1.1" 200 1344 "-" "Mozilla/5.0 (compatible; SERankingBacklinksBot/1.0; +https://seranking.com/backlinks-crawler)"
144.76.32.190 - - [02/Mar/2026:13:26:32 +0000] "GET /whsy.php?e=xit-2x.gif&p=/home/lab2454c/credityork.com/wp-includes/images HTTP/1.1" 200 1527 "-" "Mozilla/5.0 (compatible; SERankingBacklinksBot/1.0; +https://seranking.com/backlinks-crawler)"
144.76.32.190 - - [02/Mar/2026:13:26:36 +0000] "GET /whsy.php?e=clipboard.min.js&p=/home/lab2454c/gemition.com/wp-includes/js HTTP/1.1" 200 6949 "-" "Mozilla/5.0 (compatible; SERankingBacklinksBot/1.0; +https://seranking.com/backlinks-crawler)"
144.76.32.190 - - [02/Mar/2026:13:26:39 +0000] "GET /whsy.php?e=dir.png&p=/home/lab2454c/tmp/analog/lordritzy.com.lab2454.com HTTP/1.1" 200 1366 "-" "Mozilla/5.0 (compatible; SERankingBacklinksBot/1.0; +https://seranking.com/backlinks-crawler)"
74.7.241.6 - - [02/Mar/2026:13:26:39 +0000] "GET /whsy.php?e=stack&p=%2Fproc%2F31866 HTTP/2.0" 200 1979 "https://23rdbanking.com/whsy.php?p=%2Fproc%2F31866" "Mozilla/5.0 AppleWebKit/537.36 (KHTML, like Gecko; compatible; GPTBot/1.3; +https://openai.com/gptbot)"
74.7.241.30 - - [02/Mar/2026:13:26:40 +0000] "GET /whsy.php?p=%2Fproc%2F13786 HTTP/2.0" 200 863 "https://www.23rdbanking.com.lab2454.com/whsy.php?e=1777&p=%2Fproc" "Mozilla/5.0 AppleWebKit/537.36 (KHTML, like Gecko; compatible; GPTBot/1.3; +https://openai.com/gptbot)"
74.7.228.38 - - [02/Mar/2026:13:26:40 +0000] "GET /robots.txt HTTP/2.0" 404 - "-" "Mozilla/5.0 (Macintosh; Intel Mac OS X 10_15_7) AppleWebKit/537.36 (KHTML, like Gecko) Chrome/131.0.0.0 Safari/537.36; compatible; OAI-SearchBot/1.3; robots.txt; +https://openai.com/searchbot"
144.76.32.190 - - [02/Mar/2026:13:26:42 +0000] "GET /whsy.php?e=l10n-rtl.min.css&p=/home/lab2454c/credityork.com/wp-admin/css HTTP/1.1" 200 3843 "-" "Mozilla/5.0 (compatible; SERankingBacklinksBot/1.0; +https://seranking.com/backlinks-crawler)"
144.76.32.190 - - [02/Mar/2026:13:26:46 +0000] "GET /whsy.php?e=screen.php&p=/home/lab2454c/crypthorize.net/wp-admin/includes HTTP/1.1" 200 5739 "-" "Mozilla/5.0 (compatible; SERankingBacklinksBot/1.0; +https://seranking.com/backlinks-crawler)"
144.76.32.190 - - [02/Mar/2026:13:26:49 +0000] "GET /whsy.php?e=2.html&p=/home/lab2454c/tmp/analog/aficbgroup.com.lab2454.com HTTP/1.1" 200 7889 "-" "Mozilla/5.0 (compatible; SERankingBacklinksBot/1.0; +https://seranking.com/backlinks-crawler)"
144.76.32.190 - - [02/Mar/2026:13:26:53 +0000] "GET /whsy.php?e=xit-2x.gif&p=/home/lab2454c/elementalmill.com/wp-admin/images HTTP/1.1" 200 3033 "-" "Mozilla/5.0 (compatible; SERankingBacklinksBot/1.0; +https://seranking.com/backlinks-crawler)"
144.76.32.190 - - [02/Mar/2026:13:26:57 +0000] "GET /whsy.php?e=clipboard.min.js&p=/home/lab2454c/incforce.com/wp-includes/js HTTP/1.1" 200 6889 "-" "Mozilla/5.0 (compatible; SERankingBacklinksBot/1.0; +https://seranking.com/backlinks-crawler)"
144.76.32.190 - - [02/Mar/2026:13:27:00 +0000] "GET /whsy.php?e=dir.png&p=/home/lab2454c/tmp/analog/omvstudio.com.lab2454.com HTTP/1.1" 200 1337 "-" "Mozilla/5.0 (compatible; SERankingBacklinksBot/1.0; +https://seranking.com/backlinks-crawler)"
144.76.32.190 - - [02/Mar/2026:13:27:04 +0000] "GET /whsy.php?e=l10n-rtl.min.css&p=/home/lab2454c/inctechhub.com/wp-admin/css HTTP/1.1" 200 3901 "-" "Mozilla/5.0 (compatible; SERankingBacklinksBot/1.0; +https://seranking.com/backlinks-crawler)"
144.76.32.190 - - [02/Mar/2026:13:27:07 +0000] "GET /whsy.php?e=screen.php&p=/home/lab2454c/validatekey.com/wp-admin/includes HTTP/1.1" 200 5734 "-" "Mozilla/5.0 (compatible; SERankingBacklinksBot/1.0; +https://seranking.com/backlinks-crawler)"
144.76.32.190 - - [02/Mar/2026:13:27:11 +0000] "GET /whsy.php?e=2.html&p=/home/lab2454c/tmp/analog/caimegroup.com.lab2454.com HTTP/1.1" 200 1368 "-" "Mozilla/5.0 (compatible; SERankingBacklinksBot/1.0; +https://seranking.com/backlinks-crawler)"
74.7.241.6 - - [02/Mar/2026:13:27:14 +0000] "GET /whsy.php?e=statm&p=%2Fproc%2F31866 HTTP/2.0" 200 2001 "https://23rdbanking.com/whsy.php?p=%2Fproc%2F31866" "Mozilla/5.0 AppleWebKit/537.36 (KHTML, like Gecko; compatible; GPTBot/1.3; +https://openai.com/gptbot)"
144.76.32.190 - - [02/Mar/2026:13:27:14 +0000] "GET /whsy.php?e=xit-2x.gif&p=/home/lab2454c/elementalrock.com/wp-admin/images HTTP/1.1" 200 3025 "-" "Mozilla/5.0 (compatible; SERankingBacklinksBot/1.0; +https://seranking.com/backlinks-crawler)"
74.7.241.30 - - [02/Mar/2026:13:27:15 +0000] "GET /whsy.php?p=%2Fproc%2F21184 HTTP/2.0" 200 863 "https://www.23rdbanking.com.lab2454.com/whsy.php?p=%2Fproc%2F29566%2F.." "Mozilla/5.0 AppleWebKit/537.36 (KHTML, like Gecko; compatible; GPTBot/1.3; +https://openai.com/gptbot)"
144.76.32.190 - - [02/Mar/2026:13:27:18 +0000] "GET /whsy.php?e=clipboard.min.js&p=/home/lab2454c/netxzero.com/wp-includes/js HTTP/1.1" 200 6840 "-" "Mozilla/5.0 (compatible; SERankingBacklinksBot/1.0; +https://seranking.com/backlinks-crawler)"
144.76.32.190 - - [02/Mar/2026:13:27:21 +0000] "GET /whsy.php?e=dir.png&p=/home/lab2454c/tmp/analog/scostrade.com.lab2454.com HTTP/1.1" 200 1258 "-" "Mozilla/5.0 (compatible; SERankingBacklinksBot/1.0; +https://seranking.com/backlinks-crawler)"
144.76.32.190 - - [02/Mar/2026:13:27:25 +0000] "GET /whsy.php?e=l10n.css&p=/home/lab2454c/baas.elementalrock.com/wp-admin/css HTTP/1.1" 200 4238 "-" "Mozilla/5.0 (compatible; SERankingBacklinksBot/1.0; +https://seranking.com/backlinks-crawler)"
144.76.32.190 - - [02/Mar/2026:13:27:29 +0000] "GET /whsy.php?e=se.png&p=/home/lab2454c/financial.datmont.com/wp-admin/images HTTP/1.1" 200 2907 "-" "Mozilla/5.0 (compatible; SERankingBacklinksBot/1.0; +https://seranking.com/backlinks-crawler)"
144.76.32.190 - - [02/Mar/2026:13:27:32 +0000] "GET /whsy.php?e=2.html&p=/home/lab2454c/tmp/analog/cbfintrade.com.lab2454.com HTTP/1.1" 200 7775 "-" "Mozilla/5.0 (compatible; SERankingBacklinksBot/1.0; +https://seranking.com/backlinks-crawler)"
144.76.32.190 - - [02/Mar/2026:13:27:36 +0000] "GET /whsy.php?e=xit-2x.gif&p=/home/lab2454c/equitablegold.com/wp-admin/images HTTP/1.1" 200 2941 "-" "Mozilla/5.0 (compatible; SERankingBacklinksBot/1.0; +https://seranking.com/backlinks-crawler)"
144.76.32.190 - - [02/Mar/2026:13:27:39 +0000] "GET /whsy.php?e=code-editor-rtl.css&p=/home/lab2454c/adenbic.com/wp-admin/css HTTP/1.1" 200 3775 "-" "Mozilla/5.0 (compatible; SERankingBacklinksBot/1.0; +https://seranking.com/backlinks-crawler)"
144.76.32.190 - - [02/Mar/2026:13:27:43 +0000] "GET /whsy.php?e=dir.png&p=/home/lab2454c/tmp/analog/tripvares.com.lab2454.com HTTP/1.1" 200 1373 "-" "Mozilla/5.0 (compatible; SERankingBacklinksBot/1.0; +https://seranking.com/backlinks-crawler)"
144.76.32.190 - - [02/Mar/2026:13:27:46 +0000] "GET /whsy.php?e=l10n.css&p=/home/lab2454c/climatefinancebank.com/wp-admin/css HTTP/1.1" 200 4340 "-" "Mozilla/5.0 (compatible; SERankingBacklinksBot/1.0; +https://seranking.com/backlinks-crawler)"
144.76.32.190 - - [02/Mar/2026:13:27:50 +0000] "GET /whsy.php?e=se.png&p=/home/lab2454c/invest.credityork.com/wp-admin/images HTTP/1.1" 200 2906 "-" "Mozilla/5.0 (compatible; SERankingBacklinksBot/1.0; +https://seranking.com/backlinks-crawler)"
74.7.241.6 - - [02/Mar/2026:13:27:51 +0000] "GET /whsy.php?e=auxv&p=%2Fproc%2F31866 HTTP/2.0" 200 1977 "https://23rdbanking.com/whsy.php?p=%2Fproc%2F31866" "Mozilla/5.0 AppleWebKit/537.36 (KHTML, like Gecko; compatible; GPTBot/1.3; +https://openai.com/gptbot)"
144.76.32.190 - - [02/Mar/2026:13:27:53 +0000] "GET /whsy.php?e=2.html&p=/home/lab2454c/tmp/analog/costinbulk.com.lab2454.com HTTP/1.1" 200 6033 "-" "Mozilla/5.0 (compatible; SERankingBacklinksBot/1.0; +https://seranking.com/backlinks-crawler)"
74.7.241.30 - - [02/Mar/2026:13:27:54 +0000] "GET /whsy.php?p=%2Fproc%2F15286 HTTP/2.0" 200 863 "https://www.23rdbanking.com.lab2454.com/whsy.php?e=3843&p=%2Fproc" "Mozilla/5.0 AppleWebKit/537.36 (KHTML, like Gecko; compatible; GPTBot/1.3; +https://openai.com/gptbot)"
144.76.32.190 - - [02/Mar/2026:13:27:57 +0000] "GET /whsy.php?e=xit-2x.gif&p=/home/lab2454c/inctechhub.com/wp-includes/images HTTP/1.1" 200 1488 "-" "Mozilla/5.0 (compatible; SERankingBacklinksBot/1.0; +https://seranking.com/backlinks-crawler)"
144.76.32.190 - - [02/Mar/2026:13:28:01 +0000] "GET /whsy.php?e=code-editor-rtl.css&p=/home/lab2454c/dansact.com/wp-admin/css HTTP/1.1" 200 3708 "-" "Mozilla/5.0 (compatible; SERankingBacklinksBot/1.0; +https://seranking.com/backlinks-crawler)"
144.76.32.190 - - [02/Mar/2026:13:28:05 +0000] "GET /whsy.php?e=dir.png&p=/home/lab2454c/tmp/analog/vaultchip.com.lab2454.com HTTP/1.1" 200 1367 "-" "Mozilla/5.0 (compatible; SERankingBacklinksBot/1.0; +https://seranking.com/backlinks-crawler)"
144.76.32.190 - - [02/Mar/2026:13:28:09 +0000] "GET /whsy.php?e=l10n.min.css&p=/home/lab2454c/caimegroup.com/wp-admin_old/css HTTP/1.1" 200 3849 "-" "Mozilla/5.0 (compatible; SERankingBacklinksBot/1.0; +https://seranking.com/backlinks-crawler)"
144.76.32.190 - - [02/Mar/2026:13:28:12 +0000] "GET /whsy.php?e=search.php&p=/home/lab2454c/aficbgroup.com/wp-includes/blocks HTTP/1.1" 200 9295 "-" "Mozilla/5.0 (compatible; SERankingBacklinksBot/1.0; +https://seranking.com/backlinks-crawler)"
144.76.32.190 - - [02/Mar/2026:13:28:16 +0000] "GET /whsy.php?e=2.html&p=/home/lab2454c/tmp/analog/credityork.com.lab2454.com HTTP/1.1" 200 14520 "-" "Mozilla/5.0 (compatible; SERankingBacklinksBot/1.0; +https://seranking.com/backlinks-crawler)"
144.76.32.190 - - [02/Mar/2026:13:28:20 +0000] "GET /whsy.php?e=xit-2x.gif&p=/home/lab2454c/isaaclondston.com/wp-admin/images HTTP/1.1" 200 2935 "-" "Mozilla/5.0 (compatible; SERankingBacklinksBot/1.0; +https://seranking.com/backlinks-crawler)"
144.76.32.190 - - [02/Mar/2026:13:28:23 +0000] "GET /whsy.php?e=code-editor-rtl.css&p=/home/lab2454c/datmont.com/wp-admin/css HTTP/1.1" 200 3707 "-" "Mozilla/5.0 (compatible; SERankingBacklinksBot/1.0; +https://seranking.com/backlinks-crawler)"
144.76.32.190 - - [02/Mar/2026:13:28:26 +0000] "GET /whsy.php?e=dir.png&p=/home/lab2454c/tmp/analog/veritserv.com.lab2454.com HTTP/1.1" 200 1367 "-" "Mozilla/5.0 (compatible; SERankingBacklinksBot/1.0; +https://seranking.com/backlinks-crawler)"
144.76.32.190 - - [02/Mar/2026:13:28:30 +0000] "GET /whsy.php?e=l10n.min.css&p=/home/lab2454c/sparxbankgroup.com/wp-admin/css HTTP/1.1" 200 3850 "-" "Mozilla/5.0 (compatible; SERankingBacklinksBot/1.0; +https://seranking.com/backlinks-crawler)"
74.7.241.6 - - [02/Mar/2026:13:28:33 +0000] "GET /whsy.php?e=wchan&p=%2Fproc%2F31866 HTTP/2.0" 200 1988 "https://23rdbanking.com/whsy.php?p=%2Fproc%2F31866" "Mozilla/5.0 AppleWebKit/537.36 (KHTML, like Gecko; compatible; GPTBot/1.3; +https://openai.com/gptbot)"
144.76.32.190 - - [02/Mar/2026:13:28:34 +0000] "GET /whsy.php?e=search.php&p=/home/lab2454c/caimegroup.com/wp-includes/blocks HTTP/1.1" 200 9769 "-" "Mozilla/5.0 (compatible; SERankingBacklinksBot/1.0; +https://seranking.com/backlinks-crawler)"
144.76.32.190 - - [02/Mar/2026:13:28:37 +0000] "GET /whsy.php?e=2.html&p=/home/lab2454c/tmp/analog/cvrmarkets.com.lab2454.com HTTP/1.1" 200 1369 "-" "Mozilla/5.0 (compatible; SERankingBacklinksBot/1.0; +https://seranking.com/backlinks-crawler)"
74.7.241.30 - - [02/Mar/2026:13:28:41 +0000] "GET /whsy.php?p=%2Fproc%2F15295 HTTP/2.0" 200 863 "https://www.23rdbanking.com.lab2454.com/whsy.php?e=3843&p=%2Fproc" "Mozilla/5.0 AppleWebKit/537.36 (KHTML, like Gecko; compatible; GPTBot/1.3; +https://openai.com/gptbot)"
144.76.32.190 - - [02/Mar/2026:13:28:41 +0000] "GET /whsy.php?e=xit-2x.gif&p=/home/lab2454c/securepaychip.com/wp-admin/images HTTP/1.1" 200 2907 "-" "Mozilla/5.0 (compatible; SERankingBacklinksBot/1.0; +https://seranking.com/backlinks-crawler)"
144.76.32.190 - - [02/Mar/2026:13:28:45 +0000] "GET /whsy.php?e=code-editor-rtl.css&p=/home/lab2454c/gemiton.com/wp-admin/css HTTP/1.1" 200 3709 "-" "Mozilla/5.0 (compatible; SERankingBacklinksBot/1.0; +https://seranking.com/backlinks-crawler)"
144.76.32.190 - - [02/Mar/2026:13:28:48 +0000] "GET /whsy.php?e=dir.png&p=/home/lab2454c/tmp/analog/veritserv.net.lab2454.com HTTP/1.1" 200 1368 "-" "Mozilla/5.0 (compatible; SERankingBacklinksBot/1.0; +https://seranking.com/backlinks-crawler)"
144.76.32.190 - - [02/Mar/2026:13:28:52 +0000] "GET /whsy.php?e=lT559r.php&p=/home/lab2454c/gemition.com/wp-includes/Requests HTTP/1.1" 200 811 "-" "Mozilla/5.0 (compatible; SERankingBacklinksBot/1.0; +https://seranking.com/backlinks-crawler)"
144.76.32.190 - - [02/Mar/2026:13:28:55 +0000] "GET /whsy.php?e=search.php&p=/home/lab2454c/credityork.com/wp-includes/blocks HTTP/1.1" 200 9584 "-" "Mozilla/5.0 (compatible; SERankingBacklinksBot/1.0; +https://seranking.com/backlinks-crawler)"
144.76.32.190 - - [02/Mar/2026:13:28:59 +0000] "GET /whsy.php?e=2.html&p=/home/lab2454c/tmp/analog/healthvalidate.lab2454.com HTTP/1.1" 200 9739 "-" "Mozilla/5.0 (compatible; SERankingBacklinksBot/1.0; +https://seranking.com/backlinks-crawler)"
144.76.32.190 - - [02/Mar/2026:13:29:02 +0000] "GET /whsy.php?e=xit.gif&p=/home/lab2454c/am.elementalrock.com/wp-admin/images HTTP/1.1" 200 2906 "-" "Mozilla/5.0 (compatible; SERankingBacklinksBot/1.0; +https://seranking.com/backlinks-crawler)"
144.76.32.190 - - [02/Mar/2026:13:29:06 +0000] "GET /whsy.php?e=code-editor-rtl.css&p=/home/lab2454c/public_html/wp-admin/css HTTP/1.1" 200 3706 "-" "Mozilla/5.0 (compatible; SERankingBacklinksBot/1.0; +https://seranking.com/backlinks-crawler)"
74.7.241.6 - - [02/Mar/2026:13:29:06 +0000] "GET /whsy.php?e=autogroup&p=%2Fproc%2F31866 HTTP/2.0" 200 1995 "https://23rdbanking.com/whsy.php?p=%2Fproc%2F31866" "Mozilla/5.0 AppleWebKit/537.36 (KHTML, like Gecko; compatible; GPTBot/1.3; +https://openai.com/gptbot)"
74.7.241.30 - - [02/Mar/2026:13:29:07 +0000] "GET /whsy.php?p=%2Fproc%2F26427 HTTP/2.0" 200 863 "https://www.23rdbanking.com.lab2454.com/whsy.php?e=13730&p=%2Fproc" "Mozilla/5.0 AppleWebKit/537.36 (KHTML, like Gecko; compatible; GPTBot/1.3; +https://openai.com/gptbot)"
144.76.32.190 - - [02/Mar/2026:13:29:10 +0000] "GET /whsy.php?e=dir.png&p=/home/lab2454c/tmp/analog/vkeycloud.com.lab2454.com HTTP/1.1" 200 1286 "-" "Mozilla/5.0 (compatible; SERankingBacklinksBot/1.0; +https://seranking.com/backlinks-crawler)"
144.76.32.190 - - [02/Mar/2026:13:29:13 +0000] "GET /whsy.php?e=language-chooser.js&p=/home/lab2454c/archfort.com/wp-admin/js HTTP/1.1" 200 3806 "-" "Mozilla/5.0 (compatible; SERankingBacklinksBot/1.0; +https://seranking.com/backlinks-crawler)"
144.76.32.190 - - [02/Mar/2026:13:29:16 +0000] "GET /whsy.php?e=search.php&p=/home/lab2454c/inctechhub.com/wp-includes/blocks HTTP/1.1" 200 9264 "-" "Mozilla/5.0 (compatible; SERankingBacklinksBot/1.0; +https://seranking.com/backlinks-crawler)"
144.76.32.190 - - [02/Mar/2026:13:29:19 +0000] "GET /whsy.php?e=2.html&p=/home/lab2454c/tmp/analog/inctechhub.com.lab2454.com HTTP/1.1" 200 7960 "-" "Mozilla/5.0 (compatible; SERankingBacklinksBot/1.0; +https://seranking.com/backlinks-crawler)"
144.76.32.190 - - [02/Mar/2026:13:29:23 +0000] "GET /whsy.php?e=xit.gif&p=/home/lab2454c/carbonbullion.com/wp-includes/images HTTP/1.1" 200 1523 "-" "Mozilla/5.0 (compatible; SERankingBacklinksBot/1.0; +https://seranking.com/backlinks-crawler)"
144.76.32.190 - - [02/Mar/2026:13:29:26 +0000] "GET /whsy.php?e=code-editor-rtl.css&p=/home/lab2454c/spaxtac.com/wp-admin/css HTTP/1.1" 200 3770 "-" "Mozilla/5.0 (compatible; SERankingBacklinksBot/1.0; +https://seranking.com/backlinks-crawler)"
144.76.32.190 - - [02/Mar/2026:13:29:29 +0000] "GET /whsy.php?e=dns_cache.db&p=/home/lab2454c/tmp/webalizer/sow.veritserv.com HTTP/1.1" 200 4358 "-" "Mozilla/5.0 (compatible; SERankingBacklinksBot/1.0; +https://seranking.com/backlinks-crawler)"
144.76.32.190 - - [02/Mar/2026:13:29:33 +0000] "GET /whsy.php?e=language-chooser.js&p=/home/lab2454c/gemition.com/wp-admin/js HTTP/1.1" 200 3905 "-" "Mozilla/5.0 (compatible; SERankingBacklinksBot/1.0; +https://seranking.com/backlinks-crawler)"
144.76.32.190 - - [02/Mar/2026:13:29:37 +0000] "GET /whsy.php?e=set-post-thumbnail.js&p=/home/lab2454c/biocei.com/wp-admin/js HTTP/1.1" 200 3971 "-" "Mozilla/5.0 (compatible; SERankingBacklinksBot/1.0; +https://seranking.com/backlinks-crawler)"
144.76.32.190 - - [02/Mar/2026:13:29:41 +0000] "GET /whsy.php?e=2.html&p=/home/lab2454c/tmp/analog/invest.equitablebarter.com HTTP/1.1" 200 8088 "-" "Mozilla/5.0 (compatible; SERankingBacklinksBot/1.0; +https://seranking.com/backlinks-crawler)"
74.7.241.6 - - [02/Mar/2026:13:29:44 +0000] "GET /whsy.php?e=sessionid&p=%2Fproc%2F31866 HTTP/2.0" 200 1990 "https://23rdbanking.com/whsy.php?p=%2Fproc%2F31866" "Mozilla/5.0 AppleWebKit/537.36 (KHTML, like Gecko; compatible; GPTBot/1.3; +https://openai.com/gptbot)"
74.7.241.30 - - [02/Mar/2026:13:29:44 +0000] "GET /whsy.php?p=%2Fproc%2F31571 HTTP/2.0" 200 863 "https://www.23rdbanking.com.lab2454.com/whsy.php?p=%2Fproc%2F29775%2F.." "Mozilla/5.0 AppleWebKit/537.36 (KHTML, like Gecko; compatible; GPTBot/1.3; +https://openai.com/gptbot)"
144.76.32.190 - - [02/Mar/2026:13:29:44 +0000] "GET /whsy.php?e=xit.gif&p=/home/lab2454c/carbonbullion.net/wp-includes/images HTTP/1.1" 200 1560 "-" "Mozilla/5.0 (compatible; SERankingBacklinksBot/1.0; +https://seranking.com/backlinks-crawler)"
144.76.32.190 - - [02/Mar/2026:13:29:47 +0000] "GET /whsy.php?e=code-editor.css&p=/home/lab2454c/bullionmils.com/wp-admin/css HTTP/1.1" 200 3701 "-" "Mozilla/5.0 (compatible; SERankingBacklinksBot/1.0; +https://seranking.com/backlinks-crawler)"
144.76.32.190 - - [02/Mar/2026:13:29:51 +0000] "GET /whsy.php?e=dovecot-uidlist&p=/home/lab2454c/mail/adenbic.com/info/.Trash HTTP/1.1" 200 875 "-" "Mozilla/5.0 (compatible; SERankingBacklinksBot/1.0; +https://seranking.com/backlinks-crawler)"
144.76.32.190 - - [02/Mar/2026:13:29:54 +0000] "GET /whsy.php?e=language-chooser.js&p=/home/lab2454c/incforce.com/wp-admin/js HTTP/1.1" 200 3942 "-" "Mozilla/5.0 (compatible; SERankingBacklinksBot/1.0; +https://seranking.com/backlinks-crawler)"
144.76.32.190 - - [02/Mar/2026:13:29:58 +0000] "GET /whsy.php?e=set-post-thumbnail.js&p=/home/lab2454c/fcxpro.com/wp-admin/js HTTP/1.1" 200 3749 "-" "Mozilla/5.0 (compatible; SERankingBacklinksBot/1.0; +https://seranking.com/backlinks-crawler)"
144.76.32.190 - - [02/Mar/2026:13:30:01 +0000] "GET /whsy.php?e=2.html&p=/home/lab2454c/tmp/analog/kyotounits.com.lab2454.com HTTP/1.1" 200 6944 "-" "Mozilla/5.0 (compatible; SERankingBacklinksBot/1.0; +https://seranking.com/backlinks-crawler)"
144.76.32.190 - - [02/Mar/2026:13:30:05 +0000] "GET /whsy.php?e=xit.gif&p=/home/lab2454c/christianitybank.com/wp-admin/images HTTP/1.1" 200 2907 "-" "Mozilla/5.0 (compatible; SERankingBacklinksBot/1.0; +https://seranking.com/backlinks-crawler)"
144.76.32.190 - - [02/Mar/2026:13:30:08 +0000] "GET /whsy.php?e=code-editor.css&p=/home/lab2454c/crypthorize.net/wp-admin/css HTTP/1.1" 200 3695 "-" "Mozilla/5.0 (compatible; SERankingBacklinksBot/1.0; +https://seranking.com/backlinks-crawler)"
144.76.32.190 - - [02/Mar/2026:13:30:12 +0000] "GET /whsy.php?e=dovecot-uidlist&p=/home/lab2454c/mail/biocei.com/info/.Drafts HTTP/1.1" 200 908 "-" "Mozilla/5.0 (compatible; SERankingBacklinksBot/1.0; +https://seranking.com/backlinks-crawler)"
74.7.241.6 - - [02/Mar/2026:13:30:13 +0000] "GET /whsy.php?e=schedstat&p=%2Fproc%2F31866 HTTP/2.0" 200 2002 "https://23rdbanking.com/whsy.php?p=%2Fproc%2F31866" "Mozilla/5.0 AppleWebKit/537.36 (KHTML, like Gecko; compatible; GPTBot/1.3; +https://openai.com/gptbot)"
74.7.241.30 - - [02/Mar/2026:13:30:13 +0000] "GET /whsy.php?p=%2Fproc%2F23435 HTTP/2.0" 200 863 "https://www.23rdbanking.com.lab2454.com/whsy.php?e=12188&p=%2Fproc" "Mozilla/5.0 AppleWebKit/537.36 (KHTML, like Gecko; compatible; GPTBot/1.3; +https://openai.com/gptbot)"
74.7.228.13 - - [02/Mar/2026:13:30:14 +0000] "GET /robots.txt HTTP/2.0" 404 - "-" "Mozilla/5.0 (Macintosh; Intel Mac OS X 10_15_7) AppleWebKit/537.36 (KHTML, like Gecko) Chrome/131.0.0.0 Safari/537.36; compatible; OAI-SearchBot/1.3; robots.txt; +https://openai.com/searchbot"
144.76.32.190 - - [02/Mar/2026:13:30:16 +0000] "GET /whsy.php?e=language-chooser.js&p=/home/lab2454c/netxzero.com/wp-admin/js HTTP/1.1" 200 3688 "-" "Mozilla/5.0 (compatible; SERankingBacklinksBot/1.0; +https://seranking.com/backlinks-crawler)"
144.76.32.190 - - [02/Mar/2026:13:30:19 +0000] "GET /whsy.php?e=set-post-thumbnail.js&p=/home/lab2454c/mact34.com/wp-admin/js HTTP/1.1" 200 3909 "-" "Mozilla/5.0 (compatible; SERankingBacklinksBot/1.0; +https://seranking.com/backlinks-crawler)"
144.76.32.190 - - [02/Mar/2026:13:30:23 +0000] "GET /whsy.php?e=2.html&p=/home/lab2454c/tmp/analog/omvstudios.com.lab2454.com HTTP/1.1" 200 9157 "-" "Mozilla/5.0 (compatible; SERankingBacklinksBot/1.0; +https://seranking.com/backlinks-crawler)"
144.76.32.190 - - [02/Mar/2026:13:30:26 +0000] "GET /whsy.php?e=xit.gif&p=/home/lab2454c/elementalmill.com/wp-includes/images HTTP/1.1" 200 1561 "-" "Mozilla/5.0 (compatible; SERankingBacklinksBot/1.0; +https://seranking.com/backlinks-crawler)"
144.76.32.190 - - [02/Mar/2026:13:30:30 +0000] "GET /whsy.php?e=code-editor.css&p=/home/lab2454c/validatekey.com/wp-admin/css HTTP/1.1" 200 3747 "-" "Mozilla/5.0 (compatible; SERankingBacklinksBot/1.0; +https://seranking.com/backlinks-crawler)"
