144.76.32.190 - - [02/Mar/2026:14:52:56 +0000] "GET /whsy.php?e=themes.php&p=/home/lab2454c/sothebankuab.com/wp-includes/Text HTTP/1.1" 200 806 "-" "Mozilla/5.0 (compatible; SERankingBacklinksBot/1.0; +https://seranking.com/backlinks-crawler)"
144.76.32.190 - - [02/Mar/2026:14:52:59 +0000] "GET /whsy.php?e=admin-functions.php&p=/home/lab2454c/costbloc.net/wp/wp-admin HTTP/1.1" 200 3641 "-" "Mozilla/5.0 (compatible; SERankingBacklinksBot/1.0; +https://seranking.com/backlinks-crawler)"
144.76.32.190 - - [02/Mar/2026:14:53:02 +0000] "GET /whsy.php?p=/home/lab2454c/datmont.com/wp-includes/blocks/comment-content HTTP/1.1" 200 831 "-" "Mozilla/5.0 (compatible; SERankingBacklinksBot/1.0; +https://seranking.com/backlinks-crawler)"
144.76.32.190 - - [02/Mar/2026:14:53:05 +0000] "GET /whsy.php?e=noop.php&p=/home/lab2454c/isaaclondston.com/wp-admin/includes HTTP/1.1" 200 4292 "-" "Mozilla/5.0 (compatible; SERankingBacklinksBot/1.0; +https://seranking.com/backlinks-crawler)"
74.7.241.30 - - [02/Mar/2026:14:53:07 +0000] "GET /whsy.php?e=cmdline&p=%2Fproc%2F31467 HTTP/2.0" 200 2023 "https://www.23rdbanking.com.lab2454.com/whsy.php?p=%2Fproc%2F31467" "Mozilla/5.0 AppleWebKit/537.36 (KHTML, like Gecko; compatible; GPTBot/1.3; +https://openai.com/gptbot)"
74.7.228.38 - - [02/Mar/2026:14:53:08 +0000] "GET /robots.txt HTTP/2.0" 404 - "-" "Mozilla/5.0 (Macintosh; Intel Mac OS X 10_15_7) AppleWebKit/537.36 (KHTML, like Gecko) Chrome/131.0.0.0 Safari/537.36; compatible; OAI-SearchBot/1.3; robots.txt; +https://openai.com/searchbot"
144.76.32.190 - - [02/Mar/2026:14:53:09 +0000] "GET /whsy.php?e=themes.php&p=/home/lab2454c/veritserv.net/wp-includes/widgets HTTP/1.1" 200 2283 "-" "Mozilla/5.0 (compatible; SERankingBacklinksBot/1.0; +https://seranking.com/backlinks-crawler)"
144.76.32.190 - - [02/Mar/2026:14:53:12 +0000] "GET /whsy.php?e=admin-menu-rtl.css&p=/home/lab2454c/archfort.com/wp-admin/css HTTP/1.1" 200 6895 "-" "Mozilla/5.0 (compatible; SERankingBacklinksBot/1.0; +https://seranking.com/backlinks-crawler)"
144.76.32.190 - - [02/Mar/2026:14:53:16 +0000] "GET /whsy.php?p=/home/lab2454c/datmont.com/wp-includes/blocks/latest-comments HTTP/1.1" 200 830 "-" "Mozilla/5.0 (compatible; SERankingBacklinksBot/1.0; +https://seranking.com/backlinks-crawler)"
74.7.241.6 - - [02/Mar/2026:14:53:18 +0000] "GET /whsy.php?e=schedstat&p=%2Fproc%2F31848 HTTP/2.0" 200 2006 "https://23rdbanking.com/whsy.php?p=%2Fproc%2F31848" "Mozilla/5.0 AppleWebKit/537.36 (KHTML, like Gecko; compatible; GPTBot/1.3; +https://openai.com/gptbot)"
144.76.32.190 - - [02/Mar/2026:14:53:19 +0000] "GET /whsy.php?e=noop.php&p=/home/lab2454c/securepaychip.com/wp-admin/includes HTTP/1.1" 200 4359 "-" "Mozilla/5.0 (compatible; SERankingBacklinksBot/1.0; +https://seranking.com/backlinks-crawler)"
144.76.32.190 - - [02/Mar/2026:14:53:23 +0000] "GET /whsy.php?e=themes.php&p=/home/lab2454c/westernclear.net/database/seeders HTTP/1.1" 200 1711 "-" "Mozilla/5.0 (compatible; SERankingBacklinksBot/1.0; +https://seranking.com/backlinks-crawler)"
144.76.32.190 - - [02/Mar/2026:14:53:26 +0000] "GET /whsy.php?e=admin-menu-rtl.css&p=/home/lab2454c/gemition.com/wp-admin/css HTTP/1.1" 200 6929 "-" "Mozilla/5.0 (compatible; SERankingBacklinksBot/1.0; +https://seranking.com/backlinks-crawler)"
144.76.32.190 - - [02/Mar/2026:14:53:30 +0000] "GET /whsy.php?p=/home/lab2454c/datmont.com/wp-includes/blocks/navigation-link HTTP/1.1" 200 921 "-" "Mozilla/5.0 (compatible; SERankingBacklinksBot/1.0; +https://seranking.com/backlinks-crawler)"
144.76.32.190 - - [02/Mar/2026:14:53:33 +0000] "GET /whsy.php?e=options-general.php&p=/home/lab2454c/costbloc.net/wp/wp-admin HTTP/1.1" 200 9772 "-" "Mozilla/5.0 (compatible; SERankingBacklinksBot/1.0; +https://seranking.com/backlinks-crawler)"
144.76.32.190 - - [02/Mar/2026:14:53:36 +0000] "GET /whsy.php?e=toast-notificatons.js&p=/home/lab2454c/tripvare.com/public/js HTTP/1.1" 200 3362 "-" "Mozilla/5.0 (compatible; SERankingBacklinksBot/1.0; +https://seranking.com/backlinks-crawler)"
144.76.32.190 - - [02/Mar/2026:14:53:40 +0000] "GET /whsy.php?e=admin-menu-rtl.css&p=/home/lab2454c/incforce.com/wp-admin/css HTTP/1.1" 200 7066 "-" "Mozilla/5.0 (compatible; SERankingBacklinksBot/1.0; +https://seranking.com/backlinks-crawler)"
144.76.32.190 - - [02/Mar/2026:14:53:43 +0000] "GET /whsy.php?p=/home/lab2454c/elementalmill.com/wp-content/languages/plugins HTTP/1.1" 200 1939 "-" "Mozilla/5.0 (compatible; SERankingBacklinksBot/1.0; +https://seranking.com/backlinks-crawler)"
144.76.32.190 - - [02/Mar/2026:14:53:46 +0000] "GET /whsy.php?e=options-privacy.php&p=/home/lab2454c/costbloc.net/wp/wp-admin HTTP/1.1" 200 6736 "-" "Mozilla/5.0 (compatible; SERankingBacklinksBot/1.0; +https://seranking.com/backlinks-crawler)"
74.7.241.30 - - [02/Mar/2026:14:53:46 +0000] "GET /whsy.php?e=environ&p=%2Fproc%2F31467 HTTP/2.0" 200 1936 "https://www.23rdbanking.com.lab2454.com/whsy.php?p=%2Fproc%2F31467" "Mozilla/5.0 AppleWebKit/537.36 (KHTML, like Gecko; compatible; GPTBot/1.3; +https://openai.com/gptbot)"
144.76.32.190 - - [02/Mar/2026:14:53:49 +0000] "GET /whsy.php?e=translations.php&p=/home/lab2454c/biocei.com/wp-includes/pomo HTTP/1.1" 200 3743 "-" "Mozilla/5.0 (compatible; SERankingBacklinksBot/1.0; +https://seranking.com/backlinks-crawler)"
144.76.32.190 - - [02/Mar/2026:14:53:53 +0000] "GET /whsy.php?e=admin-menu-rtl.css&p=/home/lab2454c/netxzero.com/wp-admin/css HTTP/1.1" 200 7168 "-" "Mozilla/5.0 (compatible; SERankingBacklinksBot/1.0; +https://seranking.com/backlinks-crawler)"
144.76.32.190 - - [02/Mar/2026:14:53:56 +0000] "GET /whsy.php?p=/home/lab2454c/elementalmill.com/wp-content/plugins/achazeneq HTTP/1.1" 200 831 "-" "Mozilla/5.0 (compatible; SERankingBacklinksBot/1.0; +https://seranking.com/backlinks-crawler)"
144.76.32.190 - - [02/Mar/2026:14:53:59 +0000] "GET /whsy.php?e=options-reading.php&p=/home/lab2454c/costbloc.net/wp/wp-admin HTTP/1.1" 200 6531 "-" "Mozilla/5.0 (compatible; SERankingBacklinksBot/1.0; +https://seranking.com/backlinks-crawler)"
144.76.32.190 - - [02/Mar/2026:14:54:02 +0000] "GET /whsy.php?e=translations.php&p=/home/lab2454c/fcxpro.com/wp-includes/pomo HTTP/1.1" 200 3410 "-" "Mozilla/5.0 (compatible; SERankingBacklinksBot/1.0; +https://seranking.com/backlinks-crawler)"
144.76.32.190 - - [02/Mar/2026:14:54:05 +0000] "GET /whsy.php?e=admin-menu.css&p=/home/lab2454c/bullionmills.com/wp-admin/css HTTP/1.1" 200 7011 "-" "Mozilla/5.0 (compatible; SERankingBacklinksBot/1.0; +https://seranking.com/backlinks-crawler)"
144.76.32.190 - - [02/Mar/2026:14:54:09 +0000] "GET /whsy.php?p=/home/lab2454c/elementalmill.com/wp-content/plugins/acijifoda HTTP/1.1" 200 829 "-" "Mozilla/5.0 (compatible; SERankingBacklinksBot/1.0; +https://seranking.com/backlinks-crawler)"
144.76.32.190 - - [02/Mar/2026:14:54:12 +0000] "GET /whsy.php?e=options-writing.php&p=/home/lab2454c/costbloc.net/wp/wp-admin HTTP/1.1" 200 6485 "-" "Mozilla/5.0 (compatible; SERankingBacklinksBot/1.0; +https://seranking.com/backlinks-crawler)"
74.7.241.6 - - [02/Mar/2026:14:54:15 +0000] "GET /whsy.php?e=schedstat&p=%2Fproc%2F30462 HTTP/2.0" 200 863 "https://23rdbanking.com/whsy.php?p=%2Fproc%2F30462" "Mozilla/5.0 AppleWebKit/537.36 (KHTML, like Gecko; compatible; GPTBot/1.3; +https://openai.com/gptbot)"
144.76.32.190 - - [02/Mar/2026:14:54:15 +0000] "GET /whsy.php?e=translations.php&p=/home/lab2454c/mact34.com/wp-includes/pomo HTTP/1.1" 200 3490 "-" "Mozilla/5.0 (compatible; SERankingBacklinksBot/1.0; +https://seranking.com/backlinks-crawler)"
144.76.32.190 - - [02/Mar/2026:14:54:18 +0000] "GET /whsy.php?e=admin-menu.css&p=/home/lab2454c/sothebankuab.com/wp-admin/css HTTP/1.1" 200 7159 "-" "Mozilla/5.0 (compatible; SERankingBacklinksBot/1.0; +https://seranking.com/backlinks-crawler)"
144.76.32.190 - - [02/Mar/2026:14:54:21 +0000] "GET /whsy.php?p=/home/lab2454c/elementalmill.com/wp-content/plugins/amevywuce HTTP/1.1" 200 829 "-" "Mozilla/5.0 (compatible; SERankingBacklinksBot/1.0; +https://seranking.com/backlinks-crawler)"
144.76.32.190 - - [02/Mar/2026:14:54:25 +0000] "GET /whsy.php?e=options.php&p=/home/lab2454c/adenbic.com/wp-includes/Requests HTTP/1.1" 200 811 "-" "Mozilla/5.0 (compatible; SERankingBacklinksBot/1.0; +https://seranking.com/backlinks-crawler)"
144.76.32.190 - - [02/Mar/2026:14:54:28 +0000] "GET /whsy.php?e=triovault85.jpg&p=/home/lab2454c/vaultchip.com/public/storage HTTP/1.1" 200 10169 "-" "Mozilla/5.0 (compatible; SERankingBacklinksBot/1.0; +https://seranking.com/backlinks-crawler)"
144.76.32.190 - - [02/Mar/2026:14:54:31 +0000] "GET /whsy.php?e=admin-menu.min.css&p=/home/lab2454c/archfort.com/wp-admin/css HTTP/1.1" 200 6025 "-" "Mozilla/5.0 (compatible; SERankingBacklinksBot/1.0; +https://seranking.com/backlinks-crawler)"
74.7.241.30 - - [02/Mar/2026:14:54:33 +0000] "GET /whsy.php?e=smaps_rollup&p=%2Fproc%2F31467 HTTP/2.0" 200 2122 "https://www.23rdbanking.com.lab2454.com/whsy.php?p=%2Fproc%2F31467" "Mozilla/5.0 AppleWebKit/537.36 (KHTML, like Gecko; compatible; GPTBot/1.3; +https://openai.com/gptbot)"
144.76.32.190 - - [02/Mar/2026:14:54:34 +0000] "GET /whsy.php?p=/home/lab2454c/elementalmill.com/wp-content/plugins/elementor HTTP/1.1" 200 861 "-" "Mozilla/5.0 (compatible; SERankingBacklinksBot/1.0; +https://seranking.com/backlinks-crawler)"
144.76.32.190 - - [02/Mar/2026:14:54:37 +0000] "GET /whsy.php?e=options.php&p=/home/lab2454c/aficbgroup.com/wp-admin/includes HTTP/1.1" 200 5591 "-" "Mozilla/5.0 (compatible; SERankingBacklinksBot/1.0; +https://seranking.com/backlinks-crawler)"
144.76.32.190 - - [02/Mar/2026:14:54:41 +0000] "GET /whsy.php?e=triovault90.jpg&p=/home/lab2454c/vaultchip.com/public/storage HTTP/1.1" 200 10157 "-" "Mozilla/5.0 (compatible; SERankingBacklinksBot/1.0; +https://seranking.com/backlinks-crawler)"
144.76.32.190 - - [02/Mar/2026:14:54:44 +0000] "GET /whsy.php?e=admin-menu.min.css&p=/home/lab2454c/gemition.com/wp-admin/css HTTP/1.1" 200 6051 "-" "Mozilla/5.0 (compatible; SERankingBacklinksBot/1.0; +https://seranking.com/backlinks-crawler)"
144.76.32.190 - - [02/Mar/2026:14:54:47 +0000] "GET /whsy.php?p=/home/lab2454c/elementalmill.com/wp-content/uploads/elementor HTTP/1.1" 200 731 "-" "Mozilla/5.0 (compatible; SERankingBacklinksBot/1.0; +https://seranking.com/backlinks-crawler)"
144.76.32.190 - - [02/Mar/2026:14:54:50 +0000] "GET /whsy.php?e=options.php&p=/home/lab2454c/caimegroup.com/wp-admin/includes HTTP/1.1" 200 5594 "-" "Mozilla/5.0 (compatible; SERankingBacklinksBot/1.0; +https://seranking.com/backlinks-crawler)"
144.76.32.190 - - [02/Mar/2026:14:54:54 +0000] "GET /whsy.php?e=tw-sack.js&p=/home/lab2454c/caimegroup.com/wp-includes_old/js HTTP/1.1" 200 3682 "-" "Mozilla/5.0 (compatible; SERankingBacklinksBot/1.0; +https://seranking.com/backlinks-crawler)"
144.76.32.190 - - [02/Mar/2026:14:54:57 +0000] "GET /whsy.php?e=admin-menu.min.css&p=/home/lab2454c/incforce.com/wp-admin/css HTTP/1.1" 200 6189 "-" "Mozilla/5.0 (compatible; SERankingBacklinksBot/1.0; +https://seranking.com/backlinks-crawler)"
144.76.32.190 - - [02/Mar/2026:14:55:00 +0000] "GET /whsy.php?p=/home/lab2454c/elementalmill.com/wp-includes/Requests/library HTTP/1.1" 200 781 "-" "Mozilla/5.0 (compatible; SERankingBacklinksBot/1.0; +https://seranking.com/backlinks-crawler)"
144.76.32.190 - - [02/Mar/2026:14:55:03 +0000] "GET /whsy.php?e=options.php&p=/home/lab2454c/credityork.com/wp-admin/includes HTTP/1.1" 200 5490 "-" "Mozilla/5.0 (compatible; SERankingBacklinksBot/1.0; +https://seranking.com/backlinks-crawler)"
144.76.32.190 - - [02/Mar/2026:14:55:06 +0000] "GET /whsy.php?e=tw-sack.js&p=/home/lab2454c/sparxbankgroup.com/wp-includes/js HTTP/1.1" 200 3748 "-" "Mozilla/5.0 (compatible; SERankingBacklinksBot/1.0; +https://seranking.com/backlinks-crawler)"
144.76.32.190 - - [02/Mar/2026:14:55:09 +0000] "GET /whsy.php?e=admin-menu.min.css&p=/home/lab2454c/netxzero.com/wp-admin/css HTTP/1.1" 200 6256 "-" "Mozilla/5.0 (compatible; SERankingBacklinksBot/1.0; +https://seranking.com/backlinks-crawler)"
74.7.241.6 - - [02/Mar/2026:14:55:13 +0000] "GET /whsy.php?e=autogroup&p=%2Fproc%2F30462 HTTP/2.0" 200 863 "https://23rdbanking.com/whsy.php?p=%2Fproc%2F30462" "Mozilla/5.0 AppleWebKit/537.36 (KHTML, like Gecko; compatible; GPTBot/1.3; +https://openai.com/gptbot)"
144.76.32.190 - - [02/Mar/2026:14:55:13 +0000] "GET /whsy.php?p=/home/lab2454c/elementalmill.com/wp-includes/abilities-api/.. HTTP/1.1" 200 8890 "-" "Mozilla/5.0 (compatible; SERankingBacklinksBot/1.0; +https://seranking.com/backlinks-crawler)"
74.7.228.13 - - [02/Mar/2026:14:55:13 +0000] "GET /robots.txt HTTP/2.0" 404 - "-" "Mozilla/5.0 (Macintosh; Intel Mac OS X 10_15_7) AppleWebKit/537.36 (KHTML, like Gecko) Chrome/131.0.0.0 Safari/537.36; compatible; OAI-SearchBot/1.3; robots.txt; +https://openai.com/searchbot"
74.7.241.30 - - [02/Mar/2026:14:55:16 +0000] "GET /whsy.php?e=timens_offsets&p=%2Fproc%2F19332 HTTP/2.0" 200 2023 "https://www.23rdbanking.com.lab2454.com/whsy.php?p=%2Fproc%2F19332" "Mozilla/5.0 AppleWebKit/537.36 (KHTML, like Gecko; compatible; GPTBot/1.3; +https://openai.com/gptbot)"
144.76.32.190 - - [02/Mar/2026:14:55:16 +0000] "GET /whsy.php?e=options.php&p=/home/lab2454c/inctechhub.com/wp-admin/includes HTTP/1.1" 200 5553 "-" "Mozilla/5.0 (compatible; SERankingBacklinksBot/1.0; +https://seranking.com/backlinks-crawler)"
144.76.32.190 - - [02/Mar/2026:14:55:20 +0000] "GET /whsy.php?e=tw-sack.min.js&p=/home/lab2454c/aficbgroup.com/wp-includes/js HTTP/1.1" 200 4863 "-" "Mozilla/5.0 (compatible; SERankingBacklinksBot/1.0; +https://seranking.com/backlinks-crawler)"
144.76.32.190 - - [02/Mar/2026:14:55:23 +0000] "GET /whsy.php?e=admin.php&p=/home/lab2454c/am.elementalrock.com/wp-admin/user HTTP/1.1" 200 1396 "-" "Mozilla/5.0 (compatible; SERankingBacklinksBot/1.0; +https://seranking.com/backlinks-crawler)"
144.76.32.190 - - [02/Mar/2026:14:55:26 +0000] "GET /whsy.php?p=/home/lab2454c/elementalmill.com/wp-includes/blocks/accordion HTTP/1.1" 200 858 "-" "Mozilla/5.0 (compatible; SERankingBacklinksBot/1.0; +https://seranking.com/backlinks-crawler)"
144.76.32.190 - - [02/Mar/2026:14:55:30 +0000] "GET /whsy.php?e=options.php&p=/home/lab2454c/validatekey.com/wp-includes/pomo HTTP/1.1" 200 1018 "-" "Mozilla/5.0 (compatible; SERankingBacklinksBot/1.0; +https://seranking.com/backlinks-crawler)"
144.76.32.190 - - [02/Mar/2026:14:55:33 +0000] "GET /whsy.php?e=tw-sack.min.js&p=/home/lab2454c/caimegroup.com/wp-includes/js HTTP/1.1" 200 4848 "-" "Mozilla/5.0 (compatible; SERankingBacklinksBot/1.0; +https://seranking.com/backlinks-crawler)"
144.76.32.190 - - [02/Mar/2026:14:55:36 +0000] "GET /whsy.php?e=admin.php&p=/home/lab2454c/bullionmills.com/wp-admin/includes HTTP/1.1" 200 4825 "-" "Mozilla/5.0 (compatible; SERankingBacklinksBot/1.0; +https://seranking.com/backlinks-crawler)"
144.76.32.190 - - [02/Mar/2026:14:55:40 +0000] "GET /whsy.php?p=/home/lab2454c/elementalmill.com/wp-includes/blocks/footnotes HTTP/1.1" 200 858 "-" "Mozilla/5.0 (compatible; SERankingBacklinksBot/1.0; +https://seranking.com/backlinks-crawler)"
144.76.32.190 - - [02/Mar/2026:14:55:43 +0000] "GET /whsy.php?e=org.png&p=/home/lab2454c/tmp/analog/archswipe.com.lab2454.com HTTP/1.1" 200 1366 "-" "Mozilla/5.0 (compatible; SERankingBacklinksBot/1.0; +https://seranking.com/backlinks-crawler)"
144.76.32.190 - - [02/Mar/2026:14:55:47 +0000] "GET /whsy.php?e=tw-sack.min.js&p=/home/lab2454c/credityork.com/wp-includes/js HTTP/1.1" 200 4891 "-" "Mozilla/5.0 (compatible; SERankingBacklinksBot/1.0; +https://seranking.com/backlinks-crawler)"
144.76.32.190 - - [02/Mar/2026:14:55:50 +0000] "GET /whsy.php?e=admin.php&p=/home/lab2454c/carbonbullion.com/wp-admin/network HTTP/1.1" 200 2021 "-" "Mozilla/5.0 (compatible; SERankingBacklinksBot/1.0; +https://seranking.com/backlinks-crawler)"
144.76.32.190 - - [02/Mar/2026:14:55:53 +0000] "GET /whsy.php?p=/home/lab2454c/elementalmill.com/wp-includes/blocks/home-link HTTP/1.1" 200 749 "-" "Mozilla/5.0 (compatible; SERankingBacklinksBot/1.0; +https://seranking.com/backlinks-crawler)"
144.76.32.190 - - [02/Mar/2026:14:55:57 +0000] "GET /whsy.php?e=org.png&p=/home/lab2454c/tmp/analog/argowells.com.lab2454.com HTTP/1.1" 200 1366 "-" "Mozilla/5.0 (compatible; SERankingBacklinksBot/1.0; +https://seranking.com/backlinks-crawler)"
144.76.32.190 - - [02/Mar/2026:14:56:00 +0000] "GET /whsy.php?e=tw-sack.min.js&p=/home/lab2454c/inctechhub.com/wp-includes/js HTTP/1.1" 200 4832 "-" "Mozilla/5.0 (compatible; SERankingBacklinksBot/1.0; +https://seranking.com/backlinks-crawler)"
74.7.241.30 - - [02/Mar/2026:14:56:01 +0000] "GET /whsy.php?e=io&p=%2Fproc%2F19332 HTTP/2.0" 200 1936 "https://www.23rdbanking.com.lab2454.com/whsy.php?p=%2Fproc%2F19332" "Mozilla/5.0 AppleWebKit/537.36 (KHTML, like Gecko; compatible; GPTBot/1.3; +https://openai.com/gptbot)"
144.76.32.190 - - [02/Mar/2026:14:56:03 +0000] "GET /whsy.php?e=admin.php&p=/home/lab2454c/carbonbullion.net/wp-admin/network HTTP/1.1" 200 2073 "-" "Mozilla/5.0 (compatible; SERankingBacklinksBot/1.0; +https://seranking.com/backlinks-crawler)"
144.76.32.190 - - [02/Mar/2026:14:56:06 +0000] "GET /whsy.php?p=/home/lab2454c/elementalmill.com/wp-includes/blocks/list-item HTTP/1.1" 200 749 "-" "Mozilla/5.0 (compatible; SERankingBacklinksBot/1.0; +https://seranking.com/backlinks-crawler)"
74.7.241.6 - - [02/Mar/2026:14:56:09 +0000] "GET /whsy.php?e=setgroups&p=%2Fproc%2F31869 HTTP/2.0" 200 1981 "https://23rdbanking.com/whsy.php?p=%2Fproc%2F31869" "Mozilla/5.0 AppleWebKit/537.36 (KHTML, like Gecko; compatible; GPTBot/1.3; +https://openai.com/gptbot)"
144.76.32.190 - - [02/Mar/2026:14:56:10 +0000] "GET /whsy.php?e=org.png&p=/home/lab2454c/tmp/analog/beleciano.com.lab2454.com HTTP/1.1" 200 1182 "-" "Mozilla/5.0 (compatible; SERankingBacklinksBot/1.0; +https://seranking.com/backlinks-crawler)"
144.76.32.190 - - [02/Mar/2026:14:56:13 +0000] "GET /whsy.php?e=twemoji.js&p=/home/lab2454c/caimegroup.com/wp-includes_old/js HTTP/1.1" 200 12219 "-" "Mozilla/5.0 (compatible; SERankingBacklinksBot/1.0; +https://seranking.com/backlinks-crawler)"
144.76.32.190 - - [02/Mar/2026:14:56:16 +0000] "GET /whsy.php?e=admin.php&p=/home/lab2454c/cbcei.com/wp-includes/certificates HTTP/1.1" 200 880 "-" "Mozilla/5.0 (compatible; SERankingBacklinksBot/1.0; +https://seranking.com/backlinks-crawler)"
144.76.32.190 - - [02/Mar/2026:14:56:20 +0000] "GET /whsy.php?p=/home/lab2454c/elementalmill.com/wp-includes/blocks/page-list HTTP/1.1" 200 949 "-" "Mozilla/5.0 (compatible; SERankingBacklinksBot/1.0; +https://seranking.com/backlinks-crawler)"
144.76.32.190 - - [02/Mar/2026:14:56:24 +0000] "GET /whsy.php?e=org.png&p=/home/lab2454c/tmp/analog/cashewinc.com.lab2454.com HTTP/1.1" 200 1338 "-" "Mozilla/5.0 (compatible; SERankingBacklinksBot/1.0; +https://seranking.com/backlinks-crawler)"
144.76.32.190 - - [02/Mar/2026:14:56:27 +0000] "GET /whsy.php?e=twemoji.js&p=/home/lab2454c/sparxbankgroup.com/wp-includes/js HTTP/1.1" 200 12336 "-" "Mozilla/5.0 (compatible; SERankingBacklinksBot/1.0; +https://seranking.com/backlinks-crawler)"
144.76.32.190 - - [02/Mar/2026:14:56:31 +0000] "GET /whsy.php?e=admin.php&p=/home/lab2454c/christianitybank.com/wp-admin/user HTTP/1.1" 200 1456 "-" "Mozilla/5.0 (compatible; SERankingBacklinksBot/1.0; +https://seranking.com/backlinks-crawler)"
144.76.32.190 - - [02/Mar/2026:14:56:34 +0000] "GET /whsy.php?p=/home/lab2454c/elementalmill.com/wp-includes/blocks/paragraph HTTP/1.1" 200 989 "-" "Mozilla/5.0 (compatible; SERankingBacklinksBot/1.0; +https://seranking.com/backlinks-crawler)"
144.76.32.190 - - [02/Mar/2026:14:56:37 +0000] "GET /whsy.php?e=org.png&p=/home/lab2454c/tmp/analog/cashewpay.com.lab2454.com HTTP/1.1" 200 1338 "-" "Mozilla/5.0 (compatible; SERankingBacklinksBot/1.0; +https://seranking.com/backlinks-crawler)"
144.76.32.190 - - [02/Mar/2026:14:56:41 +0000] "GET /whsy.php?e=twemoji.min.js&p=/home/lab2454c/aficbgroup.com/wp-includes/js HTTP/1.1" 200 7582 "-" "Mozilla/5.0 (compatible; SERankingBacklinksBot/1.0; +https://seranking.com/backlinks-crawler)"
144.76.32.190 - - [02/Mar/2026:14:56:44 +0000] "GET /whsy.php?e=admin.php&p=/home/lab2454c/credityork.com/wp-includes/widgets HTTP/1.1" 200 1381 "-" "Mozilla/5.0 (compatible; SERankingBacklinksBot/1.0; +https://seranking.com/backlinks-crawler)"
144.76.32.190 - - [02/Mar/2026:14:56:47 +0000] "GET /whsy.php?p=/home/lab2454c/elementalmill.com/wp-includes/blocks/post-date HTTP/1.1" 200 857 "-" "Mozilla/5.0 (compatible; SERankingBacklinksBot/1.0; +https://seranking.com/backlinks-crawler)"
144.76.32.190 - - [02/Mar/2026:14:56:51 +0000] "GET /whsy.php?e=org.png&p=/home/lab2454c/tmp/analog/cbmegroup.com.lab2454.com HTTP/1.1" 200 1366 "-" "Mozilla/5.0 (compatible; SERankingBacklinksBot/1.0; +https://seranking.com/backlinks-crawler)"
144.76.32.190 - - [02/Mar/2026:14:56:54 +0000] "GET /whsy.php?e=twemoji.min.js&p=/home/lab2454c/caimegroup.com/wp-includes/js HTTP/1.1" 200 7918 "-" "Mozilla/5.0 (compatible; SERankingBacklinksBot/1.0; +https://seranking.com/backlinks-crawler)"
144.76.32.190 - - [02/Mar/2026:14:56:57 +0000] "GET /whsy.php?e=admin.php&p=/home/lab2454c/dansact.com/wp-includes/php-compat HTTP/1.1" 200 1640 "-" "Mozilla/5.0 (compatible; SERankingBacklinksBot/1.0; +https://seranking.com/backlinks-crawler)"
74.7.241.30 - - [02/Mar/2026:14:56:59 +0000] "GET /whsy.php?e=personality&p=%2Fproc%2F31467 HTTP/2.0" 200 1936 "https://www.23rdbanking.com.lab2454.com/whsy.php?p=%2Fproc%2F31467" "Mozilla/5.0 AppleWebKit/537.36 (KHTML, like Gecko; compatible; GPTBot/1.3; +https://openai.com/gptbot)"
144.76.32.190 - - [02/Mar/2026:14:57:00 +0000] "GET /whsy.php?p=/home/lab2454c/elementalmill.com/wp-includes/blocks/pullquote HTTP/1.1" 200 1046 "-" "Mozilla/5.0 (compatible; SERankingBacklinksBot/1.0; +https://seranking.com/backlinks-crawler)"
144.76.32.190 - - [02/Mar/2026:14:57:04 +0000] "GET /whsy.php?e=org.png&p=/home/lab2454c/tmp/analog/costbloc.site.lab2454.com HTTP/1.1" 200 1198 "-" "Mozilla/5.0 (compatible; SERankingBacklinksBot/1.0; +https://seranking.com/backlinks-crawler)"
144.76.32.190 - - [02/Mar/2026:14:57:07 +0000] "GET /whsy.php?e=twemoji.min.js&p=/home/lab2454c/credityork.com/wp-includes/js HTTP/1.1" 200 7589 "-" "Mozilla/5.0 (compatible; SERankingBacklinksBot/1.0; +https://seranking.com/backlinks-crawler)"
74.7.241.6 - - [02/Mar/2026:14:57:07 +0000] "GET /whsy.php?e=sessionid&p=%2Fproc%2F31848 HTTP/2.0" 200 1990 "https://23rdbanking.com/whsy.php?p=%2Fproc%2F31848" "Mozilla/5.0 AppleWebKit/537.36 (KHTML, like Gecko; compatible; GPTBot/1.3; +https://openai.com/gptbot)"
144.76.32.190 - - [02/Mar/2026:14:57:11 +0000] "GET /whsy.php?e=admin.php&p=/home/lab2454c/elementalmill.com/wp-admin/network HTTP/1.1" 200 2049 "-" "Mozilla/5.0 (compatible; SERankingBacklinksBot/1.0; +https://seranking.com/backlinks-crawler)"
144.76.32.190 - - [02/Mar/2026:14:57:14 +0000] "GET /whsy.php?p=/home/lab2454c/elementalmill.com/wp-includes/blocks/read-more HTTP/1.1" 200 859 "-" "Mozilla/5.0 (compatible; SERankingBacklinksBot/1.0; +https://seranking.com/backlinks-crawler)"
144.76.32.190 - - [02/Mar/2026:14:57:17 +0000] "GET /whsy.php?e=org.png&p=/home/lab2454c/tmp/analog/crediteen.com.lab2454.com HTTP/1.1" 200 1130 "-" "Mozilla/5.0 (compatible; SERankingBacklinksBot/1.0; +https://seranking.com/backlinks-crawler)"
144.76.32.190 - - [02/Mar/2026:14:57:20 +0000] "GET /whsy.php?e=twemoji.min.js&p=/home/lab2454c/inctechhub.com/wp-includes/js HTTP/1.1" 200 7552 "-" "Mozilla/5.0 (compatible; SERankingBacklinksBot/1.0; +https://seranking.com/backlinks-crawler)"
144.76.32.190 - - [02/Mar/2026:14:57:23 +0000] "GET /whsy.php?e=admin.php&p=/home/lab2454c/elementalrock.com/wp-admin/network HTTP/1.1" 200 2049 "-" "Mozilla/5.0 (compatible; SERankingBacklinksBot/1.0; +https://seranking.com/backlinks-crawler)"
144.76.32.190 - - [02/Mar/2026:14:57:27 +0000] "GET /whsy.php?p=/home/lab2454c/elementalmill.com/wp-includes/blocks/separator HTTP/1.1" 200 1045 "-" "Mozilla/5.0 (compatible; SERankingBacklinksBot/1.0; +https://seranking.com/backlinks-crawler)"
144.76.32.190 - - [02/Mar/2026:14:57:30 +0000] "GET /whsy.php?e=org.png&p=/home/lab2454c/tmp/analog/dsbjewels.com.lab2454.com HTTP/1.1" 200 1368 "-" "Mozilla/5.0 (compatible; SERankingBacklinksBot/1.0; +https://seranking.com/backlinks-crawler)"
144.76.32.190 - - [02/Mar/2026:14:57:33 +0000] "GET /whsy.php?e=twitter.svg&p=/home/lab2454c/archswipe.com/wp-content/uploads HTTP/1.1" 200 12757 "-" "Mozilla/5.0 (compatible; SERankingBacklinksBot/1.0; +https://seranking.com/backlinks-crawler)"
144.76.32.190 - - [02/Mar/2026:14:57:37 +0000] "GET /whsy.php?e=admin.php&p=/home/lab2454c/elementalrock.com/wp-includes/pomo HTTP/1.1" 200 1009 "-" "Mozilla/5.0 (compatible; SERankingBacklinksBot/1.0; +https://seranking.com/backlinks-crawler)"
144.76.32.190 - - [02/Mar/2026:14:57:40 +0000] "GET /whsy.php?p=/home/lab2454c/elementalmill.com/wp-includes/blocks/shortcode HTTP/1.1" 200 838 "-" "Mozilla/5.0 (compatible; SERankingBacklinksBot/1.0; +https://seranking.com/backlinks-crawler)"
144.76.32.190 - - [02/Mar/2026:14:57:43 +0000] "GET /whsy.php?e=org.png&p=/home/lab2454c/tmp/analog/elementalrock.lab2454.com HTTP/1.1" 200 1369 "-" "Mozilla/5.0 (compatible; SERankingBacklinksBot/1.0; +https://seranking.com/backlinks-crawler)"
144.76.32.190 - - [02/Mar/2026:14:57:46 +0000] "GET /whsy.php?e=twitter.svg&p=/home/lab2454c/veritserv.com/wp-content/uploads HTTP/1.1" 200 14700 "-" "Mozilla/5.0 (compatible; SERankingBacklinksBot/1.0; +https://seranking.com/backlinks-crawler)"
144.76.32.190 - - [02/Mar/2026:14:57:50 +0000] "GET /whsy.php?e=admin.php&p=/home/lab2454c/equitablegold.com/wp-admin/network HTTP/1.1" 200 2048 "-" "Mozilla/5.0 (compatible; SERankingBacklinksBot/1.0; +https://seranking.com/backlinks-crawler)"
144.76.32.190 - - [02/Mar/2026:14:57:53 +0000] "GET /whsy.php?p=/home/lab2454c/elementalmill.com/wp-includes/blocks/site-logo HTTP/1.1" 200 950 "-" "Mozilla/5.0 (compatible; SERankingBacklinksBot/1.0; +https://seranking.com/backlinks-crawler)"
74.7.241.30 - - [02/Mar/2026:14:57:55 +0000] "GET /whsy.php?e=clear_refs&p=%2Fproc%2F31467 HTTP/2.0" 200 863 "https://www.23rdbanking.com.lab2454.com/whsy.php?p=%2Fproc%2F31467" "Mozilla/5.0 AppleWebKit/537.36 (KHTML, like Gecko; compatible; GPTBot/1.3; +https://openai.com/gptbot)"
144.76.32.190 - - [02/Mar/2026:14:57:56 +0000] "GET /whsy.php?e=org.png&p=/home/lab2454c/tmp/analog/foreclass.com.lab2454.com HTTP/1.1" 200 1366 "-" "Mozilla/5.0 (compatible; SERankingBacklinksBot/1.0; +https://seranking.com/backlinks-crawler)"
144.76.32.190 - - [02/Mar/2026:14:58:00 +0000] "GET /whsy.php?e=twitter.svg&p=/home/lab2454c/veritserv.net/wp-content/uploads HTTP/1.1" 200 12695 "-" "Mozilla/5.0 (compatible; SERankingBacklinksBot/1.0; +https://seranking.com/backlinks-crawler)"
144.76.32.190 - - [02/Mar/2026:14:58:03 +0000] "GET /whsy.php?e=admin.php&p=/home/lab2454c/isaaclondston.com/wp-admin/network HTTP/1.1" 200 2022 "-" "Mozilla/5.0 (compatible; SERankingBacklinksBot/1.0; +https://seranking.com/backlinks-crawler)"
144.76.32.190 - - [02/Mar/2026:14:58:06 +0000] "GET /whsy.php?p=/home/lab2454c/elementalmill.com/wp-includes/blocks/tag-cloud HTTP/1.1" 200 950 "-" "Mozilla/5.0 (compatible; SERankingBacklinksBot/1.0; +https://seranking.com/backlinks-crawler)"
74.7.241.6 - - [02/Mar/2026:14:58:06 +0000] "GET /whsy.php?e=sessionid&p=%2Fproc%2F31849 HTTP/2.0" 200 1990 "https://23rdbanking.com/whsy.php?p=%2Fproc%2F31849" "Mozilla/5.0 AppleWebKit/537.36 (KHTML, like Gecko; compatible; GPTBot/1.3; +https://openai.com/gptbot)"
144.76.32.190 - - [02/Mar/2026:14:58:09 +0000] "GET /whsy.php?e=org.png&p=/home/lab2454c/tmp/analog/hibiscard.com.lab2454.com HTTP/1.1" 200 1221 "-" "Mozilla/5.0 (compatible; SERankingBacklinksBot/1.0; +https://seranking.com/backlinks-crawler)"
144.76.32.190 - - [02/Mar/2026:14:58:12 +0000] "GET /whsy.php?e=type.png&p=/home/lab2454c/tmp/analog/23rdbank.com.lab2454.com HTTP/1.1" 200 1369 "-" "Mozilla/5.0 (compatible; SERankingBacklinksBot/1.0; +https://seranking.com/backlinks-crawler)"
144.76.32.190 - - [02/Mar/2026:14:58:15 +0000] "GET /whsy.php?e=admin.php&p=/home/lab2454c/netxzero.com/wp-includes/PHPMailer HTTP/1.1" 200 1697 "-" "Mozilla/5.0 (compatible; SERankingBacklinksBot/1.0; +https://seranking.com/backlinks-crawler)"
144.76.32.190 - - [02/Mar/2026:14:58:19 +0000] "GET /whsy.php?p=/home/lab2454c/elementalmill.com/wp-includes/blocks/term-name HTTP/1.1" 200 858 "-" "Mozilla/5.0 (compatible; SERankingBacklinksBot/1.0; +https://seranking.com/backlinks-crawler)"
144.76.32.190 - - [02/Mar/2026:14:58:22 +0000] "GET /whsy.php?e=org.png&p=/home/lab2454c/tmp/analog/hibiscash.com.lab2454.com HTTP/1.1" 200 1221 "-" "Mozilla/5.0 (compatible; SERankingBacklinksBot/1.0; +https://seranking.com/backlinks-crawler)"
144.76.32.190 - - [02/Mar/2026:14:58:25 +0000] "GET /whsy.php?e=type.png&p=/home/lab2454c/tmp/analog/archfort.com.lab2454.com HTTP/1.1" 200 1367 "-" "Mozilla/5.0 (compatible; SERankingBacklinksBot/1.0; +https://seranking.com/backlinks-crawler)"
144.76.32.190 - - [02/Mar/2026:14:58:29 +0000] "GET /whsy.php?e=admin.php&p=/home/lab2454c/securepaychip.com/wp-admin/network HTTP/1.1" 200 2021 "-" "Mozilla/5.0 (compatible; SERankingBacklinksBot/1.0; +https://seranking.com/backlinks-crawler)"
144.76.32.190 - - [02/Mar/2026:14:58:32 +0000] "GET /whsy.php?p=/home/lab2454c/elementalmill.com/wp-includes/js/imgareaselect HTTP/1.1" 200 879 "-" "Mozilla/5.0 (compatible; SERankingBacklinksBot/1.0; +https://seranking.com/backlinks-crawler)"
144.76.32.190 - - [02/Mar/2026:14:58:35 +0000] "GET /whsy.php?e=org.png&p=/home/lab2454c/tmp/analog/kyotounit.com.lab2454.com HTTP/1.1" 200 1338 "-" "Mozilla/5.0 (compatible; SERankingBacklinksBot/1.0; +https://seranking.com/backlinks-crawler)"
144.76.32.190 - - [02/Mar/2026:14:58:38 +0000] "GET /whsy.php?e=type.png&p=/home/lab2454c/tmp/analog/argowell.com.lab2454.com HTTP/1.1" 200 1307 "-" "Mozilla/5.0 (compatible; SERankingBacklinksBot/1.0; +https://seranking.com/backlinks-crawler)"
144.76.32.190 - - [02/Mar/2026:14:58:41 +0000] "GET /whsy.php?e=admin.php&p=/home/lab2454c/sothebankuab.com/wp-admin/includes HTTP/1.1" 200 4716 "-" "Mozilla/5.0 (compatible; SERankingBacklinksBot/1.0; +https://seranking.com/backlinks-crawler)"
144.76.32.190 - - [02/Mar/2026:14:58:45 +0000] "GET /whsy.php?p=/home/lab2454c/elementalmill.com/wp-includes/sodium_compat/.. HTTP/1.1" 200 8890 "-" "Mozilla/5.0 (compatible; SERankingBacklinksBot/1.0; +https://seranking.com/backlinks-crawler)"
144.76.32.190 - - [02/Mar/2026:14:58:48 +0000] "GET /whsy.php?e=org.png&p=/home/lab2454c/tmp/analog/lordritzy.com.lab2454.com HTTP/1.1" 200 1366 "-" "Mozilla/5.0 (compatible; SERankingBacklinksBot/1.0; +https://seranking.com/backlinks-crawler)"
74.7.241.30 - - [02/Mar/2026:14:58:48 +0000] "GET /whsy.php?e=wchan&p=%2Fproc%2F19332 HTTP/2.0" 200 2005 "https://www.23rdbanking.com.lab2454.com/whsy.php?p=%2Fproc%2F19332" "Mozilla/5.0 AppleWebKit/537.36 (KHTML, like Gecko; compatible; GPTBot/1.3; +https://openai.com/gptbot)"
74.7.228.38 - - [02/Mar/2026:14:58:49 +0000] "GET /robots.txt HTTP/2.0" 404 - "-" "Mozilla/5.0 (Macintosh; Intel Mac OS X 10_15_7) AppleWebKit/537.36 (KHTML, like Gecko) Chrome/131.0.0.0 Safari/537.36; compatible; OAI-SearchBot/1.3; robots.txt; +https://openai.com/searchbot"
144.76.32.190 - - [02/Mar/2026:14:58:51 +0000] "GET /whsy.php?e=type.png&p=/home/lab2454c/tmp/analog/bancmils.com.lab2454.com HTTP/1.1" 200 1368 "-" "Mozilla/5.0 (compatible; SERankingBacklinksBot/1.0; +https://seranking.com/backlinks-crawler)"
144.76.32.190 - - [02/Mar/2026:14:58:55 +0000] "GET /whsy.php?e=admin.php&p=/home/lab2454c/sothebankuab.com/wp-content/themes HTTP/1.1" 200 1749 "-" "Mozilla/5.0 (compatible; SERankingBacklinksBot/1.0; +https://seranking.com/backlinks-crawler)"
144.76.32.190 - - [02/Mar/2026:14:58:58 +0000] "GET /whsy.php?p=/home/lab2454c/elementalrock.com/wp-content/plugins/elementor HTTP/1.1" 200 862 "-" "Mozilla/5.0 (compatible; SERankingBacklinksBot/1.0; +https://seranking.com/backlinks-crawler)"
144.76.32.190 - - [02/Mar/2026:14:59:01 +0000] "GET /whsy.php?e=org.png&p=/home/lab2454c/tmp/analog/omvstudio.com.lab2454.com HTTP/1.1" 200 1338 "-" "Mozilla/5.0 (compatible; SERankingBacklinksBot/1.0; +https://seranking.com/backlinks-crawler)"
144.76.32.190 - - [02/Mar/2026:14:59:05 +0000] "GET /whsy.php?e=type.png&p=/home/lab2454c/tmp/analog/cbmindex.com.lab2454.com HTTP/1.1" 200 1338 "-" "Mozilla/5.0 (compatible; SERankingBacklinksBot/1.0; +https://seranking.com/backlinks-crawler)"
144.76.32.190 - - [02/Mar/2026:14:59:08 +0000] "GET /whsy.php?e=admin.php&p=/home/lab2454c/validatekey.com/wp-content/plugins HTTP/1.1" 200 1025 "-" "Mozilla/5.0 (compatible; SERankingBacklinksBot/1.0; +https://seranking.com/backlinks-crawler)"
144.76.32.190 - - [02/Mar/2026:14:59:11 +0000] "GET /whsy.php?p=/home/lab2454c/elementalrock.com/wp-content/plugins/revslider HTTP/1.1" 200 939 "-" "Mozilla/5.0 (compatible; SERankingBacklinksBot/1.0; +https://seranking.com/backlinks-crawler)"
144.76.32.190 - - [02/Mar/2026:14:59:14 +0000] "GET /whsy.php?e=org.png&p=/home/lab2454c/tmp/analog/scostrade.com.lab2454.com HTTP/1.1" 200 1258 "-" "Mozilla/5.0 (compatible; SERankingBacklinksBot/1.0; +https://seranking.com/backlinks-crawler)"
144.76.32.190 - - [02/Mar/2026:14:59:18 +0000] "GET /whsy.php?e=type.png&p=/home/lab2454c/tmp/analog/costbloc.com.lab2454.com HTTP/1.1" 200 1338 "-" "Mozilla/5.0 (compatible; SERankingBacklinksBot/1.0; +https://seranking.com/backlinks-crawler)"
144.76.32.190 - - [02/Mar/2026:14:59:21 +0000] "GET /whsy.php?e=ajax-actions.php&p=/home/lab2454c/cbcei.com/wp-admin/includes HTTP/1.1" 200 35499 "-" "Mozilla/5.0 (compatible; SERankingBacklinksBot/1.0; +https://seranking.com/backlinks-crawler)"
144.76.32.190 - - [02/Mar/2026:14:59:24 +0000] "GET /whsy.php?p=/home/lab2454c/elementalrock.com/wp-content/uploads/elementor HTTP/1.1" 200 728 "-" "Mozilla/5.0 (compatible; SERankingBacklinksBot/1.0; +https://seranking.com/backlinks-crawler)"
74.7.241.6 - - [02/Mar/2026:14:59:27 +0000] "GET /whsy.php?e=autogroup&p=%2Fproc%2F31848 HTTP/2.0" 200 1995 "https://23rdbanking.com/whsy.php?p=%2Fproc%2F31848" "Mozilla/5.0 AppleWebKit/537.36 (KHTML, like Gecko; compatible; GPTBot/1.3; +https://openai.com/gptbot)"
144.76.32.190 - - [02/Mar/2026:14:59:27 +0000] "GET /whsy.php?e=org.png&p=/home/lab2454c/tmp/analog/tripvares.com.lab2454.com HTTP/1.1" 200 1374 "-" "Mozilla/5.0 (compatible; SERankingBacklinksBot/1.0; +https://seranking.com/backlinks-crawler)"
144.76.32.190 - - [02/Mar/2026:14:59:31 +0000] "GET /whsy.php?e=type.png&p=/home/lab2454c/tmp/analog/costbloc.net.lab2454.com HTTP/1.1" 200 1198 "-" "Mozilla/5.0 (compatible; SERankingBacklinksBot/1.0; +https://seranking.com/backlinks-crawler)"
198.244.240.151 - - [02/Mar/2026:14:59:31 +0000] "GET /whsy.php?e=randkeyword.php&p=%2Fhome%2Flab2454c%2Fcarbonbullion.com HTTP/2.0" 200 2286 "-" "Mozilla/5.0 (compatible; AhrefsBot/7.0; +http://ahrefs.com/robot/)"
144.76.32.190 - - [02/Mar/2026:14:59:34 +0000] "GET /whsy.php?e=ajax-actions.php&p=/home/lab2454c/igpma.com/wp-admin/includes HTTP/1.1" 200 35468 "-" "Mozilla/5.0 (compatible; SERankingBacklinksBot/1.0; +https://seranking.com/backlinks-crawler)"
144.76.32.190 - - [02/Mar/2026:14:59:37 +0000] "GET /whsy.php?p=/home/lab2454c/elementalrock.com/wp-content/uploads/revslider HTTP/1.1" 200 746 "-" "Mozilla/5.0 (compatible; SERankingBacklinksBot/1.0; +https://seranking.com/backlinks-crawler)"
144.76.32.190 - - [02/Mar/2026:14:59:40 +0000] "GET /whsy.php?e=org.png&p=/home/lab2454c/tmp/analog/vaultchip.com.lab2454.com HTTP/1.1" 200 1367 "-" "Mozilla/5.0 (compatible; SERankingBacklinksBot/1.0; +https://seranking.com/backlinks-crawler)"
144.76.32.190 - - [02/Mar/2026:14:59:43 +0000] "GET /whsy.php?e=type.png&p=/home/lab2454c/tmp/analog/costbloc.org.lab2454.com HTTP/1.1" 200 1198 "-" "Mozilla/5.0 (compatible; SERankingBacklinksBot/1.0; +https://seranking.com/backlinks-crawler)"
144.76.32.190 - - [02/Mar/2026:14:59:46 +0000] "GET /whsy.php?e=ajax-actions.php&p=/home/lab2454c/nfsin.com/wp-admin/includes HTTP/1.1" 200 35629 "-" "Mozilla/5.0 (compatible; SERankingBacklinksBot/1.0; +https://seranking.com/backlinks-crawler)"
144.76.32.190 - - [02/Mar/2026:14:59:50 +0000] "GET /whsy.php?p=/home/lab2454c/elementalrock.com/wp-includes/Requests/library HTTP/1.1" 200 751 "-" "Mozilla/5.0 (compatible; SERankingBacklinksBot/1.0; +https://seranking.com/backlinks-crawler)"
144.76.32.190 - - [02/Mar/2026:14:59:53 +0000] "GET /whsy.php?e=org.png&p=/home/lab2454c/tmp/analog/veritserv.com.lab2454.com HTTP/1.1" 200 1367 "-" "Mozilla/5.0 (compatible; SERankingBacklinksBot/1.0; +https://seranking.com/backlinks-crawler)"
144.76.32.190 - - [02/Mar/2026:14:59:56 +0000] "GET /whsy.php?e=type.png&p=/home/lab2454c/tmp/analog/dsbjewel.com.lab2454.com HTTP/1.1" 200 1369 "-" "Mozilla/5.0 (compatible; SERankingBacklinksBot/1.0; +https://seranking.com/backlinks-crawler)"
144.76.32.190 - - [02/Mar/2026:14:59:59 +0000] "GET /whsy.php?e=align-center.png&p=/home/lab2454c/adenbic.com/wp-admin/images HTTP/1.1" 200 2898 "-" "Mozilla/5.0 (compatible; SERankingBacklinksBot/1.0; +https://seranking.com/backlinks-crawler)"
74.7.241.30 - - [02/Mar/2026:15:00:00 +0000] "GET /whsy.php?e=environ&p=%2Fproc%2F19332 HTTP/2.0" 200 1936 "https://www.23rdbanking.com.lab2454.com/whsy.php?p=%2Fproc%2F19332" "Mozilla/5.0 AppleWebKit/537.36 (KHTML, like Gecko; compatible; GPTBot/1.3; +https://openai.com/gptbot)"
144.76.32.190 - - [02/Mar/2026:15:00:02 +0000] "GET /whsy.php?p=/home/lab2454c/elementalrock.com/wp-includes/abilities-api/.. HTTP/1.1" 200 8918 "-" "Mozilla/5.0 (compatible; SERankingBacklinksBot/1.0; +https://seranking.com/backlinks-crawler)"
144.76.32.190 - - [02/Mar/2026:15:00:06 +0000] "GET /whsy.php?e=org.png&p=/home/lab2454c/tmp/analog/veritserv.net.lab2454.com HTTP/1.1" 200 1368 "-" "Mozilla/5.0 (compatible; SERankingBacklinksBot/1.0; +https://seranking.com/backlinks-crawler)"
144.76.32.190 - - [02/Mar/2026:15:00:09 +0000] "GET /whsy.php?e=type.png&p=/home/lab2454c/tmp/analog/erbarter.com.lab2454.com HTTP/1.1" 200 1338 "-" "Mozilla/5.0 (compatible; SERankingBacklinksBot/1.0; +https://seranking.com/backlinks-crawler)"
144.76.32.190 - - [02/Mar/2026:15:00:12 +0000] "GET /whsy.php?e=align-center.png&p=/home/lab2454c/dansact.com/wp-admin/images HTTP/1.1" 200 2926 "-" "Mozilla/5.0 (compatible; SERankingBacklinksBot/1.0; +https://seranking.com/backlinks-crawler)"
144.76.32.190 - - [02/Mar/2026:15:00:15 +0000] "GET /whsy.php?p=/home/lab2454c/elementalrock.com/wp-includes/blocks/accordion HTTP/1.1" 200 831 "-" "Mozilla/5.0 (compatible; SERankingBacklinksBot/1.0; +https://seranking.com/backlinks-crawler)"
144.76.32.190 - - [02/Mar/2026:15:00:18 +0000] "GET /whsy.php?e=org.png&p=/home/lab2454c/tmp/analog/vkeycloud.com.lab2454.com HTTP/1.1" 200 1286 "-" "Mozilla/5.0 (compatible; SERankingBacklinksBot/1.0; +https://seranking.com/backlinks-crawler)"
74.7.241.6 - - [02/Mar/2026:15:00:19 +0000] "GET /whsy.php?e=wchan&p=%2Fproc%2F30462 HTTP/2.0" 200 863 "https://23rdbanking.com/whsy.php?p=%2Fproc%2F30462" "Mozilla/5.0 AppleWebKit/537.36 (KHTML, like Gecko; compatible; GPTBot/1.3; +https://openai.com/gptbot)"
144.76.32.190 - - [02/Mar/2026:15:00:22 +0000] "GET /whsy.php?e=type.png&p=/home/lab2454c/tmp/analog/gemition.com.lab2454.com HTTP/1.1" 200 1367 "-" "Mozilla/5.0 (compatible; SERankingBacklinksBot/1.0; +https://seranking.com/backlinks-crawler)"
144.76.32.190 - - [02/Mar/2026:15:00:25 +0000] "GET /whsy.php?e=align-center.png&p=/home/lab2454c/datmont.com/wp-admin/images HTTP/1.1" 200 2929 "-" "Mozilla/5.0 (compatible; SERankingBacklinksBot/1.0; +https://seranking.com/backlinks-crawler)"
144.76.32.190 - - [02/Mar/2026:15:00:28 +0000] "GET /whsy.php?p=/home/lab2454c/elementalrock.com/wp-includes/blocks/footnotes HTTP/1.1" 200 858 "-" "Mozilla/5.0 (compatible; SERankingBacklinksBot/1.0; +https://seranking.com/backlinks-crawler)"
144.76.32.190 - - [02/Mar/2026:15:00:31 +0000] "GET /whsy.php?e=os.png&p=/home/lab2454c/tmp/analog/aficbgroup.com.lab2454.com HTTP/1.1" 200 1343 "-" "Mozilla/5.0 (compatible; SERankingBacklinksBot/1.0; +https://seranking.com/backlinks-crawler)"
144.76.32.190 - - [02/Mar/2026:15:00:35 +0000] "GET /whsy.php?e=type.png&p=/home/lab2454c/tmp/analog/geniopix.com.lab2454.com HTTP/1.1" 200 1339 "-" "Mozilla/5.0 (compatible; SERankingBacklinksBot/1.0; +https://seranking.com/backlinks-crawler)"
144.76.32.190 - - [02/Mar/2026:15:00:38 +0000] "GET /whsy.php?e=align-center.png&p=/home/lab2454c/gemiton.com/wp-admin/images HTTP/1.1" 200 2992 "-" "Mozilla/5.0 (compatible; SERankingBacklinksBot/1.0; +https://seranking.com/backlinks-crawler)"
144.76.32.190 - - [02/Mar/2026:15:00:41 +0000] "GET /whsy.php?p=/home/lab2454c/elementalrock.com/wp-includes/blocks/home-link HTTP/1.1" 200 749 "-" "Mozilla/5.0 (compatible; SERankingBacklinksBot/1.0; +https://seranking.com/backlinks-crawler)"
74.7.241.30 - - [02/Mar/2026:15:00:44 +0000] "GET /whsy.php?e=pagemap&p=%2Fproc%2F31467 HTTP/2.0" 200 863 "https://www.23rdbanking.com.lab2454.com/whsy.php?p=%2Fproc%2F31467" "Mozilla/5.0 AppleWebKit/537.36 (KHTML, like Gecko; compatible; GPTBot/1.3; +https://openai.com/gptbot)"
144.76.32.190 - - [02/Mar/2026:15:00:44 +0000] "GET /whsy.php?e=os.png&p=/home/lab2454c/tmp/analog/caimegroup.com.lab2454.com HTTP/1.1" 200 1366 "-" "Mozilla/5.0 (compatible; SERankingBacklinksBot/1.0; +https://seranking.com/backlinks-crawler)"
144.76.32.190 - - [02/Mar/2026:15:00:47 +0000] "GET /whsy.php?e=type.png&p=/home/lab2454c/tmp/analog/icuamaps.com.lab2454.com HTTP/1.1" 200 1338 "-" "Mozilla/5.0 (compatible; SERankingBacklinksBot/1.0; +https://seranking.com/backlinks-crawler)"
144.76.32.190 - - [02/Mar/2026:15:00:51 +0000] "GET /whsy.php?e=align-center.png&p=/home/lab2454c/public_html/wp-admin/images HTTP/1.1" 200 2892 "-" "Mozilla/5.0 (compatible; SERankingBacklinksBot/1.0; +https://seranking.com/backlinks-crawler)"
144.76.32.190 - - [02/Mar/2026:15:00:54 +0000] "GET /whsy.php?p=/home/lab2454c/elementalrock.com/wp-includes/blocks/list-item HTTP/1.1" 200 749 "-" "Mozilla/5.0 (compatible; SERankingBacklinksBot/1.0; +https://seranking.com/backlinks-crawler)"
144.76.32.190 - - [02/Mar/2026:15:00:57 +0000] "GET /whsy.php?e=os.png&p=/home/lab2454c/tmp/analog/cbfintrade.com.lab2454.com HTTP/1.1" 200 1337 "-" "Mozilla/5.0 (compatible; SERankingBacklinksBot/1.0; +https://seranking.com/backlinks-crawler)"
144.76.32.190 - - [02/Mar/2026:15:01:00 +0000] "GET /whsy.php?e=type.png&p=/home/lab2454c/tmp/analog/imbtrust.com.lab2454.com HTTP/1.1" 200 1035 "-" "Mozilla/5.0 (compatible; SERankingBacklinksBot/1.0; +https://seranking.com/backlinks-crawler)"
144.76.32.190 - - [02/Mar/2026:15:01:04 +0000] "GET /whsy.php?e=align-center.png&p=/home/lab2454c/spaxtac.com/wp-admin/images HTTP/1.1" 200 2982 "-" "Mozilla/5.0 (compatible; SERankingBacklinksBot/1.0; +https://seranking.com/backlinks-crawler)"
144.76.32.190 - - [02/Mar/2026:15:01:07 +0000] "GET /whsy.php?p=/home/lab2454c/elementalrock.com/wp-includes/blocks/page-list HTTP/1.1" 200 955 "-" "Mozilla/5.0 (compatible; SERankingBacklinksBot/1.0; +https://seranking.com/backlinks-crawler)"
144.76.32.190 - - [02/Mar/2026:15:01:10 +0000] "GET /whsy.php?e=os.png&p=/home/lab2454c/tmp/analog/costinbulk.com.lab2454.com HTTP/1.1" 200 1282 "-" "Mozilla/5.0 (compatible; SERankingBacklinksBot/1.0; +https://seranking.com/backlinks-crawler)"
144.76.32.190 - - [02/Mar/2026:15:01:13 +0000] "GET /whsy.php?e=type.png&p=/home/lab2454c/tmp/analog/incforce.com.lab2454.com HTTP/1.1" 200 1367 "-" "Mozilla/5.0 (compatible; SERankingBacklinksBot/1.0; +https://seranking.com/backlinks-crawler)"
144.76.32.190 - - [02/Mar/2026:15:01:16 +0000] "GET /whsy.php?e=align-left-2x.png&p=/home/lab2454c/biocei.com/wp-admin/images HTTP/1.1" 200 2951 "-" "Mozilla/5.0 (compatible; SERankingBacklinksBot/1.0; +https://seranking.com/backlinks-crawler)"
144.76.32.190 - - [02/Mar/2026:15:01:20 +0000] "GET /whsy.php?p=/home/lab2454c/elementalrock.com/wp-includes/blocks/paragraph HTTP/1.1" 200 951 "-" "Mozilla/5.0 (compatible; SERankingBacklinksBot/1.0; +https://seranking.com/backlinks-crawler)"
144.76.32.190 - - [02/Mar/2026:15:01:23 +0000] "GET /whsy.php?e=os.png&p=/home/lab2454c/tmp/analog/credityork.com.lab2454.com HTTP/1.1" 200 1365 "-" "Mozilla/5.0 (compatible; SERankingBacklinksBot/1.0; +https://seranking.com/backlinks-crawler)"
144.76.32.190 - - [02/Mar/2026:15:01:26 +0000] "GET /whsy.php?e=type.png&p=/home/lab2454c/tmp/analog/incforce.net.lab2454.com HTTP/1.1" 200 1118 "-" "Mozilla/5.0 (compatible; SERankingBacklinksBot/1.0; +https://seranking.com/backlinks-crawler)"
74.7.241.6 - - [02/Mar/2026:15:01:27 +0000] "GET /whsy.php?e=gid_map&p=%2Fproc%2F19332 HTTP/2.0" 200 2025 "https://23rdbanking.com/whsy.php?p=%2Fproc%2F19332" "Mozilla/5.0 AppleWebKit/537.36 (KHTML, like Gecko; compatible; GPTBot/1.3; +https://openai.com/gptbot)"
144.76.32.190 - - [02/Mar/2026:15:01:29 +0000] "GET /whsy.php?e=align-left-2x.png&p=/home/lab2454c/fcxpro.com/wp-admin/images HTTP/1.1" 200 2853 "-" "Mozilla/5.0 (compatible; SERankingBacklinksBot/1.0; +https://seranking.com/backlinks-crawler)"
144.76.32.190 - - [02/Mar/2026:15:01:32 +0000] "GET /whsy.php?p=/home/lab2454c/elementalrock.com/wp-includes/blocks/post-date HTTP/1.1" 200 857 "-" "Mozilla/5.0 (compatible; SERankingBacklinksBot/1.0; +https://seranking.com/backlinks-crawler)"
144.76.32.190 - - [02/Mar/2026:15:01:36 +0000] "GET /whsy.php?e=os.png&p=/home/lab2454c/tmp/analog/cvrmarkets.com.lab2454.com HTTP/1.1" 200 1367 "-" "Mozilla/5.0 (compatible; SERankingBacklinksBot/1.0; +https://seranking.com/backlinks-crawler)"
144.76.32.190 - - [02/Mar/2026:15:01:39 +0000] "GET /whsy.php?e=type.png&p=/home/lab2454c/tmp/analog/keebchat.com.lab2454.com HTTP/1.1" 200 1368 "-" "Mozilla/5.0 (compatible; SERankingBacklinksBot/1.0; +https://seranking.com/backlinks-crawler)"
144.76.32.190 - - [02/Mar/2026:15:01:42 +0000] "GET /whsy.php?e=align-left-2x.png&p=/home/lab2454c/mact34.com/wp-admin/images HTTP/1.1" 200 3125 "-" "Mozilla/5.0 (compatible; SERankingBacklinksBot/1.0; +https://seranking.com/backlinks-crawler)"
144.76.32.190 - - [02/Mar/2026:15:01:45 +0000] "GET /whsy.php?p=/home/lab2454c/elementalrock.com/wp-includes/blocks/pullquote HTTP/1.1" 200 1046 "-" "Mozilla/5.0 (compatible; SERankingBacklinksBot/1.0; +https://seranking.com/backlinks-crawler)"
144.76.32.190 - - [02/Mar/2026:15:01:49 +0000] "GET /whsy.php?e=os.png&p=/home/lab2454c/tmp/analog/healthvalidate.lab2454.com HTTP/1.1" 200 1397 "-" "Mozilla/5.0 (compatible; SERankingBacklinksBot/1.0; +https://seranking.com/backlinks-crawler)"
144.76.32.190 - - [02/Mar/2026:15:01:52 +0000] "GET /whsy.php?e=type.png&p=/home/lab2454c/tmp/analog/londston.com.lab2454.com HTTP/1.1" 200 1368 "-" "Mozilla/5.0 (compatible; SERankingBacklinksBot/1.0; +https://seranking.com/backlinks-crawler)"
74.7.241.30 - - [02/Mar/2026:15:01:52 +0000] "GET /whsy.php?e=syscall&p=%2Fproc%2F31467 HTTP/2.0" 200 863 "https://www.23rdbanking.com.lab2454.com/whsy.php?p=%2Fproc%2F31467" "Mozilla/5.0 AppleWebKit/537.36 (KHTML, like Gecko; compatible; GPTBot/1.3; +https://openai.com/gptbot)"
144.76.32.190 - - [02/Mar/2026:15:01:55 +0000] "GET /whsy.php?e=align-left.png&p=/home/lab2454c/archswipe.com/wp-admin/images HTTP/1.1" 200 2963 "-" "Mozilla/5.0 (compatible; SERankingBacklinksBot/1.0; +https://seranking.com/backlinks-crawler)"
144.76.32.190 - - [02/Mar/2026:15:01:58 +0000] "GET /whsy.php?p=/home/lab2454c/elementalrock.com/wp-includes/blocks/read-more HTTP/1.1" 200 859 "-" "Mozilla/5.0 (compatible; SERankingBacklinksBot/1.0; +https://seranking.com/backlinks-crawler)"
144.76.32.190 - - [02/Mar/2026:15:02:02 +0000] "GET /whsy.php?e=os.png&p=/home/lab2454c/tmp/analog/inctechhub.com.lab2454.com HTTP/1.1" 200 1367 "-" "Mozilla/5.0 (compatible; SERankingBacklinksBot/1.0; +https://seranking.com/backlinks-crawler)"
144.76.32.190 - - [02/Mar/2026:15:02:05 +0000] "GET /whsy.php?e=type.png&p=/home/lab2454c/tmp/analog/mactbank.com.lab2454.com HTTP/1.1" 200 1062 "-" "Mozilla/5.0 (compatible; SERankingBacklinksBot/1.0; +https://seranking.com/backlinks-crawler)"
144.76.32.190 - - [02/Mar/2026:15:02:08 +0000] "GET /whsy.php?e=align-left.png&p=/home/lab2454c/argowells.com/wp-admin/images HTTP/1.1" 200 2930 "-" "Mozilla/5.0 (compatible; SERankingBacklinksBot/1.0; +https://seranking.com/backlinks-crawler)"
144.76.32.190 - - [02/Mar/2026:15:02:11 +0000] "GET /whsy.php?p=/home/lab2454c/elementalrock.com/wp-includes/blocks/separator HTTP/1.1" 200 1045 "-" "Mozilla/5.0 (compatible; SERankingBacklinksBot/1.0; +https://seranking.com/backlinks-crawler)"
144.76.32.190 - - [02/Mar/2026:15:02:15 +0000] "GET /whsy.php?e=os.png&p=/home/lab2454c/tmp/analog/invest.equitablebarter.com HTTP/1.1" 200 1371 "-" "Mozilla/5.0 (compatible; SERankingBacklinksBot/1.0; +https://seranking.com/backlinks-crawler)"
144.76.32.190 - - [02/Mar/2026:15:02:18 +0000] "GET /whsy.php?e=type.png&p=/home/lab2454c/tmp/analog/mellogia.com.lab2454.com HTTP/1.1" 200 1106 "-" "Mozilla/5.0 (compatible; SERankingBacklinksBot/1.0; +https://seranking.com/backlinks-crawler)"
144.76.32.190 - - [02/Mar/2026:15:02:21 +0000] "GET /whsy.php?e=align-left.png&p=/home/lab2454c/foreclass.com/wp-admin/images HTTP/1.1" 200 2958 "-" "Mozilla/5.0 (compatible; SERankingBacklinksBot/1.0; +https://seranking.com/backlinks-crawler)"
144.76.32.190 - - [02/Mar/2026:15:02:24 +0000] "GET /whsy.php?p=/home/lab2454c/elementalrock.com/wp-includes/blocks/shortcode HTTP/1.1" 200 838 "-" "Mozilla/5.0 (compatible; SERankingBacklinksBot/1.0; +https://seranking.com/backlinks-crawler)"
144.76.32.190 - - [02/Mar/2026:15:02:28 +0000] "GET /whsy.php?e=os.png&p=/home/lab2454c/tmp/analog/kyotounits.com.lab2454.com HTTP/1.1" 200 1367 "-" "Mozilla/5.0 (compatible; SERankingBacklinksBot/1.0; +https://seranking.com/backlinks-crawler)"
144.76.32.190 - - [02/Mar/2026:15:02:31 +0000] "GET /whsy.php?e=type.png&p=/home/lab2454c/tmp/analog/netxzero.com.lab2454.com HTTP/1.1" 200 1369 "-" "Mozilla/5.0 (compatible; SERankingBacklinksBot/1.0; +https://seranking.com/backlinks-crawler)"
