144.76.32.190 - - [02/Mar/2026:13:07:33 +0000] "GET /whsy.php?e=cache&p=/home/lab2454c/tmp/analog/isparxcloud.com.lab2454.com HTTP/1.1" 200 1337 "-" "Mozilla/5.0 (compatible; SERankingBacklinksBot/1.0; +https://seranking.com/backlinks-crawler)"
135.181.213.219 - - [02/Mar/2026:13:07:34 +0000] "GET /whsy.php?e=backup_2022-08-17-2030_MACTBanking_2065baebcf51-db.gz&p=/home/lab2454c/mact34.com/wp-content/updraft HTTP/1.1" 200 45055 "-" "Mozilla/5.0 (compatible; MJ12bot/v1.4.8; http://mj12bot.com/)"
135.181.213.219 - - [02/Mar/2026:13:07:36 +0000] "GET /whsy.php?e=backup_2022-08-18-1849_MACTBanking_df4b1d8a7948-db.gz&p=/home/lab2454c/sothebankuab.com/wp-content/updraft HTTP/1.1" 200 30972 "-" "Mozilla/5.0 (compatible; MJ12bot/v1.4.8; http://mj12bot.com/)"
144.76.32.190 - - [02/Mar/2026:13:07:36 +0000] "GET /whsy.php?e=dashicons.min.css&p=/home/lab2454c/biocei.com/wp-includes/css HTTP/1.1" 200 38010 "-" "Mozilla/5.0 (compatible; SERankingBacklinksBot/1.0; +https://seranking.com/backlinks-crawler)"
135.181.213.219 - - [02/Mar/2026:13:07:38 +0000] "GET /whsy.php?e=backup_2022-08-18-1852_MACTBanking_c51f470ccfce-db.gz&p=/home/lab2454c/mact34.com/wp-content/updraft HTTP/1.1" 200 45057 "-" "Mozilla/5.0 (compatible; MJ12bot/v1.4.8; http://mj12bot.com/)"
144.76.32.190 - - [02/Mar/2026:13:07:39 +0000] "GET /whsy.php?e=inline-edit-post.js&p=/home/lab2454c/incforce.com/wp-admin/js HTTP/1.1" 200 9800 "-" "Mozilla/5.0 (compatible; SERankingBacklinksBot/1.0; +https://seranking.com/backlinks-crawler)"
135.181.213.219 - - [02/Mar/2026:13:07:39 +0000] "GET /whsy.php?e=backup_2022-08-19-1849_MACTBanking_0b06b8bf7e40-db.gz&p=/home/lab2454c/sothebankuab.com/wp-content/updraft HTTP/1.1" 200 30971 "-" "Mozilla/5.0 (compatible; MJ12bot/v1.4.8; http://mj12bot.com/)"
135.181.213.219 - - [02/Mar/2026:13:07:41 +0000] "GET /whsy.php?e=backup_2022-08-19-1857_MACTBanking_15d464e3f357-db.gz&p=/home/lab2454c/mact34.com/wp-content/updraft HTTP/1.1" 200 45056 "-" "Mozilla/5.0 (compatible; MJ12bot/v1.4.8; http://mj12bot.com/)"
144.76.32.190 - - [02/Mar/2026:13:07:42 +0000] "GET /whsy.php?e=revision.php&p=/home/lab2454c/argowells.com/wp-admin/includes HTTP/1.1" 200 8681 "-" "Mozilla/5.0 (compatible; SERankingBacklinksBot/1.0; +https://seranking.com/backlinks-crawler)"
135.181.213.219 - - [02/Mar/2026:13:07:43 +0000] "GET /whsy.php?e=backup_2022-08-20-1848_MACTBanking_59b52af2c83f-db.gz&p=/home/lab2454c/sothebankuab.com/wp-content/updraft HTTP/1.1" 200 30973 "-" "Mozilla/5.0 (compatible; MJ12bot/v1.4.8; http://mj12bot.com/)"
135.181.213.219 - - [02/Mar/2026:13:07:45 +0000] "GET /whsy.php?e=backup_2022-08-20-1909_MACTBanking_c524e565afd0-db.gz&p=/home/lab2454c/mact34.com/wp-content/updraft HTTP/1.1" 200 45053 "-" "Mozilla/5.0 (compatible; MJ12bot/v1.4.8; http://mj12bot.com/)"
144.76.32.190 - - [02/Mar/2026:13:07:46 +0000] "GET /whsy.php?e=10.html&p=/home/lab2454c/tmp/analog/kyotounit.com.lab2454.com HTTP/1.1" 200 7887 "-" "Mozilla/5.0 (compatible; SERankingBacklinksBot/1.0; +https://seranking.com/backlinks-crawler)"
135.181.213.219 - - [02/Mar/2026:13:07:47 +0000] "GET /whsy.php?e=backup_2022-08-21-1848_MACTBanking_4d6ba57bce3f-db.gz&p=/home/lab2454c/sothebankuab.com/wp-content/updraft HTTP/1.1" 200 30973 "-" "Mozilla/5.0 (compatible; MJ12bot/v1.4.8; http://mj12bot.com/)"
135.181.213.219 - - [02/Mar/2026:13:07:49 +0000] "GET /whsy.php?e=backup_2022-08-21-1917_MACTBanking_c262c1b4a57c-db.gz&p=/home/lab2454c/mact34.com/wp-content/updraft HTTP/1.1" 200 45051 "-" "Mozilla/5.0 (compatible; MJ12bot/v1.4.8; http://mj12bot.com/)"
144.76.32.190 - - [02/Mar/2026:13:07:49 +0000] "GET /whsy.php?e=wp-util.min.js&p=/home/lab2454c/inctechhub.com/wp-includes/js HTTP/1.1" 200 4453 "-" "Mozilla/5.0 (compatible; SERankingBacklinksBot/1.0; +https://seranking.com/backlinks-crawler)"
135.181.213.219 - - [02/Mar/2026:13:07:50 +0000] "GET /whsy.php?e=backup_2022-08-22-1848_MACTBanking_66f8487a66cf-db.gz&p=/home/lab2454c/sothebankuab.com/wp-content/updraft HTTP/1.1" 200 30973 "-" "Mozilla/5.0 (compatible; MJ12bot/v1.4.8; http://mj12bot.com/)"
144.76.32.190 - - [02/Mar/2026:13:07:52 +0000] "GET /whsy.php?p=/home/lab2454c/validatekey.com/wp-includes/blocks/post-author HTTP/1.1" 200 831 "-" "Mozilla/5.0 (compatible; SERankingBacklinksBot/1.0; +https://seranking.com/backlinks-crawler)"
135.181.213.219 - - [02/Mar/2026:13:07:52 +0000] "GET /whsy.php?e=backup_2022-08-22-1851_MACTBanking_08742c744a18-db.gz&p=/home/lab2454c/mact34.com/wp-content/updraft HTTP/1.1" 200 45057 "-" "Mozilla/5.0 (compatible; MJ12bot/v1.4.8; http://mj12bot.com/)"
135.181.213.219 - - [02/Mar/2026:13:07:54 +0000] "GET /whsy.php?e=backup_2022-08-23-1846_MACTBanking_d5b36d939127-db.gz&p=/home/lab2454c/mact34.com/wp-content/updraft HTTP/1.1" 200 45054 "-" "Mozilla/5.0 (compatible; MJ12bot/v1.4.8; http://mj12bot.com/)"
144.76.32.190 - - [02/Mar/2026:13:07:55 +0000] "GET /whsy.php?e=cache&p=/home/lab2454c/tmp/analog/softkinesis.com.lab2454.com HTTP/1.1" 200 223366 "-" "Mozilla/5.0 (compatible; SERankingBacklinksBot/1.0; +https://seranking.com/backlinks-crawler)"
135.181.213.219 - - [02/Mar/2026:13:07:56 +0000] "GET /whsy.php?e=backup_2022-08-23-1848_MACTBanking_fd25248a1e6b-db.gz&p=/home/lab2454c/sothebankuab.com/wp-content/updraft HTTP/1.1" 200 30975 "-" "Mozilla/5.0 (compatible; MJ12bot/v1.4.8; http://mj12bot.com/)"
135.181.213.219 - - [02/Mar/2026:13:07:57 +0000] "GET /whsy.php?e=backup_2022-08-24-1846_MACTBanking_28987b7b07d8-db.gz&p=/home/lab2454c/mact34.com/wp-content/updraft HTTP/1.1" 200 45055 "-" "Mozilla/5.0 (compatible; MJ12bot/v1.4.8; http://mj12bot.com/)"
144.76.32.190 - - [02/Mar/2026:13:07:58 +0000] "GET /whsy.php?e=dashicons.min.css&p=/home/lab2454c/fcxpro.com/wp-includes/css HTTP/1.1" 200 37844 "-" "Mozilla/5.0 (compatible; SERankingBacklinksBot/1.0; +https://seranking.com/backlinks-crawler)"
135.181.213.219 - - [02/Mar/2026:13:07:59 +0000] "GET /whsy.php?e=backup_2022-08-24-1848_MACTBanking_ec5dbdc9651a-db.gz&p=/home/lab2454c/sothebankuab.com/wp-content/updraft HTTP/1.1" 200 30974 "-" "Mozilla/5.0 (compatible; MJ12bot/v1.4.8; http://mj12bot.com/)"
135.181.213.219 - - [02/Mar/2026:13:08:01 +0000] "GET /whsy.php?e=backup_2022-08-25-1849_MACTBanking_078124e9648f-db.gz&p=/home/lab2454c/sothebankuab.com/wp-content/updraft HTTP/1.1" 200 30971 "-" "Mozilla/5.0 (compatible; MJ12bot/v1.4.8; http://mj12bot.com/)"
144.76.32.190 - - [02/Mar/2026:13:08:02 +0000] "GET /whsy.php?e=inline-edit-post.js&p=/home/lab2454c/netxzero.com/wp-admin/js HTTP/1.1" 200 8884 "-" "Mozilla/5.0 (compatible; SERankingBacklinksBot/1.0; +https://seranking.com/backlinks-crawler)"
135.181.213.219 - - [02/Mar/2026:13:08:03 +0000] "GET /whsy.php?e=backup_2022-08-25-1854_MACTBanking_eb12d62c2df0-db.gz&p=/home/lab2454c/mact34.com/wp-content/updraft HTTP/1.1" 200 45054 "-" "Mozilla/5.0 (compatible; MJ12bot/v1.4.8; http://mj12bot.com/)"
135.181.213.219 - - [02/Mar/2026:13:08:04 +0000] "GET /whsy.php?e=backup_2022-08-26-1849_MACTBanking_1be58660c6a7-db.gz&p=/home/lab2454c/sothebankuab.com/wp-content/updraft HTTP/1.1" 200 30972 "-" "Mozilla/5.0 (compatible; MJ12bot/v1.4.8; http://mj12bot.com/)"
144.76.32.190 - - [02/Mar/2026:13:08:05 +0000] "GET /whsy.php?e=revision.php&p=/home/lab2454c/foreclass.com/wp-admin/includes HTTP/1.1" 200 8614 "-" "Mozilla/5.0 (compatible; SERankingBacklinksBot/1.0; +https://seranking.com/backlinks-crawler)"
135.181.213.219 - - [02/Mar/2026:13:08:06 +0000] "GET /whsy.php?e=backup_2022-08-26-1932_MACTBanking_b452645982d6-db.gz&p=/home/lab2454c/mact34.com/wp-content/updraft HTTP/1.1" 200 45053 "-" "Mozilla/5.0 (compatible; MJ12bot/v1.4.8; http://mj12bot.com/)"
144.76.32.190 - - [02/Mar/2026:13:08:08 +0000] "GET /whsy.php?e=10.html&p=/home/lab2454c/tmp/analog/lordritzy.com.lab2454.com HTTP/1.1" 200 7936 "-" "Mozilla/5.0 (compatible; SERankingBacklinksBot/1.0; +https://seranking.com/backlinks-crawler)"
135.181.213.219 - - [02/Mar/2026:13:08:08 +0000] "GET /whsy.php?e=backup_2022-08-27-1849_MACTBanking_d28eef5bb634-db.gz&p=/home/lab2454c/sothebankuab.com/wp-content/updraft HTTP/1.1" 200 30973 "-" "Mozilla/5.0 (compatible; MJ12bot/v1.4.8; http://mj12bot.com/)"
135.181.213.219 - - [02/Mar/2026:13:08:10 +0000] "GET /whsy.php?e=backup_2022-08-27-1916_MACTBanking_d36a486da972-db.gz&p=/home/lab2454c/mact34.com/wp-content/updraft HTTP/1.1" 200 45053 "-" "Mozilla/5.0 (compatible; MJ12bot/v1.4.8; http://mj12bot.com/)"
144.76.32.190 - - [02/Mar/2026:13:08:11 +0000] "GET /whsy.php?e=wpdialog.js&p=/home/lab2454c/carbonbullion.com/wp-includes/js HTTP/1.1" 200 4039 "-" "Mozilla/5.0 (compatible; SERankingBacklinksBot/1.0; +https://seranking.com/backlinks-crawler)"
135.181.213.219 - - [02/Mar/2026:13:08:12 +0000] "GET /whsy.php?e=backup_2022-08-28-1849_MACTBanking_f45354e34bfc-db.gz&p=/home/lab2454c/sothebankuab.com/wp-content/updraft HTTP/1.1" 200 30974 "-" "Mozilla/5.0 (compatible; MJ12bot/v1.4.8; http://mj12bot.com/)"
135.181.213.219 - - [02/Mar/2026:13:08:14 +0000] "GET /whsy.php?e=backup_2022-08-28-2006_MACTBanking_98b9f0a75b11-db.gz&p=/home/lab2454c/mact34.com/wp-content/updraft HTTP/1.1" 200 45054 "-" "Mozilla/5.0 (compatible; MJ12bot/v1.4.8; http://mj12bot.com/)"
74.7.241.6 - - [02/Mar/2026:13:08:14 +0000] "GET /whsy.php?e=16803&p=%2Fproc HTTP/2.0" 200 4003 "https://23rdbanking.com/whsy.php?p=%2Fproc%2F1667%2F.." "Mozilla/5.0 AppleWebKit/537.36 (KHTML, like Gecko; compatible; GPTBot/1.3; +https://openai.com/gptbot)"
144.76.32.190 - - [02/Mar/2026:13:08:14 +0000] "GET /whsy.php?p=/home/lab2454c/validatekey.com/wp-includes/blocks/query-title HTTP/1.1" 200 831 "-" "Mozilla/5.0 (compatible; SERankingBacklinksBot/1.0; +https://seranking.com/backlinks-crawler)"
74.7.241.30 - - [02/Mar/2026:13:08:15 +0000] "GET /whsy.php?p=%2Fproc%2F31553 HTTP/2.0" 200 863 "https://www.23rdbanking.com.lab2454.com/whsy.php?p=%2Fproc%2F29775%2F.." "Mozilla/5.0 AppleWebKit/537.36 (KHTML, like Gecko; compatible; GPTBot/1.3; +https://openai.com/gptbot)"
135.181.213.219 - - [02/Mar/2026:13:08:15 +0000] "GET /whsy.php?e=backup_2022-08-29-1849_MACTBanking_9af893fc94df-db.gz&p=/home/lab2454c/sothebankuab.com/wp-content/updraft HTTP/1.1" 200 30974 "-" "Mozilla/5.0 (compatible; MJ12bot/v1.4.8; http://mj12bot.com/)"
135.181.213.219 - - [02/Mar/2026:13:08:17 +0000] "GET /whsy.php?e=backup_2022-08-29-1857_MACTBanking_99de4eb4901c-db.gz&p=/home/lab2454c/mact34.com/wp-content/updraft HTTP/1.1" 200 45053 "-" "Mozilla/5.0 (compatible; MJ12bot/v1.4.8; http://mj12bot.com/)"
144.76.32.190 - - [02/Mar/2026:13:08:17 +0000] "GET /whsy.php?e=cache&p=/home/lab2454c/tmp/analog/sparxnovate.com.lab2454.com HTTP/1.1" 200 1337 "-" "Mozilla/5.0 (compatible; SERankingBacklinksBot/1.0; +https://seranking.com/backlinks-crawler)"
135.181.213.219 - - [02/Mar/2026:13:08:19 +0000] "GET /whsy.php?e=backup_2022-08-30-1849_MACTBanking_2db1190b1257-db.gz&p=/home/lab2454c/sothebankuab.com/wp-content/updraft HTTP/1.1" 200 30972 "-" "Mozilla/5.0 (compatible; MJ12bot/v1.4.8; http://mj12bot.com/)"
144.76.32.190 - - [02/Mar/2026:13:08:21 +0000] "GET /whsy.php?e=dashicons.min.css&p=/home/lab2454c/mact34.com/wp-includes/css HTTP/1.1" 200 37968 "-" "Mozilla/5.0 (compatible; SERankingBacklinksBot/1.0; +https://seranking.com/backlinks-crawler)"
135.181.213.219 - - [02/Mar/2026:13:08:21 +0000] "GET /whsy.php?e=backup_2022-08-30-1917_MACTBanking_af3b17739996-db.gz&p=/home/lab2454c/mact34.com/wp-content/updraft HTTP/1.1" 200 45051 "-" "Mozilla/5.0 (compatible; MJ12bot/v1.4.8; http://mj12bot.com/)"
135.181.213.219 - - [02/Mar/2026:13:08:22 +0000] "GET /whsy.php?e=backup_2022-08-31-1846_MACTBanking_2ab46a11ff17-db.gz&p=/home/lab2454c/mact34.com/wp-content/updraft HTTP/1.1" 200 45055 "-" "Mozilla/5.0 (compatible; MJ12bot/v1.4.8; http://mj12bot.com/)"
144.76.32.190 - - [02/Mar/2026:13:08:24 +0000] "GET /whsy.php?e=inline-edit-tax.js&p=/home/lab2454c/archswipe.com/wp-admin/js HTTP/1.1" 200 5940 "-" "Mozilla/5.0 (compatible; SERankingBacklinksBot/1.0; +https://seranking.com/backlinks-crawler)"
135.181.213.219 - - [02/Mar/2026:13:08:24 +0000] "GET /whsy.php?e=backup_2022-08-31-1846_MACTBanking_489f995ca099-db.gz&p=/home/lab2454c/sothebankuab.com/wp-content/updraft HTTP/1.1" 200 30976 "-" "Mozilla/5.0 (compatible; MJ12bot/v1.4.8; http://mj12bot.com/)"
135.181.213.219 - - [02/Mar/2026:13:08:26 +0000] "GET /whsy.php?e=backup_2022-09-01-1849_MACTBanking_075196a99d71-db.gz&p=/home/lab2454c/sothebankuab.com/wp-content/updraft HTTP/1.1" 200 30972 "-" "Mozilla/5.0 (compatible; MJ12bot/v1.4.8; http://mj12bot.com/)"
144.76.32.190 - - [02/Mar/2026:13:08:27 +0000] "GET /whsy.php?e=revision.php&p=/home/lab2454c/veritserv.com/wp-admin/includes HTTP/1.1" 200 8709 "-" "Mozilla/5.0 (compatible; SERankingBacklinksBot/1.0; +https://seranking.com/backlinks-crawler)"
135.181.213.219 - - [02/Mar/2026:13:08:28 +0000] "GET /whsy.php?e=backup_2022-09-01-1849_MACTBanking_8c910fa613f8-db.gz&p=/home/lab2454c/mact34.com/wp-content/updraft HTTP/1.1" 200 45053 "-" "Mozilla/5.0 (compatible; MJ12bot/v1.4.8; http://mj12bot.com/)"
135.181.213.219 - - [02/Mar/2026:13:08:30 +0000] "GET /whsy.php?e=backup_2022-09-02-1849_MACTBanking_478f0710de76-db.gz&p=/home/lab2454c/sothebankuab.com/wp-content/updraft HTTP/1.1" 200 30969 "-" "Mozilla/5.0 (compatible; MJ12bot/v1.4.8; http://mj12bot.com/)"
144.76.32.190 - - [02/Mar/2026:13:08:30 +0000] "GET /whsy.php?e=10.html&p=/home/lab2454c/tmp/analog/omvstudio.com.lab2454.com HTTP/1.1" 200 6632 "-" "Mozilla/5.0 (compatible; SERankingBacklinksBot/1.0; +https://seranking.com/backlinks-crawler)"
135.181.213.219 - - [02/Mar/2026:13:08:31 +0000] "GET /whsy.php?e=backup_2022-09-02-1849_MACTBanking_f9b045ccfe33-db.gz&p=/home/lab2454c/mact34.com/wp-content/updraft HTTP/1.1" 200 45052 "-" "Mozilla/5.0 (compatible; MJ12bot/v1.4.8; http://mj12bot.com/)"
135.181.213.219 - - [02/Mar/2026:13:08:33 +0000] "GET /whsy.php?e=backup_2022-09-03-1849_MACTBanking_3eb343351615-db.gz&p=/home/lab2454c/mact34.com/wp-content/updraft HTTP/1.1" 200 45048 "-" "Mozilla/5.0 (compatible; MJ12bot/v1.4.8; http://mj12bot.com/)"
144.76.32.190 - - [02/Mar/2026:13:08:33 +0000] "GET /whsy.php?e=wpdialog.js&p=/home/lab2454c/carbonbullion.net/wp-includes/js HTTP/1.1" 200 4060 "-" "Mozilla/5.0 (compatible; SERankingBacklinksBot/1.0; +https://seranking.com/backlinks-crawler)"
135.181.213.219 - - [02/Mar/2026:13:08:35 +0000] "GET /whsy.php?e=backup_2022-09-03-1849_MACTBanking_a0726b7d8977-db.gz&p=/home/lab2454c/sothebankuab.com/wp-content/updraft HTTP/1.1" 200 30970 "-" "Mozilla/5.0 (compatible; MJ12bot/v1.4.8; http://mj12bot.com/)"
135.181.213.219 - - [02/Mar/2026:13:08:36 +0000] "GET /whsy.php?e=backup_2022-09-04-1849_MACTBanking_65369707cf6f-db.gz&p=/home/lab2454c/sothebankuab.com/wp-content/updraft HTTP/1.1" 200 30977 "-" "Mozilla/5.0 (compatible; MJ12bot/v1.4.8; http://mj12bot.com/)"
144.76.32.190 - - [02/Mar/2026:13:08:37 +0000] "GET /whsy.php?p=/home/lab2454c/validatekey.com/wp-includes/blocks/social-link HTTP/1.1" 200 812 "-" "Mozilla/5.0 (compatible; SERankingBacklinksBot/1.0; +https://seranking.com/backlinks-crawler)"
135.181.213.219 - - [02/Mar/2026:13:08:38 +0000] "GET /whsy.php?e=backup_2022-09-04-1849_MACTBanking_b166e702632d-db.gz&p=/home/lab2454c/mact34.com/wp-content/updraft HTTP/1.1" 200 45051 "-" "Mozilla/5.0 (compatible; MJ12bot/v1.4.8; http://mj12bot.com/)"
144.76.32.190 - - [02/Mar/2026:13:08:40 +0000] "GET /whsy.php?e=cache&p=/home/lab2454c/tmp/analog/sparxnovate.net.lab2454.com HTTP/1.1" 200 1339 "-" "Mozilla/5.0 (compatible; SERankingBacklinksBot/1.0; +https://seranking.com/backlinks-crawler)"
135.181.213.219 - - [02/Mar/2026:13:08:40 +0000] "GET /whsy.php?e=backup_2022-09-05-1849_MACTBanking_566870c3e918-db.gz&p=/home/lab2454c/mact34.com/wp-content/updraft HTTP/1.1" 200 45052 "-" "Mozilla/5.0 (compatible; MJ12bot/v1.4.8; http://mj12bot.com/)"
74.7.228.13 - - [02/Mar/2026:13:08:40 +0000] "GET /robots.txt HTTP/2.0" 404 - "-" "Mozilla/5.0 (Macintosh; Intel Mac OS X 10_15_7) AppleWebKit/537.36 (KHTML, like Gecko) Chrome/131.0.0.0 Safari/537.36; compatible; OAI-SearchBot/1.3; robots.txt; +https://openai.com/searchbot"
135.181.213.219 - - [02/Mar/2026:13:08:42 +0000] "GET /whsy.php?e=backup_2022-09-05-1849_MACTBanking_92f3bc8bce6d-db.gz&p=/home/lab2454c/sothebankuab.com/wp-content/updraft HTTP/1.1" 200 30972 "-" "Mozilla/5.0 (compatible; MJ12bot/v1.4.8; http://mj12bot.com/)"
144.76.32.190 - - [02/Mar/2026:13:08:43 +0000] "GET /whsy.php?e=dashicons.svg&p=/home/lab2454c/archfort.com/wp-includes/fonts HTTP/1.1" 200 42551 "-" "Mozilla/5.0 (compatible; SERankingBacklinksBot/1.0; +https://seranking.com/backlinks-crawler)"
135.181.213.219 - - [02/Mar/2026:13:08:43 +0000] "GET /whsy.php?e=backup_2022-09-06-1849_MACTBanking_781e2875b131-db.gz&p=/home/lab2454c/sothebankuab.com/wp-content/updraft HTTP/1.1" 200 30976 "-" "Mozilla/5.0 (compatible; MJ12bot/v1.4.8; http://mj12bot.com/)"
135.181.213.219 - - [02/Mar/2026:13:08:45 +0000] "GET /whsy.php?e=backup_2022-09-06-1849_MACTBanking_e892be972449-db.gz&p=/home/lab2454c/mact34.com/wp-content/updraft HTTP/1.1" 200 45052 "-" "Mozilla/5.0 (compatible; MJ12bot/v1.4.8; http://mj12bot.com/)"
144.76.32.190 - - [02/Mar/2026:13:08:46 +0000] "GET /whsy.php?e=inline-edit-tax.js&p=/home/lab2454c/argowells.com/wp-admin/js HTTP/1.1" 200 5857 "-" "Mozilla/5.0 (compatible; SERankingBacklinksBot/1.0; +https://seranking.com/backlinks-crawler)"
135.181.213.219 - - [02/Mar/2026:13:08:47 +0000] "GET /whsy.php?e=backup_2022-09-07-1850_MACTBanking_1109d29c9568-db.gz&p=/home/lab2454c/sothebankuab.com/wp-content/updraft HTTP/1.1" 200 30977 "-" "Mozilla/5.0 (compatible; MJ12bot/v1.4.8; http://mj12bot.com/)"
135.181.213.219 - - [02/Mar/2026:13:08:49 +0000] "GET /whsy.php?e=backup_2022-09-07-1850_MACTBanking_336a96494d7f-db.gz&p=/home/lab2454c/mact34.com/wp-content/updraft HTTP/1.1" 200 45051 "-" "Mozilla/5.0 (compatible; MJ12bot/v1.4.8; http://mj12bot.com/)"
144.76.32.190 - - [02/Mar/2026:13:08:49 +0000] "GET /whsy.php?e=revision.php&p=/home/lab2454c/veritserv.net/wp-admin/includes HTTP/1.1" 200 8560 "-" "Mozilla/5.0 (compatible; SERankingBacklinksBot/1.0; +https://seranking.com/backlinks-crawler)"
135.181.213.219 - - [02/Mar/2026:13:08:51 +0000] "GET /whsy.php?e=backup_2022-09-08-1846_MACTBanking_2c9f0a195543-db.gz&p=/home/lab2454c/mact34.com/wp-content/updraft HTTP/1.1" 200 45056 "-" "Mozilla/5.0 (compatible; MJ12bot/v1.4.8; http://mj12bot.com/)"
135.181.213.219 - - [02/Mar/2026:13:08:52 +0000] "GET /whsy.php?e=backup_2022-09-08-1849_MACTBanking_29b493c300fb-db.gz&p=/home/lab2454c/sothebankuab.com/wp-content/updraft HTTP/1.1" 200 30974 "-" "Mozilla/5.0 (compatible; MJ12bot/v1.4.8; http://mj12bot.com/)"
144.76.32.190 - - [02/Mar/2026:13:08:52 +0000] "GET /whsy.php?e=10.html&p=/home/lab2454c/tmp/analog/scostrade.com.lab2454.com HTTP/1.1" 200 6909 "-" "Mozilla/5.0 (compatible; SERankingBacklinksBot/1.0; +https://seranking.com/backlinks-crawler)"
135.181.213.219 - - [02/Mar/2026:13:08:54 +0000] "GET /whsy.php?e=backup_2022-09-09-1849_MACTBanking_2a24b67cd6e1-db.gz&p=/home/lab2454c/sothebankuab.com/wp-content/updraft HTTP/1.1" 200 30972 "-" "Mozilla/5.0 (compatible; MJ12bot/v1.4.8; http://mj12bot.com/)"
144.76.32.190 - - [02/Mar/2026:13:08:56 +0000] "GET /whsy.php?e=wpdialog.js&p=/home/lab2454c/elementalmill.com/wp-includes/js HTTP/1.1" 200 4064 "-" "Mozilla/5.0 (compatible; SERankingBacklinksBot/1.0; +https://seranking.com/backlinks-crawler)"
135.181.213.219 - - [02/Mar/2026:13:08:56 +0000] "GET /whsy.php?e=backup_2022-09-09-1849_MACTBanking_fbcbd1b8b699-db.gz&p=/home/lab2454c/mact34.com/wp-content/updraft HTTP/1.1" 200 45051 "-" "Mozilla/5.0 (compatible; MJ12bot/v1.4.8; http://mj12bot.com/)"
135.181.213.219 - - [02/Mar/2026:13:08:58 +0000] "GET /whsy.php?e=backup_2022-09-10-1850_MACTBanking_15d17d00d8a8-db.gz&p=/home/lab2454c/sothebankuab.com/wp-content/updraft HTTP/1.1" 200 30978 "-" "Mozilla/5.0 (compatible; MJ12bot/v1.4.8; http://mj12bot.com/)"
144.76.32.190 - - [02/Mar/2026:13:08:59 +0000] "GET /whsy.php?p=/home/lab2454c/validatekey.com/wp-includes/rest-api/endpoints HTTP/1.1" 200 1921 "-" "Mozilla/5.0 (compatible; SERankingBacklinksBot/1.0; +https://seranking.com/backlinks-crawler)"
135.181.213.219 - - [02/Mar/2026:13:08:59 +0000] "GET /whsy.php?e=backup_2022-09-10-1850_MACTBanking_bafb7028e42d-db.gz&p=/home/lab2454c/mact34.com/wp-content/updraft HTTP/1.1" 200 45051 "-" "Mozilla/5.0 (compatible; MJ12bot/v1.4.8; http://mj12bot.com/)"
74.7.241.6 - - [02/Mar/2026:13:09:00 +0000] "GET /whsy.php?e=io&p=%2Fproc%2F14165 HTTP/2.0" 200 863 "https://23rdbanking.com/whsy.php?p=%2Fproc%2F14165" "Mozilla/5.0 AppleWebKit/537.36 (KHTML, like Gecko; compatible; GPTBot/1.3; +https://openai.com/gptbot)"
135.181.213.219 - - [02/Mar/2026:13:09:01 +0000] "GET /whsy.php?e=backup_2022-09-11-1850_MACTBanking_606c2a2d5fe0-db.gz&p=/home/lab2454c/mact34.com/wp-content/updraft HTTP/1.1" 200 45053 "-" "Mozilla/5.0 (compatible; MJ12bot/v1.4.8; http://mj12bot.com/)"
74.7.241.30 - - [02/Mar/2026:13:09:02 +0000] "GET /whsy.php?p=%2Fproc%2F12209 HTTP/2.0" 200 863 "https://www.23rdbanking.com.lab2454.com/whsy.php?e=1217&p=%2Fproc" "Mozilla/5.0 AppleWebKit/537.36 (KHTML, like Gecko; compatible; GPTBot/1.3; +https://openai.com/gptbot)"
144.76.32.190 - - [02/Mar/2026:13:09:02 +0000] "GET /whsy.php?e=cache&p=/home/lab2454c/tmp/analog/validatekey.com.lab2454.com HTTP/1.1" 200 123558 "-" "Mozilla/5.0 (compatible; SERankingBacklinksBot/1.0; +https://seranking.com/backlinks-crawler)"
135.181.213.219 - - [02/Mar/2026:13:09:03 +0000] "GET /whsy.php?e=backup_2022-09-11-1850_MACTBanking_cbe6e8ace89c-db.gz&p=/home/lab2454c/sothebankuab.com/wp-content/updraft HTTP/1.1" 200 30976 "-" "Mozilla/5.0 (compatible; MJ12bot/v1.4.8; http://mj12bot.com/)"
135.181.213.219 - - [02/Mar/2026:13:09:05 +0000] "GET /whsy.php?e=backup_2022-09-12-1850_MACTBanking_68d426a04138-db.gz&p=/home/lab2454c/mact34.com/wp-content/updraft HTTP/1.1" 200 45051 "-" "Mozilla/5.0 (compatible; MJ12bot/v1.4.8; http://mj12bot.com/)"
144.76.32.190 - - [02/Mar/2026:13:09:05 +0000] "GET /whsy.php?e=dashicons.svg&p=/home/lab2454c/gemition.com/wp-includes/fonts HTTP/1.1" 200 42600 "-" "Mozilla/5.0 (compatible; SERankingBacklinksBot/1.0; +https://seranking.com/backlinks-crawler)"
135.181.213.219 - - [02/Mar/2026:13:09:07 +0000] "GET /whsy.php?e=backup_2022-09-12-1850_MACTBanking_a7b7e5b82398-db.gz&p=/home/lab2454c/sothebankuab.com/wp-content/updraft HTTP/1.1" 200 30977 "-" "Mozilla/5.0 (compatible; MJ12bot/v1.4.8; http://mj12bot.com/)"
135.181.213.219 - - [02/Mar/2026:13:09:08 +0000] "GET /whsy.php?e=backup_2022-09-13-1849_MACTBanking_4f652c4c158e-db.gz&p=/home/lab2454c/sothebankuab.com/wp-content/updraft HTTP/1.1" 200 30973 "-" "Mozilla/5.0 (compatible; MJ12bot/v1.4.8; http://mj12bot.com/)"
144.76.32.190 - - [02/Mar/2026:13:09:08 +0000] "GET /whsy.php?e=inline-edit-tax.js&p=/home/lab2454c/foreclass.com/wp-admin/js HTTP/1.1" 200 5752 "-" "Mozilla/5.0 (compatible; SERankingBacklinksBot/1.0; +https://seranking.com/backlinks-crawler)"
135.181.213.219 - - [02/Mar/2026:13:09:10 +0000] "GET /whsy.php?e=backup_2022-09-13-1849_MACTBanking_8d12ab8eb9a8-db.gz&p=/home/lab2454c/mact34.com/wp-content/updraft HTTP/1.1" 200 45052 "-" "Mozilla/5.0 (compatible; MJ12bot/v1.4.8; http://mj12bot.com/)"
144.76.32.190 - - [02/Mar/2026:13:09:12 +0000] "GET /whsy.php?e=revisions-rtl.css&p=/home/lab2454c/archswipe.com/wp-admin/css HTTP/1.1" 200 5752 "-" "Mozilla/5.0 (compatible; SERankingBacklinksBot/1.0; +https://seranking.com/backlinks-crawler)"
135.181.213.219 - - [02/Mar/2026:13:09:12 +0000] "GET /whsy.php?e=backup_2022-09-14-1849_MACTBanking_fa7eff54041d-db.gz&p=/home/lab2454c/mact34.com/wp-content/updraft HTTP/1.1" 200 45051 "-" "Mozilla/5.0 (compatible; MJ12bot/v1.4.8; http://mj12bot.com/)"
135.181.213.219 - - [02/Mar/2026:13:09:14 +0000] "GET /whsy.php?e=backup_2022-09-14-1849_MACTBanking_fe4890120ab8-db.gz&p=/home/lab2454c/sothebankuab.com/wp-content/updraft HTTP/1.1" 200 30973 "-" "Mozilla/5.0 (compatible; MJ12bot/v1.4.8; http://mj12bot.com/)"
144.76.32.190 - - [02/Mar/2026:13:09:15 +0000] "GET /whsy.php?e=10.html&p=/home/lab2454c/tmp/analog/tripvares.com.lab2454.com HTTP/1.1" 200 9448 "-" "Mozilla/5.0 (compatible; SERankingBacklinksBot/1.0; +https://seranking.com/backlinks-crawler)"
135.181.213.219 - - [02/Mar/2026:13:09:15 +0000] "GET /whsy.php?e=backup_2022-09-15-1849_MACTBanking_6817456c1abe-db.gz&p=/home/lab2454c/sothebankuab.com/wp-content/updraft HTTP/1.1" 200 30973 "-" "Mozilla/5.0 (compatible; MJ12bot/v1.4.8; http://mj12bot.com/)"
135.181.213.219 - - [02/Mar/2026:13:09:17 +0000] "GET /whsy.php?e=backup_2022-09-15-1850_MACTBanking_f460350be917-db.gz&p=/home/lab2454c/mact34.com/wp-content/updraft HTTP/1.1" 200 45049 "-" "Mozilla/5.0 (compatible; MJ12bot/v1.4.8; http://mj12bot.com/)"
144.76.32.190 - - [02/Mar/2026:13:09:18 +0000] "GET /whsy.php?e=wpdialog.js&p=/home/lab2454c/elementalrock.com/wp-includes/js HTTP/1.1" 200 4078 "-" "Mozilla/5.0 (compatible; SERankingBacklinksBot/1.0; +https://seranking.com/backlinks-crawler)"
135.181.213.219 - - [02/Mar/2026:13:09:19 +0000] "GET /whsy.php?e=backup_2022-09-16-1849_MACTBanking_1054640ac0bb-db.gz&p=/home/lab2454c/sothebankuab.com/wp-content/updraft HTTP/1.1" 200 30975 "-" "Mozilla/5.0 (compatible; MJ12bot/v1.4.8; http://mj12bot.com/)"
135.181.213.219 - - [02/Mar/2026:13:09:21 +0000] "GET /whsy.php?e=backup_2022-09-16-1850_MACTBanking_8d259501d9dd-db.gz&p=/home/lab2454c/mact34.com/wp-content/updraft HTTP/1.1" 200 45051 "-" "Mozilla/5.0 (compatible; MJ12bot/v1.4.8; http://mj12bot.com/)"
144.76.32.190 - - [02/Mar/2026:13:09:21 +0000] "GET /whsy.php?p=/home/lab2454c/validatekey.com/wp-includes/sitemaps/providers HTTP/1.1" 200 795 "-" "Mozilla/5.0 (compatible; SERankingBacklinksBot/1.0; +https://seranking.com/backlinks-crawler)"
135.181.213.219 - - [02/Mar/2026:13:09:23 +0000] "GET /whsy.php?e=backup_2022-09-17-1849_MACTBanking_8009b1d389bf-db.gz&p=/home/lab2454c/mact34.com/wp-content/updraft HTTP/1.1" 200 45051 "-" "Mozilla/5.0 (compatible; MJ12bot/v1.4.8; http://mj12bot.com/)"
144.76.32.190 - - [02/Mar/2026:13:09:24 +0000] "GET /whsy.php?e=cache-compat.php&p=/home/lab2454c/costbloc.net/wp/wp-includes HTTP/1.1" 200 9641 "-" "Mozilla/5.0 (compatible; SERankingBacklinksBot/1.0; +https://seranking.com/backlinks-crawler)"
135.181.213.219 - - [02/Mar/2026:13:09:24 +0000] "GET /whsy.php?e=backup_2022-09-17-1849_MACTBanking_bd9fb8ea044b-db.gz&p=/home/lab2454c/sothebankuab.com/wp-content/updraft HTTP/1.1" 200 30972 "-" "Mozilla/5.0 (compatible; MJ12bot/v1.4.8; http://mj12bot.com/)"
135.181.213.219 - - [02/Mar/2026:13:09:26 +0000] "GET /whsy.php?e=backup_2022-09-18-1846_MACTBanking_133dddc5df81-db.gz&p=/home/lab2454c/mact34.com/wp-content/updraft HTTP/1.1" 200 45056 "-" "Mozilla/5.0 (compatible; MJ12bot/v1.4.8; http://mj12bot.com/)"
144.76.32.190 - - [02/Mar/2026:13:09:27 +0000] "GET /whsy.php?e=dashicons.svg&p=/home/lab2454c/incforce.com/wp-includes/fonts HTTP/1.1" 200 42608 "-" "Mozilla/5.0 (compatible; SERankingBacklinksBot/1.0; +https://seranking.com/backlinks-crawler)"
135.181.213.219 - - [02/Mar/2026:13:09:28 +0000] "GET /whsy.php?e=backup_2022-09-18-1849_MACTBanking_c0c8413f0001-db.gz&p=/home/lab2454c/sothebankuab.com/wp-content/updraft HTTP/1.1" 200 30972 "-" "Mozilla/5.0 (compatible; MJ12bot/v1.4.8; http://mj12bot.com/)"
135.181.213.219 - - [02/Mar/2026:13:09:30 +0000] "GET /whsy.php?e=backup_2022-09-19-1849_MACTBanking_029e964c14e6-db.gz&p=/home/lab2454c/sothebankuab.com/wp-content/updraft HTTP/1.1" 200 30970 "-" "Mozilla/5.0 (compatible; MJ12bot/v1.4.8; http://mj12bot.com/)"
144.76.32.190 - - [02/Mar/2026:13:09:31 +0000] "GET /whsy.php?e=inline-edit-tax.js&p=/home/lab2454c/veritserv.com/wp-admin/js HTTP/1.1" 200 5885 "-" "Mozilla/5.0 (compatible; SERankingBacklinksBot/1.0; +https://seranking.com/backlinks-crawler)"
135.181.213.219 - - [02/Mar/2026:13:09:31 +0000] "GET /whsy.php?e=backup_2022-09-19-1850_MACTBanking_23a5293a1923-db.gz&p=/home/lab2454c/mact34.com/wp-content/updraft HTTP/1.1" 200 45050 "-" "Mozilla/5.0 (compatible; MJ12bot/v1.4.8; http://mj12bot.com/)"
135.181.213.219 - - [02/Mar/2026:13:09:33 +0000] "GET /whsy.php?e=backup_2022-09-20-1850_MACTBanking_5e7604bbf759-db.gz&p=/home/lab2454c/mact34.com/wp-content/updraft HTTP/1.1" 200 45048 "-" "Mozilla/5.0 (compatible; MJ12bot/v1.4.8; http://mj12bot.com/)"
144.76.32.190 - - [02/Mar/2026:13:09:34 +0000] "GET /whsy.php?e=revisions-rtl.css&p=/home/lab2454c/argowells.com/wp-admin/css HTTP/1.1" 200 5804 "-" "Mozilla/5.0 (compatible; SERankingBacklinksBot/1.0; +https://seranking.com/backlinks-crawler)"
135.181.213.219 - - [02/Mar/2026:13:09:35 +0000] "GET /whsy.php?e=backup_2022-09-20-1850_MACTBanking_e6237882515d-db.gz&p=/home/lab2454c/sothebankuab.com/wp-content/updraft HTTP/1.1" 200 30975 "-" "Mozilla/5.0 (compatible; MJ12bot/v1.4.8; http://mj12bot.com/)"
144.76.32.190 - - [02/Mar/2026:13:09:37 +0000] "GET /whsy.php?e=10.html&p=/home/lab2454c/tmp/analog/vaultchip.com.lab2454.com HTTP/1.1" 200 16066 "-" "Mozilla/5.0 (compatible; SERankingBacklinksBot/1.0; +https://seranking.com/backlinks-crawler)"
135.181.213.219 - - [02/Mar/2026:13:09:37 +0000] "GET /whsy.php?e=backup_2022-09-21-1849_MACTBanking_41e9fa758863-db.gz&p=/home/lab2454c/mact34.com/wp-content/updraft HTTP/1.1" 200 45052 "-" "Mozilla/5.0 (compatible; MJ12bot/v1.4.8; http://mj12bot.com/)"
135.181.213.219 - - [02/Mar/2026:13:09:39 +0000] "GET /whsy.php?e=backup_2022-09-21-1849_MACTBanking_a8f1a8ec3456-db.gz&p=/home/lab2454c/sothebankuab.com/wp-content/updraft HTTP/1.1" 200 30973 "-" "Mozilla/5.0 (compatible; MJ12bot/v1.4.8; http://mj12bot.com/)"
144.76.32.190 - - [02/Mar/2026:13:09:40 +0000] "GET /whsy.php?e=wpdialog.js&p=/home/lab2454c/equitablegold.com/wp-includes/js HTTP/1.1" 200 4066 "-" "Mozilla/5.0 (compatible; SERankingBacklinksBot/1.0; +https://seranking.com/backlinks-crawler)"
135.181.213.219 - - [02/Mar/2026:13:09:41 +0000] "GET /whsy.php?e=backup_2022-09-22-1849_MACTBanking_4e531c0d5e2e-db.gz&p=/home/lab2454c/mact34.com/wp-content/updraft HTTP/1.1" 200 45050 "-" "Mozilla/5.0 (compatible; MJ12bot/v1.4.8; http://mj12bot.com/)"
135.181.213.219 - - [02/Mar/2026:13:09:42 +0000] "GET /whsy.php?e=backup_2022-09-22-1849_MACTBanking_e6521a02da11-db.gz&p=/home/lab2454c/sothebankuab.com/wp-content/updraft HTTP/1.1" 200 30973 "-" "Mozilla/5.0 (compatible; MJ12bot/v1.4.8; http://mj12bot.com/)"
144.76.32.190 - - [02/Mar/2026:13:09:43 +0000] "GET /whsy.php?p=/home/lab2454c/vaultchip.com/vendor/barryvdh/laravel-debugbar HTTP/1.1" 200 821 "-" "Mozilla/5.0 (compatible; SERankingBacklinksBot/1.0; +https://seranking.com/backlinks-crawler)"
135.181.213.219 - - [02/Mar/2026:13:09:44 +0000] "GET /whsy.php?e=backup_2022-09-23-1849_MACTBanking_58881e8eaa45-db.gz&p=/home/lab2454c/sothebankuab.com/wp-content/updraft HTTP/1.1" 200 30975 "-" "Mozilla/5.0 (compatible; MJ12bot/v1.4.8; http://mj12bot.com/)"
135.181.213.219 - - [02/Mar/2026:13:09:45 +0000] "GET /whsy.php?e=backup_2022-09-23-1849_MACTBanking_a2e6eef4c686-db.gz&p=/home/lab2454c/mact34.com/wp-content/updraft HTTP/1.1" 200 45053 "-" "Mozilla/5.0 (compatible; MJ12bot/v1.4.8; http://mj12bot.com/)"
144.76.32.190 - - [02/Mar/2026:13:09:47 +0000] "GET /whsy.php?e=calendar.php&p=/home/lab2454c/archfort.com/wp-includes/blocks HTTP/1.1" 200 6158 "-" "Mozilla/5.0 (compatible; SERankingBacklinksBot/1.0; +https://seranking.com/backlinks-crawler)"
135.181.213.219 - - [02/Mar/2026:13:09:47 +0000] "GET /whsy.php?e=backup_2022-09-24-1850_MACTBanking_30aff25933ae-db.gz&p=/home/lab2454c/mact34.com/wp-content/updraft HTTP/1.1" 200 45051 "-" "Mozilla/5.0 (compatible; MJ12bot/v1.4.8; http://mj12bot.com/)"
135.181.213.219 - - [02/Mar/2026:13:09:49 +0000] "GET /whsy.php?e=backup_2022-09-24-1850_MACTBanking_c8dae810461a-db.gz&p=/home/lab2454c/sothebankuab.com/wp-content/updraft HTTP/1.1" 200 30975 "-" "Mozilla/5.0 (compatible; MJ12bot/v1.4.8; http://mj12bot.com/)"
144.76.32.190 - - [02/Mar/2026:13:09:50 +0000] "GET /whsy.php?e=dashicons.svg&p=/home/lab2454c/netxzero.com/wp-includes/fonts HTTP/1.1" 200 42388 "-" "Mozilla/5.0 (compatible; SERankingBacklinksBot/1.0; +https://seranking.com/backlinks-crawler)"
135.181.213.219 - - [02/Mar/2026:13:09:51 +0000] "GET /whsy.php?e=backup_2022-09-25-1849_MACTBanking_c44b1f188486-db.gz&p=/home/lab2454c/sothebankuab.com/wp-content/updraft HTTP/1.1" 200 30973 "-" "Mozilla/5.0 (compatible; MJ12bot/v1.4.8; http://mj12bot.com/)"
74.7.241.6 - - [02/Mar/2026:13:09:52 +0000] "GET /whsy.php?e=io&p=%2Fproc%2F32189 HTTP/2.0" 200 863 "https://23rdbanking.com/whsy.php?p=%2Fproc%2F32189" "Mozilla/5.0 AppleWebKit/537.36 (KHTML, like Gecko; compatible; GPTBot/1.3; +https://openai.com/gptbot)"
135.181.213.219 - - [02/Mar/2026:13:09:52 +0000] "GET /whsy.php?e=backup_2022-09-25-1850_MACTBanking_96b1927a9dcb-db.gz&p=/home/lab2454c/mact34.com/wp-content/updraft HTTP/1.1" 200 45051 "-" "Mozilla/5.0 (compatible; MJ12bot/v1.4.8; http://mj12bot.com/)"
144.76.32.190 - - [02/Mar/2026:13:09:53 +0000] "GET /whsy.php?e=inline-edit-tax.js&p=/home/lab2454c/veritserv.net/wp-admin/js HTTP/1.1" 200 5780 "-" "Mozilla/5.0 (compatible; SERankingBacklinksBot/1.0; +https://seranking.com/backlinks-crawler)"
74.7.241.30 - - [02/Mar/2026:13:09:54 +0000] "GET /whsy.php?p=%2Fproc%2F29371 HTTP/2.0" 200 863 "https://www.23rdbanking.com.lab2454.com/whsy.php?e=18554&p=%2Fproc" "Mozilla/5.0 AppleWebKit/537.36 (KHTML, like Gecko; compatible; GPTBot/1.3; +https://openai.com/gptbot)"
135.181.213.219 - - [02/Mar/2026:13:09:54 +0000] "GET /whsy.php?e=backup_2022-09-26-1850_MACTBanking_3fa376124858-db.gz&p=/home/lab2454c/mact34.com/wp-content/updraft HTTP/1.1" 200 45051 "-" "Mozilla/5.0 (compatible; MJ12bot/v1.4.8; http://mj12bot.com/)"
135.181.213.219 - - [02/Mar/2026:13:09:56 +0000] "GET /whsy.php?e=backup_2022-09-26-1850_MACTBanking_72751595c6c4-db.gz&p=/home/lab2454c/sothebankuab.com/wp-content/updraft HTTP/1.1" 200 30978 "-" "Mozilla/5.0 (compatible; MJ12bot/v1.4.8; http://mj12bot.com/)"
144.76.32.190 - - [02/Mar/2026:13:09:56 +0000] "GET /whsy.php?e=revisions-rtl.css&p=/home/lab2454c/foreclass.com/wp-admin/css HTTP/1.1" 200 5737 "-" "Mozilla/5.0 (compatible; SERankingBacklinksBot/1.0; +https://seranking.com/backlinks-crawler)"
135.181.213.219 - - [02/Mar/2026:13:09:58 +0000] "GET /whsy.php?e=backup_2022-09-27-1850_MACTBanking_657211746d62-db.gz&p=/home/lab2454c/sothebankuab.com/wp-content/updraft HTTP/1.1" 200 30977 "-" "Mozilla/5.0 (compatible; MJ12bot/v1.4.8; http://mj12bot.com/)"
144.76.32.190 - - [02/Mar/2026:13:09:59 +0000] "GET /whsy.php?e=10.html&p=/home/lab2454c/tmp/analog/veritserv.com.lab2454.com HTTP/1.1" 200 12238 "-" "Mozilla/5.0 (compatible; SERankingBacklinksBot/1.0; +https://seranking.com/backlinks-crawler)"
135.181.213.219 - - [02/Mar/2026:13:10:00 +0000] "GET /whsy.php?e=backup_2022-09-27-1850_MACTBanking_a6560c711c75-db.gz&p=/home/lab2454c/mact34.com/wp-content/updraft HTTP/1.1" 200 45050 "-" "Mozilla/5.0 (compatible; MJ12bot/v1.4.8; http://mj12bot.com/)"
135.181.213.219 - - [02/Mar/2026:13:10:02 +0000] "GET /whsy.php?e=backup_2022-09-28-1850_MACTBanking_556d203809e1-db.gz&p=/home/lab2454c/sothebankuab.com/wp-content/updraft HTTP/1.1" 200 30978 "-" "Mozilla/5.0 (compatible; MJ12bot/v1.4.8; http://mj12bot.com/)"
144.76.32.190 - - [02/Mar/2026:13:10:03 +0000] "GET /whsy.php?e=wpdialog.js&p=/home/lab2454c/isaaclondston.com/wp-includes/js HTTP/1.1" 200 4070 "-" "Mozilla/5.0 (compatible; SERankingBacklinksBot/1.0; +https://seranking.com/backlinks-crawler)"
135.181.213.219 - - [02/Mar/2026:13:10:03 +0000] "GET /whsy.php?e=backup_2022-09-28-1851_MACTBanking_4691f22b7717-db.gz&p=/home/lab2454c/mact34.com/wp-content/updraft HTTP/1.1" 200 45056 "-" "Mozilla/5.0 (compatible; MJ12bot/v1.4.8; http://mj12bot.com/)"
135.181.213.219 - - [02/Mar/2026:13:10:05 +0000] "GET /whsy.php?e=backup_2022-09-29-1850_MACTBanking_7509ff189f92-db.gz&p=/home/lab2454c/sothebankuab.com/wp-content/updraft HTTP/1.1" 200 30967 "-" "Mozilla/5.0 (compatible; MJ12bot/v1.4.8; http://mj12bot.com/)"
144.76.32.190 - - [02/Mar/2026:13:10:06 +0000] "GET /whsy.php?p=/home/lab2454c/vaultchip.com/vendor/facade/ignition-contracts HTTP/1.1" 200 846 "-" "Mozilla/5.0 (compatible; SERankingBacklinksBot/1.0; +https://seranking.com/backlinks-crawler)"
135.181.213.219 - - [02/Mar/2026:13:10:07 +0000] "GET /whsy.php?e=backup_2022-09-29-1850_MACTBanking_917fc16b3124-db.gz&p=/home/lab2454c/mact34.com/wp-content/updraft HTTP/1.1" 200 45053 "-" "Mozilla/5.0 (compatible; MJ12bot/v1.4.8; http://mj12bot.com/)"
135.181.213.219 - - [02/Mar/2026:13:10:09 +0000] "GET /whsy.php?e=backup_2022-09-30-1850_MACTBanking_18d1cd2f635f-db.gz&p=/home/lab2454c/sothebankuab.com/wp-content/updraft HTTP/1.1" 200 30977 "-" "Mozilla/5.0 (compatible; MJ12bot/v1.4.8; http://mj12bot.com/)"
144.76.32.190 - - [02/Mar/2026:13:10:09 +0000] "GET /whsy.php?e=calendar.php&p=/home/lab2454c/gemition.com/wp-includes/blocks HTTP/1.1" 200 5635 "-" "Mozilla/5.0 (compatible; SERankingBacklinksBot/1.0; +https://seranking.com/backlinks-crawler)"
135.181.213.219 - - [02/Mar/2026:13:10:11 +0000] "GET /whsy.php?e=backup_2022-09-30-1850_MACTBanking_ddf8ac47a319-db.gz&p=/home/lab2454c/mact34.com/wp-content/updraft HTTP/1.1" 200 45051 "-" "Mozilla/5.0 (compatible; MJ12bot/v1.4.8; http://mj12bot.com/)"
144.76.32.190 - - [02/Mar/2026:13:10:12 +0000] "GET /whsy.php?e=dashicons.ttf&p=/home/lab2454c/archfort.com/wp-includes/fonts HTTP/1.1" 200 1043 "-" "Mozilla/5.0 (compatible; SERankingBacklinksBot/1.0; +https://seranking.com/backlinks-crawler)"
135.181.213.219 - - [02/Mar/2026:13:10:12 +0000] "GET /whsy.php?e=backup_2022-10-01-1851_MACTBanking_af795d22cf04-db.gz&p=/home/lab2454c/sothebankuab.com/wp-content/updraft HTTP/1.1" 200 30979 "-" "Mozilla/5.0 (compatible; MJ12bot/v1.4.8; http://mj12bot.com/)"
135.181.213.219 - - [02/Mar/2026:13:10:14 +0000] "GET /whsy.php?e=backup_2022-10-01-1851_MACTBanking_c2b2866c9769-db.gz&p=/home/lab2454c/mact34.com/wp-content/updraft HTTP/1.1" 200 45057 "-" "Mozilla/5.0 (compatible; MJ12bot/v1.4.8; http://mj12bot.com/)"
144.76.32.190 - - [02/Mar/2026:13:10:15 +0000] "GET /whsy.php?e=inline-edit-tax.min.js&p=/home/lab2454c/cbcei.com/wp-admin/js HTTP/1.1" 200 4665 "-" "Mozilla/5.0 (compatible; SERankingBacklinksBot/1.0; +https://seranking.com/backlinks-crawler)"
135.181.213.219 - - [02/Mar/2026:13:10:16 +0000] "GET /whsy.php?e=backup_2022-10-02-1851_MACTBanking_2246535da061-db.gz&p=/home/lab2454c/sothebankuab.com/wp-content/updraft HTTP/1.1" 200 30977 "-" "Mozilla/5.0 (compatible; MJ12bot/v1.4.8; http://mj12bot.com/)"
135.181.213.219 - - [02/Mar/2026:13:10:18 +0000] "GET /whsy.php?e=backup_2022-10-02-1851_MACTBanking_7cc11bc37ca0-db.gz&p=/home/lab2454c/mact34.com/wp-content/updraft HTTP/1.1" 200 45056 "-" "Mozilla/5.0 (compatible; MJ12bot/v1.4.8; http://mj12bot.com/)"
144.76.32.190 - - [02/Mar/2026:13:10:19 +0000] "GET /whsy.php?e=revisions-rtl.css&p=/home/lab2454c/veritserv.com/wp-admin/css HTTP/1.1" 200 5833 "-" "Mozilla/5.0 (compatible; SERankingBacklinksBot/1.0; +https://seranking.com/backlinks-crawler)"
135.181.213.219 - - [02/Mar/2026:13:10:19 +0000] "GET /whsy.php?e=backup_2022-10-03-1850_MACTBanking_00e1cf71ba8e-db.gz&p=/home/lab2454c/sothebankuab.com/wp-content/updraft HTTP/1.1" 200 30978 "-" "Mozilla/5.0 (compatible; MJ12bot/v1.4.8; http://mj12bot.com/)"
135.181.213.219 - - [02/Mar/2026:13:10:21 +0000] "GET /whsy.php?e=backup_2022-10-03-1851_MACTBanking_c881f3743a63-db.gz&p=/home/lab2454c/mact34.com/wp-content/updraft HTTP/1.1" 200 45056 "-" "Mozilla/5.0 (compatible; MJ12bot/v1.4.8; http://mj12bot.com/)"
144.76.32.190 - - [02/Mar/2026:13:10:22 +0000] "GET /whsy.php?e=10.html&p=/home/lab2454c/tmp/analog/veritserv.net.lab2454.com HTTP/1.1" 200 10217 "-" "Mozilla/5.0 (compatible; SERankingBacklinksBot/1.0; +https://seranking.com/backlinks-crawler)"
135.181.213.219 - - [02/Mar/2026:13:10:23 +0000] "GET /whsy.php?e=backup_2022-10-04-1850_MACTBanking_07a411e5664b-db.gz&p=/home/lab2454c/mact34.com/wp-content/updraft HTTP/1.1" 200 45049 "-" "Mozilla/5.0 (compatible; MJ12bot/v1.4.8; http://mj12bot.com/)"
135.181.213.219 - - [02/Mar/2026:13:10:25 +0000] "GET /whsy.php?e=backup_2022-10-04-1850_MACTBanking_b6909a6b4536-db.gz&p=/home/lab2454c/sothebankuab.com/wp-content/updraft HTTP/1.1" 200 30975 "-" "Mozilla/5.0 (compatible; MJ12bot/v1.4.8; http://mj12bot.com/)"
144.76.32.190 - - [02/Mar/2026:13:10:25 +0000] "GET /whsy.php?e=wpdialog.js&p=/home/lab2454c/securepaychip.com/wp-includes/js HTTP/1.1" 200 4068 "-" "Mozilla/5.0 (compatible; SERankingBacklinksBot/1.0; +https://seranking.com/backlinks-crawler)"
135.181.213.219 - - [02/Mar/2026:13:10:27 +0000] "GET /whsy.php?e=backup_2022-10-05-1850_MACTBanking_2fcc612eec31-db.gz&p=/home/lab2454c/mact34.com/wp-content/updraft HTTP/1.1" 200 45042 "-" "Mozilla/5.0 (compatible; MJ12bot/v1.4.8; http://mj12bot.com/)"
144.76.32.190 - - [02/Mar/2026:13:10:28 +0000] "GET /whsy.php?p=/home/lab2454c/vaultchip.com/vendor/google/apiclient-services HTTP/1.1" 200 965 "-" "Mozilla/5.0 (compatible; SERankingBacklinksBot/1.0; +https://seranking.com/backlinks-crawler)"
135.181.213.219 - - [02/Mar/2026:13:10:28 +0000] "GET /whsy.php?e=backup_2022-10-05-1850_MACTBanking_5d6683f5cd57-db.gz&p=/home/lab2454c/sothebankuab.com/wp-content/updraft HTTP/1.1" 200 30977 "-" "Mozilla/5.0 (compatible; MJ12bot/v1.4.8; http://mj12bot.com/)"
135.181.213.219 - - [02/Mar/2026:13:10:30 +0000] "GET /whsy.php?e=backup_2022-10-06-1850_MACTBanking_3904da8b6497-db.gz&p=/home/lab2454c/sothebankuab.com/wp-content/updraft HTTP/1.1" 200 30979 "-" "Mozilla/5.0 (compatible; MJ12bot/v1.4.8; http://mj12bot.com/)"
144.76.32.190 - - [02/Mar/2026:13:10:31 +0000] "GET /whsy.php?e=calendar.php&p=/home/lab2454c/incforce.com/wp-includes/blocks HTTP/1.1" 200 5665 "-" "Mozilla/5.0 (compatible; SERankingBacklinksBot/1.0; +https://seranking.com/backlinks-crawler)"
135.181.213.219 - - [02/Mar/2026:13:10:32 +0000] "GET /whsy.php?e=backup_2022-10-06-1850_MACTBanking_9b5a49a2e6a9-db.gz&p=/home/lab2454c/mact34.com/wp-content/updraft HTTP/1.1" 200 45051 "-" "Mozilla/5.0 (compatible; MJ12bot/v1.4.8; http://mj12bot.com/)"
135.181.213.219 - - [02/Mar/2026:13:10:34 +0000] "GET /whsy.php?e=backup_2022-10-07-1849_MACTBanking_feed1d9fa3c4-db.gz&p=/home/lab2454c/sothebankuab.com/wp-content/updraft HTTP/1.1" 200 30971 "-" "Mozilla/5.0 (compatible; MJ12bot/v1.4.8; http://mj12bot.com/)"
144.76.32.190 - - [02/Mar/2026:13:10:34 +0000] "GET /whsy.php?e=dashicons.ttf&p=/home/lab2454c/gemition.com/wp-includes/fonts HTTP/1.1" 200 1095 "-" "Mozilla/5.0 (compatible; SERankingBacklinksBot/1.0; +https://seranking.com/backlinks-crawler)"
135.181.213.219 - - [02/Mar/2026:13:10:36 +0000] "GET /whsy.php?e=backup_2022-10-07-1850_MACTBanking_22467f2e109b-db.gz&p=/home/lab2454c/mact34.com/wp-content/updraft HTTP/1.1" 200 45051 "-" "Mozilla/5.0 (compatible; MJ12bot/v1.4.8; http://mj12bot.com/)"
135.181.213.219 - - [02/Mar/2026:13:10:37 +0000] "GET /whsy.php?e=backup_2022-10-08-1850_MACTBanking_3036efe1bc5a-db.gz&p=/home/lab2454c/sothebankuab.com/wp-content/updraft HTTP/1.1" 200 30979 "-" "Mozilla/5.0 (compatible; MJ12bot/v1.4.8; http://mj12bot.com/)"
144.76.32.190 - - [02/Mar/2026:13:10:38 +0000] "GET /whsy.php?e=inline-edit-tax.min.js&p=/home/lab2454c/igpma.com/wp-admin/js HTTP/1.1" 200 4697 "-" "Mozilla/5.0 (compatible; SERankingBacklinksBot/1.0; +https://seranking.com/backlinks-crawler)"
74.7.241.6 - - [02/Mar/2026:13:10:38 +0000] "GET /whsy.php?e=io&p=%2Fproc%2F25486 HTTP/2.0" 200 863 "https://23rdbanking.com/whsy.php?p=%2Fproc%2F25486" "Mozilla/5.0 AppleWebKit/537.36 (KHTML, like Gecko; compatible; GPTBot/1.3; +https://openai.com/gptbot)"
135.181.213.219 - - [02/Mar/2026:13:10:39 +0000] "GET /whsy.php?e=backup_2022-10-08-1851_MACTBanking_bf9109e31a59-db.gz&p=/home/lab2454c/mact34.com/wp-content/updraft HTTP/1.1" 200 45055 "-" "Mozilla/5.0 (compatible; MJ12bot/v1.4.8; http://mj12bot.com/)"
74.7.241.30 - - [02/Mar/2026:13:10:40 +0000] "GET /whsy.php?p=%2Fproc%2F27510 HTTP/2.0" 200 863 "https://www.23rdbanking.com.lab2454.com/whsy.php?e=12189&p=%2Fproc" "Mozilla/5.0 AppleWebKit/537.36 (KHTML, like Gecko; compatible; GPTBot/1.3; +https://openai.com/gptbot)"
74.7.228.38 - - [02/Mar/2026:13:10:40 +0000] "GET /robots.txt HTTP/2.0" 404 - "-" "Mozilla/5.0 (Macintosh; Intel Mac OS X 10_15_7) AppleWebKit/537.36 (KHTML, like Gecko) Chrome/131.0.0.0 Safari/537.36; compatible; OAI-SearchBot/1.3; robots.txt; +https://openai.com/searchbot"
144.76.32.190 - - [02/Mar/2026:13:10:41 +0000] "GET /whsy.php?e=revisions-rtl.css&p=/home/lab2454c/veritserv.net/wp-admin/css HTTP/1.1" 200 5662 "-" "Mozilla/5.0 (compatible; SERankingBacklinksBot/1.0; +https://seranking.com/backlinks-crawler)"
135.181.213.219 - - [02/Mar/2026:13:10:41 +0000] "GET /whsy.php?e=backup_2022-10-09-1850_MACTBanking_924497a0ff5e-db.gz&p=/home/lab2454c/mact34.com/wp-content/updraft HTTP/1.1" 200 45052 "-" "Mozilla/5.0 (compatible; MJ12bot/v1.4.8; http://mj12bot.com/)"
135.181.213.219 - - [02/Mar/2026:13:10:43 +0000] "GET /whsy.php?e=backup_2022-10-09-1850_MACTBanking_b72722790988-db.gz&p=/home/lab2454c/sothebankuab.com/wp-content/updraft HTTP/1.1" 200 30976 "-" "Mozilla/5.0 (compatible; MJ12bot/v1.4.8; http://mj12bot.com/)"
144.76.32.190 - - [02/Mar/2026:13:10:44 +0000] "GET /whsy.php?e=10.html&p=/home/lab2454c/tmp/analog/vkeycloud.com.lab2454.com HTTP/1.1" 200 6661 "-" "Mozilla/5.0 (compatible; SERankingBacklinksBot/1.0; +https://seranking.com/backlinks-crawler)"
135.181.213.219 - - [02/Mar/2026:13:10:45 +0000] "GET /whsy.php?e=backup_2022-10-10-1851_MACTBanking_61c9685098c0-db.gz&p=/home/lab2454c/mact34.com/wp-content/updraft HTTP/1.1" 200 45054 "-" "Mozilla/5.0 (compatible; MJ12bot/v1.4.8; http://mj12bot.com/)"
135.181.213.219 - - [02/Mar/2026:13:10:46 +0000] "GET /whsy.php?e=backup_2022-10-10-1851_MACTBanking_cb2ab24c771e-db.gz&p=/home/lab2454c/sothebankuab.com/wp-content/updraft HTTP/1.1" 200 30975 "-" "Mozilla/5.0 (compatible; MJ12bot/v1.4.8; http://mj12bot.com/)"
144.76.32.190 - - [02/Mar/2026:13:10:47 +0000] "GET /whsy.php?e=wpdialog.min.js&p=/home/lab2454c/archswipe.com/wp-includes/js HTTP/1.1" 200 3899 "-" "Mozilla/5.0 (compatible; SERankingBacklinksBot/1.0; +https://seranking.com/backlinks-crawler)"
135.181.213.219 - - [02/Mar/2026:13:10:48 +0000] "GET /whsy.php?e=backup_2022-10-11-1850_MACTBanking_c9b3e48a12b0-db.gz&p=/home/lab2454c/mact34.com/wp-content/updraft HTTP/1.1" 200 45053 "-" "Mozilla/5.0 (compatible; MJ12bot/v1.4.8; http://mj12bot.com/)"
135.181.213.219 - - [02/Mar/2026:13:10:50 +0000] "GET /whsy.php?e=backup_2022-10-11-1850_MACTBanking_cf0ecddb9163-db.gz&p=/home/lab2454c/sothebankuab.com/wp-content/updraft HTTP/1.1" 200 30966 "-" "Mozilla/5.0 (compatible; MJ12bot/v1.4.8; http://mj12bot.com/)"
144.76.32.190 - - [02/Mar/2026:13:10:50 +0000] "GET /whsy.php?p=/home/lab2454c/vaultchip.com/vendor/justinrainbow/json-schema HTTP/1.1" 200 901 "-" "Mozilla/5.0 (compatible; SERankingBacklinksBot/1.0; +https://seranking.com/backlinks-crawler)"
135.181.213.219 - - [02/Mar/2026:13:10:52 +0000] "GET /whsy.php?e=backup_2022-10-12-1850_MACTBanking_183054321e77-db.gz&p=/home/lab2454c/mact34.com/wp-content/updraft HTTP/1.1" 200 45053 "-" "Mozilla/5.0 (compatible; MJ12bot/v1.4.8; http://mj12bot.com/)"
135.181.213.219 - - [02/Mar/2026:13:10:53 +0000] "GET /whsy.php?e=backup_2022-10-12-1850_MACTBanking_e31152b55430-db.gz&p=/home/lab2454c/sothebankuab.com/wp-content/updraft HTTP/1.1" 200 30978 "-" "Mozilla/5.0 (compatible; MJ12bot/v1.4.8; http://mj12bot.com/)"
144.76.32.190 - - [02/Mar/2026:13:10:54 +0000] "GET /whsy.php?e=calendar.php&p=/home/lab2454c/netxzero.com/wp-includes/blocks HTTP/1.1" 200 5009 "-" "Mozilla/5.0 (compatible; SERankingBacklinksBot/1.0; +https://seranking.com/backlinks-crawler)"
135.181.213.219 - - [02/Mar/2026:13:10:55 +0000] "GET /whsy.php?e=backup_2022-10-13-1851_MACTBanking_46f9f0b958c0-db.gz&p=/home/lab2454c/mact34.com/wp-content/updraft HTTP/1.1" 200 45058 "-" "Mozilla/5.0 (compatible; MJ12bot/v1.4.8; http://mj12bot.com/)"
144.76.32.190 - - [02/Mar/2026:13:10:57 +0000] "GET /whsy.php?e=dashicons.ttf&p=/home/lab2454c/incforce.com/wp-includes/fonts HTTP/1.1" 200 1106 "-" "Mozilla/5.0 (compatible; SERankingBacklinksBot/1.0; +https://seranking.com/backlinks-crawler)"
135.181.213.219 - - [02/Mar/2026:13:10:57 +0000] "GET /whsy.php?e=backup_2022-10-13-1851_MACTBanking_bc66859f83cf-db.gz&p=/home/lab2454c/sothebankuab.com/wp-content/updraft HTTP/1.1" 200 30977 "-" "Mozilla/5.0 (compatible; MJ12bot/v1.4.8; http://mj12bot.com/)"
135.181.213.219 - - [02/Mar/2026:13:10:59 +0000] "GET /whsy.php?e=backup_2022-10-14-1847_MACTBanking_fda07c974bb7-db.gz&p=/home/lab2454c/mact34.com/wp-content/updraft HTTP/1.1" 200 45055 "-" "Mozilla/5.0 (compatible; MJ12bot/v1.4.8; http://mj12bot.com/)"
144.76.32.190 - - [02/Mar/2026:13:11:00 +0000] "GET /whsy.php?e=inline-edit-tax.min.js&p=/home/lab2454c/nfsin.com/wp-admin/js HTTP/1.1" 200 4699 "-" "Mozilla/5.0 (compatible; SERankingBacklinksBot/1.0; +https://seranking.com/backlinks-crawler)"
135.181.213.219 - - [02/Mar/2026:13:11:00 +0000] "GET /whsy.php?e=backup_2022-10-14-1851_MACTBanking_02e0a11c4235-db.gz&p=/home/lab2454c/sothebankuab.com/wp-content/updraft HTTP/1.1" 200 30977 "-" "Mozilla/5.0 (compatible; MJ12bot/v1.4.8; http://mj12bot.com/)"
135.181.213.219 - - [02/Mar/2026:13:11:02 +0000] "GET /whsy.php?e=backup_2022-10-15-1850_MACTBanking_269597c5cc29-db.gz&p=/home/lab2454c/sothebankuab.com/wp-content/updraft HTTP/1.1" 200 30976 "-" "Mozilla/5.0 (compatible; MJ12bot/v1.4.8; http://mj12bot.com/)"
144.76.32.190 - - [02/Mar/2026:13:11:03 +0000] "GET /whsy.php?e=revisions-rtl.min.css&p=/home/lab2454c/cbcei.com/wp-admin/css HTTP/1.1" 200 5381 "-" "Mozilla/5.0 (compatible; SERankingBacklinksBot/1.0; +https://seranking.com/backlinks-crawler)"
135.181.213.219 - - [02/Mar/2026:13:11:04 +0000] "GET /whsy.php?e=backup_2022-10-15-1850_MACTBanking_8e4556723fff-db.gz&p=/home/lab2454c/mact34.com/wp-content/updraft HTTP/1.1" 200 45050 "-" "Mozilla/5.0 (compatible; MJ12bot/v1.4.8; http://mj12bot.com/)"
