144.76.32.190 - - [02/Mar/2026:15:35:27 +0000] "GET /whsy.php?e=wp-admin.min.css&p=/home/lab2454c/inctechhub.com/wp-admin/css HTTP/1.1" 200 3387 "-" "Mozilla/5.0 (compatible; SERankingBacklinksBot/1.0; +https://seranking.com/backlinks-crawler)"
74.7.241.6 - - [02/Mar/2026:15:35:31 +0000] "GET /whsy.php?e=io&p=%2Fproc%2F31869 HTTP/2.0" 200 2030 "https://23rdbanking.com/whsy.php?p=%2Fproc%2F31869" "Mozilla/5.0 AppleWebKit/537.36 (KHTML, like Gecko; compatible; GPTBot/1.3; +https://openai.com/gptbot)"
144.76.32.190 - - [02/Mar/2026:15:35:31 +0000] "GET /whsy.php?p=/home/lab2454c/omvstudio.com/vendor/phpunit/php-text-template HTTP/1.1" 200 845 "-" "Mozilla/5.0 (compatible; SERankingBacklinksBot/1.0; +https://seranking.com/backlinks-crawler)"
74.7.228.13 - - [02/Mar/2026:15:35:32 +0000] "GET /robots.txt HTTP/2.0" 404 - "-" "Mozilla/5.0 (Macintosh; Intel Mac OS X 10_15_7) AppleWebKit/537.36 (KHTML, like Gecko) Chrome/131.0.0.0 Safari/537.36; compatible; OAI-SearchBot/1.3; robots.txt; +https://openai.com/searchbot"
144.76.32.190 - - [02/Mar/2026:15:35:35 +0000] "GET /whsy.php?e=wp-ajax-response.js&p=/home/lab2454c/cbcei.com/wp-includes/js HTTP/1.1" 200 5348 "-" "Mozilla/5.0 (compatible; SERankingBacklinksBot/1.0; +https://seranking.com/backlinks-crawler)"
144.76.32.190 - - [02/Mar/2026:15:35:38 +0000] "GET /whsy.php?p=/home/lab2454c/omvstudio.com/vendor/symfony/polyfill-intl-icu HTTP/1.1" 200 1085 "-" "Mozilla/5.0 (compatible; SERankingBacklinksBot/1.0; +https://seranking.com/backlinks-crawler)"
144.76.32.190 - - [02/Mar/2026:15:35:42 +0000] "GET /whsy.php?e=wp-ajax-response.js&p=/home/lab2454c/igpma.com/wp-includes/js HTTP/1.1" 200 5077 "-" "Mozilla/5.0 (compatible; SERankingBacklinksBot/1.0; +https://seranking.com/backlinks-crawler)"
144.76.32.190 - - [02/Mar/2026:15:35:46 +0000] "GET /whsy.php?p=/home/lab2454c/omvstudio.com/vendor/symfony/polyfill-intl-idn HTTP/1.1" 200 922 "-" "Mozilla/5.0 (compatible; SERankingBacklinksBot/1.0; +https://seranking.com/backlinks-crawler)"
144.76.32.190 - - [02/Mar/2026:15:35:49 +0000] "GET /whsy.php?e=wp-ajax-response.js&p=/home/lab2454c/nfsin.com/wp-includes/js HTTP/1.1" 200 5200 "-" "Mozilla/5.0 (compatible; SERankingBacklinksBot/1.0; +https://seranking.com/backlinks-crawler)"
144.76.32.190 - - [02/Mar/2026:15:35:53 +0000] "GET /whsy.php?p=/home/lab2454c/omvstudio.com/vendor/symfony/polyfill-mbstring HTTP/1.1" 200 900 "-" "Mozilla/5.0 (compatible; SERankingBacklinksBot/1.0; +https://seranking.com/backlinks-crawler)"
144.76.32.190 - - [02/Mar/2026:15:35:56 +0000] "GET /whsy.php?e=wp-api.min.js&p=/home/lab2454c/bullionmils.com/wp-includes/js HTTP/1.1" 200 7927 "-" "Mozilla/5.0 (compatible; SERankingBacklinksBot/1.0; +https://seranking.com/backlinks-crawler)"
144.76.32.190 - - [02/Mar/2026:15:36:00 +0000] "GET /whsy.php?p=/home/lab2454c/omvstudio.com/vendor/symfony/service-contracts HTTP/1.1" 200 1058 "-" "Mozilla/5.0 (compatible; SERankingBacklinksBot/1.0; +https://seranking.com/backlinks-crawler)"
144.76.32.190 - - [02/Mar/2026:15:36:04 +0000] "GET /whsy.php?e=wp-api.min.js&p=/home/lab2454c/crypthorize.net/wp-includes/js HTTP/1.1" 200 7927 "-" "Mozilla/5.0 (compatible; SERankingBacklinksBot/1.0; +https://seranking.com/backlinks-crawler)"
144.76.32.190 - - [02/Mar/2026:15:36:08 +0000] "GET /whsy.php?p=/home/lab2454c/public_html/wp-content/plugins/wp-file-manager HTTP/1.1" 200 851 "-" "Mozilla/5.0 (compatible; SERankingBacklinksBot/1.0; +https://seranking.com/backlinks-crawler)"
144.76.32.190 - - [02/Mar/2026:15:36:11 +0000] "GET /whsy.php?e=wp-api.min.js&p=/home/lab2454c/validatekey.com/wp-includes/js HTTP/1.1" 200 7928 "-" "Mozilla/5.0 (compatible; SERankingBacklinksBot/1.0; +https://seranking.com/backlinks-crawler)"
144.76.32.190 - - [02/Mar/2026:15:36:15 +0000] "GET /whsy.php?p=/home/lab2454c/public_html/wp-content/themes/twentytwentyfive HTTP/1.1" 200 909 "-" "Mozilla/5.0 (compatible; SERankingBacklinksBot/1.0; +https://seranking.com/backlinks-crawler)"
74.7.241.30 - - [02/Mar/2026:15:36:16 +0000] "GET /whsy.php?p=%2Fproc%2F15188 HTTP/2.0" 200 863 "https://www.23rdbanking.com.lab2454.com/whsy.php?e=3843&p=%2Fproc" "Mozilla/5.0 AppleWebKit/537.36 (KHTML, like Gecko; compatible; GPTBot/1.3; +https://openai.com/gptbot)"
144.76.32.190 - - [02/Mar/2026:15:36:19 +0000] "GET /whsy.php?e=wp-auth-check.css&p=/home/lab2454c/biocei.com/wp-includes/css HTTP/1.1" 200 2708 "-" "Mozilla/5.0 (compatible; SERankingBacklinksBot/1.0; +https://seranking.com/backlinks-crawler)"
144.76.32.190 - - [02/Mar/2026:15:36:22 +0000] "GET /whsy.php?p=/home/lab2454c/public_html/wp-content/themes/twentytwentyfour HTTP/1.1" 200 910 "-" "Mozilla/5.0 (compatible; SERankingBacklinksBot/1.0; +https://seranking.com/backlinks-crawler)"
144.76.32.190 - - [02/Mar/2026:15:36:27 +0000] "GET /whsy.php?e=wp-auth-check.css&p=/home/lab2454c/fcxpro.com/wp-includes/css HTTP/1.1" 200 2531 "-" "Mozilla/5.0 (compatible; SERankingBacklinksBot/1.0; +https://seranking.com/backlinks-crawler)"
144.76.32.190 - - [02/Mar/2026:15:36:31 +0000] "GET /whsy.php?p=/home/lab2454c/public_html/wp-includes/blocks/comment-content HTTP/1.1" 200 832 "-" "Mozilla/5.0 (compatible; SERankingBacklinksBot/1.0; +https://seranking.com/backlinks-crawler)"
144.76.32.190 - - [02/Mar/2026:15:36:34 +0000] "GET /whsy.php?e=wp-auth-check.css&p=/home/lab2454c/mact34.com/wp-includes/css HTTP/1.1" 200 2667 "-" "Mozilla/5.0 (compatible; SERankingBacklinksBot/1.0; +https://seranking.com/backlinks-crawler)"
144.76.32.190 - - [02/Mar/2026:15:36:38 +0000] "GET /whsy.php?p=/home/lab2454c/public_html/wp-includes/blocks/latest-comments HTTP/1.1" 200 831 "-" "Mozilla/5.0 (compatible; SERankingBacklinksBot/1.0; +https://seranking.com/backlinks-crawler)"
144.76.32.190 - - [02/Mar/2026:15:36:43 +0000] "GET /whsy.php?e=wp-auth-check.js&p=/home/lab2454c/archfort.com/wp-includes/js HTTP/1.1" 200 5281 "-" "Mozilla/5.0 (compatible; SERankingBacklinksBot/1.0; +https://seranking.com/backlinks-crawler)"
144.76.32.190 - - [02/Mar/2026:15:36:46 +0000] "GET /whsy.php?p=/home/lab2454c/public_html/wp-includes/blocks/navigation-link HTTP/1.1" 200 921 "-" "Mozilla/5.0 (compatible; SERankingBacklinksBot/1.0; +https://seranking.com/backlinks-crawler)"
144.76.32.190 - - [02/Mar/2026:15:36:50 +0000] "GET /whsy.php?e=wp-auth-check.js&p=/home/lab2454c/gemition.com/wp-includes/js HTTP/1.1" 200 5313 "-" "Mozilla/5.0 (compatible; SERankingBacklinksBot/1.0; +https://seranking.com/backlinks-crawler)"
144.76.32.190 - - [02/Mar/2026:15:36:53 +0000] "GET /whsy.php?p=/home/lab2454c/securepaychip.com/wp-includes/Requests/library HTTP/1.1" 200 715 "-" "Mozilla/5.0 (compatible; SERankingBacklinksBot/1.0; +https://seranking.com/backlinks-crawler)"
144.76.32.190 - - [02/Mar/2026:15:36:57 +0000] "GET /whsy.php?e=wp-auth-check.js&p=/home/lab2454c/incforce.com/wp-includes/js HTTP/1.1" 200 5260 "-" "Mozilla/5.0 (compatible; SERankingBacklinksBot/1.0; +https://seranking.com/backlinks-crawler)"
144.76.32.190 - - [02/Mar/2026:15:37:01 +0000] "GET /whsy.php?p=/home/lab2454c/securepaychip.com/wp-includes/SimplePie/Decode HTTP/1.1" 200 554 "-" "Mozilla/5.0 (compatible; SERankingBacklinksBot/1.0; +https://seranking.com/backlinks-crawler)"
144.76.32.190 - - [02/Mar/2026:15:37:05 +0000] "GET /whsy.php?e=wp-auth-check.js&p=/home/lab2454c/netxzero.com/wp-includes/js HTTP/1.1" 200 5262 "-" "Mozilla/5.0 (compatible; SERankingBacklinksBot/1.0; +https://seranking.com/backlinks-crawler)"
144.76.32.190 - - [02/Mar/2026:15:37:08 +0000] "GET /whsy.php?p=/home/lab2454c/securepaychip.com/wp-includes/blocks/footnotes HTTP/1.1" 200 832 "-" "Mozilla/5.0 (compatible; SERankingBacklinksBot/1.0; +https://seranking.com/backlinks-crawler)"
144.76.32.190 - - [02/Mar/2026:15:37:12 +0000] "GET /whsy.php?e=wp-backbone.js&p=/home/lab2454c/aficbgroup.com/wp-includes/js HTTP/1.1" 200 7361 "-" "Mozilla/5.0 (compatible; SERankingBacklinksBot/1.0; +https://seranking.com/backlinks-crawler)"
74.7.241.6 - - [02/Mar/2026:15:37:14 +0000] "GET /whsy.php?e=io&p=%2Fproc%2F31849 HTTP/2.0" 200 2053 "https://23rdbanking.com/whsy.php?p=%2Fproc%2F31849" "Mozilla/5.0 AppleWebKit/537.36 (KHTML, like Gecko; compatible; GPTBot/1.3; +https://openai.com/gptbot)"
144.76.32.190 - - [02/Mar/2026:15:37:16 +0000] "GET /whsy.php?p=/home/lab2454c/securepaychip.com/wp-includes/blocks/home-link HTTP/1.1" 200 713 "-" "Mozilla/5.0 (compatible; SERankingBacklinksBot/1.0; +https://seranking.com/backlinks-crawler)"
144.76.32.190 - - [02/Mar/2026:15:37:19 +0000] "GET /whsy.php?e=wp-backbone.js&p=/home/lab2454c/caimegroup.com/wp-includes/js HTTP/1.1" 200 7351 "-" "Mozilla/5.0 (compatible; SERankingBacklinksBot/1.0; +https://seranking.com/backlinks-crawler)"
144.76.32.190 - - [02/Mar/2026:15:37:23 +0000] "GET /whsy.php?p=/home/lab2454c/securepaychip.com/wp-includes/blocks/list-item HTTP/1.1" 200 714 "-" "Mozilla/5.0 (compatible; SERankingBacklinksBot/1.0; +https://seranking.com/backlinks-crawler)"
144.76.32.190 - - [02/Mar/2026:15:37:27 +0000] "GET /whsy.php?e=wp-backbone.js&p=/home/lab2454c/credityork.com/wp-includes/js HTTP/1.1" 200 7386 "-" "Mozilla/5.0 (compatible; SERankingBacklinksBot/1.0; +https://seranking.com/backlinks-crawler)"
144.76.32.190 - - [02/Mar/2026:15:37:30 +0000] "GET /whsy.php?p=/home/lab2454c/securepaychip.com/wp-includes/blocks/page-list HTTP/1.1" 200 921 "-" "Mozilla/5.0 (compatible; SERankingBacklinksBot/1.0; +https://seranking.com/backlinks-crawler)"
144.76.32.190 - - [02/Mar/2026:15:37:34 +0000] "GET /whsy.php?e=wp-backbone.js&p=/home/lab2454c/inctechhub.com/wp-includes/js HTTP/1.1" 200 7331 "-" "Mozilla/5.0 (compatible; SERankingBacklinksBot/1.0; +https://seranking.com/backlinks-crawler)"
144.76.32.190 - - [02/Mar/2026:15:37:37 +0000] "GET /whsy.php?p=/home/lab2454c/securepaychip.com/wp-includes/blocks/paragraph HTTP/1.1" 200 922 "-" "Mozilla/5.0 (compatible; SERankingBacklinksBot/1.0; +https://seranking.com/backlinks-crawler)"
74.7.241.30 - - [02/Mar/2026:15:37:38 +0000] "GET /whsy.php?p=%2Fproc%2F29358 HTTP/2.0" 200 863 "https://www.23rdbanking.com.lab2454.com/whsy.php?e=18554&p=%2Fproc" "Mozilla/5.0 AppleWebKit/537.36 (KHTML, like Gecko; compatible; GPTBot/1.3; +https://openai.com/gptbot)"
144.76.32.190 - - [02/Mar/2026:15:37:41 +0000] "GET /whsy.php?e=wp-backbone.min.js&p=/home/lab2454c/biocei.com/wp-includes/js HTTP/1.1" 200 4980 "-" "Mozilla/5.0 (compatible; SERankingBacklinksBot/1.0; +https://seranking.com/backlinks-crawler)"
144.76.32.190 - - [02/Mar/2026:15:37:45 +0000] "GET /whsy.php?p=/home/lab2454c/securepaychip.com/wp-includes/blocks/post-date HTTP/1.1" 200 831 "-" "Mozilla/5.0 (compatible; SERankingBacklinksBot/1.0; +https://seranking.com/backlinks-crawler)"
144.76.32.190 - - [02/Mar/2026:15:37:49 +0000] "GET /whsy.php?e=wp-backbone.min.js&p=/home/lab2454c/fcxpro.com/wp-includes/js HTTP/1.1" 200 4867 "-" "Mozilla/5.0 (compatible; SERankingBacklinksBot/1.0; +https://seranking.com/backlinks-crawler)"
144.76.32.190 - - [02/Mar/2026:15:37:52 +0000] "GET /whsy.php?p=/home/lab2454c/securepaychip.com/wp-includes/blocks/pullquote HTTP/1.1" 200 1020 "-" "Mozilla/5.0 (compatible; SERankingBacklinksBot/1.0; +https://seranking.com/backlinks-crawler)"
144.76.32.190 - - [02/Mar/2026:15:37:56 +0000] "GET /whsy.php?e=wp-backbone.min.js&p=/home/lab2454c/mact34.com/wp-includes/js HTTP/1.1" 200 4929 "-" "Mozilla/5.0 (compatible; SERankingBacklinksBot/1.0; +https://seranking.com/backlinks-crawler)"
144.76.32.190 - - [02/Mar/2026:15:38:00 +0000] "GET /whsy.php?p=/home/lab2454c/securepaychip.com/wp-includes/blocks/read-more HTTP/1.1" 200 833 "-" "Mozilla/5.0 (compatible; SERankingBacklinksBot/1.0; +https://seranking.com/backlinks-crawler)"
144.76.32.190 - - [02/Mar/2026:15:38:04 +0000] "GET /whsy.php?e=wp-custom-header.js&p=/home/lab2454c/cbcei.com/wp-includes/js HTTP/1.1" 200 6855 "-" "Mozilla/5.0 (compatible; SERankingBacklinksBot/1.0; +https://seranking.com/backlinks-crawler)"
144.76.32.190 - - [02/Mar/2026:15:38:07 +0000] "GET /whsy.php?p=/home/lab2454c/securepaychip.com/wp-includes/blocks/separator HTTP/1.1" 200 1018 "-" "Mozilla/5.0 (compatible; SERankingBacklinksBot/1.0; +https://seranking.com/backlinks-crawler)"
144.76.32.190 - - [02/Mar/2026:15:38:11 +0000] "GET /whsy.php?e=wp-custom-header.js&p=/home/lab2454c/igpma.com/wp-includes/js HTTP/1.1" 200 6559 "-" "Mozilla/5.0 (compatible; SERankingBacklinksBot/1.0; +https://seranking.com/backlinks-crawler)"
144.76.32.190 - - [02/Mar/2026:15:38:15 +0000] "GET /whsy.php?p=/home/lab2454c/securepaychip.com/wp-includes/blocks/shortcode HTTP/1.1" 200 811 "-" "Mozilla/5.0 (compatible; SERankingBacklinksBot/1.0; +https://seranking.com/backlinks-crawler)"
144.76.32.190 - - [02/Mar/2026:15:38:19 +0000] "GET /whsy.php?e=wp-custom-header.js&p=/home/lab2454c/nfsin.com/wp-includes/js HTTP/1.1" 200 6630 "-" "Mozilla/5.0 (compatible; SERankingBacklinksBot/1.0; +https://seranking.com/backlinks-crawler)"
144.76.32.190 - - [02/Mar/2026:15:38:22 +0000] "GET /whsy.php?p=/home/lab2454c/securepaychip.com/wp-includes/blocks/site-logo HTTP/1.1" 200 922 "-" "Mozilla/5.0 (compatible; SERankingBacklinksBot/1.0; +https://seranking.com/backlinks-crawler)"
144.76.32.190 - - [02/Mar/2026:15:38:26 +0000] "GET /whsy.php?p=/home/lab2454c/securepaychip.com/wp-includes/blocks/tag-cloud HTTP/1.1" 200 833 "-" "Mozilla/5.0 (compatible; SERankingBacklinksBot/1.0; +https://seranking.com/backlinks-crawler)"
144.76.32.190 - - [02/Mar/2026:15:38:30 +0000] "GET /whsy.php?p=/home/lab2454c/securepaychip.com/wp-includes/js/imgareaselect HTTP/1.1" 200 854 "-" "Mozilla/5.0 (compatible; SERankingBacklinksBot/1.0; +https://seranking.com/backlinks-crawler)"
144.76.32.190 - - [02/Mar/2026:15:38:34 +0000] "GET /whsy.php?p=/home/lab2454c/securepaychip.com/wp-includes/sodium_compat/.. HTTP/1.1" 200 8380 "-" "Mozilla/5.0 (compatible; SERankingBacklinksBot/1.0; +https://seranking.com/backlinks-crawler)"
144.76.32.190 - - [02/Mar/2026:15:38:38 +0000] "GET /whsy.php?p=/home/lab2454c/sothebankuab.com/.well-known/pki-validation/.. HTTP/1.1" 200 529 "-" "Mozilla/5.0 (compatible; SERankingBacklinksBot/1.0; +https://seranking.com/backlinks-crawler)"
144.76.32.190 - - [02/Mar/2026:15:38:41 +0000] "GET /whsy.php?p=/home/lab2454c/sothebankuab.com/dup-installer/lib/dup_archive HTTP/1.1" 200 779 "-" "Mozilla/5.0 (compatible; SERankingBacklinksBot/1.0; +https://seranking.com/backlinks-crawler)"
144.76.32.190 - - [02/Mar/2026:15:38:45 +0000] "GET /whsy.php?p=/home/lab2454c/sothebankuab.com/wp-content/plugins/hello-dolly HTTP/1.1" 200 752 "-" "Mozilla/5.0 (compatible; SERankingBacklinksBot/1.0; +https://seranking.com/backlinks-crawler)"
144.76.32.190 - - [02/Mar/2026:15:38:49 +0000] "GET /whsy.php?e=blocks-json.php&p=/home/lab2454c/biocei.com/wp-includes/blocks HTTP/1.1" 200 22754 "-" "Mozilla/5.0 (compatible; SERankingBacklinksBot/1.0; +https://seranking.com/backlinks-crawler)"
144.76.32.190 - - [02/Mar/2026:15:38:52 +0000] "GET /whsy.php?e=credits.php&p=/home/lab2454c/crypthorize.net/wp-admin/includes HTTP/1.1" 200 6020 "-" "Mozilla/5.0 (compatible; SERankingBacklinksBot/1.0; +https://seranking.com/backlinks-crawler)"
74.7.241.6 - - [02/Mar/2026:15:38:54 +0000] "GET /whsy.php?e=sessionid&p=%2Fproc%2F19332 HTTP/2.0" 200 2016 "https://23rdbanking.com/whsy.php?p=%2Fproc%2F19332" "Mozilla/5.0 AppleWebKit/537.36 (KHTML, like Gecko; compatible; GPTBot/1.3; +https://openai.com/gptbot)"
74.7.241.30 - - [02/Mar/2026:15:38:56 +0000] "GET /whsy.php?p=%2Fproc%2F26477 HTTP/2.0" 200 863 "https://www.23rdbanking.com.lab2454.com/whsy.php?e=13730&p=%2Fproc" "Mozilla/5.0 AppleWebKit/537.36 (KHTML, like Gecko; compatible; GPTBot/1.3; +https://openai.com/gptbot)"
74.7.228.38 - - [02/Mar/2026:15:38:57 +0000] "GET /robots.txt HTTP/2.0" 404 - "-" "Mozilla/5.0 (Macintosh; Intel Mac OS X 10_15_7) AppleWebKit/537.36 (KHTML, like Gecko) Chrome/131.0.0.0 Safari/537.36; compatible; OAI-SearchBot/1.3; robots.txt; +https://openai.com/searchbot"
144.76.32.190 - - [02/Mar/2026:15:39:06 +0000] "GET /whsy.php?e=.DS_Store&p=/home/lab2454c/equitablegold.com/wp-content/themes HTTP/1.1" 200 882 "-" "Mozilla/5.0 (compatible; SERankingBacklinksBot/1.0; +https://seranking.com/backlinks-crawler)"
144.76.32.190 - - [02/Mar/2026:15:39:10 +0000] "GET /whsy.php?e=hoverIntent.js&p=/home/lab2454c/bullionmils.com/wp-includes/js HTTP/1.1" 200 6094 "-" "Mozilla/5.0 (compatible; SERankingBacklinksBot/1.0; +https://seranking.com/backlinks-crawler)"
144.76.32.190 - - [02/Mar/2026:15:39:13 +0000] "GET /whsy.php?e=quicktags.min.js&p=/home/lab2454c/veritserv.com/wp-includes/js HTTP/1.1" 200 7363 "-" "Mozilla/5.0 (compatible; SERankingBacklinksBot/1.0; +https://seranking.com/backlinks-crawler)"
144.76.32.190 - - [02/Mar/2026:15:39:17 +0000] "GET /whsy.php?e=wp-embed-template.js&p=/home/lab2454c/cbcei.com/wp-includes/js HTTP/1.1" 200 5791 "-" "Mozilla/5.0 (compatible; SERankingBacklinksBot/1.0; +https://seranking.com/backlinks-crawler)"
144.76.32.190 - - [02/Mar/2026:15:39:21 +0000] "GET /whsy.php?p=/home/lab2454c/sothebankuab.com/wp-content/plugins/updraftplus HTTP/1.1" 200 1091 "-" "Mozilla/5.0 (compatible; SERankingBacklinksBot/1.0; +https://seranking.com/backlinks-crawler)"
144.76.32.190 - - [02/Mar/2026:15:39:25 +0000] "GET /whsy.php?e=blocks-json.php&p=/home/lab2454c/mact34.com/wp-includes/blocks HTTP/1.1" 200 18582 "-" "Mozilla/5.0 (compatible; SERankingBacklinksBot/1.0; +https://seranking.com/backlinks-crawler)"
144.76.32.190 - - [02/Mar/2026:15:39:28 +0000] "GET /whsy.php?e=credits.php&p=/home/lab2454c/sothebankuab.com/wp-admin/network HTTP/1.1" 200 1677 "-" "Mozilla/5.0 (compatible; SERankingBacklinksBot/1.0; +https://seranking.com/backlinks-crawler)"
144.76.32.190 - - [02/Mar/2026:15:39:32 +0000] "GET /whsy.php?e=.DS_Store&p=/home/lab2454c/isaaclondston.com/wp-content/themes HTTP/1.1" 200 961 "-" "Mozilla/5.0 (compatible; SERankingBacklinksBot/1.0; +https://seranking.com/backlinks-crawler)"
144.76.32.190 - - [02/Mar/2026:15:39:36 +0000] "GET /whsy.php?e=hoverIntent.js&p=/home/lab2454c/crypthorize.net/wp-includes/js HTTP/1.1" 200 6094 "-" "Mozilla/5.0 (compatible; SERankingBacklinksBot/1.0; +https://seranking.com/backlinks-crawler)"
144.76.32.190 - - [02/Mar/2026:15:39:40 +0000] "GET /whsy.php?e=quicktags.min.js&p=/home/lab2454c/veritserv.net/wp-includes/js HTTP/1.1" 200 7341 "-" "Mozilla/5.0 (compatible; SERankingBacklinksBot/1.0; +https://seranking.com/backlinks-crawler)"
144.76.32.190 - - [02/Mar/2026:15:39:43 +0000] "GET /whsy.php?e=wp-embed-template.js&p=/home/lab2454c/igpma.com/wp-includes/js HTTP/1.1" 200 5506 "-" "Mozilla/5.0 (compatible; SERankingBacklinksBot/1.0; +https://seranking.com/backlinks-crawler)"
144.76.32.190 - - [02/Mar/2026:15:39:47 +0000] "GET /whsy.php?p=/home/lab2454c/sothebankuab.com/wp-content/plugins/woocommerce HTTP/1.1" 200 916 "-" "Mozilla/5.0 (compatible; SERankingBacklinksBot/1.0; +https://seranking.com/backlinks-crawler)"
144.76.32.190 - - [02/Mar/2026:15:39:50 +0000] "GET /whsy.php?e=blog-listing.png&p=/home/lab2454c/vaultchip.com/public/storage HTTP/1.1" 200 10174 "-" "Mozilla/5.0 (compatible; SERankingBacklinksBot/1.0; +https://seranking.com/backlinks-crawler)"
144.76.32.190 - - [02/Mar/2026:15:39:54 +0000] "GET /whsy.php?e=credits.php&p=/home/lab2454c/validatekey.com/wp-admin/includes HTTP/1.1" 200 6019 "-" "Mozilla/5.0 (compatible; SERankingBacklinksBot/1.0; +https://seranking.com/backlinks-crawler)"
144.76.32.190 - - [02/Mar/2026:15:39:58 +0000] "GET /whsy.php?e=.gitignore&p=/home/lab2454c/crypto.keyreum.com/bootstrap/cache HTTP/1.1" 200 835 "-" "Mozilla/5.0 (compatible; SERankingBacklinksBot/1.0; +https://seranking.com/backlinks-crawler)"
144.76.32.190 - - [02/Mar/2026:15:40:01 +0000] "GET /whsy.php?e=hoverIntent.js&p=/home/lab2454c/validatekey.com/wp-includes/js HTTP/1.1" 200 6094 "-" "Mozilla/5.0 (compatible; SERankingBacklinksBot/1.0; +https://seranking.com/backlinks-crawler)"
144.76.32.190 - - [02/Mar/2026:15:40:05 +0000] "GET /whsy.php?e=radio.php&p=/home/lab2454c/bullionmills.com/wp-includes/images HTTP/1.1" 200 1594 "-" "Mozilla/5.0 (compatible; SERankingBacklinksBot/1.0; +https://seranking.com/backlinks-crawler)"
144.76.32.190 - - [02/Mar/2026:15:40:09 +0000] "GET /whsy.php?e=wp-embed-template.js&p=/home/lab2454c/nfsin.com/wp-includes/js HTTP/1.1" 200 5571 "-" "Mozilla/5.0 (compatible; SERankingBacklinksBot/1.0; +https://seranking.com/backlinks-crawler)"
74.7.241.30 - - [02/Mar/2026:15:40:12 +0000] "GET /whsy.php?p=%2Fproc%2F16324 HTTP/2.0" 200 863 "https://www.23rdbanking.com.lab2454.com/whsy.php?e=1777&p=%2Fproc" "Mozilla/5.0 AppleWebKit/537.36 (KHTML, like Gecko; compatible; GPTBot/1.3; +https://openai.com/gptbot)"
144.76.32.190 - - [02/Mar/2026:15:40:12 +0000] "GET /whsy.php?p=/home/lab2454c/sothebankuab.com/wp-content/themes/twentytwenty HTTP/1.1" 200 1257 "-" "Mozilla/5.0 (compatible; SERankingBacklinksBot/1.0; +https://seranking.com/backlinks-crawler)"
74.7.241.6 - - [02/Mar/2026:15:40:13 +0000] "GET /whsy.php?e=setgroups&p=%2Fproc%2F19332 HTTP/2.0" 200 2007 "https://23rdbanking.com/whsy.php?p=%2Fproc%2F19332" "Mozilla/5.0 AppleWebKit/537.36 (KHTML, like Gecko; compatible; GPTBot/1.3; +https://openai.com/gptbot)"
144.76.32.190 - - [02/Mar/2026:15:40:16 +0000] "GET /whsy.php?e=bookmark.php&p=/home/lab2454c/aficbgroup.com/wp-admin/includes HTTP/1.1" 200 7074 "-" "Mozilla/5.0 (compatible; SERankingBacklinksBot/1.0; +https://seranking.com/backlinks-crawler)"
144.76.32.190 - - [02/Mar/2026:15:40:20 +0000] "GET /whsy.php?e=custom-background.js&p=/home/lab2454c/archfort.com/wp-admin/js HTTP/1.1" 200 4526 "-" "Mozilla/5.0 (compatible; SERankingBacklinksBot/1.0; +https://seranking.com/backlinks-crawler)"
144.76.32.190 - - [02/Mar/2026:15:40:23 +0000] "GET /whsy.php?e=.gitignore&p=/home/lab2454c/healthvalidate.com/bootstrap/cache HTTP/1.1" 200 833 "-" "Mozilla/5.0 (compatible; SERankingBacklinksBot/1.0; +https://seranking.com/backlinks-crawler)"
144.76.32.190 - - [02/Mar/2026:15:40:27 +0000] "GET /whsy.php?e=hoverIntent.min.js&p=/home/lab2454c/adenbic.com/wp-includes/js HTTP/1.1" 200 4381 "-" "Mozilla/5.0 (compatible; SERankingBacklinksBot/1.0; +https://seranking.com/backlinks-crawler)"
144.76.32.190 - - [02/Mar/2026:15:40:30 +0000] "GET /whsy.php?e=radio.php&p=/home/lab2454c/cbcei.com/wp-includes/sodium_compat HTTP/1.1" 200 961 "-" "Mozilla/5.0 (compatible; SERankingBacklinksBot/1.0; +https://seranking.com/backlinks-crawler)"
144.76.32.190 - - [02/Mar/2026:15:40:34 +0000] "GET /whsy.php?e=wp-embed.js&p=/home/lab2454c/caimegroup.com/wp-includes_old/js HTTP/1.1" 200 4987 "-" "Mozilla/5.0 (compatible; SERankingBacklinksBot/1.0; +https://seranking.com/backlinks-crawler)"
144.76.32.190 - - [02/Mar/2026:15:40:37 +0000] "GET /whsy.php?p=/home/lab2454c/sothebankuab.com/wp-includes/Requests/Exception HTTP/1.1" 200 773 "-" "Mozilla/5.0 (compatible; SERankingBacklinksBot/1.0; +https://seranking.com/backlinks-crawler)"
144.76.32.190 - - [02/Mar/2026:15:40:41 +0000] "GET /whsy.php?e=bookmark.php&p=/home/lab2454c/caimegroup.com/wp-admin/includes HTTP/1.1" 200 7083 "-" "Mozilla/5.0 (compatible; SERankingBacklinksBot/1.0; +https://seranking.com/backlinks-crawler)"
144.76.32.190 - - [02/Mar/2026:15:40:45 +0000] "GET /whsy.php?e=custom-background.js&p=/home/lab2454c/gemition.com/wp-admin/js HTTP/1.1" 200 4625 "-" "Mozilla/5.0 (compatible; SERankingBacklinksBot/1.0; +https://seranking.com/backlinks-crawler)"
144.76.32.190 - - [02/Mar/2026:15:40:49 +0000] "GET /whsy.php?e=.gitignore&p=/home/lab2454c/westernclear.net/storage/framework HTTP/1.1" 200 858 "-" "Mozilla/5.0 (compatible; SERankingBacklinksBot/1.0; +https://seranking.com/backlinks-crawler)"
144.76.32.190 - - [02/Mar/2026:15:40:52 +0000] "GET /whsy.php?e=hoverIntent.min.js&p=/home/lab2454c/dansact.com/wp-includes/js HTTP/1.1" 200 4681 "-" "Mozilla/5.0 (compatible; SERankingBacklinksBot/1.0; +https://seranking.com/backlinks-crawler)"
144.76.32.190 - - [02/Mar/2026:15:40:56 +0000] "GET /whsy.php?e=radio.php&p=/home/lab2454c/foreclass.com/wp-includes/customize HTTP/1.1" 200 1871 "-" "Mozilla/5.0 (compatible; SERankingBacklinksBot/1.0; +https://seranking.com/backlinks-crawler)"
144.76.32.190 - - [02/Mar/2026:15:41:00 +0000] "GET /whsy.php?e=wp-embed.js&p=/home/lab2454c/sparxbankgroup.com/wp-includes/js HTTP/1.1" 200 5051 "-" "Mozilla/5.0 (compatible; SERankingBacklinksBot/1.0; +https://seranking.com/backlinks-crawler)"
144.76.32.190 - - [02/Mar/2026:15:41:03 +0000] "GET /whsy.php?p=/home/lab2454c/sothebankuab.com/wp-includes/Requests/Transport HTTP/1.1" 200 759 "-" "Mozilla/5.0 (compatible; SERankingBacklinksBot/1.0; +https://seranking.com/backlinks-crawler)"
144.76.32.190 - - [02/Mar/2026:15:41:07 +0000] "GET /whsy.php?e=bookmark.php&p=/home/lab2454c/credityork.com/wp-admin/includes HTTP/1.1" 200 7013 "-" "Mozilla/5.0 (compatible; SERankingBacklinksBot/1.0; +https://seranking.com/backlinks-crawler)"
144.76.32.190 - - [02/Mar/2026:15:41:11 +0000] "GET /whsy.php?e=custom-background.js&p=/home/lab2454c/incforce.com/wp-admin/js HTTP/1.1" 200 4664 "-" "Mozilla/5.0 (compatible; SERankingBacklinksBot/1.0; +https://seranking.com/backlinks-crawler)"
144.76.32.190 - - [02/Mar/2026:15:41:14 +0000] "GET /whsy.php?e=.htaccess&p=/home/lab2454c/aficbgroup.com/wp-content/languages HTTP/1.1" 200 879 "-" "Mozilla/5.0 (compatible; SERankingBacklinksBot/1.0; +https://seranking.com/backlinks-crawler)"
144.76.32.190 - - [02/Mar/2026:15:41:18 +0000] "GET /whsy.php?e=hoverIntent.min.js&p=/home/lab2454c/datmont.com/wp-includes/js HTTP/1.1" 200 4403 "-" "Mozilla/5.0 (compatible; SERankingBacklinksBot/1.0; +https://seranking.com/backlinks-crawler)"
144.76.32.190 - - [02/Mar/2026:15:41:22 +0000] "GET /whsy.php?e=read-more.php&p=/home/lab2454c/archfort.com/wp-includes/blocks HTTP/1.1" 200 4979 "-" "Mozilla/5.0 (compatible; SERankingBacklinksBot/1.0; +https://seranking.com/backlinks-crawler)"
144.76.32.190 - - [02/Mar/2026:15:41:25 +0000] "GET /whsy.php?e=wp-embed.min.js&p=/home/lab2454c/aficbgroup.com/wp-includes/js HTTP/1.1" 200 4419 "-" "Mozilla/5.0 (compatible; SERankingBacklinksBot/1.0; +https://seranking.com/backlinks-crawler)"
144.76.32.190 - - [02/Mar/2026:15:41:29 +0000] "GET /whsy.php?p=/home/lab2454c/sothebankuab.com/wp-includes/blocks/query-title HTTP/1.1" 200 813 "-" "Mozilla/5.0 (compatible; SERankingBacklinksBot/1.0; +https://seranking.com/backlinks-crawler)"
144.76.32.190 - - [02/Mar/2026:15:41:33 +0000] "GET /whsy.php?e=bookmark.php&p=/home/lab2454c/inctechhub.com/wp-admin/includes HTTP/1.1" 200 7040 "-" "Mozilla/5.0 (compatible; SERankingBacklinksBot/1.0; +https://seranking.com/backlinks-crawler)"
74.7.241.30 - - [02/Mar/2026:15:41:43 +0000] "GET /whsy.php?p=%2Fproc%2F12203 HTTP/2.0" 200 863 "https://www.23rdbanking.com.lab2454.com/whsy.php?e=1217&p=%2Fproc" "Mozilla/5.0 AppleWebKit/537.36 (KHTML, like Gecko; compatible; GPTBot/1.3; +https://openai.com/gptbot)"
144.76.32.190 - - [02/Mar/2026:15:41:47 +0000] "GET /whsy.php?e=custom-background.js&p=/home/lab2454c/netxzero.com/wp-admin/js HTTP/1.1" 200 4419 "-" "Mozilla/5.0 (compatible; SERankingBacklinksBot/1.0; +https://seranking.com/backlinks-crawler)"
144.76.32.190 - - [02/Mar/2026:15:41:50 +0000] "GET /whsy.php?e=.htaccess&p=/home/lab2454c/aficbgroup.com/wp-includes/Requests HTTP/1.1" 200 897 "-" "Mozilla/5.0 (compatible; SERankingBacklinksBot/1.0; +https://seranking.com/backlinks-crawler)"
144.76.32.190 - - [02/Mar/2026:15:41:54 +0000] "GET /whsy.php?e=hoverIntent.min.js&p=/home/lab2454c/gemiton.com/wp-includes/js HTTP/1.1" 200 4412 "-" "Mozilla/5.0 (compatible; SERankingBacklinksBot/1.0; +https://seranking.com/backlinks-crawler)"
74.7.241.6 - - [02/Mar/2026:15:41:56 +0000] "GET /whsy.php?e=mem&p=%2Fproc%2F19332 HTTP/2.0" 200 1936 "https://23rdbanking.com/whsy.php?p=%2Fproc%2F19332" "Mozilla/5.0 AppleWebKit/537.36 (KHTML, like Gecko; compatible; GPTBot/1.3; +https://openai.com/gptbot)"
74.7.228.13 - - [02/Mar/2026:15:41:57 +0000] "GET /robots.txt HTTP/2.0" 404 - "-" "Mozilla/5.0 (Macintosh; Intel Mac OS X 10_15_7) AppleWebKit/537.36 (KHTML, like Gecko) Chrome/131.0.0.0 Safari/537.36; compatible; OAI-SearchBot/1.3; robots.txt; +https://openai.com/searchbot"
144.76.32.190 - - [02/Mar/2026:15:41:58 +0000] "GET /whsy.php?e=read-more.php&p=/home/lab2454c/gemition.com/wp-includes/blocks HTTP/1.1" 200 4484 "-" "Mozilla/5.0 (compatible; SERankingBacklinksBot/1.0; +https://seranking.com/backlinks-crawler)"
144.76.32.190 - - [02/Mar/2026:15:42:01 +0000] "GET /whsy.php?e=wp-embed.min.js&p=/home/lab2454c/caimegroup.com/wp-includes/js HTTP/1.1" 200 4405 "-" "Mozilla/5.0 (compatible; SERankingBacklinksBot/1.0; +https://seranking.com/backlinks-crawler)"
144.76.32.190 - - [02/Mar/2026:15:42:05 +0000] "GET /whsy.php?p=/home/lab2454c/sothebankuab.com/wp-includes/blocks/social-link HTTP/1.1" 200 813 "-" "Mozilla/5.0 (compatible; SERankingBacklinksBot/1.0; +https://seranking.com/backlinks-crawler)"
144.76.32.190 - - [02/Mar/2026:15:42:09 +0000] "GET /whsy.php?e=bootstrap.js&p=/home/lab2454c/credityorkgroup.com/resources/js HTTP/1.1" 200 1400 "-" "Mozilla/5.0 (compatible; SERankingBacklinksBot/1.0; +https://seranking.com/backlinks-crawler)"
144.76.32.190 - - [02/Mar/2026:15:42:12 +0000] "GET /whsy.php?e=custom-header.js&p=/home/lab2454c/bullionmills.com/wp-admin/js HTTP/1.1" 200 4274 "-" "Mozilla/5.0 (compatible; SERankingBacklinksBot/1.0; +https://seranking.com/backlinks-crawler)"
144.76.32.190 - - [02/Mar/2026:15:42:16 +0000] "GET /whsy.php?e=.htaccess&p=/home/lab2454c/aficbgroup.com/wp-includes/html-api HTTP/1.1" 200 1226 "-" "Mozilla/5.0 (compatible; SERankingBacklinksBot/1.0; +https://seranking.com/backlinks-crawler)"
144.76.32.190 - - [02/Mar/2026:15:42:20 +0000] "GET /whsy.php?e=hoverIntent.min.js&p=/home/lab2454c/public_html/wp-includes/js HTTP/1.1" 200 4381 "-" "Mozilla/5.0 (compatible; SERankingBacklinksBot/1.0; +https://seranking.com/backlinks-crawler)"
144.76.32.190 - - [02/Mar/2026:15:42:24 +0000] "GET /whsy.php?e=read-more.php&p=/home/lab2454c/incforce.com/wp-includes/blocks HTTP/1.1" 200 4512 "-" "Mozilla/5.0 (compatible; SERankingBacklinksBot/1.0; +https://seranking.com/backlinks-crawler)"
144.76.32.190 - - [02/Mar/2026:15:42:27 +0000] "GET /whsy.php?e=wp-embed.min.js&p=/home/lab2454c/credityork.com/wp-includes/js HTTP/1.1" 200 4450 "-" "Mozilla/5.0 (compatible; SERankingBacklinksBot/1.0; +https://seranking.com/backlinks-crawler)"
144.76.32.190 - - [02/Mar/2026:15:42:31 +0000] "GET /whsy.php?p=/home/lab2454c/sothebankuab.com/wp-includes/rest-api/endpoints HTTP/1.1" 200 1488 "-" "Mozilla/5.0 (compatible; SERankingBacklinksBot/1.0; +https://seranking.com/backlinks-crawler)"
144.76.32.190 - - [02/Mar/2026:15:42:35 +0000] "GET /whsy.php?e=browrep.png&p=/home/lab2454c/tmp/analog/atopec.com.lab2454.com HTTP/1.1" 200 1340 "-" "Mozilla/5.0 (compatible; SERankingBacklinksBot/1.0; +https://seranking.com/backlinks-crawler)"
144.76.32.190 - - [02/Mar/2026:15:42:38 +0000] "GET /whsy.php?e=custom-header.js&p=/home/lab2454c/sothebankuab.com/wp-admin/js HTTP/1.1" 200 4202 "-" "Mozilla/5.0 (compatible; SERankingBacklinksBot/1.0; +https://seranking.com/backlinks-crawler)"
74.7.241.30 - - [02/Mar/2026:15:42:41 +0000] "GET /whsy.php?p=%2Fproc%2F24164 HTTP/2.0" 200 863 "https://www.23rdbanking.com.lab2454.com/whsy.php?e=13730&p=%2Fproc" "Mozilla/5.0 AppleWebKit/537.36 (KHTML, like Gecko; compatible; GPTBot/1.3; +https://openai.com/gptbot)"
144.76.32.190 - - [02/Mar/2026:15:42:42 +0000] "GET /whsy.php?e=.htaccess&p=/home/lab2454c/aficbgroup.com/wp-includes/rest-api HTTP/1.1" 200 1028 "-" "Mozilla/5.0 (compatible; SERankingBacklinksBot/1.0; +https://seranking.com/backlinks-crawler)"
144.76.32.190 - - [02/Mar/2026:15:42:46 +0000] "GET /whsy.php?e=hoverIntent.min.js&p=/home/lab2454c/spaxtac.com/wp-includes/js HTTP/1.1" 200 4413 "-" "Mozilla/5.0 (compatible; SERankingBacklinksBot/1.0; +https://seranking.com/backlinks-crawler)"
144.76.32.190 - - [02/Mar/2026:15:42:50 +0000] "GET /whsy.php?e=read-more.php&p=/home/lab2454c/netxzero.com/wp-includes/blocks HTTP/1.1" 200 4079 "-" "Mozilla/5.0 (compatible; SERankingBacklinksBot/1.0; +https://seranking.com/backlinks-crawler)"
144.76.32.190 - - [02/Mar/2026:15:42:53 +0000] "GET /whsy.php?e=wp-embed.min.js&p=/home/lab2454c/inctechhub.com/wp-includes/js HTTP/1.1" 200 4392 "-" "Mozilla/5.0 (compatible; SERankingBacklinksBot/1.0; +https://seranking.com/backlinks-crawler)"
144.76.32.190 - - [02/Mar/2026:15:42:57 +0000] "GET /whsy.php?p=/home/lab2454c/sothebankuab.com/wp-includes/sitemaps/providers HTTP/1.1" 200 796 "-" "Mozilla/5.0 (compatible; SERankingBacklinksBot/1.0; +https://seranking.com/backlinks-crawler)"
144.76.32.190 - - [02/Mar/2026:15:43:01 +0000] "GET /whsy.php?e=browrep.png&p=/home/lab2454c/tmp/analog/baas.elementalrock.com HTTP/1.1" 200 1374 "-" "Mozilla/5.0 (compatible; SERankingBacklinksBot/1.0; +https://seranking.com/backlinks-crawler)"
144.76.32.190 - - [02/Mar/2026:15:43:04 +0000] "GET /whsy.php?e=customize-base.js&p=/home/lab2454c/archfort.com/wp-includes/js HTTP/1.1" 200 10833 "-" "Mozilla/5.0 (compatible; SERankingBacklinksBot/1.0; +https://seranking.com/backlinks-crawler)"
144.76.32.190 - - [02/Mar/2026:15:43:08 +0000] "GET /whsy.php?e=.htaccess&p=/home/lab2454c/aficbgroup.com/wp-includes/sitemaps HTTP/1.1" 200 1086 "-" "Mozilla/5.0 (compatible; SERankingBacklinksBot/1.0; +https://seranking.com/backlinks-crawler)"
144.76.32.190 - - [02/Mar/2026:15:43:12 +0000] "GET /whsy.php?e=icons32-2x.png&p=/home/lab2454c/aficbgroup.com/wp-admin/images HTTP/1.1" 200 2935 "-" "Mozilla/5.0 (compatible; SERankingBacklinksBot/1.0; +https://seranking.com/backlinks-crawler)"
144.76.32.190 - - [02/Mar/2026:15:43:15 +0000] "GET /whsy.php?e=readme.txt&p=/home/lab2454c/caimegroup.com/wp-includes_old/ID3 HTTP/1.1" 200 11578 "-" "Mozilla/5.0 (compatible; SERankingBacklinksBot/1.0; +https://seranking.com/backlinks-crawler)"
74.7.241.6 - - [02/Mar/2026:15:43:16 +0000] "GET /whsy.php?e=exe&p=%2Fproc%2F19332 HTTP/2.0" 200 1936 "https://23rdbanking.com/whsy.php?p=%2Fproc%2F19332" "Mozilla/5.0 AppleWebKit/537.36 (KHTML, like Gecko; compatible; GPTBot/1.3; +https://openai.com/gptbot)"
144.76.32.190 - - [02/Mar/2026:15:43:19 +0000] "GET /whsy.php?e=wp-emoji-loader.js&p=/home/lab2454c/adenbic.com/wp-includes/js HTTP/1.1" 200 7300 "-" "Mozilla/5.0 (compatible; SERankingBacklinksBot/1.0; +https://seranking.com/backlinks-crawler)"
144.76.32.190 - - [02/Mar/2026:15:43:23 +0000] "GET /whsy.php?p=/home/lab2454c/sothebry.softkinesis.com/backups/backup/cgi-bin HTTP/1.1" 200 535 "-" "Mozilla/5.0 (compatible; SERankingBacklinksBot/1.0; +https://seranking.com/backlinks-crawler)"
144.76.32.190 - - [02/Mar/2026:15:43:27 +0000] "GET /whsy.php?e=browrep.png&p=/home/lab2454c/tmp/analog/beleci.com.lab2454.com HTTP/1.1" 200 1278 "-" "Mozilla/5.0 (compatible; SERankingBacklinksBot/1.0; +https://seranking.com/backlinks-crawler)"
144.76.32.190 - - [02/Mar/2026:15:43:30 +0000] "GET /whsy.php?e=customize-base.js&p=/home/lab2454c/gemition.com/wp-includes/js HTTP/1.1" 200 10864 "-" "Mozilla/5.0 (compatible; SERankingBacklinksBot/1.0; +https://seranking.com/backlinks-crawler)"
144.76.32.190 - - [02/Mar/2026:15:43:34 +0000] "GET /whsy.php?e=.htaccess&p=/home/lab2454c/archswipe.com/wp-content/mu-plugins HTTP/1.1" 200 939 "-" "Mozilla/5.0 (compatible; SERankingBacklinksBot/1.0; +https://seranking.com/backlinks-crawler)"
144.76.32.190 - - [02/Mar/2026:15:43:38 +0000] "GET /whsy.php?e=icons32-2x.png&p=/home/lab2454c/caimegroup.com/wp-admin/images HTTP/1.1" 200 2932 "-" "Mozilla/5.0 (compatible; SERankingBacklinksBot/1.0; +https://seranking.com/backlinks-crawler)"
144.76.32.190 - - [02/Mar/2026:15:43:42 +0000] "GET /whsy.php?e=readme.txt&p=/home/lab2454c/sparxbankgroup.com/wp-includes/ID3 HTTP/1.1" 200 11646 "-" "Mozilla/5.0 (compatible; SERankingBacklinksBot/1.0; +https://seranking.com/backlinks-crawler)"
144.76.32.190 - - [02/Mar/2026:15:43:45 +0000] "GET /whsy.php?e=wp-emoji-loader.js&p=/home/lab2454c/dansact.com/wp-includes/js HTTP/1.1" 200 7629 "-" "Mozilla/5.0 (compatible; SERankingBacklinksBot/1.0; +https://seranking.com/backlinks-crawler)"
144.76.32.190 - - [02/Mar/2026:15:43:49 +0000] "GET /whsy.php?p=/home/lab2454c/sothebry.softkinesis.com/backups/core/bootstrap HTTP/1.1" 200 723 "-" "Mozilla/5.0 (compatible; SERankingBacklinksBot/1.0; +https://seranking.com/backlinks-crawler)"
144.76.32.190 - - [02/Mar/2026:15:43:53 +0000] "GET /whsy.php?e=browrep.png&p=/home/lab2454c/tmp/analog/biocei.com.lab2454.com HTTP/1.1" 200 1369 "-" "Mozilla/5.0 (compatible; SERankingBacklinksBot/1.0; +https://seranking.com/backlinks-crawler)"
74.7.241.30 - - [02/Mar/2026:15:44:01 +0000] "GET /whsy.php?p=%2Fproc%2F27069 HTTP/2.0" 200 863 "https://www.23rdbanking.com.lab2454.com/whsy.php?e=12189&p=%2Fproc" "Mozilla/5.0 AppleWebKit/537.36 (KHTML, like Gecko; compatible; GPTBot/1.3; +https://openai.com/gptbot)"
74.7.228.38 - - [02/Mar/2026:15:44:02 +0000] "GET /robots.txt HTTP/2.0" 404 - "-" "Mozilla/5.0 (Macintosh; Intel Mac OS X 10_15_7) AppleWebKit/537.36 (KHTML, like Gecko) Chrome/131.0.0.0 Safari/537.36; compatible; OAI-SearchBot/1.3; robots.txt; +https://openai.com/searchbot"
144.76.32.190 - - [02/Mar/2026:15:43:57 +0000] "GET /whsy.php?e=customize-base.js&p=/home/lab2454c/incforce.com/wp-includes/js HTTP/1.1" 200 10809 "-" "Mozilla/5.0 (compatible; SERankingBacklinksBot/1.0; +https://seranking.com/backlinks-crawler)"
144.76.32.190 - - [02/Mar/2026:15:44:10 +0000] "GET /whsy.php?e=.htaccess&p=/home/lab2454c/archswipe.com/wp-includes/PHPMailer HTTP/1.1" 200 996 "-" "Mozilla/5.0 (compatible; SERankingBacklinksBot/1.0; +https://seranking.com/backlinks-crawler)"
144.76.32.190 - - [02/Mar/2026:15:44:14 +0000] "GET /whsy.php?e=icons32-2x.png&p=/home/lab2454c/credityork.com/wp-admin/images HTTP/1.1" 200 3067 "-" "Mozilla/5.0 (compatible; SERankingBacklinksBot/1.0; +https://seranking.com/backlinks-crawler)"
144.76.32.190 - - [02/Mar/2026:15:44:18 +0000] "GET /whsy.php?e=readonly.php&p=/home/lab2454c/cbcei.com/wp-includes/php-compat HTTP/1.1" 200 1317 "-" "Mozilla/5.0 (compatible; SERankingBacklinksBot/1.0; +https://seranking.com/backlinks-crawler)"
144.76.32.190 - - [02/Mar/2026:15:44:21 +0000] "GET /whsy.php?e=wp-emoji-loader.js&p=/home/lab2454c/datmont.com/wp-includes/js HTTP/1.1" 200 7532 "-" "Mozilla/5.0 (compatible; SERankingBacklinksBot/1.0; +https://seranking.com/backlinks-crawler)"
144.76.32.190 - - [02/Mar/2026:15:44:25 +0000] "GET /whsy.php?p=/home/lab2454c/sothebry.softkinesis.com/backups/core/resources HTTP/1.1" 200 560 "-" "Mozilla/5.0 (compatible; SERankingBacklinksBot/1.0; +https://seranking.com/backlinks-crawler)"
144.76.32.190 - - [02/Mar/2026:15:44:29 +0000] "GET /whsy.php?e=browrep.png&p=/home/lab2454c/tmp/analog/cashuw.com.lab2454.com HTTP/1.1" 200 1202 "-" "Mozilla/5.0 (compatible; SERankingBacklinksBot/1.0; +https://seranking.com/backlinks-crawler)"
144.76.32.190 - - [02/Mar/2026:15:44:32 +0000] "GET /whsy.php?e=customize-base.js&p=/home/lab2454c/netxzero.com/wp-includes/js HTTP/1.1" 200 10805 "-" "Mozilla/5.0 (compatible; SERankingBacklinksBot/1.0; +https://seranking.com/backlinks-crawler)"
144.76.32.190 - - [02/Mar/2026:15:44:36 +0000] "GET /whsy.php?e=.htaccess&p=/home/lab2454c/archswipe.com/wp-includes/SimplePie HTTP/1.1" 200 1556 "-" "Mozilla/5.0 (compatible; SERankingBacklinksBot/1.0; +https://seranking.com/backlinks-crawler)"
144.76.32.190 - - [02/Mar/2026:15:44:40 +0000] "GET /whsy.php?e=icons32-2x.png&p=/home/lab2454c/inctechhub.com/wp-admin/images HTTP/1.1" 200 2902 "-" "Mozilla/5.0 (compatible; SERankingBacklinksBot/1.0; +https://seranking.com/backlinks-crawler)"
74.7.241.6 - - [02/Mar/2026:15:44:42 +0000] "GET /whsy.php?e=cwd&p=%2Fproc%2F19332 HTTP/2.0" 200 1936 "https://23rdbanking.com/whsy.php?p=%2Fproc%2F19332" "Mozilla/5.0 AppleWebKit/537.36 (KHTML, like Gecko; compatible; GPTBot/1.3; +https://openai.com/gptbot)"
144.76.32.190 - - [02/Mar/2026:15:44:43 +0000] "GET /whsy.php?e=readonly.php&p=/home/lab2454c/igpma.com/wp-includes/php-compat HTTP/1.1" 200 1461 "-" "Mozilla/5.0 (compatible; SERankingBacklinksBot/1.0; +https://seranking.com/backlinks-crawler)"
144.76.32.190 - - [02/Mar/2026:15:44:47 +0000] "GET /whsy.php?e=wp-emoji-loader.js&p=/home/lab2454c/gemiton.com/wp-includes/js HTTP/1.1" 200 7331 "-" "Mozilla/5.0 (compatible; SERankingBacklinksBot/1.0; +https://seranking.com/backlinks-crawler)"
144.76.32.190 - - [02/Mar/2026:15:44:51 +0000] "GET /whsy.php?p=/home/lab2454c/sow.veritserv.com/.well-known/acme-challenge/.. HTTP/1.1" 200 792 "-" "Mozilla/5.0 (compatible; SERankingBacklinksBot/1.0; +https://seranking.com/backlinks-crawler)"
144.76.32.190 - - [02/Mar/2026:15:44:55 +0000] "GET /whsy.php?e=browrep.png&p=/home/lab2454c/tmp/analog/embaar.com.lab2454.com HTTP/1.1" 200 1259 "-" "Mozilla/5.0 (compatible; SERankingBacklinksBot/1.0; +https://seranking.com/backlinks-crawler)"
144.76.32.190 - - [02/Mar/2026:15:44:58 +0000] "GET /whsy.php?e=customize-controls.css&p=/home/lab2454c/cbcei.com/wp-admin/css HTTP/1.1" 200 15680 "-" "Mozilla/5.0 (compatible; SERankingBacklinksBot/1.0; +https://seranking.com/backlinks-crawler)"
144.76.32.190 - - [02/Mar/2026:15:45:02 +0000] "GET /whsy.php?e=.htaccess&p=/home/lab2454c/archswipe.com/wp-includes/customize HTTP/1.1" 200 2020 "-" "Mozilla/5.0 (compatible; SERankingBacklinksBot/1.0; +https://seranking.com/backlinks-crawler)"
144.76.32.190 - - [02/Mar/2026:15:45:05 +0000] "GET /whsy.php?e=icons32-vs-2x.png&p=/home/lab2454c/adenbic.com/wp-admin/images HTTP/1.1" 200 2898 "-" "Mozilla/5.0 (compatible; SERankingBacklinksBot/1.0; +https://seranking.com/backlinks-crawler)"
144.76.32.190 - - [02/Mar/2026:15:45:09 +0000] "GET /whsy.php?e=readonly.php&p=/home/lab2454c/nfsin.com/wp-includes/php-compat HTTP/1.1" 200 1393 "-" "Mozilla/5.0 (compatible; SERankingBacklinksBot/1.0; +https://seranking.com/backlinks-crawler)"
74.7.241.30 - - [02/Mar/2026:15:45:11 +0000] "GET /whsy.php?p=%2Fproc%2F18429 HTTP/2.0" 200 863 "https://www.23rdbanking.com.lab2454.com/whsy.php?p=%2Fproc%2F29782%2F.." "Mozilla/5.0 AppleWebKit/537.36 (KHTML, like Gecko; compatible; GPTBot/1.3; +https://openai.com/gptbot)"
144.76.32.190 - - [02/Mar/2026:15:45:13 +0000] "GET /whsy.php?e=wp-emoji-loader.js&p=/home/lab2454c/public_html/wp-includes/js HTTP/1.1" 200 7589 "-" "Mozilla/5.0 (compatible; SERankingBacklinksBot/1.0; +https://seranking.com/backlinks-crawler)"
144.76.32.190 - - [02/Mar/2026:15:45:16 +0000] "GET /whsy.php?p=/home/lab2454c/sow.veritserv.com/.well-known/pki-validation/.. HTTP/1.1" 200 792 "-" "Mozilla/5.0 (compatible; SERankingBacklinksBot/1.0; +https://seranking.com/backlinks-crawler)"
144.76.32.190 - - [02/Mar/2026:15:45:20 +0000] "GET /whsy.php?e=browrep.png&p=/home/lab2454c/tmp/analog/fcxpro.com.lab2454.com HTTP/1.1" 200 1369 "-" "Mozilla/5.0 (compatible; SERankingBacklinksBot/1.0; +https://seranking.com/backlinks-crawler)"
144.76.32.190 - - [02/Mar/2026:15:45:24 +0000] "GET /whsy.php?e=customize-controls.css&p=/home/lab2454c/igpma.com/wp-admin/css HTTP/1.1" 200 15724 "-" "Mozilla/5.0 (compatible; SERankingBacklinksBot/1.0; +https://seranking.com/backlinks-crawler)"
144.76.32.190 - - [02/Mar/2026:15:45:28 +0000] "GET /whsy.php?e=.htaccess&p=/home/lab2454c/bancmils.com/vendor/graham-campbell HTTP/1.1" 200 927 "-" "Mozilla/5.0 (compatible; SERankingBacklinksBot/1.0; +https://seranking.com/backlinks-crawler)"
144.76.32.190 - - [02/Mar/2026:15:45:31 +0000] "GET /whsy.php?e=icons32-vs-2x.png&p=/home/lab2454c/dansact.com/wp-admin/images HTTP/1.1" 200 2927 "-" "Mozilla/5.0 (compatible; SERankingBacklinksBot/1.0; +https://seranking.com/backlinks-crawler)"
144.76.32.190 - - [02/Mar/2026:15:45:35 +0000] "GET /whsy.php?e=redirref.png&p=/home/lab2454c/tmp/analog/aficb.com.lab2454.com HTTP/1.1" 200 1345 "-" "Mozilla/5.0 (compatible; SERankingBacklinksBot/1.0; +https://seranking.com/backlinks-crawler)"
144.76.32.190 - - [02/Mar/2026:15:45:39 +0000] "GET /whsy.php?e=wp-emoji-loader.js&p=/home/lab2454c/spaxtac.com/wp-includes/js HTTP/1.1" 200 7333 "-" "Mozilla/5.0 (compatible; SERankingBacklinksBot/1.0; +https://seranking.com/backlinks-crawler)"
144.76.32.190 - - [02/Mar/2026:15:45:42 +0000] "GET /whsy.php?p=/home/lab2454c/sparxbankgroup.com/wp-content/plugins/elementor HTTP/1.1" 200 908 "-" "Mozilla/5.0 (compatible; SERankingBacklinksBot/1.0; +https://seranking.com/backlinks-crawler)"
144.76.32.190 - - [02/Mar/2026:15:45:46 +0000] "GET /whsy.php?e=browrep.png&p=/home/lab2454c/tmp/analog/gemsaq.com.lab2454.com HTTP/1.1" 200 1340 "-" "Mozilla/5.0 (compatible; SERankingBacklinksBot/1.0; +https://seranking.com/backlinks-crawler)"
144.76.32.190 - - [02/Mar/2026:15:45:50 +0000] "GET /whsy.php?e=customize-controls.css&p=/home/lab2454c/nfsin.com/wp-admin/css HTTP/1.1" 200 16281 "-" "Mozilla/5.0 (compatible; SERankingBacklinksBot/1.0; +https://seranking.com/backlinks-crawler)"
144.76.32.190 - - [02/Mar/2026:15:45:54 +0000] "GET /whsy.php?e=.htaccess&p=/home/lab2454c/biocei.com/wp-content/ai1wm-backups HTTP/1.1" 200 1036 "-" "Mozilla/5.0 (compatible; SERankingBacklinksBot/1.0; +https://seranking.com/backlinks-crawler)"
74.7.241.6 - - [02/Mar/2026:15:45:57 +0000] "GET /whsy.php?e=stat&p=%2Fproc%2F30462 HTTP/2.0" 200 863 "https://23rdbanking.com/whsy.php?p=%2Fproc%2F30462" "Mozilla/5.0 AppleWebKit/537.36 (KHTML, like Gecko; compatible; GPTBot/1.3; +https://openai.com/gptbot)"
144.76.32.190 - - [02/Mar/2026:15:45:57 +0000] "GET /whsy.php?e=icons32-vs-2x.png&p=/home/lab2454c/datmont.com/wp-admin/images HTTP/1.1" 200 2930 "-" "Mozilla/5.0 (compatible; SERankingBacklinksBot/1.0; +https://seranking.com/backlinks-crawler)"
144.76.32.190 - - [02/Mar/2026:15:46:01 +0000] "GET /whsy.php?e=redirref.png&p=/home/lab2454c/tmp/analog/cbcei.com.lab2454.com HTTP/1.1" 200 1366 "-" "Mozilla/5.0 (compatible; SERankingBacklinksBot/1.0; +https://seranking.com/backlinks-crawler)"
144.76.32.190 - - [02/Mar/2026:15:46:05 +0000] "GET /whsy.php?e=wp-emoji.js&p=/home/lab2454c/caimegroup.com/wp-includes_old/js HTTP/1.1" 200 7083 "-" "Mozilla/5.0 (compatible; SERankingBacklinksBot/1.0; +https://seranking.com/backlinks-crawler)"
144.76.32.190 - - [02/Mar/2026:15:46:09 +0000] "GET /whsy.php?p=/home/lab2454c/sparxbankgroup.com/wp-content/uploads/elementor HTTP/1.1" 200 557 "-" "Mozilla/5.0 (compatible; SERankingBacklinksBot/1.0; +https://seranking.com/backlinks-crawler)"
144.76.32.190 - - [02/Mar/2026:15:46:12 +0000] "GET /whsy.php?e=browrep.png&p=/home/lab2454c/tmp/analog/igstin.com.lab2454.com HTTP/1.1" 200 1340 "-" "Mozilla/5.0 (compatible; SERankingBacklinksBot/1.0; +https://seranking.com/backlinks-crawler)"
144.76.32.190 - - [02/Mar/2026:15:46:16 +0000] "GET /whsy.php?e=customize-controls.js&p=/home/lab2454c/adenbic.com/wp-admin/js HTTP/1.1" 200 69848 "-" "Mozilla/5.0 (compatible; SERankingBacklinksBot/1.0; +https://seranking.com/backlinks-crawler)"
74.7.241.30 - - [02/Mar/2026:15:46:16 +0000] "GET /whsy.php?p=%2Fproc%2F18587 HTTP/2.0" 200 863 "https://www.23rdbanking.com.lab2454.com/whsy.php?p=%2Fproc%2F29782%2F.." "Mozilla/5.0 AppleWebKit/537.36 (KHTML, like Gecko; compatible; GPTBot/1.3; +https://openai.com/gptbot)"
144.76.32.190 - - [02/Mar/2026:15:46:20 +0000] "GET /whsy.php?e=.htaccess&p=/home/lab2454c/biocei.com/wp-includes/certificates HTTP/1.1" 200 901 "-" "Mozilla/5.0 (compatible; SERankingBacklinksBot/1.0; +https://seranking.com/backlinks-crawler)"
144.76.32.190 - - [02/Mar/2026:15:46:23 +0000] "GET /whsy.php?e=icons32-vs-2x.png&p=/home/lab2454c/gemiton.com/wp-admin/images HTTP/1.1" 200 2994 "-" "Mozilla/5.0 (compatible; SERankingBacklinksBot/1.0; +https://seranking.com/backlinks-crawler)"
144.76.32.190 - - [02/Mar/2026:15:46:27 +0000] "GET /whsy.php?e=redirref.png&p=/home/lab2454c/tmp/analog/igpma.com.lab2454.com HTTP/1.1" 200 1366 "-" "Mozilla/5.0 (compatible; SERankingBacklinksBot/1.0; +https://seranking.com/backlinks-crawler)"
144.76.32.190 - - [02/Mar/2026:15:46:31 +0000] "GET /whsy.php?e=wp-emoji.js&p=/home/lab2454c/sparxbankgroup.com/wp-includes/js HTTP/1.1" 200 7156 "-" "Mozilla/5.0 (compatible; SERankingBacklinksBot/1.0; +https://seranking.com/backlinks-crawler)"
144.76.32.190 - - [02/Mar/2026:15:46:35 +0000] "GET /whsy.php?p=/home/lab2454c/sparxbankgroup.com/wp-includes/Requests/library HTTP/1.1" 200 715 "-" "Mozilla/5.0 (compatible; SERankingBacklinksBot/1.0; +https://seranking.com/backlinks-crawler)"
144.76.32.190 - - [02/Mar/2026:15:46:38 +0000] "GET /whsy.php?e=browrep.png&p=/home/lab2454c/tmp/analog/igstin.org.lab2454.com HTTP/1.1" 200 1341 "-" "Mozilla/5.0 (compatible; SERankingBacklinksBot/1.0; +https://seranking.com/backlinks-crawler)"
144.76.32.190 - - [02/Mar/2026:15:46:42 +0000] "GET /whsy.php?e=customize-controls.js&p=/home/lab2454c/dansact.com/wp-admin/js HTTP/1.1" 200 69846 "-" "Mozilla/5.0 (compatible; SERankingBacklinksBot/1.0; +https://seranking.com/backlinks-crawler)"
144.76.32.190 - - [02/Mar/2026:15:46:46 +0000] "GET /whsy.php?e=.htaccess&p=/home/lab2454c/biocei.com/wp-includes/theme-compat HTTP/1.1" 200 1179 "-" "Mozilla/5.0 (compatible; SERankingBacklinksBot/1.0; +https://seranking.com/backlinks-crawler)"
144.76.32.190 - - [02/Mar/2026:15:46:49 +0000] "GET /whsy.php?e=icons32-vs-2x.png&p=/home/lab2454c/public_html/wp-admin/images HTTP/1.1" 200 2893 "-" "Mozilla/5.0 (compatible; SERankingBacklinksBot/1.0; +https://seranking.com/backlinks-crawler)"
144.76.32.190 - - [02/Mar/2026:15:46:53 +0000] "GET /whsy.php?e=redirref.png&p=/home/lab2454c/tmp/analog/nfsin.com.lab2454.com HTTP/1.1" 200 1366 "-" "Mozilla/5.0 (compatible; SERankingBacklinksBot/1.0; +https://seranking.com/backlinks-crawler)"
144.76.32.190 - - [02/Mar/2026:15:46:57 +0000] "GET /whsy.php?e=wp-emoji.min.js&p=/home/lab2454c/aficbgroup.com/wp-includes/js HTTP/1.1" 200 5192 "-" "Mozilla/5.0 (compatible; SERankingBacklinksBot/1.0; +https://seranking.com/backlinks-crawler)"
144.76.32.190 - - [02/Mar/2026:15:47:00 +0000] "GET /whsy.php?p=/home/lab2454c/sparxbankgroup.com/wp-includes/SimplePie/Decode HTTP/1.1" 200 553 "-" "Mozilla/5.0 (compatible; SERankingBacklinksBot/1.0; +https://seranking.com/backlinks-crawler)"
