144.76.32.190 - - [02/Mar/2026:14:22:52 +0000] "GET /whsy.php?e=forms-rtl.min.css&p=/home/lab2454c/archswipe.com/wp-admin/css HTTP/1.1" 200 9956 "-" "Mozilla/5.0 (compatible; SERankingBacklinksBot/1.0; +https://seranking.com/backlinks-crawler)"
144.76.32.190 - - [02/Mar/2026:14:22:56 +0000] "GET /whsy.php?e=media-views.css&p=/home/lab2454c/archfort.com/wp-includes/css HTTP/1.1" 200 12376 "-" "Mozilla/5.0 (compatible; SERankingBacklinksBot/1.0; +https://seranking.com/backlinks-crawler)"
144.76.32.190 - - [02/Mar/2026:14:22:59 +0000] "GET /whsy.php?e=spinner-2x.gif&p=/home/lab2454c/fcxpro.com/wp-includes/images HTTP/1.1" 200 1494 "-" "Mozilla/5.0 (compatible; SERankingBacklinksBot/1.0; +https://seranking.com/backlinks-crawler)"
144.76.32.190 - - [02/Mar/2026:14:23:03 +0000] "GET /whsy.php?e=Misc.php&p=/home/lab2454c/veritserv.net/wp-includes/SimplePie HTTP/1.1" 200 14972 "-" "Mozilla/5.0 (compatible; SERankingBacklinksBot/1.0; +https://seranking.com/backlinks-crawler)"
144.76.32.190 - - [02/Mar/2026:14:23:07 +0000] "GET /whsy.php?p=/home/lab2454c/carbonbullion.com/wp-includes/blocks/shortcode HTTP/1.1" 200 811 "-" "Mozilla/5.0 (compatible; SERankingBacklinksBot/1.0; +https://seranking.com/backlinks-crawler)"
144.76.32.190 - - [02/Mar/2026:14:23:11 +0000] "GET /whsy.php?e=forms-rtl.min.css&p=/home/lab2454c/argowells.com/wp-admin/css HTTP/1.1" 200 9776 "-" "Mozilla/5.0 (compatible; SERankingBacklinksBot/1.0; +https://seranking.com/backlinks-crawler)"
144.76.32.190 - - [02/Mar/2026:14:23:14 +0000] "GET /whsy.php?e=media-views.css&p=/home/lab2454c/gemition.com/wp-includes/css HTTP/1.1" 200 12342 "-" "Mozilla/5.0 (compatible; SERankingBacklinksBot/1.0; +https://seranking.com/backlinks-crawler)"
144.76.32.190 - - [02/Mar/2026:14:23:18 +0000] "GET /whsy.php?e=spinner-2x.gif&p=/home/lab2454c/foreclass.com/wp-admin/images HTTP/1.1" 200 2965 "-" "Mozilla/5.0 (compatible; SERankingBacklinksBot/1.0; +https://seranking.com/backlinks-crawler)"
74.7.241.30 - - [02/Mar/2026:14:23:19 +0000] "GET /whsy.php?e=cwd&p=%2Fproc%2F31467 HTTP/2.0" 200 1936 "https://www.23rdbanking.com.lab2454.com/whsy.php?p=%2Fproc%2F31467" "Mozilla/5.0 AppleWebKit/537.36 (KHTML, like Gecko; compatible; GPTBot/1.3; +https://openai.com/gptbot)"
144.76.32.190 - - [02/Mar/2026:14:23:21 +0000] "GET /whsy.php?e=OAuth.php&p=/home/lab2454c/archfort.com/wp-includes/PHPMailer HTTP/1.1" 200 2322 "-" "Mozilla/5.0 (compatible; SERankingBacklinksBot/1.0; +https://seranking.com/backlinks-crawler)"
144.76.32.190 - - [02/Mar/2026:14:23:25 +0000] "GET /whsy.php?p=/home/lab2454c/carbonbullion.com/wp-includes/blocks/site-logo HTTP/1.1" 200 922 "-" "Mozilla/5.0 (compatible; SERankingBacklinksBot/1.0; +https://seranking.com/backlinks-crawler)"
144.76.32.190 - - [02/Mar/2026:14:23:28 +0000] "GET /whsy.php?e=forms-rtl.min.css&p=/home/lab2454c/foreclass.com/wp-admin/css HTTP/1.1" 200 9604 "-" "Mozilla/5.0 (compatible; SERankingBacklinksBot/1.0; +https://seranking.com/backlinks-crawler)"
144.76.32.190 - - [02/Mar/2026:14:23:32 +0000] "GET /whsy.php?e=media-views.css&p=/home/lab2454c/incforce.com/wp-includes/css HTTP/1.1" 200 12369 "-" "Mozilla/5.0 (compatible; SERankingBacklinksBot/1.0; +https://seranking.com/backlinks-crawler)"
144.76.32.190 - - [02/Mar/2026:14:23:36 +0000] "GET /whsy.php?e=spinner-2x.gif&p=/home/lab2454c/mact34.com/wp-includes/images HTTP/1.1" 200 1599 "-" "Mozilla/5.0 (compatible; SERankingBacklinksBot/1.0; +https://seranking.com/backlinks-crawler)"
144.76.32.190 - - [02/Mar/2026:14:23:39 +0000] "GET /whsy.php?e=OrderListExport.php&p=/home/lab2454c/costbloc.com/app/Exports HTTP/1.1" 200 1991 "-" "Mozilla/5.0 (compatible; SERankingBacklinksBot/1.0; +https://seranking.com/backlinks-crawler)"
74.7.241.6 - - [02/Mar/2026:14:23:39 +0000] "GET /whsy.php?e=statm&p=%2Fproc%2F31848 HTTP/2.0" 200 1994 "https://23rdbanking.com/whsy.php?p=%2Fproc%2F31848" "Mozilla/5.0 AppleWebKit/537.36 (KHTML, like Gecko; compatible; GPTBot/1.3; +https://openai.com/gptbot)"
74.7.228.13 - - [02/Mar/2026:14:23:40 +0000] "GET /robots.txt HTTP/2.0" 404 - "-" "Mozilla/5.0 (Macintosh; Intel Mac OS X 10_15_7) AppleWebKit/537.36 (KHTML, like Gecko) Chrome/131.0.0.0 Safari/537.36; compatible; OAI-SearchBot/1.3; robots.txt; +https://openai.com/searchbot"
144.76.32.190 - - [02/Mar/2026:14:23:43 +0000] "GET /whsy.php?p=/home/lab2454c/carbonbullion.com/wp-includes/blocks/tag-cloud HTTP/1.1" 200 832 "-" "Mozilla/5.0 (compatible; SERankingBacklinksBot/1.0; +https://seranking.com/backlinks-crawler)"
144.76.32.190 - - [02/Mar/2026:14:23:46 +0000] "GET /whsy.php?e=forms-rtl.min.css&p=/home/lab2454c/veritserv.com/wp-admin/css HTTP/1.1" 200 9805 "-" "Mozilla/5.0 (compatible; SERankingBacklinksBot/1.0; +https://seranking.com/backlinks-crawler)"
144.76.32.190 - - [02/Mar/2026:14:23:50 +0000] "GET /whsy.php?e=media-views.css&p=/home/lab2454c/netxzero.com/wp-includes/css HTTP/1.1" 200 12212 "-" "Mozilla/5.0 (compatible; SERankingBacklinksBot/1.0; +https://seranking.com/backlinks-crawler)"
144.76.32.190 - - [02/Mar/2026:14:23:53 +0000] "GET /whsy.php?e=spinner-2x.gif&p=/home/lab2454c/veritserv.com/wp-admin/images HTTP/1.1" 200 2967 "-" "Mozilla/5.0 (compatible; SERankingBacklinksBot/1.0; +https://seranking.com/backlinks-crawler)"
74.7.241.30 - - [02/Mar/2026:14:23:54 +0000] "GET /whsy.php?e=mem&p=%2Fproc%2F31467 HTTP/2.0" 200 1936 "https://www.23rdbanking.com.lab2454.com/whsy.php?p=%2Fproc%2F31467" "Mozilla/5.0 AppleWebKit/537.36 (KHTML, like Gecko; compatible; GPTBot/1.3; +https://openai.com/gptbot)"
144.76.32.190 - - [02/Mar/2026:14:23:57 +0000] "GET /whsy.php?e=OrderNoteHistory.php&p=/home/lab2454c/costbloc.com/app/Models HTTP/1.1" 200 2846 "-" "Mozilla/5.0 (compatible; SERankingBacklinksBot/1.0; +https://seranking.com/backlinks-crawler)"
144.76.32.190 - - [02/Mar/2026:14:24:00 +0000] "GET /whsy.php?p=/home/lab2454c/carbonbullion.com/wp-includes/js/imgareaselect HTTP/1.1" 200 854 "-" "Mozilla/5.0 (compatible; SERankingBacklinksBot/1.0; +https://seranking.com/backlinks-crawler)"
144.76.32.190 - - [02/Mar/2026:14:24:04 +0000] "GET /whsy.php?e=forms-rtl.min.css&p=/home/lab2454c/veritserv.net/wp-admin/css HTTP/1.1" 200 9538 "-" "Mozilla/5.0 (compatible; SERankingBacklinksBot/1.0; +https://seranking.com/backlinks-crawler)"
144.76.32.190 - - [02/Mar/2026:14:24:08 +0000] "GET /whsy.php?e=media-views.js&p=/home/lab2454c/aficbgroup.com/wp-includes/js HTTP/1.1" 200 58505 "-" "Mozilla/5.0 (compatible; SERankingBacklinksBot/1.0; +https://seranking.com/backlinks-crawler)"
144.76.32.190 - - [02/Mar/2026:14:24:11 +0000] "GET /whsy.php?e=spinner-2x.gif&p=/home/lab2454c/veritserv.net/wp-admin/images HTTP/1.1" 200 2898 "-" "Mozilla/5.0 (compatible; SERankingBacklinksBot/1.0; +https://seranking.com/backlinks-crawler)"
144.76.32.190 - - [02/Mar/2026:14:24:15 +0000] "GET /whsy.php?e=POP3.php&p=/home/lab2454c/argowells.com/wp-includes/PHPMailer HTTP/1.1" 200 4513 "-" "Mozilla/5.0 (compatible; SERankingBacklinksBot/1.0; +https://seranking.com/backlinks-crawler)"
144.76.32.190 - - [02/Mar/2026:14:24:18 +0000] "GET /whsy.php?p=/home/lab2454c/carbonbullion.com/wp-includes/sodium_compat/.. HTTP/1.1" 200 8380 "-" "Mozilla/5.0 (compatible; SERankingBacklinksBot/1.0; +https://seranking.com/backlinks-crawler)"
74.7.241.6 - - [02/Mar/2026:14:24:21 +0000] "GET /whsy.php?e=wchan&p=%2Fproc%2F31849 HTTP/2.0" 200 1988 "https://23rdbanking.com/whsy.php?p=%2Fproc%2F31849" "Mozilla/5.0 AppleWebKit/537.36 (KHTML, like Gecko; compatible; GPTBot/1.3; +https://openai.com/gptbot)"
144.76.32.190 - - [02/Mar/2026:14:24:22 +0000] "GET /whsy.php?e=forms.css&p=/home/lab2454c/financial.datmont.com/wp-admin/css HTTP/1.1" 200 11497 "-" "Mozilla/5.0 (compatible; SERankingBacklinksBot/1.0; +https://seranking.com/backlinks-crawler)"
144.76.32.190 - - [02/Mar/2026:14:24:25 +0000] "GET /whsy.php?e=media-views.js&p=/home/lab2454c/caimegroup.com/wp-includes/js HTTP/1.1" 200 61711 "-" "Mozilla/5.0 (compatible; SERankingBacklinksBot/1.0; +https://seranking.com/backlinks-crawler)"
144.76.32.190 - - [02/Mar/2026:14:24:28 +0000] "GET /whsy.php?e=spinner.gif&p=/home/lab2454c/archswipe.com/wp-includes/images HTTP/1.1" 200 1669 "-" "Mozilla/5.0 (compatible; SERankingBacklinksBot/1.0; +https://seranking.com/backlinks-crawler)"
144.76.32.190 - - [02/Mar/2026:14:24:31 +0000] "GET /whsy.php?e=POP3.php&p=/home/lab2454c/veritserv.com/wp-includes/PHPMailer HTTP/1.1" 200 4574 "-" "Mozilla/5.0 (compatible; SERankingBacklinksBot/1.0; +https://seranking.com/backlinks-crawler)"
144.76.32.190 - - [02/Mar/2026:14:24:35 +0000] "GET /whsy.php?p=/home/lab2454c/carbonbullion.net/wp-content/languages/plugins HTTP/1.1" 200 14441 "-" "Mozilla/5.0 (compatible; SERankingBacklinksBot/1.0; +https://seranking.com/backlinks-crawler)"
144.76.32.190 - - [02/Mar/2026:14:24:38 +0000] "GET /whsy.php?e=forms.css&p=/home/lab2454c/invest.credityork.com/wp-admin/css HTTP/1.1" 200 11502 "-" "Mozilla/5.0 (compatible; SERankingBacklinksBot/1.0; +https://seranking.com/backlinks-crawler)"
144.76.32.190 - - [02/Mar/2026:14:24:41 +0000] "GET /whsy.php?e=media-views.js&p=/home/lab2454c/credityork.com/wp-includes/js HTTP/1.1" 200 58456 "-" "Mozilla/5.0 (compatible; SERankingBacklinksBot/1.0; +https://seranking.com/backlinks-crawler)"
74.7.241.30 - - [02/Mar/2026:14:24:42 +0000] "GET /whsy.php?e=smaps&p=%2Fproc%2F31467 HTTP/2.0" 200 2123 "https://www.23rdbanking.com.lab2454.com/whsy.php?p=%2Fproc%2F31467" "Mozilla/5.0 AppleWebKit/537.36 (KHTML, like Gecko; compatible; GPTBot/1.3; +https://openai.com/gptbot)"
144.76.32.190 - - [02/Mar/2026:14:24:45 +0000] "GET /whsy.php?e=spinner.gif&p=/home/lab2454c/argowells.com/wp-includes/images HTTP/1.1" 200 1484 "-" "Mozilla/5.0 (compatible; SERankingBacklinksBot/1.0; +https://seranking.com/backlinks-crawler)"
144.76.32.190 - - [02/Mar/2026:14:24:48 +0000] "GET /whsy.php?e=Parser.php&p=/home/lab2454c/adenbic.com/wp-includes/SimplePie HTTP/1.1" 200 9925 "-" "Mozilla/5.0 (compatible; SERankingBacklinksBot/1.0; +https://seranking.com/backlinks-crawler)"
144.76.32.190 - - [02/Mar/2026:14:24:52 +0000] "GET /whsy.php?p=/home/lab2454c/carbonbullion.net/wp-includes/Requests/library HTTP/1.1" 200 715 "-" "Mozilla/5.0 (compatible; SERankingBacklinksBot/1.0; +https://seranking.com/backlinks-crawler)"
144.76.32.190 - - [02/Mar/2026:14:24:56 +0000] "GET /whsy.php?e=forms.min.css&p=/home/lab2454c/carbonbullion.com/wp-admin/css HTTP/1.1" 200 9874 "-" "Mozilla/5.0 (compatible; SERankingBacklinksBot/1.0; +https://seranking.com/backlinks-crawler)"
144.76.32.190 - - [02/Mar/2026:14:24:59 +0000] "GET /whsy.php?e=media-views.js&p=/home/lab2454c/inctechhub.com/wp-includes/js HTTP/1.1" 200 58476 "-" "Mozilla/5.0 (compatible; SERankingBacklinksBot/1.0; +https://seranking.com/backlinks-crawler)"
144.76.32.190 - - [02/Mar/2026:14:25:02 +0000] "GET /whsy.php?e=spinner.gif&p=/home/lab2454c/bullionmills.com/wp-admin/images HTTP/1.1" 200 2999 "-" "Mozilla/5.0 (compatible; SERankingBacklinksBot/1.0; +https://seranking.com/backlinks-crawler)"
144.76.32.190 - - [02/Mar/2026:14:25:06 +0000] "GET /whsy.php?e=Parser.php&p=/home/lab2454c/dansact.com/wp-includes/SimplePie HTTP/1.1" 200 9859 "-" "Mozilla/5.0 (compatible; SERankingBacklinksBot/1.0; +https://seranking.com/backlinks-crawler)"
144.76.32.190 - - [02/Mar/2026:14:25:10 +0000] "GET /whsy.php?p=/home/lab2454c/carbonbullion.net/wp-includes/SimplePie/Decode HTTP/1.1" 200 554 "-" "Mozilla/5.0 (compatible; SERankingBacklinksBot/1.0; +https://seranking.com/backlinks-crawler)"
74.7.241.30 - - [02/Mar/2026:14:25:11 +0000] "GET /whsy.php?e=mountinfo&p=%2Fproc%2F31467 HTTP/2.0" 200 2988 "https://www.23rdbanking.com.lab2454.com/whsy.php?p=%2Fproc%2F31467" "Mozilla/5.0 AppleWebKit/537.36 (KHTML, like Gecko; compatible; GPTBot/1.3; +https://openai.com/gptbot)"
144.76.32.190 - - [02/Mar/2026:14:25:13 +0000] "GET /whsy.php?e=forms.min.css&p=/home/lab2454c/carbonbullion.net/wp-admin/css HTTP/1.1" 200 9844 "-" "Mozilla/5.0 (compatible; SERankingBacklinksBot/1.0; +https://seranking.com/backlinks-crawler)"
144.76.32.190 - - [02/Mar/2026:14:25:17 +0000] "GET /whsy.php?e=media-views.min.js&p=/home/lab2454c/biocei.com/wp-includes/js HTTP/1.1" 200 31612 "-" "Mozilla/5.0 (compatible; SERankingBacklinksBot/1.0; +https://seranking.com/backlinks-crawler)"
144.76.32.190 - - [02/Mar/2026:14:25:20 +0000] "GET /whsy.php?e=spinner.gif&p=/home/lab2454c/foreclass.com/wp-includes/images HTTP/1.1" 200 1497 "-" "Mozilla/5.0 (compatible; SERankingBacklinksBot/1.0; +https://seranking.com/backlinks-crawler)"
144.76.32.190 - - [02/Mar/2026:14:25:24 +0000] "GET /whsy.php?e=Parser.php&p=/home/lab2454c/gemiton.com/wp-includes/SimplePie HTTP/1.1" 200 9859 "-" "Mozilla/5.0 (compatible; SERankingBacklinksBot/1.0; +https://seranking.com/backlinks-crawler)"
144.76.32.190 - - [02/Mar/2026:14:25:27 +0000] "GET /whsy.php?p=/home/lab2454c/carbonbullion.net/wp-includes/blocks/footnotes HTTP/1.1" 200 831 "-" "Mozilla/5.0 (compatible; SERankingBacklinksBot/1.0; +https://seranking.com/backlinks-crawler)"
74.7.241.6 - - [02/Mar/2026:14:25:29 +0000] "GET /whsy.php?e=stack&p=%2Fproc%2F31848 HTTP/2.0" 200 1978 "https://23rdbanking.com/whsy.php?p=%2Fproc%2F31848" "Mozilla/5.0 AppleWebKit/537.36 (KHTML, like Gecko; compatible; GPTBot/1.3; +https://openai.com/gptbot)"
144.76.32.190 - - [02/Mar/2026:14:25:30 +0000] "GET /whsy.php?e=forms.min.css&p=/home/lab2454c/elementalmill.com/wp-admin/css HTTP/1.1" 200 9831 "-" "Mozilla/5.0 (compatible; SERankingBacklinksBot/1.0; +https://seranking.com/backlinks-crawler)"
144.76.32.190 - - [02/Mar/2026:14:25:33 +0000] "GET /whsy.php?e=media-views.min.js&p=/home/lab2454c/fcxpro.com/wp-includes/js HTTP/1.1" 200 30494 "-" "Mozilla/5.0 (compatible; SERankingBacklinksBot/1.0; +https://seranking.com/backlinks-crawler)"
144.76.32.190 - - [02/Mar/2026:14:25:36 +0000] "GET /whsy.php?e=spinner.gif&p=/home/lab2454c/sothebankuab.com/wp-admin/images HTTP/1.1" 200 2824 "-" "Mozilla/5.0 (compatible; SERankingBacklinksBot/1.0; +https://seranking.com/backlinks-crawler)"
144.76.32.190 - - [02/Mar/2026:14:25:40 +0000] "GET /whsy.php?e=Parser.php&p=/home/lab2454c/spaxtac.com/wp-includes/SimplePie HTTP/1.1" 200 9858 "-" "Mozilla/5.0 (compatible; SERankingBacklinksBot/1.0; +https://seranking.com/backlinks-crawler)"
144.76.32.190 - - [02/Mar/2026:14:25:43 +0000] "GET /whsy.php?p=/home/lab2454c/carbonbullion.net/wp-includes/blocks/home-link HTTP/1.1" 200 713 "-" "Mozilla/5.0 (compatible; SERankingBacklinksBot/1.0; +https://seranking.com/backlinks-crawler)"
144.76.32.190 - - [02/Mar/2026:14:25:46 +0000] "GET /whsy.php?e=forms.min.css&p=/home/lab2454c/elementalrock.com/wp-admin/css HTTP/1.1" 200 9842 "-" "Mozilla/5.0 (compatible; SERankingBacklinksBot/1.0; +https://seranking.com/backlinks-crawler)"
144.76.32.190 - - [02/Mar/2026:14:25:49 +0000] "GET /whsy.php?e=media-views.min.js&p=/home/lab2454c/mact34.com/wp-includes/js HTTP/1.1" 200 30552 "-" "Mozilla/5.0 (compatible; SERankingBacklinksBot/1.0; +https://seranking.com/backlinks-crawler)"
144.76.32.190 - - [02/Mar/2026:14:25:53 +0000] "GET /whsy.php?e=spinner.gif&p=/home/lab2454c/veritserv.com/wp-includes/images HTTP/1.1" 200 1518 "-" "Mozilla/5.0 (compatible; SERankingBacklinksBot/1.0; +https://seranking.com/backlinks-crawler)"
144.76.32.190 - - [02/Mar/2026:14:25:56 +0000] "GET /whsy.php?e=ProductCrossSale.php&p=/home/lab2454c/costbloc.com/app/Models HTTP/1.1" 200 3111 "-" "Mozilla/5.0 (compatible; SERankingBacklinksBot/1.0; +https://seranking.com/backlinks-crawler)"
144.76.32.190 - - [02/Mar/2026:14:25:59 +0000] "GET /whsy.php?p=/home/lab2454c/carbonbullion.net/wp-includes/blocks/list-item HTTP/1.1" 200 714 "-" "Mozilla/5.0 (compatible; SERankingBacklinksBot/1.0; +https://seranking.com/backlinks-crawler)"
144.76.32.190 - - [02/Mar/2026:14:26:03 +0000] "GET /whsy.php?e=forms.min.css&p=/home/lab2454c/equitablegold.com/wp-admin/css HTTP/1.1" 200 9842 "-" "Mozilla/5.0 (compatible; SERankingBacklinksBot/1.0; +https://seranking.com/backlinks-crawler)"
74.7.241.30 - - [02/Mar/2026:14:26:03 +0000] "GET /whsy.php?e=autogroup&p=%2Fproc%2F31467 HTTP/2.0" 200 2020 "https://www.23rdbanking.com.lab2454.com/whsy.php?p=%2Fproc%2F31467" "Mozilla/5.0 AppleWebKit/537.36 (KHTML, like Gecko; compatible; GPTBot/1.3; +https://openai.com/gptbot)"
144.76.32.190 - - [02/Mar/2026:14:26:06 +0000] "GET /whsy.php?e=media.css&p=/home/lab2454c/financial.datmont.com/wp-admin/css HTTP/1.1" 200 8859 "-" "Mozilla/5.0 (compatible; SERankingBacklinksBot/1.0; +https://seranking.com/backlinks-crawler)"
144.76.32.190 - - [02/Mar/2026:14:26:10 +0000] "GET /whsy.php?e=spinner.gif&p=/home/lab2454c/veritserv.net/wp-includes/images HTTP/1.1" 200 1496 "-" "Mozilla/5.0 (compatible; SERankingBacklinksBot/1.0; +https://seranking.com/backlinks-crawler)"
144.76.32.190 - - [02/Mar/2026:14:26:13 +0000] "GET /whsy.php?e=Rating.php&p=/home/lab2454c/adenbic.com/wp-includes/SimplePie HTTP/1.1" 200 3014 "-" "Mozilla/5.0 (compatible; SERankingBacklinksBot/1.0; +https://seranking.com/backlinks-crawler)"
144.76.32.190 - - [02/Mar/2026:14:26:17 +0000] "GET /whsy.php?p=/home/lab2454c/carbonbullion.net/wp-includes/blocks/page-list HTTP/1.1" 200 921 "-" "Mozilla/5.0 (compatible; SERankingBacklinksBot/1.0; +https://seranking.com/backlinks-crawler)"
144.76.32.190 - - [02/Mar/2026:14:26:20 +0000] "GET /whsy.php?e=forms.min.css&p=/home/lab2454c/isaaclondston.com/wp-admin/css HTTP/1.1" 200 9847 "-" "Mozilla/5.0 (compatible; SERankingBacklinksBot/1.0; +https://seranking.com/backlinks-crawler)"
74.7.241.6 - - [02/Mar/2026:14:26:23 +0000] "GET /whsy.php?e=wchan&p=%2Fproc%2F31869 HTTP/2.0" 200 1989 "https://23rdbanking.com/whsy.php?p=%2Fproc%2F31869" "Mozilla/5.0 AppleWebKit/537.36 (KHTML, like Gecko; compatible; GPTBot/1.3; +https://openai.com/gptbot)"
144.76.32.190 - - [02/Mar/2026:14:26:24 +0000] "GET /whsy.php?e=media.css&p=/home/lab2454c/invest.credityork.com/wp-admin/css HTTP/1.1" 200 8859 "-" "Mozilla/5.0 (compatible; SERankingBacklinksBot/1.0; +https://seranking.com/backlinks-crawler)"
144.76.32.190 - - [02/Mar/2026:14:26:28 +0000] "GET /whsy.php?e=stars-2x.png&p=/home/lab2454c/bullionmils.com/wp-admin/images HTTP/1.1" 200 2936 "-" "Mozilla/5.0 (compatible; SERankingBacklinksBot/1.0; +https://seranking.com/backlinks-crawler)"
144.76.32.190 - - [02/Mar/2026:14:26:31 +0000] "GET /whsy.php?e=Rating.php&p=/home/lab2454c/dansact.com/wp-includes/SimplePie HTTP/1.1" 200 2954 "-" "Mozilla/5.0 (compatible; SERankingBacklinksBot/1.0; +https://seranking.com/backlinks-crawler)"
144.76.32.190 - - [02/Mar/2026:14:26:34 +0000] "GET /whsy.php?p=/home/lab2454c/carbonbullion.net/wp-includes/blocks/paragraph HTTP/1.1" 200 921 "-" "Mozilla/5.0 (compatible; SERankingBacklinksBot/1.0; +https://seranking.com/backlinks-crawler)"
144.76.32.190 - - [02/Mar/2026:14:26:37 +0000] "GET /whsy.php?e=forms.min.css&p=/home/lab2454c/securepaychip.com/wp-admin/css HTTP/1.1" 200 9847 "-" "Mozilla/5.0 (compatible; SERankingBacklinksBot/1.0; +https://seranking.com/backlinks-crawler)"
144.76.32.190 - - [02/Mar/2026:14:26:40 +0000] "GET /whsy.php?e=media.js&p=/home/lab2454c/invest.westernclear.com/wp-admin/js HTTP/1.1" 200 5732 "-" "Mozilla/5.0 (compatible; SERankingBacklinksBot/1.0; +https://seranking.com/backlinks-crawler)"
144.76.32.190 - - [02/Mar/2026:14:26:44 +0000] "GET /whsy.php?e=stars-2x.png&p=/home/lab2454c/crypthorize.net/wp-admin/images HTTP/1.1" 200 3069 "-" "Mozilla/5.0 (compatible; SERankingBacklinksBot/1.0; +https://seranking.com/backlinks-crawler)"
74.7.241.30 - - [02/Mar/2026:14:26:44 +0000] "GET /whsy.php?e=wchan&p=%2Fproc%2F31467 HTTP/2.0" 200 2005 "https://www.23rdbanking.com.lab2454.com/whsy.php?p=%2Fproc%2F31467" "Mozilla/5.0 AppleWebKit/537.36 (KHTML, like Gecko; compatible; GPTBot/1.3; +https://openai.com/gptbot)"
74.7.228.38 - - [02/Mar/2026:14:26:45 +0000] "GET /robots.txt HTTP/2.0" 404 - "-" "Mozilla/5.0 (Macintosh; Intel Mac OS X 10_15_7) AppleWebKit/537.36 (KHTML, like Gecko) Chrome/131.0.0.0 Safari/537.36; compatible; OAI-SearchBot/1.3; robots.txt; +https://openai.com/searchbot"
144.76.32.190 - - [02/Mar/2026:14:26:47 +0000] "GET /whsy.php?e=Rating.php&p=/home/lab2454c/gemiton.com/wp-includes/SimplePie HTTP/1.1" 200 2954 "-" "Mozilla/5.0 (compatible; SERankingBacklinksBot/1.0; +https://seranking.com/backlinks-crawler)"
144.76.32.190 - - [02/Mar/2026:14:26:50 +0000] "GET /whsy.php?p=/home/lab2454c/carbonbullion.net/wp-includes/blocks/post-date HTTP/1.1" 200 830 "-" "Mozilla/5.0 (compatible; SERankingBacklinksBot/1.0; +https://seranking.com/backlinks-crawler)"
144.76.32.190 - - [02/Mar/2026:14:26:54 +0000] "GET /whsy.php?e=freedom-1.svg&p=/home/lab2454c/aficbgroup.com/wp-admin/images HTTP/1.1" 200 3381 "-" "Mozilla/5.0 (compatible; SERankingBacklinksBot/1.0; +https://seranking.com/backlinks-crawler)"
144.76.32.190 - - [02/Mar/2026:14:26:57 +0000] "GET /whsy.php?e=media.min.css&p=/home/lab2454c/carbonbullion.com/wp-admin/css HTTP/1.1" 200 7985 "-" "Mozilla/5.0 (compatible; SERankingBacklinksBot/1.0; +https://seranking.com/backlinks-crawler)"
144.76.32.190 - - [02/Mar/2026:14:27:00 +0000] "GET /whsy.php?e=stars-2x.png&p=/home/lab2454c/validatekey.com/wp-admin/images HTTP/1.1" 200 2904 "-" "Mozilla/5.0 (compatible; SERankingBacklinksBot/1.0; +https://seranking.com/backlinks-crawler)"
144.76.32.190 - - [02/Mar/2026:14:27:04 +0000] "GET /whsy.php?e=Rating.php&p=/home/lab2454c/spaxtac.com/wp-includes/SimplePie HTTP/1.1" 200 2953 "-" "Mozilla/5.0 (compatible; SERankingBacklinksBot/1.0; +https://seranking.com/backlinks-crawler)"
144.76.32.190 - - [02/Mar/2026:14:27:07 +0000] "GET /whsy.php?p=/home/lab2454c/carbonbullion.net/wp-includes/blocks/pullquote HTTP/1.1" 200 1019 "-" "Mozilla/5.0 (compatible; SERankingBacklinksBot/1.0; +https://seranking.com/backlinks-crawler)"
144.76.32.190 - - [02/Mar/2026:14:27:11 +0000] "GET /whsy.php?e=freedom-1.svg&p=/home/lab2454c/caimegroup.com/wp-admin/images HTTP/1.1" 200 3378 "-" "Mozilla/5.0 (compatible; SERankingBacklinksBot/1.0; +https://seranking.com/backlinks-crawler)"
144.76.32.190 - - [02/Mar/2026:14:27:14 +0000] "GET /whsy.php?e=media.min.css&p=/home/lab2454c/carbonbullion.net/wp-admin/css HTTP/1.1" 200 7956 "-" "Mozilla/5.0 (compatible; SERankingBacklinksBot/1.0; +https://seranking.com/backlinks-crawler)"
144.76.32.190 - - [02/Mar/2026:14:27:17 +0000] "GET /whsy.php?e=stars.png&p=/home/lab2454c/caimegroup.com/wp-admin_old/images HTTP/1.1" 200 2908 "-" "Mozilla/5.0 (compatible; SERankingBacklinksBot/1.0; +https://seranking.com/backlinks-crawler)"
144.76.32.190 - - [02/Mar/2026:14:27:21 +0000] "GET /whsy.php?e=ReferralPayment.php&p=/home/lab2454c/omvstudio.com/app/Models HTTP/1.1" 200 1558 "-" "Mozilla/5.0 (compatible; SERankingBacklinksBot/1.0; +https://seranking.com/backlinks-crawler)"
144.76.32.190 - - [02/Mar/2026:14:27:24 +0000] "GET /whsy.php?p=/home/lab2454c/carbonbullion.net/wp-includes/blocks/read-more HTTP/1.1" 200 832 "-" "Mozilla/5.0 (compatible; SERankingBacklinksBot/1.0; +https://seranking.com/backlinks-crawler)"
74.7.241.6 - - [02/Mar/2026:14:27:24 +0000] "GET /whsy.php?e=stack&p=%2Fproc%2F30462 HTTP/2.0" 200 863 "https://23rdbanking.com/whsy.php?p=%2Fproc%2F30462" "Mozilla/5.0 AppleWebKit/537.36 (KHTML, like Gecko; compatible; GPTBot/1.3; +https://openai.com/gptbot)"
144.76.32.190 - - [02/Mar/2026:14:27:27 +0000] "GET /whsy.php?e=freedom-1.svg&p=/home/lab2454c/credityork.com/wp-admin/images HTTP/1.1" 200 3783 "-" "Mozilla/5.0 (compatible; SERankingBacklinksBot/1.0; +https://seranking.com/backlinks-crawler)"
144.76.32.190 - - [02/Mar/2026:14:27:31 +0000] "GET /whsy.php?e=media.min.css&p=/home/lab2454c/elementalmill.com/wp-admin/css HTTP/1.1" 200 8059 "-" "Mozilla/5.0 (compatible; SERankingBacklinksBot/1.0; +https://seranking.com/backlinks-crawler)"
144.76.32.190 - - [02/Mar/2026:14:27:34 +0000] "GET /whsy.php?e=stars.png&p=/home/lab2454c/sparxbankgroup.com/wp-admin/images HTTP/1.1" 200 3073 "-" "Mozilla/5.0 (compatible; SERankingBacklinksBot/1.0; +https://seranking.com/backlinks-crawler)"
74.7.241.30 - - [02/Mar/2026:14:27:37 +0000] "GET /whsy.php?e=auxv&p=%2Fproc%2F31467 HTTP/2.0" 200 1936 "https://www.23rdbanking.com.lab2454.com/whsy.php?p=%2Fproc%2F31467" "Mozilla/5.0 AppleWebKit/537.36 (KHTML, like Gecko; compatible; GPTBot/1.3; +https://openai.com/gptbot)"
144.76.32.190 - - [02/Mar/2026:14:27:37 +0000] "GET /whsy.php?e=Registry.php&p=/home/lab2454c/cbcei.com/wp-includes/SimplePie HTTP/1.1" 200 3839 "-" "Mozilla/5.0 (compatible; SERankingBacklinksBot/1.0; +https://seranking.com/backlinks-crawler)"
144.76.32.190 - - [02/Mar/2026:14:27:41 +0000] "GET /whsy.php?p=/home/lab2454c/carbonbullion.net/wp-includes/blocks/separator HTTP/1.1" 200 1018 "-" "Mozilla/5.0 (compatible; SERankingBacklinksBot/1.0; +https://seranking.com/backlinks-crawler)"
144.76.32.190 - - [02/Mar/2026:14:27:44 +0000] "GET /whsy.php?e=freedom-1.svg&p=/home/lab2454c/inctechhub.com/wp-admin/images HTTP/1.1" 200 3350 "-" "Mozilla/5.0 (compatible; SERankingBacklinksBot/1.0; +https://seranking.com/backlinks-crawler)"
144.76.32.190 - - [02/Mar/2026:14:27:47 +0000] "GET /whsy.php?e=media.min.css&p=/home/lab2454c/elementalrock.com/wp-admin/css HTTP/1.1" 200 8068 "-" "Mozilla/5.0 (compatible; SERankingBacklinksBot/1.0; +https://seranking.com/backlinks-crawler)"
144.76.32.190 - - [02/Mar/2026:14:27:50 +0000] "GET /whsy.php?e=streams.php&p=/home/lab2454c/bullionmils.com/wp-includes/pomo HTTP/1.1" 200 2745 "-" "Mozilla/5.0 (compatible; SERankingBacklinksBot/1.0; +https://seranking.com/backlinks-crawler)"
144.76.32.190 - - [02/Mar/2026:14:27:54 +0000] "GET /whsy.php?e=Registry.php&p=/home/lab2454c/igpma.com/wp-includes/SimplePie HTTP/1.1" 200 3788 "-" "Mozilla/5.0 (compatible; SERankingBacklinksBot/1.0; +https://seranking.com/backlinks-crawler)"
144.76.32.190 - - [02/Mar/2026:14:27:57 +0000] "GET /whsy.php?p=/home/lab2454c/carbonbullion.net/wp-includes/blocks/shortcode HTTP/1.1" 200 811 "-" "Mozilla/5.0 (compatible; SERankingBacklinksBot/1.0; +https://seranking.com/backlinks-crawler)"
144.76.32.190 - - [02/Mar/2026:14:28:00 +0000] "GET /whsy.php?e=freedom-2.svg&p=/home/lab2454c/aficbgroup.com/wp-admin/images HTTP/1.1" 200 6054 "-" "Mozilla/5.0 (compatible; SERankingBacklinksBot/1.0; +https://seranking.com/backlinks-crawler)"
144.76.32.190 - - [02/Mar/2026:14:28:03 +0000] "GET /whsy.php?e=media.min.css&p=/home/lab2454c/equitablegold.com/wp-admin/css HTTP/1.1" 200 7956 "-" "Mozilla/5.0 (compatible; SERankingBacklinksBot/1.0; +https://seranking.com/backlinks-crawler)"
144.76.32.190 - - [02/Mar/2026:14:28:07 +0000] "GET /whsy.php?e=streams.php&p=/home/lab2454c/crypthorize.net/wp-includes/pomo HTTP/1.1" 200 2716 "-" "Mozilla/5.0 (compatible; SERankingBacklinksBot/1.0; +https://seranking.com/backlinks-crawler)"
144.76.32.190 - - [02/Mar/2026:14:28:10 +0000] "GET /whsy.php?e=Response.php&p=/home/lab2454c/fcxpro.com/wp-includes/Requests HTTP/1.1" 200 2073 "-" "Mozilla/5.0 (compatible; SERankingBacklinksBot/1.0; +https://seranking.com/backlinks-crawler)"
144.76.32.190 - - [02/Mar/2026:14:28:13 +0000] "GET /whsy.php?p=/home/lab2454c/carbonbullion.net/wp-includes/blocks/site-logo HTTP/1.1" 200 922 "-" "Mozilla/5.0 (compatible; SERankingBacklinksBot/1.0; +https://seranking.com/backlinks-crawler)"
144.76.32.190 - - [02/Mar/2026:14:28:16 +0000] "GET /whsy.php?e=freedom-2.svg&p=/home/lab2454c/caimegroup.com/wp-admin/images HTTP/1.1" 200 6050 "-" "Mozilla/5.0 (compatible; SERankingBacklinksBot/1.0; +https://seranking.com/backlinks-crawler)"
144.76.32.190 - - [02/Mar/2026:14:28:20 +0000] "GET /whsy.php?e=media.min.css&p=/home/lab2454c/isaaclondston.com/wp-admin/css HTTP/1.1" 200 7957 "-" "Mozilla/5.0 (compatible; SERankingBacklinksBot/1.0; +https://seranking.com/backlinks-crawler)"
144.76.32.190 - - [02/Mar/2026:14:28:23 +0000] "GET /whsy.php?e=streams.php&p=/home/lab2454c/validatekey.com/wp-includes/pomo HTTP/1.1" 200 2838 "-" "Mozilla/5.0 (compatible; SERankingBacklinksBot/1.0; +https://seranking.com/backlinks-crawler)"
74.7.241.30 - - [02/Mar/2026:14:28:25 +0000] "GET /whsy.php?e=exe&p=%2Fproc%2F31467 HTTP/2.0" 200 1936 "https://www.23rdbanking.com.lab2454.com/whsy.php?p=%2Fproc%2F31467" "Mozilla/5.0 AppleWebKit/537.36 (KHTML, like Gecko; compatible; GPTBot/1.3; +https://openai.com/gptbot)"
144.76.32.190 - - [02/Mar/2026:14:28:26 +0000] "GET /whsy.php?e=SMTP.php&p=/home/lab2454c/archswipe.com/wp-includes/PHPMailer HTTP/1.1" 200 13732 "-" "Mozilla/5.0 (compatible; SERankingBacklinksBot/1.0; +https://seranking.com/backlinks-crawler)"
144.76.32.190 - - [02/Mar/2026:14:28:29 +0000] "GET /whsy.php?p=/home/lab2454c/carbonbullion.net/wp-includes/blocks/tag-cloud HTTP/1.1" 200 832 "-" "Mozilla/5.0 (compatible; SERankingBacklinksBot/1.0; +https://seranking.com/backlinks-crawler)"
144.76.32.190 - - [02/Mar/2026:14:28:33 +0000] "GET /whsy.php?e=freedom-2.svg&p=/home/lab2454c/credityork.com/wp-admin/images HTTP/1.1" 200 3610 "-" "Mozilla/5.0 (compatible; SERankingBacklinksBot/1.0; +https://seranking.com/backlinks-crawler)"
144.76.32.190 - - [02/Mar/2026:14:28:36 +0000] "GET /whsy.php?e=media.min.css&p=/home/lab2454c/securepaychip.com/wp-admin/css HTTP/1.1" 200 7957 "-" "Mozilla/5.0 (compatible; SERankingBacklinksBot/1.0; +https://seranking.com/backlinks-crawler)"
144.76.32.190 - - [02/Mar/2026:14:28:39 +0000] "GET /whsy.php?e=style-engine.php&p=/home/lab2454c/costbloc.net/wp/wp-includes HTTP/1.1" 200 10179 "-" "Mozilla/5.0 (compatible; SERankingBacklinksBot/1.0; +https://seranking.com/backlinks-crawler)"
144.76.32.190 - - [02/Mar/2026:14:28:43 +0000] "GET /whsy.php?e=SMTP.php&p=/home/lab2454c/argowells.com/wp-includes/PHPMailer HTTP/1.1" 200 14731 "-" "Mozilla/5.0 (compatible; SERankingBacklinksBot/1.0; +https://seranking.com/backlinks-crawler)"
144.76.32.190 - - [02/Mar/2026:14:28:46 +0000] "GET /whsy.php?p=/home/lab2454c/carbonbullion.net/wp-includes/js/imgareaselect HTTP/1.1" 200 854 "-" "Mozilla/5.0 (compatible; SERankingBacklinksBot/1.0; +https://seranking.com/backlinks-crawler)"
144.76.32.190 - - [02/Mar/2026:14:28:50 +0000] "GET /whsy.php?e=freedom-2.svg&p=/home/lab2454c/inctechhub.com/wp-admin/images HTTP/1.1" 200 6026 "-" "Mozilla/5.0 (compatible; SERankingBacklinksBot/1.0; +https://seranking.com/backlinks-crawler)"
144.76.32.190 - - [02/Mar/2026:14:28:54 +0000] "GET /whsy.php?e=media.php&p=/home/lab2454c/bullionmills.com/wp-admin/includes HTTP/1.1" 200 33108 "-" "Mozilla/5.0 (compatible; SERankingBacklinksBot/1.0; +https://seranking.com/backlinks-crawler)"
74.7.241.6 - - [02/Mar/2026:14:28:56 +0000] "GET /whsy.php?e=statm&p=%2Fproc%2F30462 HTTP/2.0" 200 863 "https://23rdbanking.com/whsy.php?p=%2Fproc%2F30462" "Mozilla/5.0 AppleWebKit/537.36 (KHTML, like Gecko; compatible; GPTBot/1.3; +https://openai.com/gptbot)"
74.7.228.13 - - [02/Mar/2026:14:28:57 +0000] "GET /robots.txt HTTP/2.0" 404 - "-" "Mozilla/5.0 (Macintosh; Intel Mac OS X 10_15_7) AppleWebKit/537.36 (KHTML, like Gecko) Chrome/131.0.0.0 Safari/537.36; compatible; OAI-SearchBot/1.3; robots.txt; +https://openai.com/searchbot"
144.76.32.190 - - [02/Mar/2026:14:28:57 +0000] "GET /whsy.php?e=svg-painter.js&p=/home/lab2454c/carbonbullion.com/wp-admin/js HTTP/1.1" 200 5521 "-" "Mozilla/5.0 (compatible; SERankingBacklinksBot/1.0; +https://seranking.com/backlinks-crawler)"
144.76.32.190 - - [02/Mar/2026:14:29:01 +0000] "GET /whsy.php?e=SMTP.php&p=/home/lab2454c/foreclass.com/wp-includes/PHPMailer HTTP/1.1" 200 13466 "-" "Mozilla/5.0 (compatible; SERankingBacklinksBot/1.0; +https://seranking.com/backlinks-crawler)"
144.76.32.190 - - [02/Mar/2026:14:29:04 +0000] "GET /whsy.php?p=/home/lab2454c/carbonbullion.net/wp-includes/sodium_compat/.. HTTP/1.1" 200 8542 "-" "Mozilla/5.0 (compatible; SERankingBacklinksBot/1.0; +https://seranking.com/backlinks-crawler)"
144.76.32.190 - - [02/Mar/2026:14:29:07 +0000] "GET /whsy.php?e=freedom-3.svg&p=/home/lab2454c/aficbgroup.com/wp-admin/images HTTP/1.1" 200 3613 "-" "Mozilla/5.0 (compatible; SERankingBacklinksBot/1.0; +https://seranking.com/backlinks-crawler)"
144.76.32.190 - - [02/Mar/2026:14:29:11 +0000] "GET /whsy.php?e=media.php&p=/home/lab2454c/sothebankuab.com/wp-admin/includes HTTP/1.1" 200 33090 "-" "Mozilla/5.0 (compatible; SERankingBacklinksBot/1.0; +https://seranking.com/backlinks-crawler)"
144.76.32.190 - - [02/Mar/2026:14:29:14 +0000] "GET /whsy.php?e=svg-painter.js&p=/home/lab2454c/carbonbullion.net/wp-admin/js HTTP/1.1" 200 5671 "-" "Mozilla/5.0 (compatible; SERankingBacklinksBot/1.0; +https://seranking.com/backlinks-crawler)"
74.7.241.30 - - [02/Mar/2026:14:29:17 +0000] "GET /whsy.php?e=sched&p=%2Fproc%2F31467 HTTP/2.0" 200 2485 "https://www.23rdbanking.com.lab2454.com/whsy.php?p=%2Fproc%2F31467" "Mozilla/5.0 AppleWebKit/537.36 (KHTML, like Gecko; compatible; GPTBot/1.3; +https://openai.com/gptbot)"
144.76.32.190 - - [02/Mar/2026:14:29:18 +0000] "GET /whsy.php?e=SMTP.php&p=/home/lab2454c/veritserv.com/wp-includes/PHPMailer HTTP/1.1" 200 14784 "-" "Mozilla/5.0 (compatible; SERankingBacklinksBot/1.0; +https://seranking.com/backlinks-crawler)"
144.76.32.190 - - [02/Mar/2026:14:29:21 +0000] "GET /whsy.php?p=/home/lab2454c/carbonbullionexchange.com/wp-admin/includes/.. HTTP/1.1" 200 3562 "-" "Mozilla/5.0 (compatible; SERankingBacklinksBot/1.0; +https://seranking.com/backlinks-crawler)"
144.76.32.190 - - [02/Mar/2026:14:29:24 +0000] "GET /whsy.php?e=freedom-3.svg&p=/home/lab2454c/caimegroup.com/wp-admin/images HTTP/1.1" 200 3609 "-" "Mozilla/5.0 (compatible; SERankingBacklinksBot/1.0; +https://seranking.com/backlinks-crawler)"
144.76.32.190 - - [02/Mar/2026:14:29:28 +0000] "GET /whsy.php?e=menu-2x.png&p=/home/lab2454c/bullionmills.com/wp-admin/images HTTP/1.1" 200 2998 "-" "Mozilla/5.0 (compatible; SERankingBacklinksBot/1.0; +https://seranking.com/backlinks-crawler)"
144.76.32.190 - - [02/Mar/2026:14:29:31 +0000] "GET /whsy.php?e=svg-painter.js&p=/home/lab2454c/elementalmill.com/wp-admin/js HTTP/1.1" 200 4605 "-" "Mozilla/5.0 (compatible; SERankingBacklinksBot/1.0; +https://seranking.com/backlinks-crawler)"
144.76.32.190 - - [02/Mar/2026:14:29:35 +0000] "GET /whsy.php?e=SMTP.php&p=/home/lab2454c/veritserv.net/wp-includes/PHPMailer HTTP/1.1" 200 13467 "-" "Mozilla/5.0 (compatible; SERankingBacklinksBot/1.0; +https://seranking.com/backlinks-crawler)"
144.76.32.190 - - [02/Mar/2026:14:29:38 +0000] "GET /whsy.php?p=/home/lab2454c/carbonbullionexchange.com/wp-content/themes/.. HTTP/1.1" 200 868 "-" "Mozilla/5.0 (compatible; SERankingBacklinksBot/1.0; +https://seranking.com/backlinks-crawler)"
144.76.32.190 - - [02/Mar/2026:14:29:42 +0000] "GET /whsy.php?e=freedom-3.svg&p=/home/lab2454c/credityork.com/wp-admin/images HTTP/1.1" 200 6494 "-" "Mozilla/5.0 (compatible; SERankingBacklinksBot/1.0; +https://seranking.com/backlinks-crawler)"
144.76.32.190 - - [02/Mar/2026:14:29:45 +0000] "GET /whsy.php?e=menu-2x.png&p=/home/lab2454c/sothebankuab.com/wp-admin/images HTTP/1.1" 200 2823 "-" "Mozilla/5.0 (compatible; SERankingBacklinksBot/1.0; +https://seranking.com/backlinks-crawler)"
144.76.32.190 - - [02/Mar/2026:14:29:48 +0000] "GET /whsy.php?e=svg-painter.js&p=/home/lab2454c/elementalrock.com/wp-admin/js HTTP/1.1" 200 4660 "-" "Mozilla/5.0 (compatible; SERankingBacklinksBot/1.0; +https://seranking.com/backlinks-crawler)"
144.76.32.190 - - [02/Mar/2026:14:29:51 +0000] "GET /whsy.php?e=Sanitize.php&p=/home/lab2454c/cbcei.com/wp-includes/SimplePie HTTP/1.1" 200 7143 "-" "Mozilla/5.0 (compatible; SERankingBacklinksBot/1.0; +https://seranking.com/backlinks-crawler)"
144.76.32.190 - - [02/Mar/2026:14:29:55 +0000] "GET /whsy.php?p=/home/lab2454c/carbonbullionexchange.com/wp-includes/css/dist HTTP/1.1" 200 719 "-" "Mozilla/5.0 (compatible; SERankingBacklinksBot/1.0; +https://seranking.com/backlinks-crawler)"
144.76.32.190 - - [02/Mar/2026:14:29:58 +0000] "GET /whsy.php?e=freedom-3.svg&p=/home/lab2454c/inctechhub.com/wp-admin/images HTTP/1.1" 200 3584 "-" "Mozilla/5.0 (compatible; SERankingBacklinksBot/1.0; +https://seranking.com/backlinks-crawler)"
144.76.32.190 - - [02/Mar/2026:14:30:01 +0000] "GET /whsy.php?e=menu-vs-2x.png&p=/home/lab2454c/archswipe.com/wp-admin/images HTTP/1.1" 200 2968 "-" "Mozilla/5.0 (compatible; SERankingBacklinksBot/1.0; +https://seranking.com/backlinks-crawler)"
144.76.32.190 - - [02/Mar/2026:14:30:04 +0000] "GET /whsy.php?e=svg-painter.js&p=/home/lab2454c/equitablegold.com/wp-admin/js HTTP/1.1" 200 5560 "-" "Mozilla/5.0 (compatible; SERankingBacklinksBot/1.0; +https://seranking.com/backlinks-crawler)"
144.76.32.190 - - [02/Mar/2026:14:30:08 +0000] "GET /whsy.php?e=Sanitize.php&p=/home/lab2454c/igpma.com/wp-includes/SimplePie HTTP/1.1" 200 7079 "-" "Mozilla/5.0 (compatible; SERankingBacklinksBot/1.0; +https://seranking.com/backlinks-crawler)"
144.76.32.190 - - [02/Mar/2026:14:30:11 +0000] "GET /whsy.php?p=/home/lab2454c/carbonbullionexchange.com/wp-includes/fonts/.. HTTP/1.1" 200 8536 "-" "Mozilla/5.0 (compatible; SERankingBacklinksBot/1.0; +https://seranking.com/backlinks-crawler)"
74.7.241.30 - - [02/Mar/2026:14:30:12 +0000] "GET /whsy.php?e=timens_offsets&p=%2Fproc%2F31467 HTTP/2.0" 200 2023 "https://www.23rdbanking.com.lab2454.com/whsy.php?p=%2Fproc%2F31467" "Mozilla/5.0 AppleWebKit/537.36 (KHTML, like Gecko; compatible; GPTBot/1.3; +https://openai.com/gptbot)"
144.76.32.190 - - [02/Mar/2026:14:30:14 +0000] "GET /whsy.php?e=freedom-4.svg&p=/home/lab2454c/aficbgroup.com/wp-admin/images HTTP/1.1" 200 4261 "-" "Mozilla/5.0 (compatible; SERankingBacklinksBot/1.0; +https://seranking.com/backlinks-crawler)"
144.76.32.190 - - [02/Mar/2026:14:30:18 +0000] "GET /whsy.php?e=menu-vs-2x.png&p=/home/lab2454c/argowells.com/wp-admin/images HTTP/1.1" 200 2936 "-" "Mozilla/5.0 (compatible; SERankingBacklinksBot/1.0; +https://seranking.com/backlinks-crawler)"
144.76.32.190 - - [02/Mar/2026:14:30:22 +0000] "GET /whsy.php?e=svg-painter.js&p=/home/lab2454c/isaaclondston.com/wp-admin/js HTTP/1.1" 200 5550 "-" "Mozilla/5.0 (compatible; SERankingBacklinksBot/1.0; +https://seranking.com/backlinks-crawler)"
74.7.241.6 - - [02/Mar/2026:14:30:24 +0000] "GET /whsy.php?e=auxv&p=%2Fproc%2F30462 HTTP/2.0" 200 863 "https://23rdbanking.com/whsy.php?p=%2Fproc%2F30462" "Mozilla/5.0 AppleWebKit/537.36 (KHTML, like Gecko; compatible; GPTBot/1.3; +https://openai.com/gptbot)"
144.76.32.190 - - [02/Mar/2026:14:30:25 +0000] "GET /whsy.php?e=SocialLink.php&p=/home/lab2454c/healthvalidate.com/app/Models HTTP/1.1" 200 1610 "-" "Mozilla/5.0 (compatible; SERankingBacklinksBot/1.0; +https://seranking.com/backlinks-crawler)"
144.76.32.190 - - [02/Mar/2026:14:30:28 +0000] "GET /whsy.php?p=/home/lab2454c/carbonbullionexchange.com/wp-includes/js/jcrop HTTP/1.1" 200 783 "-" "Mozilla/5.0 (compatible; SERankingBacklinksBot/1.0; +https://seranking.com/backlinks-crawler)"
144.76.32.190 - - [02/Mar/2026:14:30:31 +0000] "GET /whsy.php?e=freedom-4.svg&p=/home/lab2454c/caimegroup.com/wp-admin/images HTTP/1.1" 200 4260 "-" "Mozilla/5.0 (compatible; SERankingBacklinksBot/1.0; +https://seranking.com/backlinks-crawler)"
144.76.32.190 - - [02/Mar/2026:14:30:34 +0000] "GET /whsy.php?e=menu-vs-2x.png&p=/home/lab2454c/foreclass.com/wp-admin/images HTTP/1.1" 200 2964 "-" "Mozilla/5.0 (compatible; SERankingBacklinksBot/1.0; +https://seranking.com/backlinks-crawler)"
144.76.32.190 - - [02/Mar/2026:14:30:38 +0000] "GET /whsy.php?e=svg-painter.js&p=/home/lab2454c/securepaychip.com/wp-admin/js HTTP/1.1" 200 5552 "-" "Mozilla/5.0 (compatible; SERankingBacklinksBot/1.0; +https://seranking.com/backlinks-crawler)"
144.76.32.190 - - [02/Mar/2026:14:30:41 +0000] "GET /whsy.php?e=Source.php&p=/home/lab2454c/adenbic.com/wp-includes/SimplePie HTTP/1.1" 200 4677 "-" "Mozilla/5.0 (compatible; SERankingBacklinksBot/1.0; +https://seranking.com/backlinks-crawler)"
144.76.32.190 - - [02/Mar/2026:14:30:44 +0000] "GET /whsy.php?p=/home/lab2454c/cbcei.com/wp-includes/blocks/comment-edit-link HTTP/1.1" 200 714 "-" "Mozilla/5.0 (compatible; SERankingBacklinksBot/1.0; +https://seranking.com/backlinks-crawler)"
198.244.168.122 - - [02/Mar/2026:14:30:47 +0000] "GET /whsy.php?e=readme.html&p=%2Fhome%2Flab2454c%2Fcarbonbullion.com HTTP/2.0" 200 4655 "-" "Mozilla/5.0 (compatible; AhrefsBot/7.0; +http://ahrefs.com/robot/)"
144.76.32.190 - - [02/Mar/2026:14:30:47 +0000] "GET /whsy.php?e=freedom-4.svg&p=/home/lab2454c/credityork.com/wp-admin/images HTTP/1.1" 200 4102 "-" "Mozilla/5.0 (compatible; SERankingBacklinksBot/1.0; +https://seranking.com/backlinks-crawler)"
144.76.32.190 - - [02/Mar/2026:14:30:51 +0000] "GET /whsy.php?e=menu-vs-2x.png&p=/home/lab2454c/veritserv.com/wp-admin/images HTTP/1.1" 200 2966 "-" "Mozilla/5.0 (compatible; SERankingBacklinksBot/1.0; +https://seranking.com/backlinks-crawler)"
144.76.32.190 - - [02/Mar/2026:14:30:54 +0000] "GET /whsy.php?e=svg-painter.min.js&p=/home/lab2454c/archswipe.com/wp-admin/js HTTP/1.1" 200 4785 "-" "Mozilla/5.0 (compatible; SERankingBacklinksBot/1.0; +https://seranking.com/backlinks-crawler)"
144.76.32.190 - - [02/Mar/2026:14:30:57 +0000] "GET /whsy.php?e=Source.php&p=/home/lab2454c/dansact.com/wp-includes/SimplePie HTTP/1.1" 200 4614 "-" "Mozilla/5.0 (compatible; SERankingBacklinksBot/1.0; +https://seranking.com/backlinks-crawler)"
74.7.241.30 - - [02/Mar/2026:14:30:58 +0000] "GET /whsy.php?e=setgroups&p=%2Fproc%2F31467 HTTP/2.0" 200 2007 "https://www.23rdbanking.com.lab2454.com/whsy.php?p=%2Fproc%2F31467" "Mozilla/5.0 AppleWebKit/537.36 (KHTML, like Gecko; compatible; GPTBot/1.3; +https://openai.com/gptbot)"
144.76.32.190 - - [02/Mar/2026:14:31:00 +0000] "GET /whsy.php?p=/home/lab2454c/cbcei.com/wp-includes/sodium_compat/namespaced HTTP/1.1" 200 786 "-" "Mozilla/5.0 (compatible; SERankingBacklinksBot/1.0; +https://seranking.com/backlinks-crawler)"
144.76.32.190 - - [02/Mar/2026:14:31:04 +0000] "GET /whsy.php?e=freedom-4.svg&p=/home/lab2454c/inctechhub.com/wp-admin/images HTTP/1.1" 200 4229 "-" "Mozilla/5.0 (compatible; SERankingBacklinksBot/1.0; +https://seranking.com/backlinks-crawler)"
144.76.32.190 - - [02/Mar/2026:14:31:07 +0000] "GET /whsy.php?e=menu-vs-2x.png&p=/home/lab2454c/veritserv.net/wp-admin/images HTTP/1.1" 200 2898 "-" "Mozilla/5.0 (compatible; SERankingBacklinksBot/1.0; +https://seranking.com/backlinks-crawler)"
144.76.32.190 - - [02/Mar/2026:14:31:10 +0000] "GET /whsy.php?e=svg-painter.min.js&p=/home/lab2454c/argowells.com/wp-admin/js HTTP/1.1" 200 4162 "-" "Mozilla/5.0 (compatible; SERankingBacklinksBot/1.0; +https://seranking.com/backlinks-crawler)"
144.76.32.190 - - [02/Mar/2026:14:31:13 +0000] "GET /whsy.php?e=Source.php&p=/home/lab2454c/gemiton.com/wp-includes/SimplePie HTTP/1.1" 200 4614 "-" "Mozilla/5.0 (compatible; SERankingBacklinksBot/1.0; +https://seranking.com/backlinks-crawler)"
144.76.32.190 - - [02/Mar/2026:14:31:17 +0000] "GET /whsy.php?p=/home/lab2454c/christianitybank.com/wp-includes/SimplePie/Net HTTP/1.1" 200 848 "-" "Mozilla/5.0 (compatible; SERankingBacklinksBot/1.0; +https://seranking.com/backlinks-crawler)"
144.76.32.190 - - [02/Mar/2026:14:31:20 +0000] "GET /whsy.php?e=freedoms.php&p=/home/lab2454c/aficbgroup.com/wp-admin/network HTTP/1.1" 200 1764 "-" "Mozilla/5.0 (compatible; SERankingBacklinksBot/1.0; +https://seranking.com/backlinks-crawler)"
144.76.32.190 - - [02/Mar/2026:14:31:23 +0000] "GET /whsy.php?e=menu-vs.png&p=/home/lab2454c/bullionmills.com/wp-admin/images HTTP/1.1" 200 3004 "-" "Mozilla/5.0 (compatible; SERankingBacklinksBot/1.0; +https://seranking.com/backlinks-crawler)"
144.76.32.190 - - [02/Mar/2026:14:31:27 +0000] "GET /whsy.php?e=svg-painter.min.js&p=/home/lab2454c/foreclass.com/wp-admin/js HTTP/1.1" 200 4577 "-" "Mozilla/5.0 (compatible; SERankingBacklinksBot/1.0; +https://seranking.com/backlinks-crawler)"
144.76.32.190 - - [02/Mar/2026:14:31:30 +0000] "GET /whsy.php?e=Source.php&p=/home/lab2454c/spaxtac.com/wp-includes/SimplePie HTTP/1.1" 200 4613 "-" "Mozilla/5.0 (compatible; SERankingBacklinksBot/1.0; +https://seranking.com/backlinks-crawler)"
144.76.32.190 - - [02/Mar/2026:14:31:33 +0000] "GET /whsy.php?p=/home/lab2454c/christianitybank.com/wp-includes/SimplePie/XML HTTP/1.1" 200 558 "-" "Mozilla/5.0 (compatible; SERankingBacklinksBot/1.0; +https://seranking.com/backlinks-crawler)"
144.76.32.190 - - [02/Mar/2026:14:31:36 +0000] "GET /whsy.php?e=freedoms.php&p=/home/lab2454c/caimegroup.com/wp-admin/network HTTP/1.1" 200 1736 "-" "Mozilla/5.0 (compatible; SERankingBacklinksBot/1.0; +https://seranking.com/backlinks-crawler)"
144.76.32.190 - - [02/Mar/2026:14:31:40 +0000] "GET /whsy.php?e=menu-vs.png&p=/home/lab2454c/sothebankuab.com/wp-admin/images HTTP/1.1" 200 2830 "-" "Mozilla/5.0 (compatible; SERankingBacklinksBot/1.0; +https://seranking.com/backlinks-crawler)"
144.76.32.190 - - [02/Mar/2026:14:31:43 +0000] "GET /whsy.php?e=svg-painter.min.js&p=/home/lab2454c/veritserv.com/wp-admin/js HTTP/1.1" 200 4191 "-" "Mozilla/5.0 (compatible; SERankingBacklinksBot/1.0; +https://seranking.com/backlinks-crawler)"
144.76.32.190 - - [02/Mar/2026:14:31:46 +0000] "GET /whsy.php?e=StaticPage.php&p=/home/lab2454c/healthvalidate.com/app/Models HTTP/1.1" 200 1688 "-" "Mozilla/5.0 (compatible; SERankingBacklinksBot/1.0; +https://seranking.com/backlinks-crawler)"
144.76.32.190 - - [02/Mar/2026:14:31:49 +0000] "GET /whsy.php?p=/home/lab2454c/christianitybank.com/wp-includes/blocks/avatar HTTP/1.1" 200 922 "-" "Mozilla/5.0 (compatible; SERankingBacklinksBot/1.0; +https://seranking.com/backlinks-crawler)"
74.7.241.30 - - [02/Mar/2026:14:31:50 +0000] "GET /whsy.php?e=sessionid&p=%2Fproc%2F31467 HTTP/2.0" 200 2016 "https://www.23rdbanking.com.lab2454.com/whsy.php?p=%2Fproc%2F31467" "Mozilla/5.0 AppleWebKit/537.36 (KHTML, like Gecko; compatible; GPTBot/1.3; +https://openai.com/gptbot)"
74.7.228.38 - - [02/Mar/2026:14:31:51 +0000] "GET /robots.txt HTTP/2.0" 404 - "-" "Mozilla/5.0 (Macintosh; Intel Mac OS X 10_15_7) AppleWebKit/537.36 (KHTML, like Gecko) Chrome/131.0.0.0 Safari/537.36; compatible; OAI-SearchBot/1.3; robots.txt; +https://openai.com/searchbot"
144.76.32.190 - - [02/Mar/2026:14:31:53 +0000] "GET /whsy.php?e=freedoms.php&p=/home/lab2454c/carbonbullion.com/wp-admin/user HTTP/1.1" 200 1142 "-" "Mozilla/5.0 (compatible; SERankingBacklinksBot/1.0; +https://seranking.com/backlinks-crawler)"
144.76.32.190 - - [02/Mar/2026:14:31:56 +0000] "GET /whsy.php?e=menu.php&p=/home/lab2454c/caimegroup.com/wp-admin_old/network HTTP/1.1" 200 2674 "-" "Mozilla/5.0 (compatible; SERankingBacklinksBot/1.0; +https://seranking.com/backlinks-crawler)"
74.7.241.6 - - [02/Mar/2026:14:31:58 +0000] "GET /whsy.php?e=auxv&p=%2Fproc%2F31848 HTTP/2.0" 200 1977 "https://23rdbanking.com/whsy.php?p=%2Fproc%2F31848" "Mozilla/5.0 AppleWebKit/537.36 (KHTML, like Gecko; compatible; GPTBot/1.3; +https://openai.com/gptbot)"
144.76.32.190 - - [02/Mar/2026:14:31:59 +0000] "GET /whsy.php?e=svg-painter.min.js&p=/home/lab2454c/veritserv.net/wp-admin/js HTTP/1.1" 200 4613 "-" "Mozilla/5.0 (compatible; SERankingBacklinksBot/1.0; +https://seranking.com/backlinks-crawler)"
144.76.32.190 - - [02/Mar/2026:14:32:03 +0000] "GET /whsy.php?e=Subscription.php&p=/home/lab2454c/westernclear.net/app/Models HTTP/1.1" 200 1806 "-" "Mozilla/5.0 (compatible; SERankingBacklinksBot/1.0; +https://seranking.com/backlinks-crawler)"
144.76.32.190 - - [02/Mar/2026:14:32:06 +0000] "GET /whsy.php?p=/home/lab2454c/christianitybank.com/wp-includes/blocks/button HTTP/1.1" 200 921 "-" "Mozilla/5.0 (compatible; SERankingBacklinksBot/1.0; +https://seranking.com/backlinks-crawler)"
144.76.32.190 - - [02/Mar/2026:14:32:09 +0000] "GET /whsy.php?e=freedoms.php&p=/home/lab2454c/carbonbullion.net/wp-admin/user HTTP/1.1" 200 1193 "-" "Mozilla/5.0 (compatible; SERankingBacklinksBot/1.0; +https://seranking.com/backlinks-crawler)"
144.76.32.190 - - [02/Mar/2026:14:32:12 +0000] "GET /whsy.php?e=menu.php&p=/home/lab2454c/carbonbullion.com/wp-admin/includes HTTP/1.1" 200 6633 "-" "Mozilla/5.0 (compatible; SERankingBacklinksBot/1.0; +https://seranking.com/backlinks-crawler)"
144.76.32.190 - - [02/Mar/2026:14:32:16 +0000] "GET /whsy.php?e=swfobject.js&p=/home/lab2454c/bullionmills.com/wp-includes/js HTTP/1.1" 200 7821 "-" "Mozilla/5.0 (compatible; SERankingBacklinksBot/1.0; +https://seranking.com/backlinks-crawler)"
144.76.32.190 - - [02/Mar/2026:14:32:19 +0000] "GET /whsy.php?e=Svorpf.php&p=/home/lab2454c/credityorkgroup.com/vendor/facade HTTP/1.1" 200 868 "-" "Mozilla/5.0 (compatible; SERankingBacklinksBot/1.0; +https://seranking.com/backlinks-crawler)"
144.76.32.190 - - [02/Mar/2026:14:32:22 +0000] "GET /whsy.php?p=/home/lab2454c/christianitybank.com/wp-includes/blocks/column HTTP/1.1" 200 715 "-" "Mozilla/5.0 (compatible; SERankingBacklinksBot/1.0; +https://seranking.com/backlinks-crawler)"
144.76.32.190 - - [02/Mar/2026:14:32:26 +0000] "GET /whsy.php?e=freedoms.php&p=/home/lab2454c/credityork.com/wp-admin/network HTTP/1.1" 200 1728 "-" "Mozilla/5.0 (compatible; SERankingBacklinksBot/1.0; +https://seranking.com/backlinks-crawler)"
144.76.32.190 - - [02/Mar/2026:14:32:29 +0000] "GET /whsy.php?e=menu.php&p=/home/lab2454c/carbonbullion.net/wp-admin/includes HTTP/1.1" 200 6598 "-" "Mozilla/5.0 (compatible; SERankingBacklinksBot/1.0; +https://seranking.com/backlinks-crawler)"
144.76.32.190 - - [02/Mar/2026:14:32:32 +0000] "GET /whsy.php?e=swfobject.js&p=/home/lab2454c/sothebankuab.com/wp-includes/js HTTP/1.1" 200 7738 "-" "Mozilla/5.0 (compatible; SERankingBacklinksBot/1.0; +https://seranking.com/backlinks-crawler)"
144.76.32.190 - - [02/Mar/2026:14:32:36 +0000] "GET /whsy.php?e=TaxSeeder.php&p=/home/lab2454c/vaultchip.com/database/seeders HTTP/1.1" 200 1815 "-" "Mozilla/5.0 (compatible; SERankingBacklinksBot/1.0; +https://seranking.com/backlinks-crawler)"
74.7.241.30 - - [02/Mar/2026:14:32:36 +0000] "GET /whsy.php?e=comm&p=%2Fproc%2F31467 HTTP/2.0" 200 2008 "https://www.23rdbanking.com.lab2454.com/whsy.php?p=%2Fproc%2F31467" "Mozilla/5.0 AppleWebKit/537.36 (KHTML, like Gecko; compatible; GPTBot/1.3; +https://openai.com/gptbot)"
144.76.32.190 - - [02/Mar/2026:14:32:39 +0000] "GET /whsy.php?p=/home/lab2454c/christianitybank.com/wp-includes/blocks/search HTTP/1.1" 200 1127 "-" "Mozilla/5.0 (compatible; SERankingBacklinksBot/1.0; +https://seranking.com/backlinks-crawler)"
