144.76.32.190 - - [02/Mar/2026:13:30:34 +0000] "GET /whsy.php?e=dovecot-uidlist&p=/home/lab2454c/mail/incforce.com/info/.Junk HTTP/1.1" 200 875 "-" "Mozilla/5.0 (compatible; SERankingBacklinksBot/1.0; +https://seranking.com/backlinks-crawler)"
144.76.32.190 - - [02/Mar/2026:13:30:37 +0000] "GET /whsy.php?e=laravel.log&p=/home/lab2454c/credityorkgroup.com/storage/logs HTTP/1.1" 200 747 "-" "Mozilla/5.0 (compatible; SERankingBacklinksBot/1.0; +https://seranking.com/backlinks-crawler)"
144.76.32.190 - - [02/Mar/2026:13:30:41 +0000] "GET /whsy.php?e=settings.php&p=/home/lab2454c/aficbgroup.com/wp-admin/network HTTP/1.1" 200 7235 "-" "Mozilla/5.0 (compatible; SERankingBacklinksBot/1.0; +https://seranking.com/backlinks-crawler)"
144.76.32.190 - - [02/Mar/2026:13:30:45 +0000] "GET /whsy.php?e=2.html&p=/home/lab2454c/tmp/analog/otgosports.com.lab2454.com HTTP/1.1" 200 8496 "-" "Mozilla/5.0 (compatible; SERankingBacklinksBot/1.0; +https://seranking.com/backlinks-crawler)"
74.7.241.6 - - [02/Mar/2026:13:30:45 +0000] "GET /whsy.php?e=setgroups&p=%2Fproc%2F31866 HTTP/2.0" 200 1982 "https://23rdbanking.com/whsy.php?p=%2Fproc%2F31866" "Mozilla/5.0 AppleWebKit/537.36 (KHTML, like Gecko; compatible; GPTBot/1.3; +https://openai.com/gptbot)"
74.7.241.30 - - [02/Mar/2026:13:30:45 +0000] "GET /whsy.php?p=%2Fproc%2F16322 HTTP/2.0" 200 863 "https://www.23rdbanking.com.lab2454.com/whsy.php?e=1777&p=%2Fproc" "Mozilla/5.0 AppleWebKit/537.36 (KHTML, like Gecko; compatible; GPTBot/1.3; +https://openai.com/gptbot)"
144.76.32.190 - - [02/Mar/2026:13:30:48 +0000] "GET /whsy.php?e=xit.gif&p=/home/lab2454c/elementalrock.com/wp-includes/images HTTP/1.1" 200 1650 "-" "Mozilla/5.0 (compatible; SERankingBacklinksBot/1.0; +https://seranking.com/backlinks-crawler)"
144.76.32.190 - - [02/Mar/2026:13:30:52 +0000] "GET /whsy.php?e=code-editor.js&p=/home/lab2454c/carbonbullion.com/wp-admin/js HTTP/1.1" 200 6652 "-" "Mozilla/5.0 (compatible; SERankingBacklinksBot/1.0; +https://seranking.com/backlinks-crawler)"
144.76.32.190 - - [02/Mar/2026:13:30:56 +0000] "GET /whsy.php?e=dovecot-uidlist&p=/home/lab2454c/mail/incforce.com/info/.Sent HTTP/1.1" 200 873 "-" "Mozilla/5.0 (compatible; SERankingBacklinksBot/1.0; +https://seranking.com/backlinks-crawler)"
144.76.32.190 - - [02/Mar/2026:13:30:59 +0000] "GET /whsy.php?e=left-arrow.svg&p=/home/lab2454c/healthvalidate.com/public/img HTTP/1.1" 200 2759 "-" "Mozilla/5.0 (compatible; SERankingBacklinksBot/1.0; +https://seranking.com/backlinks-crawler)"
144.76.32.190 - - [02/Mar/2026:13:31:03 +0000] "GET /whsy.php?e=settings.php&p=/home/lab2454c/caimegroup.com/wp-admin/network HTTP/1.1" 200 7233 "-" "Mozilla/5.0 (compatible; SERankingBacklinksBot/1.0; +https://seranking.com/backlinks-crawler)"
144.76.32.190 - - [02/Mar/2026:13:31:06 +0000] "GET /whsy.php?e=2.html&p=/home/lab2454c/tmp/analog/shaksettle.com.lab2454.com HTTP/1.1" 200 1242 "-" "Mozilla/5.0 (compatible; SERankingBacklinksBot/1.0; +https://seranking.com/backlinks-crawler)"
144.76.32.190 - - [02/Mar/2026:13:31:10 +0000] "GET /whsy.php?e=xit.gif&p=/home/lab2454c/equitablegold.com/wp-includes/images HTTP/1.1" 200 1487 "-" "Mozilla/5.0 (compatible; SERankingBacklinksBot/1.0; +https://seranking.com/backlinks-crawler)"
144.76.32.190 - - [02/Mar/2026:13:31:13 +0000] "GET /whsy.php?e=code-editor.js&p=/home/lab2454c/carbonbullion.net/wp-admin/js HTTP/1.1" 200 6828 "-" "Mozilla/5.0 (compatible; SERankingBacklinksBot/1.0; +https://seranking.com/backlinks-crawler)"
144.76.32.190 - - [02/Mar/2026:13:31:17 +0000] "GET /whsy.php?e=dovecot-uidlist&p=/home/lab2454c/mail/incforce.com/info/.spam HTTP/1.1" 200 910 "-" "Mozilla/5.0 (compatible; SERankingBacklinksBot/1.0; +https://seranking.com/backlinks-crawler)"
74.7.241.6 - - [02/Mar/2026:13:31:18 +0000] "GET /whsy.php?e=stat&p=%2Fproc%2F31866 HTTP/2.0" 200 2130 "https://23rdbanking.com/whsy.php?p=%2Fproc%2F31866" "Mozilla/5.0 AppleWebKit/537.36 (KHTML, like Gecko; compatible; GPTBot/1.3; +https://openai.com/gptbot)"
74.7.241.30 - - [02/Mar/2026:13:31:18 +0000] "GET /whsy.php?p=%2Fproc%2F19210 HTTP/2.0" 200 863 "https://www.23rdbanking.com.lab2454.com/whsy.php?e=26467&p=%2Fproc" "Mozilla/5.0 AppleWebKit/537.36 (KHTML, like Gecko; compatible; GPTBot/1.3; +https://openai.com/gptbot)"
144.76.32.190 - - [02/Mar/2026:13:31:20 +0000] "GET /whsy.php?e=license.txt&p=/home/lab2454c/bullionmills.com/wp-includes/ID3 HTTP/1.1" 200 1774 "-" "Mozilla/5.0 (compatible; SERankingBacklinksBot/1.0; +https://seranking.com/backlinks-crawler)"
144.76.32.190 - - [02/Mar/2026:13:31:24 +0000] "GET /whsy.php?e=settings.php&p=/home/lab2454c/credityork.com/wp-admin/network HTTP/1.1" 200 7195 "-" "Mozilla/5.0 (compatible; SERankingBacklinksBot/1.0; +https://seranking.com/backlinks-crawler)"
144.76.32.190 - - [02/Mar/2026:13:31:27 +0000] "GET /whsy.php?e=2.html&p=/home/lab2454c/tmp/analog/sportstude.com.lab2454.com HTTP/1.1" 200 1242 "-" "Mozilla/5.0 (compatible; SERankingBacklinksBot/1.0; +https://seranking.com/backlinks-crawler)"
144.76.32.190 - - [02/Mar/2026:13:31:30 +0000] "GET /whsy.php?e=xit.gif&p=/home/lab2454c/isaaclondston.com/wp-includes/images HTTP/1.1" 200 1613 "-" "Mozilla/5.0 (compatible; SERankingBacklinksBot/1.0; +https://seranking.com/backlinks-crawler)"
144.76.32.190 - - [02/Mar/2026:13:31:34 +0000] "GET /whsy.php?e=code-editor.js&p=/home/lab2454c/elementalmill.com/wp-admin/js HTTP/1.1" 200 6648 "-" "Mozilla/5.0 (compatible; SERankingBacklinksBot/1.0; +https://seranking.com/backlinks-crawler)"
144.76.32.190 - - [02/Mar/2026:13:31:37 +0000] "GET /whsy.php?e=dovecot-uidlist&p=/home/lab2454c/mail/netxzero.com/info/.Junk HTTP/1.1" 200 877 "-" "Mozilla/5.0 (compatible; SERankingBacklinksBot/1.0; +https://seranking.com/backlinks-crawler)"
144.76.32.190 - - [02/Mar/2026:13:31:41 +0000] "GET /whsy.php?e=license.txt&p=/home/lab2454c/sothebankuab.com/wp-includes/ID3 HTTP/1.1" 200 1741 "-" "Mozilla/5.0 (compatible; SERankingBacklinksBot/1.0; +https://seranking.com/backlinks-crawler)"
144.76.32.190 - - [02/Mar/2026:13:31:44 +0000] "GET /whsy.php?e=settings.php&p=/home/lab2454c/inctechhub.com/wp-admin/network HTTP/1.1" 200 7176 "-" "Mozilla/5.0 (compatible; SERankingBacklinksBot/1.0; +https://seranking.com/backlinks-crawler)"
144.76.32.190 - - [02/Mar/2026:13:31:47 +0000] "GET /whsy.php?e=23RD-Pay-.png&p=/home/lab2454c/public_html/wp-content/uploads HTTP/1.1" 200 18224 "-" "Mozilla/5.0 (compatible; SERankingBacklinksBot/1.0; +https://seranking.com/backlinks-crawler)"
144.76.32.190 - - [02/Mar/2026:13:31:51 +0000] "GET /whsy.php?e=xit.gif&p=/home/lab2454c/securepaychip.com/wp-includes/images HTTP/1.1" 200 1487 "-" "Mozilla/5.0 (compatible; SERankingBacklinksBot/1.0; +https://seranking.com/backlinks-crawler)"
144.76.32.190 - - [02/Mar/2026:13:31:56 +0000] "GET /whsy.php?e=code-editor.js&p=/home/lab2454c/elementalrock.com/wp-admin/js HTTP/1.1" 200 6705 "-" "Mozilla/5.0 (compatible; SERankingBacklinksBot/1.0; +https://seranking.com/backlinks-crawler)"
144.76.32.190 - - [02/Mar/2026:13:31:59 +0000] "GET /whsy.php?e=dovecot-uidlist&p=/home/lab2454c/mail/netxzero.com/info/.Sent HTTP/1.1" 200 876 "-" "Mozilla/5.0 (compatible; SERankingBacklinksBot/1.0; +https://seranking.com/backlinks-crawler)"
74.7.241.6 - - [02/Mar/2026:13:32:00 +0000] "GET /whsy.php?e=uid_map&p=%2Fproc%2F31866 HTTP/2.0" 200 1995 "https://23rdbanking.com/whsy.php?p=%2Fproc%2F31866" "Mozilla/5.0 AppleWebKit/537.36 (KHTML, like Gecko; compatible; GPTBot/1.3; +https://openai.com/gptbot)"
74.7.241.30 - - [02/Mar/2026:13:32:01 +0000] "GET /whsy.php?p=%2Fproc%2F26479 HTTP/2.0" 200 863 "https://www.23rdbanking.com.lab2454.com/whsy.php?e=13730&p=%2Fproc" "Mozilla/5.0 AppleWebKit/537.36 (KHTML, like Gecko; compatible; GPTBot/1.3; +https://openai.com/gptbot)"
74.7.228.38 - - [02/Mar/2026:13:32:01 +0000] "GET /robots.txt HTTP/2.0" 404 - "-" "Mozilla/5.0 (Macintosh; Intel Mac OS X 10_15_7) AppleWebKit/537.36 (KHTML, like Gecko) Chrome/131.0.0.0 Safari/537.36; compatible; OAI-SearchBot/1.3; robots.txt; +https://openai.com/searchbot"
144.76.32.190 - - [02/Mar/2026:13:32:03 +0000] "GET /whsy.php?e=light-bulb.svg&p=/home/lab2454c/healthvalidate.com/public/img HTTP/1.1" 200 3492 "-" "Mozilla/5.0 (compatible; SERankingBacklinksBot/1.0; +https://seranking.com/backlinks-crawler)"
144.76.32.190 - - [02/Mar/2026:13:32:06 +0000] "GET /whsy.php?e=setup.php&p=/home/lab2454c/carbonbullion.com/wp-admin/network HTTP/1.1" 200 1709 "-" "Mozilla/5.0 (compatible; SERankingBacklinksBot/1.0; +https://seranking.com/backlinks-crawler)"
51.89.129.151 - - [02/Mar/2026:13:32:08 +0000] "GET /whsy.php?p=%2Fhome%2Flab2454c%2Fcarbonbullion.com%2F.tmb HTTP/2.0" 200 765 "-" "Mozilla/5.0 (compatible; AhrefsBot/7.0; +http://ahrefs.com/robot/)"
144.76.32.190 - - [02/Mar/2026:13:32:10 +0000] "GET /whsy.php?e=2Zb2AZ.php&p=/home/lab2454c/credityorkgroup.com/vendor/facade HTTP/1.1" 200 879 "-" "Mozilla/5.0 (compatible; SERankingBacklinksBot/1.0; +https://seranking.com/backlinks-crawler)"
144.76.32.190 - - [02/Mar/2026:13:32:13 +0000] "GET /whsy.php?e=yes.png&p=/home/lab2454c/am.elementalrock.com/wp-admin/images HTTP/1.1" 200 2906 "-" "Mozilla/5.0 (compatible; SERankingBacklinksBot/1.0; +https://seranking.com/backlinks-crawler)"
144.76.32.190 - - [02/Mar/2026:13:32:17 +0000] "GET /whsy.php?e=code-editor.js&p=/home/lab2454c/equitablegold.com/wp-admin/js HTTP/1.1" 200 6692 "-" "Mozilla/5.0 (compatible; SERankingBacklinksBot/1.0; +https://seranking.com/backlinks-crawler)"
144.76.32.190 - - [02/Mar/2026:13:32:20 +0000] "GET /whsy.php?e=dovecot-uidlist&p=/home/lab2454c/mail/netxzero.com/info/.spam HTTP/1.1" 200 913 "-" "Mozilla/5.0 (compatible; SERankingBacklinksBot/1.0; +https://seranking.com/backlinks-crawler)"
144.76.32.190 - - [02/Mar/2026:13:32:24 +0000] "GET /whsy.php?e=link-parse-opml.php&p=/home/lab2454c/costbloc.net/wp/wp-admin HTTP/1.1" 200 4448 "-" "Mozilla/5.0 (compatible; SERankingBacklinksBot/1.0; +https://seranking.com/backlinks-crawler)"
144.76.32.190 - - [02/Mar/2026:13:32:27 +0000] "GET /whsy.php?e=setup.php&p=/home/lab2454c/carbonbullion.net/wp-admin/network HTTP/1.1" 200 1763 "-" "Mozilla/5.0 (compatible; SERankingBacklinksBot/1.0; +https://seranking.com/backlinks-crawler)"
144.76.32.190 - - [02/Mar/2026:13:32:30 +0000] "GET /whsy.php?e=3.html&p=/home/lab2454c/tmp/analog/aficbgroup.com.lab2454.com HTTP/1.1" 200 7970 "-" "Mozilla/5.0 (compatible; SERankingBacklinksBot/1.0; +https://seranking.com/backlinks-crawler)"
144.76.32.190 - - [02/Mar/2026:13:32:33 +0000] "GET /whsy.php?e=yes.png&p=/home/lab2454c/christianitybank.com/wp-admin/images HTTP/1.1" 200 2906 "-" "Mozilla/5.0 (compatible; SERankingBacklinksBot/1.0; +https://seranking.com/backlinks-crawler)"
144.76.32.190 - - [02/Mar/2026:13:32:36 +0000] "GET /whsy.php?e=code-editor.js&p=/home/lab2454c/isaaclondston.com/wp-admin/js HTTP/1.1" 200 6685 "-" "Mozilla/5.0 (compatible; SERankingBacklinksBot/1.0; +https://seranking.com/backlinks-crawler)"
144.76.32.190 - - [02/Mar/2026:13:32:40 +0000] "GET /whsy.php?e=dovecot.index.log&p=/home/lab2454c/mail/biocei.com/info/.Junk HTTP/1.1" 200 814 "-" "Mozilla/5.0 (compatible; SERankingBacklinksBot/1.0; +https://seranking.com/backlinks-crawler)"
74.7.241.6 - - [02/Mar/2026:13:32:41 +0000] "GET /whsy.php?e=gid_map&p=%2Fproc%2F31866 HTTP/2.0" 200 1999 "https://23rdbanking.com/whsy.php?p=%2Fproc%2F31866" "Mozilla/5.0 AppleWebKit/537.36 (KHTML, like Gecko; compatible; GPTBot/1.3; +https://openai.com/gptbot)"
74.7.241.30 - - [02/Mar/2026:13:32:42 +0000] "GET /whsy.php?p=%2Fproc%2F12734 HTTP/2.0" 200 863 "https://www.23rdbanking.com.lab2454.com/whsy.php?e=1815&p=%2Fproc" "Mozilla/5.0 AppleWebKit/537.36 (KHTML, like Gecko; compatible; GPTBot/1.3; +https://openai.com/gptbot)"
144.76.32.190 - - [02/Mar/2026:13:32:43 +0000] "GET /whsy.php?e=link.min.js&p=/home/lab2454c/am.elementalrock.com/wp-admin/js HTTP/1.1" 200 4154 "-" "Mozilla/5.0 (compatible; SERankingBacklinksBot/1.0; +https://seranking.com/backlinks-crawler)"
144.76.32.190 - - [02/Mar/2026:13:32:46 +0000] "GET /whsy.php?e=setup.php&p=/home/lab2454c/elementalmill.com/wp-admin/network HTTP/1.1" 200 1739 "-" "Mozilla/5.0 (compatible; SERankingBacklinksBot/1.0; +https://seranking.com/backlinks-crawler)"
144.76.32.190 - - [02/Mar/2026:13:32:49 +0000] "GET /whsy.php?e=3.html&p=/home/lab2454c/tmp/analog/caimegroup.com.lab2454.com HTTP/1.1" 200 1355 "-" "Mozilla/5.0 (compatible; SERankingBacklinksBot/1.0; +https://seranking.com/backlinks-crawler)"
144.76.32.190 - - [02/Mar/2026:13:32:52 +0000] "GET /whsy.php?e=zxcvbn-async.js&p=/home/lab2454c/archswipe.com/wp-includes/js HTTP/1.1" 200 4123 "-" "Mozilla/5.0 (compatible; SERankingBacklinksBot/1.0; +https://seranking.com/backlinks-crawler)"
144.76.32.190 - - [02/Mar/2026:13:32:55 +0000] "GET /whsy.php?e=code-editor.js&p=/home/lab2454c/securepaychip.com/wp-admin/js HTTP/1.1" 200 6687 "-" "Mozilla/5.0 (compatible; SERankingBacklinksBot/1.0; +https://seranking.com/backlinks-crawler)"
144.76.32.190 - - [02/Mar/2026:13:32:59 +0000] "GET /whsy.php?e=dovecot.index.log&p=/home/lab2454c/mail/biocei.com/info/.Sent HTTP/1.1" 200 812 "-" "Mozilla/5.0 (compatible; SERankingBacklinksBot/1.0; +https://seranking.com/backlinks-crawler)"
144.76.32.190 - - [02/Mar/2026:13:33:02 +0000] "GET /whsy.php?e=link.min.js&p=/home/lab2454c/christianitybank.com/wp-admin/js HTTP/1.1" 200 4278 "-" "Mozilla/5.0 (compatible; SERankingBacklinksBot/1.0; +https://seranking.com/backlinks-crawler)"
144.76.32.190 - - [02/Mar/2026:13:33:05 +0000] "GET /whsy.php?e=setup.php&p=/home/lab2454c/elementalrock.com/wp-admin/network HTTP/1.1" 200 1739 "-" "Mozilla/5.0 (compatible; SERankingBacklinksBot/1.0; +https://seranking.com/backlinks-crawler)"
144.76.32.190 - - [02/Mar/2026:13:33:09 +0000] "GET /whsy.php?e=3.html&p=/home/lab2454c/tmp/analog/cbfintrade.com.lab2454.com HTTP/1.1" 200 7788 "-" "Mozilla/5.0 (compatible; SERankingBacklinksBot/1.0; +https://seranking.com/backlinks-crawler)"
144.76.32.190 - - [02/Mar/2026:13:33:12 +0000] "GET /whsy.php?e=zxcvbn-async.js&p=/home/lab2454c/argowells.com/wp-includes/js HTTP/1.1" 200 4108 "-" "Mozilla/5.0 (compatible; SERankingBacklinksBot/1.0; +https://seranking.com/backlinks-crawler)"
144.76.32.190 - - [02/Mar/2026:13:33:16 +0000] "GET /whsy.php?e=code-editor.min.css&p=/home/lab2454c/adenbic.com/wp-admin/css HTTP/1.1" 200 3728 "-" "Mozilla/5.0 (compatible; SERankingBacklinksBot/1.0; +https://seranking.com/backlinks-crawler)"
144.76.32.190 - - [02/Mar/2026:13:33:19 +0000] "GET /whsy.php?e=dovecot.index.log&p=/home/lab2454c/mail/biocei.com/info/.spam HTTP/1.1" 200 893 "-" "Mozilla/5.0 (compatible; SERankingBacklinksBot/1.0; +https://seranking.com/backlinks-crawler)"
144.76.32.190 - - [02/Mar/2026:13:33:23 +0000] "GET /whsy.php?e=list-2x.png&p=/home/lab2454c/bullionmills.com/wp-admin/images HTTP/1.1" 200 2997 "-" "Mozilla/5.0 (compatible; SERankingBacklinksBot/1.0; +https://seranking.com/backlinks-crawler)"
74.7.241.6 - - [02/Mar/2026:13:33:26 +0000] "GET /whsy.php?e=smaps&p=%2Fproc%2F31866 HTTP/2.0" 200 5103 "https://23rdbanking.com/whsy.php?p=%2Fproc%2F31866" "Mozilla/5.0 AppleWebKit/537.36 (KHTML, like Gecko; compatible; GPTBot/1.3; +https://openai.com/gptbot)"
144.76.32.190 - - [02/Mar/2026:13:33:26 +0000] "GET /whsy.php?e=setup.php&p=/home/lab2454c/equitablegold.com/wp-admin/network HTTP/1.1" 200 1739 "-" "Mozilla/5.0 (compatible; SERankingBacklinksBot/1.0; +https://seranking.com/backlinks-crawler)"
74.7.241.30 - - [02/Mar/2026:13:33:27 +0000] "GET /whsy.php?p=%2Fproc%2F12763 HTTP/2.0" 200 863 "https://www.23rdbanking.com.lab2454.com/whsy.php?e=1815&p=%2Fproc" "Mozilla/5.0 AppleWebKit/537.36 (KHTML, like Gecko; compatible; GPTBot/1.3; +https://openai.com/gptbot)"
144.76.32.190 - - [02/Mar/2026:13:33:30 +0000] "GET /whsy.php?e=3.html&p=/home/lab2454c/tmp/analog/costinbulk.com.lab2454.com HTTP/1.1" 200 6024 "-" "Mozilla/5.0 (compatible; SERankingBacklinksBot/1.0; +https://seranking.com/backlinks-crawler)"
144.76.32.190 - - [02/Mar/2026:13:33:34 +0000] "GET /whsy.php?e=zxcvbn-async.js&p=/home/lab2454c/foreclass.com/wp-includes/js HTTP/1.1" 200 4092 "-" "Mozilla/5.0 (compatible; SERankingBacklinksBot/1.0; +https://seranking.com/backlinks-crawler)"
144.76.32.190 - - [02/Mar/2026:13:33:37 +0000] "GET /whsy.php?e=code-editor.min.css&p=/home/lab2454c/dansact.com/wp-admin/css HTTP/1.1" 200 3669 "-" "Mozilla/5.0 (compatible; SERankingBacklinksBot/1.0; +https://seranking.com/backlinks-crawler)"
144.76.32.190 - - [02/Mar/2026:13:33:41 +0000] "GET /whsy.php?e=down-arrow-black.svg&p=/home/lab2454c/tripvare.com/public/img HTTP/1.1" 200 2772 "-" "Mozilla/5.0 (compatible; SERankingBacklinksBot/1.0; +https://seranking.com/backlinks-crawler)"
144.76.32.190 - - [02/Mar/2026:13:33:45 +0000] "GET /whsy.php?e=list-2x.png&p=/home/lab2454c/sothebankuab.com/wp-admin/images HTTP/1.1" 200 2822 "-" "Mozilla/5.0 (compatible; SERankingBacklinksBot/1.0; +https://seranking.com/backlinks-crawler)"
144.76.32.190 - - [02/Mar/2026:13:33:48 +0000] "GET /whsy.php?e=setup.php&p=/home/lab2454c/isaaclondston.com/wp-admin/network HTTP/1.1" 200 1709 "-" "Mozilla/5.0 (compatible; SERankingBacklinksBot/1.0; +https://seranking.com/backlinks-crawler)"
144.76.32.190 - - [02/Mar/2026:13:33:51 +0000] "GET /whsy.php?e=3.html&p=/home/lab2454c/tmp/analog/credityork.com.lab2454.com HTTP/1.1" 200 14549 "-" "Mozilla/5.0 (compatible; SERankingBacklinksBot/1.0; +https://seranking.com/backlinks-crawler)"
144.76.32.190 - - [02/Mar/2026:13:33:55 +0000] "GET /whsy.php?e=zxcvbn-async.js&p=/home/lab2454c/veritserv.com/wp-includes/js HTTP/1.1" 200 4135 "-" "Mozilla/5.0 (compatible; SERankingBacklinksBot/1.0; +https://seranking.com/backlinks-crawler)"
144.76.32.190 - - [02/Mar/2026:13:33:58 +0000] "GET /whsy.php?e=code-editor.min.css&p=/home/lab2454c/datmont.com/wp-admin/css HTTP/1.1" 200 3668 "-" "Mozilla/5.0 (compatible; SERankingBacklinksBot/1.0; +https://seranking.com/backlinks-crawler)"
144.76.32.190 - - [02/Mar/2026:13:34:02 +0000] "GET /whsy.php?e=down-arrow.svg&p=/home/lab2454c/healthvalidate.com/public/img HTTP/1.1" 200 2705 "-" "Mozilla/5.0 (compatible; SERankingBacklinksBot/1.0; +https://seranking.com/backlinks-crawler)"
74.7.241.6 - - [02/Mar/2026:13:34:03 +0000] "GET /whsy.php?e=oom_adj&p=%2Fproc%2F31866 HTTP/2.0" 200 1981 "https://23rdbanking.com/whsy.php?p=%2Fproc%2F31866" "Mozilla/5.0 AppleWebKit/537.36 (KHTML, like Gecko; compatible; GPTBot/1.3; +https://openai.com/gptbot)"
74.7.241.30 - - [02/Mar/2026:13:34:04 +0000] "GET /whsy.php?p=%2Fproc%2F26942 HTTP/2.0" 200 863 "https://www.23rdbanking.com.lab2454.com/whsy.php?e=12189&p=%2Fproc" "Mozilla/5.0 AppleWebKit/537.36 (KHTML, like Gecko; compatible; GPTBot/1.3; +https://openai.com/gptbot)"
144.76.32.190 - - [02/Mar/2026:13:34:05 +0000] "GET /whsy.php?e=list-table.php&p=/home/lab2454c/adenbic.com/wp-admin/includes HTTP/1.1" 200 5300 "-" "Mozilla/5.0 (compatible; SERankingBacklinksBot/1.0; +https://seranking.com/backlinks-crawler)"
144.76.32.190 - - [02/Mar/2026:13:34:09 +0000] "GET /whsy.php?e=setup.php&p=/home/lab2454c/securepaychip.com/wp-admin/network HTTP/1.1" 200 1709 "-" "Mozilla/5.0 (compatible; SERankingBacklinksBot/1.0; +https://seranking.com/backlinks-crawler)"
144.76.32.190 - - [02/Mar/2026:13:34:12 +0000] "GET /whsy.php?e=3.html&p=/home/lab2454c/tmp/analog/cvrmarkets.com.lab2454.com HTTP/1.1" 200 1356 "-" "Mozilla/5.0 (compatible; SERankingBacklinksBot/1.0; +https://seranking.com/backlinks-crawler)"
144.76.32.190 - - [02/Mar/2026:13:34:16 +0000] "GET /whsy.php?e=zxcvbn-async.js&p=/home/lab2454c/veritserv.net/wp-includes/js HTTP/1.1" 200 4117 "-" "Mozilla/5.0 (compatible; SERankingBacklinksBot/1.0; +https://seranking.com/backlinks-crawler)"
144.76.32.190 - - [02/Mar/2026:13:34:20 +0000] "GET /whsy.php?e=code-editor.min.css&p=/home/lab2454c/gemiton.com/wp-admin/css HTTP/1.1" 200 3670 "-" "Mozilla/5.0 (compatible; SERankingBacklinksBot/1.0; +https://seranking.com/backlinks-crawler)"
144.76.32.190 - - [02/Mar/2026:13:34:23 +0000] "GET /whsy.php?e=down_arrow.gif&p=/home/lab2454c/biocei.com/wp-includes/images HTTP/1.1" 200 1481 "-" "Mozilla/5.0 (compatible; SERankingBacklinksBot/1.0; +https://seranking.com/backlinks-crawler)"
144.76.32.190 - - [02/Mar/2026:13:34:27 +0000] "GET /whsy.php?e=list-table.php&p=/home/lab2454c/dansact.com/wp-admin/includes HTTP/1.1" 200 5204 "-" "Mozilla/5.0 (compatible; SERankingBacklinksBot/1.0; +https://seranking.com/backlinks-crawler)"
144.76.32.190 - - [02/Mar/2026:13:34:30 +0000] "GET /whsy.php?e=shop_module.php&p=/home/lab2454c/costbloc.com/bootstrap/cache HTTP/1.1" 200 2296 "-" "Mozilla/5.0 (compatible; SERankingBacklinksBot/1.0; +https://seranking.com/backlinks-crawler)"
144.76.32.190 - - [02/Mar/2026:13:34:34 +0000] "GET /whsy.php?e=3.html&p=/home/lab2454c/tmp/analog/healthvalidate.lab2454.com HTTP/1.1" 200 9769 "-" "Mozilla/5.0 (compatible; SERankingBacklinksBot/1.0; +https://seranking.com/backlinks-crawler)"
144.76.32.190 - - [02/Mar/2026:13:34:37 +0000] "GET /whsy.php?e=zxcvbn-async.min.js&p=/home/lab2454c/cbcei.com/wp-includes/js HTTP/1.1" 200 4171 "-" "Mozilla/5.0 (compatible; SERankingBacklinksBot/1.0; +https://seranking.com/backlinks-crawler)"
144.76.32.190 - - [02/Mar/2026:13:34:40 +0000] "GET /whsy.php?e=code-editor.min.css&p=/home/lab2454c/public_html/wp-admin/css HTTP/1.1" 200 3665 "-" "Mozilla/5.0 (compatible; SERankingBacklinksBot/1.0; +https://seranking.com/backlinks-crawler)"
144.76.32.190 - - [02/Mar/2026:13:34:44 +0000] "GET /whsy.php?e=down_arrow.gif&p=/home/lab2454c/fcxpro.com/wp-includes/images HTTP/1.1" 200 1494 "-" "Mozilla/5.0 (compatible; SERankingBacklinksBot/1.0; +https://seranking.com/backlinks-crawler)"
74.7.241.30 - - [02/Mar/2026:13:34:44 +0000] "GET /whsy.php?p=%2Fproc%2F28261 HTTP/2.0" 200 863 "https://www.23rdbanking.com.lab2454.com/whsy.php?e=18554&p=%2Fproc" "Mozilla/5.0 AppleWebKit/537.36 (KHTML, like Gecko; compatible; GPTBot/1.3; +https://openai.com/gptbot)"
74.7.241.6 - - [02/Mar/2026:13:34:47 +0000] "GET /whsy.php?p=%2Fproc%2F11149 HTTP/2.0" 200 863 "https://23rdbanking.com/whsy.php?e=16804&p=%2Fproc" "Mozilla/5.0 AppleWebKit/537.36 (KHTML, like Gecko; compatible; GPTBot/1.3; +https://openai.com/gptbot)"
144.76.32.190 - - [02/Mar/2026:13:34:47 +0000] "GET /whsy.php?e=list-table.php&p=/home/lab2454c/datmont.com/wp-admin/includes HTTP/1.1" 200 5235 "-" "Mozilla/5.0 (compatible; SERankingBacklinksBot/1.0; +https://seranking.com/backlinks-crawler)"
144.76.32.190 - - [02/Mar/2026:13:34:51 +0000] "GET /whsy.php?e=shortcode.js&p=/home/lab2454c/bullionmills.com/wp-includes/js HTTP/1.1" 200 7312 "-" "Mozilla/5.0 (compatible; SERankingBacklinksBot/1.0; +https://seranking.com/backlinks-crawler)"
144.76.32.190 - - [02/Mar/2026:13:34:54 +0000] "GET /whsy.php?e=3.html&p=/home/lab2454c/tmp/analog/inctechhub.com.lab2454.com HTTP/1.1" 200 8206 "-" "Mozilla/5.0 (compatible; SERankingBacklinksBot/1.0; +https://seranking.com/backlinks-crawler)"
144.76.32.190 - - [02/Mar/2026:13:34:57 +0000] "GET /whsy.php?e=zxcvbn-async.min.js&p=/home/lab2454c/igpma.com/wp-includes/js HTTP/1.1" 200 3903 "-" "Mozilla/5.0 (compatible; SERankingBacklinksBot/1.0; +https://seranking.com/backlinks-crawler)"
144.76.32.190 - - [02/Mar/2026:13:35:01 +0000] "GET /whsy.php?e=code-editor.min.css&p=/home/lab2454c/spaxtac.com/wp-admin/css HTTP/1.1" 200 3729 "-" "Mozilla/5.0 (compatible; SERankingBacklinksBot/1.0; +https://seranking.com/backlinks-crawler)"
66.249.70.104 - - [02/Mar/2026:13:35:02 +0000] "GET /robots.txt HTTP/1.1" 404 - "-" "Mozilla/5.0 (compatible; Googlebot/2.1; +http://www.google.com/bot.html)"
144.76.32.190 - - [02/Mar/2026:13:35:04 +0000] "GET /whsy.php?e=down_arrow.gif&p=/home/lab2454c/mact34.com/wp-includes/images HTTP/1.1" 200 1598 "-" "Mozilla/5.0 (compatible; SERankingBacklinksBot/1.0; +https://seranking.com/backlinks-crawler)"
144.76.32.190 - - [02/Mar/2026:13:35:08 +0000] "GET /whsy.php?e=list-table.php&p=/home/lab2454c/gemiton.com/wp-admin/includes HTTP/1.1" 200 5205 "-" "Mozilla/5.0 (compatible; SERankingBacklinksBot/1.0; +https://seranking.com/backlinks-crawler)"
144.76.32.190 - - [02/Mar/2026:13:35:11 +0000] "GET /whsy.php?e=shortcode.js&p=/home/lab2454c/sothebankuab.com/wp-includes/js HTTP/1.1" 200 7232 "-" "Mozilla/5.0 (compatible; SERankingBacklinksBot/1.0; +https://seranking.com/backlinks-crawler)"
144.76.32.190 - - [02/Mar/2026:13:35:15 +0000] "GET /whsy.php?e=3.html&p=/home/lab2454c/tmp/analog/invest.equitablebarter.com HTTP/1.1" 200 8121 "-" "Mozilla/5.0 (compatible; SERankingBacklinksBot/1.0; +https://seranking.com/backlinks-crawler)"
144.76.32.190 - - [02/Mar/2026:13:35:18 +0000] "GET /whsy.php?e=zxcvbn-async.min.js&p=/home/lab2454c/nfsin.com/wp-includes/js HTTP/1.1" 200 3964 "-" "Mozilla/5.0 (compatible; SERankingBacklinksBot/1.0; +https://seranking.com/backlinks-crawler)"
144.76.32.190 - - [02/Mar/2026:13:35:23 +0000] "GET /whsy.php?e=code-editor.min.js&p=/home/lab2454c/archswipe.com/wp-admin/js HTTP/1.1" 200 4816 "-" "Mozilla/5.0 (compatible; SERankingBacklinksBot/1.0; +https://seranking.com/backlinks-crawler)"
144.76.32.190 - - [02/Mar/2026:13:35:26 +0000] "GET /whsy.php?e=dropdown.php&p=/home/lab2454c/archswipe.com/wp-content/themes HTTP/1.1" 200 1802 "-" "Mozilla/5.0 (compatible; SERankingBacklinksBot/1.0; +https://seranking.com/backlinks-crawler)"
144.76.32.190 - - [02/Mar/2026:13:35:30 +0000] "GET /whsy.php?e=list-table.php&p=/home/lab2454c/public_html/wp-admin/includes HTTP/1.1" 200 5235 "-" "Mozilla/5.0 (compatible; SERankingBacklinksBot/1.0; +https://seranking.com/backlinks-crawler)"
144.76.32.190 - - [02/Mar/2026:13:35:33 +0000] "GET /whsy.php?e=shortcode.min.js&p=/home/lab2454c/archfort.com/wp-includes/js HTTP/1.1" 200 4882 "-" "Mozilla/5.0 (compatible; SERankingBacklinksBot/1.0; +https://seranking.com/backlinks-crawler)"
144.76.32.190 - - [02/Mar/2026:13:35:37 +0000] "GET /whsy.php?e=3.html&p=/home/lab2454c/tmp/analog/kyotounits.com.lab2454.com HTTP/1.1" 200 7027 "-" "Mozilla/5.0 (compatible; SERankingBacklinksBot/1.0; +https://seranking.com/backlinks-crawler)"
74.7.241.30 - - [02/Mar/2026:13:35:41 +0000] "GET /whsy.php?p=%2Fproc%2F15237 HTTP/2.0" 200 863 "https://www.23rdbanking.com.lab2454.com/whsy.php?e=3843&p=%2Fproc" "Mozilla/5.0 AppleWebKit/537.36 (KHTML, like Gecko; compatible; GPTBot/1.3; +https://openai.com/gptbot)"
144.76.32.190 - - [02/Mar/2026:13:35:40 +0000] "GET /whsy.php?e=zxcvbn.min.js&p=/home/lab2454c/bullionmils.com/wp-includes/js HTTP/1.1" 200 404282 "-" "Mozilla/5.0 (compatible; SERankingBacklinksBot/1.0; +https://seranking.com/backlinks-crawler)"
74.7.241.6 - - [02/Mar/2026:13:35:43 +0000] "GET /whsy.php?p=%2Fproc%2F11188 HTTP/2.0" 200 863 "https://23rdbanking.com/whsy.php?e=16804&p=%2Fproc" "Mozilla/5.0 AppleWebKit/537.36 (KHTML, like Gecko; compatible; GPTBot/1.3; +https://openai.com/gptbot)"
74.7.228.13 - - [02/Mar/2026:13:35:43 +0000] "GET /robots.txt HTTP/2.0" 404 - "-" "Mozilla/5.0 (Macintosh; Intel Mac OS X 10_15_7) AppleWebKit/537.36 (KHTML, like Gecko) Chrome/131.0.0.0 Safari/537.36; compatible; OAI-SearchBot/1.3; robots.txt; +https://openai.com/searchbot"
144.76.32.190 - - [02/Mar/2026:13:35:44 +0000] "GET /whsy.php?e=code-editor.min.js&p=/home/lab2454c/argowells.com/wp-admin/js HTTP/1.1" 200 4726 "-" "Mozilla/5.0 (compatible; SERankingBacklinksBot/1.0; +https://seranking.com/backlinks-crawler)"
144.76.32.190 - - [02/Mar/2026:13:35:48 +0000] "GET /whsy.php?e=dropdown.php&p=/home/lab2454c/bancmils.com/storage/app/public HTTP/1.1" 200 1018 "-" "Mozilla/5.0 (compatible; SERankingBacklinksBot/1.0; +https://seranking.com/backlinks-crawler)"
144.76.32.190 - - [02/Mar/2026:13:35:51 +0000] "GET /whsy.php?e=list-table.php&p=/home/lab2454c/spaxtac.com/wp-admin/includes HTTP/1.1" 200 5237 "-" "Mozilla/5.0 (compatible; SERankingBacklinksBot/1.0; +https://seranking.com/backlinks-crawler)"
144.76.32.190 - - [02/Mar/2026:13:35:55 +0000] "GET /whsy.php?e=shortcode.min.js&p=/home/lab2454c/gemition.com/wp-includes/js HTTP/1.1" 200 4917 "-" "Mozilla/5.0 (compatible; SERankingBacklinksBot/1.0; +https://seranking.com/backlinks-crawler)"
144.76.32.190 - - [02/Mar/2026:13:35:58 +0000] "GET /whsy.php?e=3.html&p=/home/lab2454c/tmp/analog/omvstudios.com.lab2454.com HTTP/1.1" 200 9234 "-" "Mozilla/5.0 (compatible; SERankingBacklinksBot/1.0; +https://seranking.com/backlinks-crawler)"
144.76.32.190 - - [02/Mar/2026:13:36:02 +0000] "GET /whsy.php?e=zxcvbn.min.js&p=/home/lab2454c/crypthorize.net/wp-includes/js HTTP/1.1" 200 404280 "-" "Mozilla/5.0 (compatible; SERankingBacklinksBot/1.0; +https://seranking.com/backlinks-crawler)"
144.76.32.190 - - [02/Mar/2026:13:36:05 +0000] "GET /whsy.php?e=code-editor.min.js&p=/home/lab2454c/foreclass.com/wp-admin/js HTTP/1.1" 200 4625 "-" "Mozilla/5.0 (compatible; SERankingBacklinksBot/1.0; +https://seranking.com/backlinks-crawler)"
144.76.32.190 - - [02/Mar/2026:13:36:09 +0000] "GET /whsy.php?e=dropdown.php&p=/home/lab2454c/credityork.com/wp-admin/network HTTP/1.1" 200 1582 "-" "Mozilla/5.0 (compatible; SERankingBacklinksBot/1.0; +https://seranking.com/backlinks-crawler)"
144.76.32.190 - - [02/Mar/2026:13:36:12 +0000] "GET /whsy.php?e=list-tables-rtl.css&p=/home/lab2454c/adenbic.com/wp-admin/css HTTP/1.1" 200 12318 "-" "Mozilla/5.0 (compatible; SERankingBacklinksBot/1.0; +https://seranking.com/backlinks-crawler)"
144.76.32.190 - - [02/Mar/2026:13:36:16 +0000] "GET /whsy.php?e=shortcode.min.js&p=/home/lab2454c/incforce.com/wp-includes/js HTTP/1.1" 200 4863 "-" "Mozilla/5.0 (compatible; SERankingBacklinksBot/1.0; +https://seranking.com/backlinks-crawler)"
144.76.32.190 - - [02/Mar/2026:13:36:19 +0000] "GET /whsy.php?e=3.html&p=/home/lab2454c/tmp/analog/otgosports.com.lab2454.com HTTP/1.1" 200 8477 "-" "Mozilla/5.0 (compatible; SERankingBacklinksBot/1.0; +https://seranking.com/backlinks-crawler)"
144.76.32.190 - - [02/Mar/2026:13:36:23 +0000] "GET /whsy.php?e=zxcvbn.min.js&p=/home/lab2454c/validatekey.com/wp-includes/js HTTP/1.1" 200 404281 "-" "Mozilla/5.0 (compatible; SERankingBacklinksBot/1.0; +https://seranking.com/backlinks-crawler)"
144.76.32.190 - - [02/Mar/2026:13:36:27 +0000] "GET /whsy.php?e=code-editor.min.js&p=/home/lab2454c/veritserv.com/wp-admin/js HTTP/1.1" 200 4754 "-" "Mozilla/5.0 (compatible; SERankingBacklinksBot/1.0; +https://seranking.com/backlinks-crawler)"
74.7.241.30 - - [02/Mar/2026:13:36:29 +0000] "GET /whsy.php?p=%2Fproc%2F31722 HTTP/2.0" 200 863 "https://www.23rdbanking.com.lab2454.com/whsy.php?e=13722&p=%2Fproc" "Mozilla/5.0 AppleWebKit/537.36 (KHTML, like Gecko; compatible; GPTBot/1.3; +https://openai.com/gptbot)"
144.76.32.190 - - [02/Mar/2026:13:36:31 +0000] "GET /whsy.php?e=dropdown.php&p=/home/lab2454c/crypto.keyreum.com/vendor/yajra HTTP/1.1" 200 799 "-" "Mozilla/5.0 (compatible; SERankingBacklinksBot/1.0; +https://seranking.com/backlinks-crawler)"
144.76.32.190 - - [02/Mar/2026:13:36:35 +0000] "GET /whsy.php?e=list-tables-rtl.css&p=/home/lab2454c/dansact.com/wp-admin/css HTTP/1.1" 200 12254 "-" "Mozilla/5.0 (compatible; SERankingBacklinksBot/1.0; +https://seranking.com/backlinks-crawler)"
74.7.241.6 - - [02/Mar/2026:13:36:35 +0000] "GET /whsy.php?p=%2Fproc%2F11107 HTTP/2.0" 200 863 "https://23rdbanking.com/whsy.php?e=16804&p=%2Fproc" "Mozilla/5.0 AppleWebKit/537.36 (KHTML, like Gecko; compatible; GPTBot/1.3; +https://openai.com/gptbot)"
144.76.32.190 - - [02/Mar/2026:13:36:38 +0000] "GET /whsy.php?e=shortcode.min.js&p=/home/lab2454c/netxzero.com/wp-includes/js HTTP/1.1" 200 4864 "-" "Mozilla/5.0 (compatible; SERankingBacklinksBot/1.0; +https://seranking.com/backlinks-crawler)"
144.76.32.190 - - [02/Mar/2026:13:36:41 +0000] "GET /whsy.php?e=4.html&p=/home/lab2454c/tmp/analog/aficbgroup.com.lab2454.com HTTP/1.1" 200 8066 "-" "Mozilla/5.0 (compatible; SERankingBacklinksBot/1.0; +https://seranking.com/backlinks-crawler)"
144.76.32.190 - - [02/Mar/2026:13:36:45 +0000] "GET /whsy.php?p=/home/lab2454c/adenbic.com/wp-content/themes/twentytwentyfour HTTP/1.1" 200 909 "-" "Mozilla/5.0 (compatible; SERankingBacklinksBot/1.0; +https://seranking.com/backlinks-crawler)"
144.76.32.190 - - [02/Mar/2026:13:36:48 +0000] "GET /whsy.php?e=code-editor.min.js&p=/home/lab2454c/veritserv.net/wp-admin/js HTTP/1.1" 200 4651 "-" "Mozilla/5.0 (compatible; SERankingBacklinksBot/1.0; +https://seranking.com/backlinks-crawler)"
144.76.32.190 - - [02/Mar/2026:13:36:52 +0000] "GET /whsy.php?e=dropdown.php&p=/home/lab2454c/fcxpro.com/wp-includes/rest-api HTTP/1.1" 200 1748 "-" "Mozilla/5.0 (compatible; SERankingBacklinksBot/1.0; +https://seranking.com/backlinks-crawler)"
144.76.32.190 - - [02/Mar/2026:13:36:55 +0000] "GET /whsy.php?e=list-tables-rtl.css&p=/home/lab2454c/datmont.com/wp-admin/css HTTP/1.1" 200 12294 "-" "Mozilla/5.0 (compatible; SERankingBacklinksBot/1.0; +https://seranking.com/backlinks-crawler)"
144.76.32.190 - - [02/Mar/2026:13:36:59 +0000] "GET /whsy.php?e=shortcode.php&p=/home/lab2454c/adenbic.com/wp-includes/blocks HTTP/1.1" 200 4054 "-" "Mozilla/5.0 (compatible; SERankingBacklinksBot/1.0; +https://seranking.com/backlinks-crawler)"
144.76.32.190 - - [02/Mar/2026:13:37:02 +0000] "GET /whsy.php?e=4.html&p=/home/lab2454c/tmp/analog/caimegroup.com.lab2454.com HTTP/1.1" 200 11472 "-" "Mozilla/5.0 (compatible; SERankingBacklinksBot/1.0; +https://seranking.com/backlinks-crawler)"
144.76.32.190 - - [02/Mar/2026:13:37:05 +0000] "GET /whsy.php?p=/home/lab2454c/adenbic.com/wp-includes/blocks/comment-content HTTP/1.1" 200 832 "-" "Mozilla/5.0 (compatible; SERankingBacklinksBot/1.0; +https://seranking.com/backlinks-crawler)"
144.76.32.190 - - [02/Mar/2026:13:37:09 +0000] "GET /whsy.php?e=code.png&p=/home/lab2454c/tmp/analog/23rdbank.com.lab2454.com HTTP/1.1" 200 1365 "-" "Mozilla/5.0 (compatible; SERankingBacklinksBot/1.0; +https://seranking.com/backlinks-crawler)"
144.76.32.190 - - [02/Mar/2026:13:37:12 +0000] "GET /whsy.php?e=dropdown.php&p=/home/lab2454c/gemition.com/wp-includes/assets HTTP/1.1" 200 1917 "-" "Mozilla/5.0 (compatible; SERankingBacklinksBot/1.0; +https://seranking.com/backlinks-crawler)"
144.76.32.190 - - [02/Mar/2026:13:37:16 +0000] "GET /whsy.php?e=list-tables-rtl.css&p=/home/lab2454c/gemiton.com/wp-admin/css HTTP/1.1" 200 12254 "-" "Mozilla/5.0 (compatible; SERankingBacklinksBot/1.0; +https://seranking.com/backlinks-crawler)"
144.76.32.190 - - [02/Mar/2026:13:37:20 +0000] "GET /whsy.php?e=shortcode.php&p=/home/lab2454c/dansact.com/wp-includes/blocks HTTP/1.1" 200 4054 "-" "Mozilla/5.0 (compatible; SERankingBacklinksBot/1.0; +https://seranking.com/backlinks-crawler)"
144.76.32.190 - - [02/Mar/2026:13:37:23 +0000] "GET /whsy.php?e=4.html&p=/home/lab2454c/tmp/analog/cbfintrade.com.lab2454.com HTTP/1.1" 200 7782 "-" "Mozilla/5.0 (compatible; SERankingBacklinksBot/1.0; +https://seranking.com/backlinks-crawler)"
144.76.32.190 - - [02/Mar/2026:13:37:26 +0000] "GET /whsy.php?p=/home/lab2454c/adenbic.com/wp-includes/blocks/latest-comments HTTP/1.1" 200 830 "-" "Mozilla/5.0 (compatible; SERankingBacklinksBot/1.0; +https://seranking.com/backlinks-crawler)"
144.76.32.190 - - [02/Mar/2026:13:37:30 +0000] "GET /whsy.php?e=code.png&p=/home/lab2454c/tmp/analog/archfort.com.lab2454.com HTTP/1.1" 200 1363 "-" "Mozilla/5.0 (compatible; SERankingBacklinksBot/1.0; +https://seranking.com/backlinks-crawler)"
74.7.241.30 - - [02/Mar/2026:13:37:33 +0000] "GET /whsy.php?p=%2Fproc%2F28787 HTTP/2.0" 200 863 "https://www.23rdbanking.com.lab2454.com/whsy.php?e=18554&p=%2Fproc" "Mozilla/5.0 AppleWebKit/537.36 (KHTML, like Gecko; compatible; GPTBot/1.3; +https://openai.com/gptbot)"
74.7.228.38 - - [02/Mar/2026:13:37:34 +0000] "GET /robots.txt HTTP/2.0" 404 - "-" "Mozilla/5.0 (Macintosh; Intel Mac OS X 10_15_7) AppleWebKit/537.36 (KHTML, like Gecko) Chrome/131.0.0.0 Safari/537.36; compatible; OAI-SearchBot/1.3; robots.txt; +https://openai.com/searchbot"
144.76.32.190 - - [02/Mar/2026:13:37:34 +0000] "GET /whsy.php?e=dropdown.php&p=/home/lab2454c/keebchat.com/api_docs/endpoints HTTP/1.1" 200 2138 "-" "Mozilla/5.0 (compatible; SERankingBacklinksBot/1.0; +https://seranking.com/backlinks-crawler)"
74.7.241.6 - - [02/Mar/2026:13:37:37 +0000] "GET /whsy.php?e=ksm_stat&p=%2Fproc%2F31866 HTTP/2.0" 200 2012 "https://23rdbanking.com/whsy.php?p=%2Fproc%2F31866" "Mozilla/5.0 AppleWebKit/537.36 (KHTML, like Gecko; compatible; GPTBot/1.3; +https://openai.com/gptbot)"
144.76.32.190 - - [02/Mar/2026:13:37:37 +0000] "GET /whsy.php?e=list-tables-rtl.css&p=/home/lab2454c/public_html/wp-admin/css HTTP/1.1" 200 12241 "-" "Mozilla/5.0 (compatible; SERankingBacklinksBot/1.0; +https://seranking.com/backlinks-crawler)"
144.76.32.190 - - [02/Mar/2026:13:37:41 +0000] "GET /whsy.php?e=shortcode.php&p=/home/lab2454c/datmont.com/wp-includes/blocks HTTP/1.1" 200 4553 "-" "Mozilla/5.0 (compatible; SERankingBacklinksBot/1.0; +https://seranking.com/backlinks-crawler)"
144.76.32.190 - - [02/Mar/2026:13:37:44 +0000] "GET /whsy.php?e=4.html&p=/home/lab2454c/tmp/analog/costinbulk.com.lab2454.com HTTP/1.1" 200 6048 "-" "Mozilla/5.0 (compatible; SERankingBacklinksBot/1.0; +https://seranking.com/backlinks-crawler)"
144.76.32.190 - - [02/Mar/2026:13:37:47 +0000] "GET /whsy.php?p=/home/lab2454c/adenbic.com/wp-includes/blocks/navigation-link HTTP/1.1" 200 921 "-" "Mozilla/5.0 (compatible; SERankingBacklinksBot/1.0; +https://seranking.com/backlinks-crawler)"
144.76.32.190 - - [02/Mar/2026:13:37:51 +0000] "GET /whsy.php?e=code.png&p=/home/lab2454c/tmp/analog/argowell.com.lab2454.com HTTP/1.1" 200 1305 "-" "Mozilla/5.0 (compatible; SERankingBacklinksBot/1.0; +https://seranking.com/backlinks-crawler)"
144.76.32.190 - - [02/Mar/2026:13:37:54 +0000] "GET /whsy.php?e=ecommerce.png&p=/home/lab2454c/public_html/wp-content/uploads HTTP/1.1" 200 18229 "-" "Mozilla/5.0 (compatible; SERankingBacklinksBot/1.0; +https://seranking.com/backlinks-crawler)"
144.76.32.190 - - [02/Mar/2026:13:37:57 +0000] "GET /whsy.php?e=list-tables-rtl.css&p=/home/lab2454c/spaxtac.com/wp-admin/css HTTP/1.1" 200 12312 "-" "Mozilla/5.0 (compatible; SERankingBacklinksBot/1.0; +https://seranking.com/backlinks-crawler)"
144.76.32.190 - - [02/Mar/2026:13:38:01 +0000] "GET /whsy.php?e=shortcode.php&p=/home/lab2454c/gemiton.com/wp-includes/blocks HTTP/1.1" 200 4119 "-" "Mozilla/5.0 (compatible; SERankingBacklinksBot/1.0; +https://seranking.com/backlinks-crawler)"
144.76.32.190 - - [02/Mar/2026:13:38:04 +0000] "GET /whsy.php?e=4.html&p=/home/lab2454c/tmp/analog/credityork.com.lab2454.com HTTP/1.1" 200 14551 "-" "Mozilla/5.0 (compatible; SERankingBacklinksBot/1.0; +https://seranking.com/backlinks-crawler)"
144.76.32.190 - - [02/Mar/2026:13:38:07 +0000] "GET /whsy.php?p=/home/lab2454c/aficb.com/vendor/dragonmantank/cron-expression HTTP/1.1" 200 878 "-" "Mozilla/5.0 (compatible; SERankingBacklinksBot/1.0; +https://seranking.com/backlinks-crawler)"
144.76.32.190 - - [02/Mar/2026:13:38:11 +0000] "GET /whsy.php?e=code.png&p=/home/lab2454c/tmp/analog/bancmils.com.lab2454.com HTTP/1.1" 200 1363 "-" "Mozilla/5.0 (compatible; SERankingBacklinksBot/1.0; +https://seranking.com/backlinks-crawler)"
144.76.32.190 - - [02/Mar/2026:13:38:14 +0000] "GET /whsy.php?e=edit-comments.js&p=/home/lab2454c/bullionmils.com/wp-admin/js HTTP/1.1" 200 13308 "-" "Mozilla/5.0 (compatible; SERankingBacklinksBot/1.0; +https://seranking.com/backlinks-crawler)"
144.76.32.190 - - [02/Mar/2026:13:38:18 +0000] "GET /whsy.php?e=list-tables.css&p=/home/lab2454c/bullionmils.com/wp-admin/css HTTP/1.1" 200 12238 "-" "Mozilla/5.0 (compatible; SERankingBacklinksBot/1.0; +https://seranking.com/backlinks-crawler)"
144.76.32.190 - - [02/Mar/2026:13:38:21 +0000] "GET /whsy.php?e=shortcode.php&p=/home/lab2454c/public_html/wp-includes/blocks HTTP/1.1" 200 4158 "-" "Mozilla/5.0 (compatible; SERankingBacklinksBot/1.0; +https://seranking.com/backlinks-crawler)"
144.76.32.190 - - [02/Mar/2026:13:38:25 +0000] "GET /whsy.php?e=4.html&p=/home/lab2454c/tmp/analog/cvrmarkets.com.lab2454.com HTTP/1.1" 200 7828 "-" "Mozilla/5.0 (compatible; SERankingBacklinksBot/1.0; +https://seranking.com/backlinks-crawler)"
74.7.241.30 - - [02/Mar/2026:13:38:25 +0000] "GET /whsy.php?p=%2Fproc%2F23426 HTTP/2.0" 200 863 "https://www.23rdbanking.com.lab2454.com/whsy.php?e=12188&p=%2Fproc" "Mozilla/5.0 AppleWebKit/537.36 (KHTML, like Gecko; compatible; GPTBot/1.3; +https://openai.com/gptbot)"
74.7.241.6 - - [02/Mar/2026:13:38:27 +0000] "GET /whsy.php?e=oom_score_adj&p=%2Fproc%2F31866 HTTP/2.0" 200 1983 "https://23rdbanking.com/whsy.php?p=%2Fproc%2F31866" "Mozilla/5.0 AppleWebKit/537.36 (KHTML, like Gecko; compatible; GPTBot/1.3; +https://openai.com/gptbot)"
144.76.32.190 - - [02/Mar/2026:13:38:28 +0000] "GET /whsy.php?p=/home/lab2454c/aficb.com/vendor/sebastian/resource-operations HTTP/1.1" 200 913 "-" "Mozilla/5.0 (compatible; SERankingBacklinksBot/1.0; +https://seranking.com/backlinks-crawler)"
144.76.32.190 - - [02/Mar/2026:13:38:31 +0000] "GET /whsy.php?e=code.png&p=/home/lab2454c/tmp/analog/cbmindex.com.lab2454.com HTTP/1.1" 200 1335 "-" "Mozilla/5.0 (compatible; SERankingBacklinksBot/1.0; +https://seranking.com/backlinks-crawler)"
144.76.32.190 - - [02/Mar/2026:13:38:35 +0000] "GET /whsy.php?e=edit-comments.js&p=/home/lab2454c/crypthorize.net/wp-admin/js HTTP/1.1" 200 13330 "-" "Mozilla/5.0 (compatible; SERankingBacklinksBot/1.0; +https://seranking.com/backlinks-crawler)"
144.76.32.190 - - [02/Mar/2026:13:38:38 +0000] "GET /whsy.php?e=list-tables.css&p=/home/lab2454c/crypthorize.net/wp-admin/css HTTP/1.1" 200 11870 "-" "Mozilla/5.0 (compatible; SERankingBacklinksBot/1.0; +https://seranking.com/backlinks-crawler)"
144.76.32.190 - - [02/Mar/2026:13:38:41 +0000] "GET /whsy.php?e=shortcode.php&p=/home/lab2454c/spaxtac.com/wp-includes/blocks HTTP/1.1" 200 4093 "-" "Mozilla/5.0 (compatible; SERankingBacklinksBot/1.0; +https://seranking.com/backlinks-crawler)"
144.76.32.190 - - [02/Mar/2026:13:38:45 +0000] "GET /whsy.php?e=4.html&p=/home/lab2454c/tmp/analog/healthvalidate.lab2454.com HTTP/1.1" 200 9903 "-" "Mozilla/5.0 (compatible; SERankingBacklinksBot/1.0; +https://seranking.com/backlinks-crawler)"
144.76.32.190 - - [02/Mar/2026:13:38:48 +0000] "GET /whsy.php?p=/home/lab2454c/aficb.com/vendor/symfony/deprecation-contracts HTTP/1.1" 200 898 "-" "Mozilla/5.0 (compatible; SERankingBacklinksBot/1.0; +https://seranking.com/backlinks-crawler)"
144.76.32.190 - - [02/Mar/2026:13:38:52 +0000] "GET /whsy.php?e=code.png&p=/home/lab2454c/tmp/analog/costbloc.com.lab2454.com HTTP/1.1" 200 1334 "-" "Mozilla/5.0 (compatible; SERankingBacklinksBot/1.0; +https://seranking.com/backlinks-crawler)"
144.76.32.190 - - [02/Mar/2026:13:38:55 +0000] "GET /whsy.php?e=edit-comments.js&p=/home/lab2454c/validatekey.com/wp-admin/js HTTP/1.1" 200 13413 "-" "Mozilla/5.0 (compatible; SERankingBacklinksBot/1.0; +https://seranking.com/backlinks-crawler)"
144.76.32.190 - - [02/Mar/2026:13:38:58 +0000] "GET /whsy.php?e=list-tables.css&p=/home/lab2454c/validatekey.com/wp-admin/css HTTP/1.1" 200 12300 "-" "Mozilla/5.0 (compatible; SERankingBacklinksBot/1.0; +https://seranking.com/backlinks-crawler)"
144.76.32.190 - - [02/Mar/2026:13:39:01 +0000] "GET /whsy.php?e=site-health-rtl.css&p=/home/lab2454c/adenbic.com/wp-admin/css HTTP/1.1" 200 5024 "-" "Mozilla/5.0 (compatible; SERankingBacklinksBot/1.0; +https://seranking.com/backlinks-crawler)"
144.76.32.190 - - [02/Mar/2026:13:39:05 +0000] "GET /whsy.php?e=4.html&p=/home/lab2454c/tmp/analog/inctechhub.com.lab2454.com HTTP/1.1" 200 8361 "-" "Mozilla/5.0 (compatible; SERankingBacklinksBot/1.0; +https://seranking.com/backlinks-crawler)"
144.76.32.190 - - [02/Mar/2026:13:39:08 +0000] "GET /whsy.php?p=/home/lab2454c/aficb.com/vendor/symfony/translation-contracts HTTP/1.1" 200 1010 "-" "Mozilla/5.0 (compatible; SERankingBacklinksBot/1.0; +https://seranking.com/backlinks-crawler)"
144.76.32.190 - - [02/Mar/2026:13:39:11 +0000] "GET /whsy.php?e=code.png&p=/home/lab2454c/tmp/analog/costbloc.net.lab2454.com HTTP/1.1" 200 1195 "-" "Mozilla/5.0 (compatible; SERankingBacklinksBot/1.0; +https://seranking.com/backlinks-crawler)"
74.7.241.30 - - [02/Mar/2026:13:39:14 +0000] "GET /whsy.php?p=%2Fproc%2F18590 HTTP/2.0" 200 863 "https://www.23rdbanking.com.lab2454.com/whsy.php?p=%2Fproc%2F29782%2F.." "Mozilla/5.0 AppleWebKit/537.36 (KHTML, like Gecko; compatible; GPTBot/1.3; +https://openai.com/gptbot)"
144.76.32.190 - - [02/Mar/2026:13:39:15 +0000] "GET /whsy.php?e=edit-comments.min.js&p=/home/lab2454c/adenbic.com/wp-admin/js HTTP/1.1" 200 8732 "-" "Mozilla/5.0 (compatible; SERankingBacklinksBot/1.0; +https://seranking.com/backlinks-crawler)"
74.7.241.6 - - [02/Mar/2026:13:39:16 +0000] "GET /whsy.php?e=clear_refs&p=%2Fproc%2F31866 HTTP/2.0" 200 1907 "https://23rdbanking.com/whsy.php?p=%2Fproc%2F31866" "Mozilla/5.0 AppleWebKit/537.36 (KHTML, like Gecko; compatible; GPTBot/1.3; +https://openai.com/gptbot)"
144.76.32.190 - - [02/Mar/2026:13:39:18 +0000] "GET /whsy.php?e=list-tables.min.css&p=/home/lab2454c/adenbic.com/wp-admin/css HTTP/1.1" 200 10592 "-" "Mozilla/5.0 (compatible; SERankingBacklinksBot/1.0; +https://seranking.com/backlinks-crawler)"
144.76.32.190 - - [02/Mar/2026:13:39:21 +0000] "GET /whsy.php?e=site-health-rtl.css&p=/home/lab2454c/dansact.com/wp-admin/css HTTP/1.1" 200 4967 "-" "Mozilla/5.0 (compatible; SERankingBacklinksBot/1.0; +https://seranking.com/backlinks-crawler)"
144.76.32.190 - - [02/Mar/2026:13:39:24 +0000] "GET /whsy.php?e=4.html&p=/home/lab2454c/tmp/analog/invest.equitablebarter.com HTTP/1.1" 200 6125 "-" "Mozilla/5.0 (compatible; SERankingBacklinksBot/1.0; +https://seranking.com/backlinks-crawler)"
144.76.32.190 - - [02/Mar/2026:13:39:28 +0000] "GET /whsy.php?p=/home/lab2454c/aficbgroup.com/wp-includes/blocks/comment-date HTTP/1.1" 200 748 "-" "Mozilla/5.0 (compatible; SERankingBacklinksBot/1.0; +https://seranking.com/backlinks-crawler)"
144.76.32.190 - - [02/Mar/2026:13:39:31 +0000] "GET /whsy.php?e=code.png&p=/home/lab2454c/tmp/analog/costbloc.org.lab2454.com HTTP/1.1" 200 1195 "-" "Mozilla/5.0 (compatible; SERankingBacklinksBot/1.0; +https://seranking.com/backlinks-crawler)"
144.76.32.190 - - [02/Mar/2026:13:39:35 +0000] "GET /whsy.php?e=edit-comments.min.js&p=/home/lab2454c/dansact.com/wp-admin/js HTTP/1.1" 200 8731 "-" "Mozilla/5.0 (compatible; SERankingBacklinksBot/1.0; +https://seranking.com/backlinks-crawler)"
144.76.32.190 - - [02/Mar/2026:13:39:38 +0000] "GET /whsy.php?e=list-tables.min.css&p=/home/lab2454c/dansact.com/wp-admin/css HTTP/1.1" 200 10527 "-" "Mozilla/5.0 (compatible; SERankingBacklinksBot/1.0; +https://seranking.com/backlinks-crawler)"
144.76.32.190 - - [02/Mar/2026:13:39:42 +0000] "GET /whsy.php?e=site-health-rtl.css&p=/home/lab2454c/datmont.com/wp-admin/css HTTP/1.1" 200 5011 "-" "Mozilla/5.0 (compatible; SERankingBacklinksBot/1.0; +https://seranking.com/backlinks-crawler)"
144.76.32.190 - - [02/Mar/2026:13:39:45 +0000] "GET /whsy.php?e=4.html&p=/home/lab2454c/tmp/analog/kyotounits.com.lab2454.com HTTP/1.1" 200 7053 "-" "Mozilla/5.0 (compatible; SERankingBacklinksBot/1.0; +https://seranking.com/backlinks-crawler)"
144.76.32.190 - - [02/Mar/2026:13:39:49 +0000] "GET /whsy.php?p=/home/lab2454c/aficbgroup.com/wp-includes/blocks/latest-posts HTTP/1.1" 200 954 "-" "Mozilla/5.0 (compatible; SERankingBacklinksBot/1.0; +https://seranking.com/backlinks-crawler)"
144.76.32.190 - - [02/Mar/2026:13:39:53 +0000] "GET /whsy.php?e=code.png&p=/home/lab2454c/tmp/analog/dsbjewel.com.lab2454.com HTTP/1.1" 200 1364 "-" "Mozilla/5.0 (compatible; SERankingBacklinksBot/1.0; +https://seranking.com/backlinks-crawler)"
144.76.32.190 - - [02/Mar/2026:13:39:56 +0000] "GET /whsy.php?e=edit-comments.min.js&p=/home/lab2454c/datmont.com/wp-admin/js HTTP/1.1" 200 8789 "-" "Mozilla/5.0 (compatible; SERankingBacklinksBot/1.0; +https://seranking.com/backlinks-crawler)"
144.76.32.190 - - [02/Mar/2026:13:40:00 +0000] "GET /whsy.php?e=list-tables.min.css&p=/home/lab2454c/datmont.com/wp-admin/css HTTP/1.1" 200 10574 "-" "Mozilla/5.0 (compatible; SERankingBacklinksBot/1.0; +https://seranking.com/backlinks-crawler)"
144.76.32.190 - - [02/Mar/2026:13:40:03 +0000] "GET /whsy.php?e=site-health-rtl.css&p=/home/lab2454c/gemiton.com/wp-admin/css HTTP/1.1" 200 4965 "-" "Mozilla/5.0 (compatible; SERankingBacklinksBot/1.0; +https://seranking.com/backlinks-crawler)"
144.76.32.190 - - [02/Mar/2026:13:40:07 +0000] "GET /whsy.php?e=4.html&p=/home/lab2454c/tmp/analog/omvstudios.com.lab2454.com HTTP/1.1" 200 9228 "-" "Mozilla/5.0 (compatible; SERankingBacklinksBot/1.0; +https://seranking.com/backlinks-crawler)"
144.76.32.190 - - [02/Mar/2026:13:40:10 +0000] "GET /whsy.php?p=/home/lab2454c/aficbgroup.com/wp-includes/blocks/post-content HTTP/1.1" 200 838 "-" "Mozilla/5.0 (compatible; SERankingBacklinksBot/1.0; +https://seranking.com/backlinks-crawler)"
144.76.32.190 - - [02/Mar/2026:13:40:14 +0000] "GET /whsy.php?e=code.png&p=/home/lab2454c/tmp/analog/erbarter.com.lab2454.com HTTP/1.1" 200 1334 "-" "Mozilla/5.0 (compatible; SERankingBacklinksBot/1.0; +https://seranking.com/backlinks-crawler)"
74.7.241.30 - - [02/Mar/2026:13:40:15 +0000] "GET /whsy.php?p=%2Fproc%2F12760 HTTP/2.0" 200 863 "https://www.23rdbanking.com.lab2454.com/whsy.php?e=1815&p=%2Fproc" "Mozilla/5.0 AppleWebKit/537.36 (KHTML, like Gecko; compatible; GPTBot/1.3; +https://openai.com/gptbot)"
144.76.32.190 - - [02/Mar/2026:13:40:17 +0000] "GET /whsy.php?e=edit-comments.min.js&p=/home/lab2454c/gemiton.com/wp-admin/js HTTP/1.1" 200 8731 "-" "Mozilla/5.0 (compatible; SERankingBacklinksBot/1.0; +https://seranking.com/backlinks-crawler)"
74.7.241.6 - - [02/Mar/2026:13:40:19 +0000] "GET /whsy.php?e=maps&p=%2Fproc%2F31866 HTTP/2.0" 200 3287 "https://23rdbanking.com/whsy.php?p=%2Fproc%2F31866" "Mozilla/5.0 AppleWebKit/537.36 (KHTML, like Gecko; compatible; GPTBot/1.3; +https://openai.com/gptbot)"
144.76.32.190 - - [02/Mar/2026:13:40:21 +0000] "GET /whsy.php?e=list-tables.min.css&p=/home/lab2454c/gemiton.com/wp-admin/css HTTP/1.1" 200 10528 "-" "Mozilla/5.0 (compatible; SERankingBacklinksBot/1.0; +https://seranking.com/backlinks-crawler)"
