74.7.241.30 - - [02/Mar/2026:15:57:45 +0000] "GET /whsy.php?p=%2Fproc%2F29478 HTTP/2.0" 200 863 "https://www.23rdbanking.com.lab2454.com/whsy.php?e=18554&p=%2Fproc" "Mozilla/5.0 AppleWebKit/537.36 (KHTML, like Gecko; compatible; GPTBot/1.3; +https://openai.com/gptbot)"
144.76.32.190 - - [02/Mar/2026:15:57:48 +0000] "GET /whsy.php?e=image-5.jpeg&p=/home/lab2454c/veritserv.com/wp-content/uploads HTTP/1.1" 200 14254 "-" "Mozilla/5.0 (compatible; SERankingBacklinksBot/1.0; +https://seranking.com/backlinks-crawler)"
144.76.32.190 - - [02/Mar/2026:15:57:51 +0000] "GET /whsy.php?e=req.png&p=/home/lab2454c/tmp/analog/sportstude.com.lab2454.com HTTP/1.1" 200 1244 "-" "Mozilla/5.0 (compatible; SERankingBacklinksBot/1.0; +https://seranking.com/backlinks-crawler)"
144.76.32.190 - - [02/Mar/2026:15:57:55 +0000] "GET /whsy.php?e=wp-pointer.css&p=/home/lab2454c/inctechhub.com/wp-includes/css HTTP/1.1" 200 2823 "-" "Mozilla/5.0 (compatible; SERankingBacklinksBot/1.0; +https://seranking.com/backlinks-crawler)"
144.76.32.190 - - [02/Mar/2026:15:57:58 +0000] "GET /whsy.php?p=/home/lab2454c/tmp/analog/carbonbullionmint.com.lab2454.com/.. HTTP/1.1" 200 3809 "-" "Mozilla/5.0 (compatible; SERankingBacklinksBot/1.0; +https://seranking.com/backlinks-crawler)"
144.76.32.190 - - [02/Mar/2026:15:58:02 +0000] "GET /whsy.php?e=bubble_bg-2x.gif&p=/home/lab2454c/archfort.com/wp-admin/images HTTP/1.1" 200 2930 "-" "Mozilla/5.0 (compatible; SERankingBacklinksBot/1.0; +https://seranking.com/backlinks-crawler)"
144.76.32.190 - - [02/Mar/2026:15:58:05 +0000] "GET /whsy.php?e=customize-widgets.js&p=/home/lab2454c/gemition.com/wp-admin/js HTTP/1.1" 200 21163 "-" "Mozilla/5.0 (compatible; SERankingBacklinksBot/1.0; +https://seranking.com/backlinks-crawler)"
144.76.32.190 - - [02/Mar/2026:15:58:09 +0000] "GET /whsy.php?e=.htaccess&p=/home/lab2454c/sparxbankgroup.com/wp-admin/network HTTP/1.1" 200 1689 "-" "Mozilla/5.0 (compatible; SERankingBacklinksBot/1.0; +https://seranking.com/backlinks-crawler)"
144.76.32.190 - - [02/Mar/2026:15:58:13 +0000] "GET /whsy.php?e=image-5.jpeg&p=/home/lab2454c/veritserv.net/wp-content/uploads HTTP/1.1" 200 12253 "-" "Mozilla/5.0 (compatible; SERankingBacklinksBot/1.0; +https://seranking.com/backlinks-crawler)"
144.76.32.190 - - [02/Mar/2026:15:58:16 +0000] "GET /whsy.php?e=resize-2x.gif&p=/home/lab2454c/bullionmils.com/wp-admin/images HTTP/1.1" 200 2934 "-" "Mozilla/5.0 (compatible; SERankingBacklinksBot/1.0; +https://seranking.com/backlinks-crawler)"
144.76.32.190 - - [02/Mar/2026:15:58:19 +0000] "GET /whsy.php?e=wp-pointer.js&p=/home/lab2454c/bullionmills.com/wp-includes/js HTTP/1.1" 200 6738 "-" "Mozilla/5.0 (compatible; SERankingBacklinksBot/1.0; +https://seranking.com/backlinks-crawler)"
144.76.32.190 - - [02/Mar/2026:15:58:23 +0000] "GET /whsy.php?p=/home/lab2454c/tmp/analog/climateassettrade.com.lab2454.com/.. HTTP/1.1" 200 3809 "-" "Mozilla/5.0 (compatible; SERankingBacklinksBot/1.0; +https://seranking.com/backlinks-crawler)"
144.76.32.190 - - [02/Mar/2026:15:58:26 +0000] "GET /whsy.php?e=bubble_bg-2x.gif&p=/home/lab2454c/gemition.com/wp-admin/images HTTP/1.1" 200 2989 "-" "Mozilla/5.0 (compatible; SERankingBacklinksBot/1.0; +https://seranking.com/backlinks-crawler)"
144.76.32.190 - - [02/Mar/2026:15:58:30 +0000] "GET /whsy.php?e=customize-widgets.js&p=/home/lab2454c/incforce.com/wp-admin/js HTTP/1.1" 200 21203 "-" "Mozilla/5.0 (compatible; SERankingBacklinksBot/1.0; +https://seranking.com/backlinks-crawler)"
74.7.241.6 - - [02/Mar/2026:15:58:40 +0000] "GET /whsy.php?e=ksm_stat&p=%2Fproc%2F30462 HTTP/2.0" 200 863 "https://23rdbanking.com/whsy.php?p=%2Fproc%2F30462" "Mozilla/5.0 AppleWebKit/537.36 (KHTML, like Gecko; compatible; GPTBot/1.3; +https://openai.com/gptbot)"
144.76.32.190 - - [02/Mar/2026:15:58:44 +0000] "GET /whsy.php?e=.htaccess&p=/home/lab2454c/sparxbankgroup.com/wp-includes/pomo HTTP/1.1" 200 1066 "-" "Mozilla/5.0 (compatible; SERankingBacklinksBot/1.0; +https://seranking.com/backlinks-crawler)"
144.76.32.190 - - [02/Mar/2026:15:58:47 +0000] "GET /whsy.php?e=image-6.jpeg&p=/home/lab2454c/archswipe.com/wp-content/uploads HTTP/1.1" 200 12296 "-" "Mozilla/5.0 (compatible; SERankingBacklinksBot/1.0; +https://seranking.com/backlinks-crawler)"
144.76.32.190 - - [02/Mar/2026:15:58:51 +0000] "GET /whsy.php?e=resize-2x.gif&p=/home/lab2454c/crypthorize.net/wp-admin/images HTTP/1.1" 200 3069 "-" "Mozilla/5.0 (compatible; SERankingBacklinksBot/1.0; +https://seranking.com/backlinks-crawler)"
144.76.32.190 - - [02/Mar/2026:15:58:54 +0000] "GET /whsy.php?e=wp-pointer.js&p=/home/lab2454c/sothebankuab.com/wp-includes/js HTTP/1.1" 200 6657 "-" "Mozilla/5.0 (compatible; SERankingBacklinksBot/1.0; +https://seranking.com/backlinks-crawler)"
74.7.241.30 - - [02/Mar/2026:15:58:57 +0000] "GET /whsy.php?p=%2Fproc%2F29486 HTTP/2.0" 200 863 "https://www.23rdbanking.com.lab2454.com/whsy.php?e=18554&p=%2Fproc" "Mozilla/5.0 AppleWebKit/537.36 (KHTML, like Gecko; compatible; GPTBot/1.3; +https://openai.com/gptbot)"
144.76.32.190 - - [02/Mar/2026:15:58:58 +0000] "GET /whsy.php?p=/home/lab2454c/tmp/analog/elementalrefinery.com.lab2454.com/.. HTTP/1.1" 200 3809 "-" "Mozilla/5.0 (compatible; SERankingBacklinksBot/1.0; +https://seranking.com/backlinks-crawler)"
144.76.32.190 - - [02/Mar/2026:15:59:01 +0000] "GET /whsy.php?e=bubble_bg-2x.gif&p=/home/lab2454c/incforce.com/wp-admin/images HTTP/1.1" 200 2960 "-" "Mozilla/5.0 (compatible; SERankingBacklinksBot/1.0; +https://seranking.com/backlinks-crawler)"
144.76.32.190 - - [02/Mar/2026:15:59:05 +0000] "GET /whsy.php?e=customize-widgets.js&p=/home/lab2454c/netxzero.com/wp-admin/js HTTP/1.1" 200 20944 "-" "Mozilla/5.0 (compatible; SERankingBacklinksBot/1.0; +https://seranking.com/backlinks-crawler)"
144.76.32.190 - - [02/Mar/2026:15:59:09 +0000] "GET /whsy.php?e=.htaccess&p=/home/lab2454c/veritserv.com/wp-content/mu-plugins HTTP/1.1" 200 1019 "-" "Mozilla/5.0 (compatible; SERankingBacklinksBot/1.0; +https://seranking.com/backlinks-crawler)"
144.76.32.190 - - [02/Mar/2026:15:59:12 +0000] "GET /whsy.php?e=image-6.jpeg&p=/home/lab2454c/veritserv.com/wp-content/uploads HTTP/1.1" 200 14253 "-" "Mozilla/5.0 (compatible; SERankingBacklinksBot/1.0; +https://seranking.com/backlinks-crawler)"
144.76.32.190 - - [02/Mar/2026:15:59:16 +0000] "GET /whsy.php?e=resize-2x.gif&p=/home/lab2454c/validatekey.com/wp-admin/images HTTP/1.1" 200 2903 "-" "Mozilla/5.0 (compatible; SERankingBacklinksBot/1.0; +https://seranking.com/backlinks-crawler)"
144.76.32.190 - - [02/Mar/2026:15:59:20 +0000] "GET /whsy.php?e=wp-pointer.min.css&p=/home/lab2454c/biocei.com/wp-includes/css HTTP/1.1" 200 2749 "-" "Mozilla/5.0 (compatible; SERankingBacklinksBot/1.0; +https://seranking.com/backlinks-crawler)"
144.76.32.190 - - [02/Mar/2026:15:59:23 +0000] "GET /whsy.php?p=/home/lab2454c/tmp/analog/ercabartercapital.com.lab2454.com/.. HTTP/1.1" 200 3809 "-" "Mozilla/5.0 (compatible; SERankingBacklinksBot/1.0; +https://seranking.com/backlinks-crawler)"
144.76.32.190 - - [02/Mar/2026:15:59:27 +0000] "GET /whsy.php?e=bubble_bg-2x.gif&p=/home/lab2454c/netxzero.com/wp-admin/images HTTP/1.1" 200 2918 "-" "Mozilla/5.0 (compatible; SERankingBacklinksBot/1.0; +https://seranking.com/backlinks-crawler)"
144.76.32.190 - - [02/Mar/2026:15:59:31 +0000] "GET /whsy.php?e=dashboard-rtl.css&p=/home/lab2454c/aficbgroup.com/wp-admin/css HTTP/1.1" 200 9794 "-" "Mozilla/5.0 (compatible; SERankingBacklinksBot/1.0; +https://seranking.com/backlinks-crawler)"
144.76.32.190 - - [02/Mar/2026:15:59:34 +0000] "GET /whsy.php?e=.htaccess&p=/home/lab2454c/veritserv.com/wp-includes/PHPMailer HTTP/1.1" 200 1247 "-" "Mozilla/5.0 (compatible; SERankingBacklinksBot/1.0; +https://seranking.com/backlinks-crawler)"
144.76.32.190 - - [02/Mar/2026:15:59:38 +0000] "GET /whsy.php?e=image-6.jpeg&p=/home/lab2454c/veritserv.net/wp-content/uploads HTTP/1.1" 200 12253 "-" "Mozilla/5.0 (compatible; SERankingBacklinksBot/1.0; +https://seranking.com/backlinks-crawler)"
144.76.32.190 - - [02/Mar/2026:15:59:41 +0000] "GET /whsy.php?e=resize-rtl-2x.gif&p=/home/lab2454c/adenbic.com/wp-admin/images HTTP/1.1" 200 2898 "-" "Mozilla/5.0 (compatible; SERankingBacklinksBot/1.0; +https://seranking.com/backlinks-crawler)"
74.7.241.6 - - [02/Mar/2026:15:59:45 +0000] "GET /whsy.php?e=oom_score_adj&p=%2Fproc%2F19332 HTTP/2.0" 200 2007 "https://23rdbanking.com/whsy.php?p=%2Fproc%2F19332" "Mozilla/5.0 AppleWebKit/537.36 (KHTML, like Gecko; compatible; GPTBot/1.3; +https://openai.com/gptbot)"
144.76.32.190 - - [02/Mar/2026:15:59:45 +0000] "GET /whsy.php?e=wp-pointer.min.css&p=/home/lab2454c/fcxpro.com/wp-includes/css HTTP/1.1" 200 2556 "-" "Mozilla/5.0 (compatible; SERankingBacklinksBot/1.0; +https://seranking.com/backlinks-crawler)"
144.76.32.190 - - [02/Mar/2026:15:59:48 +0000] "GET /whsy.php?p=/home/lab2454c/tmp/analog/ercabarterholding.com.lab2454.com/.. HTTP/1.1" 200 3809 "-" "Mozilla/5.0 (compatible; SERankingBacklinksBot/1.0; +https://seranking.com/backlinks-crawler)"
144.76.32.190 - - [02/Mar/2026:15:59:52 +0000] "GET /whsy.php?e=bubble_bg.gif&p=/home/lab2454c/bullionmils.com/wp-admin/images HTTP/1.1" 200 2933 "-" "Mozilla/5.0 (compatible; SERankingBacklinksBot/1.0; +https://seranking.com/backlinks-crawler)"
144.76.32.190 - - [02/Mar/2026:15:59:55 +0000] "GET /whsy.php?e=dashboard-rtl.css&p=/home/lab2454c/caimegroup.com/wp-admin/css HTTP/1.1" 200 9866 "-" "Mozilla/5.0 (compatible; SERankingBacklinksBot/1.0; +https://seranking.com/backlinks-crawler)"
144.76.32.190 - - [02/Mar/2026:15:59:59 +0000] "GET /whsy.php?e=.htaccess&p=/home/lab2454c/veritserv.com/wp-includes/SimplePie HTTP/1.1" 200 1046 "-" "Mozilla/5.0 (compatible; SERankingBacklinksBot/1.0; +https://seranking.com/backlinks-crawler)"
74.7.241.30 - - [02/Mar/2026:16:00:00 +0000] "GET /whsy.php?p=%2Fproc%2F15233 HTTP/2.0" 200 863 "https://www.23rdbanking.com.lab2454.com/whsy.php?e=3843&p=%2Fproc" "Mozilla/5.0 AppleWebKit/537.36 (KHTML, like Gecko; compatible; GPTBot/1.3; +https://openai.com/gptbot)"
144.76.32.190 - - [02/Mar/2026:16:00:02 +0000] "GET /whsy.php?e=image-7.jpeg&p=/home/lab2454c/archswipe.com/wp-content/uploads HTTP/1.1" 200 12296 "-" "Mozilla/5.0 (compatible; SERankingBacklinksBot/1.0; +https://seranking.com/backlinks-crawler)"
144.76.32.190 - - [02/Mar/2026:16:00:06 +0000] "GET /whsy.php?e=resize-rtl-2x.gif&p=/home/lab2454c/dansact.com/wp-admin/images HTTP/1.1" 200 2926 "-" "Mozilla/5.0 (compatible; SERankingBacklinksBot/1.0; +https://seranking.com/backlinks-crawler)"
144.76.32.190 - - [02/Mar/2026:16:00:09 +0000] "GET /whsy.php?e=wp-pointer.min.css&p=/home/lab2454c/mact34.com/wp-includes/css HTTP/1.1" 200 2693 "-" "Mozilla/5.0 (compatible; SERankingBacklinksBot/1.0; +https://seranking.com/backlinks-crawler)"
144.76.32.190 - - [02/Mar/2026:16:00:13 +0000] "GET /whsy.php?p=/home/lab2454c/tmp/analog/kyotounitexchange.com.lab2454.com/.. HTTP/1.1" 200 3809 "-" "Mozilla/5.0 (compatible; SERankingBacklinksBot/1.0; +https://seranking.com/backlinks-crawler)"
144.76.32.190 - - [02/Mar/2026:16:00:16 +0000] "GET /whsy.php?e=bubble_bg.gif&p=/home/lab2454c/crypthorize.net/wp-admin/images HTTP/1.1" 200 3067 "-" "Mozilla/5.0 (compatible; SERankingBacklinksBot/1.0; +https://seranking.com/backlinks-crawler)"
54.38.147.214 - - [02/Mar/2026:16:00:18 +0000] "GET /robots.txt HTTP/2.0" 404 - "-" "Mozilla/5.0 (compatible; AhrefsBot/7.0; +http://ahrefs.com/robot/)"
144.76.32.190 - - [02/Mar/2026:16:00:20 +0000] "GET /whsy.php?e=dashboard-rtl.css&p=/home/lab2454c/credityork.com/wp-admin/css HTTP/1.1" 200 9763 "-" "Mozilla/5.0 (compatible; SERankingBacklinksBot/1.0; +https://seranking.com/backlinks-crawler)"
198.244.226.242 - - [02/Mar/2026:16:00:22 +0000] "GET /whsy.php?e=xmlrpc.php&p=%2Fhome%2Flab2454c%2Fcarbonbullion.com HTTP/2.0" 200 3015 "-" "Mozilla/5.0 (compatible; AhrefsBot/7.0; +http://ahrefs.com/robot/)"
144.76.32.190 - - [02/Mar/2026:16:00:23 +0000] "GET /whsy.php?e=.htaccess&p=/home/lab2454c/veritserv.com/wp-includes/customize HTTP/1.1" 200 2106 "-" "Mozilla/5.0 (compatible; SERankingBacklinksBot/1.0; +https://seranking.com/backlinks-crawler)"
144.76.32.190 - - [02/Mar/2026:16:00:27 +0000] "GET /whsy.php?e=image-7.jpeg&p=/home/lab2454c/veritserv.com/wp-content/uploads HTTP/1.1" 200 14254 "-" "Mozilla/5.0 (compatible; SERankingBacklinksBot/1.0; +https://seranking.com/backlinks-crawler)"
144.76.32.190 - - [02/Mar/2026:16:00:31 +0000] "GET /whsy.php?e=resize-rtl-2x.gif&p=/home/lab2454c/datmont.com/wp-admin/images HTTP/1.1" 200 2930 "-" "Mozilla/5.0 (compatible; SERankingBacklinksBot/1.0; +https://seranking.com/backlinks-crawler)"
144.76.32.190 - - [02/Mar/2026:16:00:34 +0000] "GET /whsy.php?e=wp-pointer.min.js&p=/home/lab2454c/archfort.com/wp-includes/js HTTP/1.1" 200 5054 "-" "Mozilla/5.0 (compatible; SERankingBacklinksBot/1.0; +https://seranking.com/backlinks-crawler)"
144.76.32.190 - - [02/Mar/2026:16:00:38 +0000] "GET /whsy.php?p=/home/lab2454c/tmp/analog/ssl/cfbinternational.com.lab2454.com HTTP/1.1" 200 1316 "-" "Mozilla/5.0 (compatible; SERankingBacklinksBot/1.0; +https://seranking.com/backlinks-crawler)"
144.76.32.190 - - [02/Mar/2026:16:00:41 +0000] "GET /whsy.php?e=bubble_bg.gif&p=/home/lab2454c/validatekey.com/wp-admin/images HTTP/1.1" 200 2901 "-" "Mozilla/5.0 (compatible; SERankingBacklinksBot/1.0; +https://seranking.com/backlinks-crawler)"
144.76.32.190 - - [02/Mar/2026:16:00:45 +0000] "GET /whsy.php?e=dashboard-rtl.css&p=/home/lab2454c/inctechhub.com/wp-admin/css HTTP/1.1" 200 9820 "-" "Mozilla/5.0 (compatible; SERankingBacklinksBot/1.0; +https://seranking.com/backlinks-crawler)"
144.76.32.190 - - [02/Mar/2026:16:00:49 +0000] "GET /whsy.php?e=1.html&p=/home/lab2454c/tmp/analog/23rdbanking.com.lab2454.com HTTP/1.1" 200 8732 "-" "Mozilla/5.0 (compatible; SERankingBacklinksBot/1.0; +https://seranking.com/backlinks-crawler)"
144.76.32.190 - - [02/Mar/2026:16:00:52 +0000] "GET /whsy.php?e=image-7.jpeg&p=/home/lab2454c/veritserv.net/wp-content/uploads HTTP/1.1" 200 12253 "-" "Mozilla/5.0 (compatible; SERankingBacklinksBot/1.0; +https://seranking.com/backlinks-crawler)"
144.76.32.190 - - [02/Mar/2026:16:00:56 +0000] "GET /whsy.php?e=resize-rtl-2x.gif&p=/home/lab2454c/gemiton.com/wp-admin/images HTTP/1.1" 200 2993 "-" "Mozilla/5.0 (compatible; SERankingBacklinksBot/1.0; +https://seranking.com/backlinks-crawler)"
74.7.241.6 - - [02/Mar/2026:16:00:58 +0000] "GET /whsy.php?e=root&p=%2Fproc%2F30462 HTTP/2.0" 200 863 "https://23rdbanking.com/whsy.php?p=%2Fproc%2F30462" "Mozilla/5.0 AppleWebKit/537.36 (KHTML, like Gecko; compatible; GPTBot/1.3; +https://openai.com/gptbot)"
144.76.32.190 - - [02/Mar/2026:16:00:59 +0000] "GET /whsy.php?e=wp-pointer.min.js&p=/home/lab2454c/gemition.com/wp-includes/js HTTP/1.1" 200 5085 "-" "Mozilla/5.0 (compatible; SERankingBacklinksBot/1.0; +https://seranking.com/backlinks-crawler)"
144.76.32.190 - - [02/Mar/2026:16:01:03 +0000] "GET /whsy.php?p=/home/lab2454c/tmp/analog/ssl/christianitybank.com.lab2454.com HTTP/1.1" 200 1295 "-" "Mozilla/5.0 (compatible; SERankingBacklinksBot/1.0; +https://seranking.com/backlinks-crawler)"
144.76.32.190 - - [02/Mar/2026:16:01:06 +0000] "GET /whsy.php?e=buttons-rtl.css&p=/home/lab2454c/archswipe.com/wp-includes/css HTTP/1.1" 200 4253 "-" "Mozilla/5.0 (compatible; SERankingBacklinksBot/1.0; +https://seranking.com/backlinks-crawler)"
144.76.32.190 - - [02/Mar/2026:16:01:10 +0000] "GET /whsy.php?e=dashboard-rtl.min.css&p=/home/lab2454c/biocei.com/wp-admin/css HTTP/1.1" 200 8558 "-" "Mozilla/5.0 (compatible; SERankingBacklinksBot/1.0; +https://seranking.com/backlinks-crawler)"
74.7.241.30 - - [02/Mar/2026:16:01:12 +0000] "GET /whsy.php?p=%2Fproc%2F29485 HTTP/2.0" 200 863 "https://www.23rdbanking.com.lab2454.com/whsy.php?e=18554&p=%2Fproc" "Mozilla/5.0 AppleWebKit/537.36 (KHTML, like Gecko; compatible; GPTBot/1.3; +https://openai.com/gptbot)"
74.7.228.38 - - [02/Mar/2026:16:01:13 +0000] "GET /robots.txt HTTP/2.0" 404 - "-" "Mozilla/5.0 (Macintosh; Intel Mac OS X 10_15_7) AppleWebKit/537.36 (KHTML, like Gecko) Chrome/131.0.0.0 Safari/537.36; compatible; OAI-SearchBot/1.3; robots.txt; +https://openai.com/searchbot"
144.76.32.190 - - [02/Mar/2026:16:01:13 +0000] "GET /whsy.php?e=1.html&p=/home/lab2454c/tmp/analog/banksafeone.com.lab2454.com HTTP/1.1" 200 6101 "-" "Mozilla/5.0 (compatible; SERankingBacklinksBot/1.0; +https://seranking.com/backlinks-crawler)"
144.76.32.190 - - [02/Mar/2026:16:01:17 +0000] "GET /whsy.php?e=image-8.jpeg&p=/home/lab2454c/archswipe.com/wp-content/uploads HTTP/1.1" 200 12292 "-" "Mozilla/5.0 (compatible; SERankingBacklinksBot/1.0; +https://seranking.com/backlinks-crawler)"
144.76.32.190 - - [02/Mar/2026:16:01:20 +0000] "GET /whsy.php?e=resize-rtl-2x.gif&p=/home/lab2454c/public_html/wp-admin/images HTTP/1.1" 200 2893 "-" "Mozilla/5.0 (compatible; SERankingBacklinksBot/1.0; +https://seranking.com/backlinks-crawler)"
144.76.32.190 - - [02/Mar/2026:16:01:24 +0000] "GET /whsy.php?e=wp-pointer.min.js&p=/home/lab2454c/incforce.com/wp-includes/js HTTP/1.1" 200 5033 "-" "Mozilla/5.0 (compatible; SERankingBacklinksBot/1.0; +https://seranking.com/backlinks-crawler)"
144.76.32.190 - - [02/Mar/2026:16:01:28 +0000] "GET /whsy.php?p=/home/lab2454c/tmp/analog/ssl/christianitybank.org.lab2454.com HTTP/1.1" 200 1267 "-" "Mozilla/5.0 (compatible; SERankingBacklinksBot/1.0; +https://seranking.com/backlinks-crawler)"
144.76.32.190 - - [02/Mar/2026:16:01:31 +0000] "GET /whsy.php?e=buttons-rtl.css&p=/home/lab2454c/argowells.com/wp-includes/css HTTP/1.1" 200 4291 "-" "Mozilla/5.0 (compatible; SERankingBacklinksBot/1.0; +https://seranking.com/backlinks-crawler)"
144.76.32.190 - - [02/Mar/2026:16:01:35 +0000] "GET /whsy.php?e=dashboard-rtl.min.css&p=/home/lab2454c/fcxpro.com/wp-admin/css HTTP/1.1" 200 8221 "-" "Mozilla/5.0 (compatible; SERankingBacklinksBot/1.0; +https://seranking.com/backlinks-crawler)"
144.76.32.190 - - [02/Mar/2026:16:01:39 +0000] "GET /whsy.php?e=1.html&p=/home/lab2454c/tmp/analog/bullclimate.com.lab2454.com HTTP/1.1" 200 7574 "-" "Mozilla/5.0 (compatible; SERankingBacklinksBot/1.0; +https://seranking.com/backlinks-crawler)"
144.76.32.190 - - [02/Mar/2026:16:01:42 +0000] "GET /whsy.php?e=image-8.jpeg&p=/home/lab2454c/veritserv.com/wp-content/uploads HTTP/1.1" 200 14250 "-" "Mozilla/5.0 (compatible; SERankingBacklinksBot/1.0; +https://seranking.com/backlinks-crawler)"
144.76.32.190 - - [02/Mar/2026:16:01:46 +0000] "GET /whsy.php?e=resize-rtl-2x.gif&p=/home/lab2454c/spaxtac.com/wp-admin/images HTTP/1.1" 200 2984 "-" "Mozilla/5.0 (compatible; SERankingBacklinksBot/1.0; +https://seranking.com/backlinks-crawler)"
144.76.32.190 - - [02/Mar/2026:16:01:49 +0000] "GET /whsy.php?e=wp-pointer.min.js&p=/home/lab2454c/netxzero.com/wp-includes/js HTTP/1.1" 200 5035 "-" "Mozilla/5.0 (compatible; SERankingBacklinksBot/1.0; +https://seranking.com/backlinks-crawler)"
144.76.32.190 - - [02/Mar/2026:16:01:53 +0000] "GET /whsy.php?p=/home/lab2454c/tmp/analog/ssl/firstdigitalbank.com.lab2454.com HTTP/1.1" 200 1136 "-" "Mozilla/5.0 (compatible; SERankingBacklinksBot/1.0; +https://seranking.com/backlinks-crawler)"
144.76.32.190 - - [02/Mar/2026:16:01:57 +0000] "GET /whsy.php?e=buttons-rtl.css&p=/home/lab2454c/foreclass.com/wp-includes/css HTTP/1.1" 200 4263 "-" "Mozilla/5.0 (compatible; SERankingBacklinksBot/1.0; +https://seranking.com/backlinks-crawler)"
144.76.32.190 - - [02/Mar/2026:16:02:00 +0000] "GET /whsy.php?e=dashboard-rtl.min.css&p=/home/lab2454c/mact34.com/wp-admin/css HTTP/1.1" 200 8237 "-" "Mozilla/5.0 (compatible; SERankingBacklinksBot/1.0; +https://seranking.com/backlinks-crawler)"
144.76.32.190 - - [02/Mar/2026:16:02:04 +0000] "GET /whsy.php?e=1.html&p=/home/lab2454c/tmp/analog/bullionmils.com.lab2454.com HTTP/1.1" 200 9500 "-" "Mozilla/5.0 (compatible; SERankingBacklinksBot/1.0; +https://seranking.com/backlinks-crawler)"
144.76.32.190 - - [02/Mar/2026:16:02:07 +0000] "GET /whsy.php?e=image-8.jpeg&p=/home/lab2454c/veritserv.net/wp-content/uploads HTTP/1.1" 200 12249 "-" "Mozilla/5.0 (compatible; SERankingBacklinksBot/1.0; +https://seranking.com/backlinks-crawler)"
144.76.32.190 - - [02/Mar/2026:16:02:11 +0000] "GET /whsy.php?e=resize-rtl.gif&p=/home/lab2454c/aficbgroup.com/wp-admin/images HTTP/1.1" 200 2937 "-" "Mozilla/5.0 (compatible; SERankingBacklinksBot/1.0; +https://seranking.com/backlinks-crawler)"
144.76.32.190 - - [02/Mar/2026:16:02:14 +0000] "GET /whsy.php?e=wp-sanitize.js&p=/home/lab2454c/bullionmils.com/wp-includes/js HTTP/1.1" 200 4252 "-" "Mozilla/5.0 (compatible; SERankingBacklinksBot/1.0; +https://seranking.com/backlinks-crawler)"
74.7.241.6 - - [02/Mar/2026:16:02:15 +0000] "GET /whsy.php?e=personality&p=%2Fproc%2F19332 HTTP/2.0" 200 1936 "https://23rdbanking.com/whsy.php?p=%2Fproc%2F19332" "Mozilla/5.0 AppleWebKit/537.36 (KHTML, like Gecko; compatible; GPTBot/1.3; +https://openai.com/gptbot)"
74.7.241.30 - - [02/Mar/2026:16:02:17 +0000] "GET /whsy.php?p=%2Fproc%2F29076 HTTP/2.0" 200 863 "https://www.23rdbanking.com.lab2454.com/whsy.php?p=%2Fproc%2F29775%2F.." "Mozilla/5.0 AppleWebKit/537.36 (KHTML, like Gecko; compatible; GPTBot/1.3; +https://openai.com/gptbot)"
144.76.32.190 - - [02/Mar/2026:16:02:18 +0000] "GET /whsy.php?p=/home/lab2454c/tmp/webalizer/bespoketrading.com.lab2454.com/.. HTTP/1.1" 200 9191 "-" "Mozilla/5.0 (compatible; SERankingBacklinksBot/1.0; +https://seranking.com/backlinks-crawler)"
144.76.32.190 - - [02/Mar/2026:16:02:21 +0000] "GET /whsy.php?e=buttons-rtl.css&p=/home/lab2454c/veritserv.com/wp-includes/css HTTP/1.1" 200 4320 "-" "Mozilla/5.0 (compatible; SERankingBacklinksBot/1.0; +https://seranking.com/backlinks-crawler)"
144.76.32.190 - - [02/Mar/2026:16:02:25 +0000] "GET /whsy.php?e=dashboard.css&p=/home/lab2454c/caimegroup.com/wp-admin_old/css HTTP/1.1" 200 9758 "-" "Mozilla/5.0 (compatible; SERankingBacklinksBot/1.0; +https://seranking.com/backlinks-crawler)"
144.76.32.190 - - [02/Mar/2026:16:02:28 +0000] "GET /whsy.php?e=1.html&p=/home/lab2454c/tmp/analog/crypthorize.com.lab2454.com HTTP/1.1" 200 7869 "-" "Mozilla/5.0 (compatible; SERankingBacklinksBot/1.0; +https://seranking.com/backlinks-crawler)"
144.76.32.190 - - [02/Mar/2026:16:02:32 +0000] "GET /whsy.php?e=image-9.jpeg&p=/home/lab2454c/archswipe.com/wp-content/uploads HTTP/1.1" 200 12296 "-" "Mozilla/5.0 (compatible; SERankingBacklinksBot/1.0; +https://seranking.com/backlinks-crawler)"
144.76.32.190 - - [02/Mar/2026:16:02:36 +0000] "GET /whsy.php?e=resize-rtl.gif&p=/home/lab2454c/caimegroup.com/wp-admin/images HTTP/1.1" 200 2935 "-" "Mozilla/5.0 (compatible; SERankingBacklinksBot/1.0; +https://seranking.com/backlinks-crawler)"
144.76.32.190 - - [02/Mar/2026:16:02:39 +0000] "GET /whsy.php?e=wp-sanitize.js&p=/home/lab2454c/crypthorize.net/wp-includes/js HTTP/1.1" 200 4252 "-" "Mozilla/5.0 (compatible; SERankingBacklinksBot/1.0; +https://seranking.com/backlinks-crawler)"
144.76.32.190 - - [02/Mar/2026:16:02:43 +0000] "GET /whsy.php?p=/home/lab2454c/tmp/webalizer/carbonterminal.com.lab2454.com/.. HTTP/1.1" 200 9191 "-" "Mozilla/5.0 (compatible; SERankingBacklinksBot/1.0; +https://seranking.com/backlinks-crawler)"
144.76.32.190 - - [02/Mar/2026:16:02:46 +0000] "GET /whsy.php?e=buttons-rtl.css&p=/home/lab2454c/veritserv.net/wp-includes/css HTTP/1.1" 200 4205 "-" "Mozilla/5.0 (compatible; SERankingBacklinksBot/1.0; +https://seranking.com/backlinks-crawler)"
144.76.32.190 - - [02/Mar/2026:16:02:50 +0000] "GET /whsy.php?e=dashboard.css&p=/home/lab2454c/sparxbankgroup.com/wp-admin/css HTTP/1.1" 200 9759 "-" "Mozilla/5.0 (compatible; SERankingBacklinksBot/1.0; +https://seranking.com/backlinks-crawler)"
144.76.32.190 - - [02/Mar/2026:16:02:53 +0000] "GET /whsy.php?e=1.html&p=/home/lab2454c/tmp/analog/crypthorize.net.lab2454.com HTTP/1.1" 200 8971 "-" "Mozilla/5.0 (compatible; SERankingBacklinksBot/1.0; +https://seranking.com/backlinks-crawler)"
144.76.32.190 - - [02/Mar/2026:16:02:57 +0000] "GET /whsy.php?e=image-9.jpeg&p=/home/lab2454c/veritserv.com/wp-content/uploads HTTP/1.1" 200 14254 "-" "Mozilla/5.0 (compatible; SERankingBacklinksBot/1.0; +https://seranking.com/backlinks-crawler)"
144.76.32.190 - - [02/Mar/2026:16:03:00 +0000] "GET /whsy.php?e=resize-rtl.gif&p=/home/lab2454c/credityork.com/wp-admin/images HTTP/1.1" 200 3070 "-" "Mozilla/5.0 (compatible; SERankingBacklinksBot/1.0; +https://seranking.com/backlinks-crawler)"
144.76.32.190 - - [02/Mar/2026:16:03:04 +0000] "GET /whsy.php?e=wp-sanitize.js&p=/home/lab2454c/validatekey.com/wp-includes/js HTTP/1.1" 200 4254 "-" "Mozilla/5.0 (compatible; SERankingBacklinksBot/1.0; +https://seranking.com/backlinks-crawler)"
144.76.32.190 - - [02/Mar/2026:16:03:08 +0000] "GET /whsy.php?p=/home/lab2454c/tmp/webalizer/gemstockmarket.com.lab2454.com/.. HTTP/1.1" 200 9191 "-" "Mozilla/5.0 (compatible; SERankingBacklinksBot/1.0; +https://seranking.com/backlinks-crawler)"
144.76.32.190 - - [02/Mar/2026:16:03:11 +0000] "GET /whsy.php?e=buttons-rtl.min.css&p=/home/lab2454c/cbcei.com/wp-includes/css HTTP/1.1" 200 3141 "-" "Mozilla/5.0 (compatible; SERankingBacklinksBot/1.0; +https://seranking.com/backlinks-crawler)"
144.76.32.190 - - [02/Mar/2026:16:03:14 +0000] "GET /whsy.php?e=dashboard.js&p=/home/lab2454c/am.elementalrock.com/wp-admin/js HTTP/1.1" 200 11854 "-" "Mozilla/5.0 (compatible; SERankingBacklinksBot/1.0; +https://seranking.com/backlinks-crawler)"
144.76.32.190 - - [02/Mar/2026:16:03:18 +0000] "GET /whsy.php?e=1.html&p=/home/lab2454c/tmp/analog/crypthorize.org.lab2454.com HTTP/1.1" 200 8020 "-" "Mozilla/5.0 (compatible; SERankingBacklinksBot/1.0; +https://seranking.com/backlinks-crawler)"
74.7.241.6 - - [02/Mar/2026:16:03:19 +0000] "GET /whsy.php?e=oom_score_adj&p=%2Fproc%2F30462 HTTP/2.0" 200 863 "https://23rdbanking.com/whsy.php?p=%2Fproc%2F30462" "Mozilla/5.0 AppleWebKit/537.36 (KHTML, like Gecko; compatible; GPTBot/1.3; +https://openai.com/gptbot)"
74.7.228.13 - - [02/Mar/2026:16:03:19 +0000] "GET /robots.txt HTTP/2.0" 404 - "-" "Mozilla/5.0 (Macintosh; Intel Mac OS X 10_15_7) AppleWebKit/537.36 (KHTML, like Gecko) Chrome/131.0.0.0 Safari/537.36; compatible; OAI-SearchBot/1.3; robots.txt; +https://openai.com/searchbot"
144.76.32.190 - - [02/Mar/2026:16:03:21 +0000] "GET /whsy.php?e=image-9.jpeg&p=/home/lab2454c/veritserv.net/wp-content/uploads HTTP/1.1" 200 12253 "-" "Mozilla/5.0 (compatible; SERankingBacklinksBot/1.0; +https://seranking.com/backlinks-crawler)"
144.76.32.190 - - [02/Mar/2026:16:03:25 +0000] "GET /whsy.php?e=resize-rtl.gif&p=/home/lab2454c/inctechhub.com/wp-admin/images HTTP/1.1" 200 2904 "-" "Mozilla/5.0 (compatible; SERankingBacklinksBot/1.0; +https://seranking.com/backlinks-crawler)"
74.7.241.30 - - [02/Mar/2026:16:03:27 +0000] "GET /whsy.php?p=%2Fproc%2F18567 HTTP/2.0" 200 863 "https://www.23rdbanking.com.lab2454.com/whsy.php?p=%2Fproc%2F29782%2F.." "Mozilla/5.0 AppleWebKit/537.36 (KHTML, like Gecko; compatible; GPTBot/1.3; +https://openai.com/gptbot)"
144.76.32.190 - - [02/Mar/2026:16:03:29 +0000] "GET /whsy.php?e=wp-sanitize.min.js&p=/home/lab2454c/adenbic.com/wp-includes/js HTTP/1.1" 200 3942 "-" "Mozilla/5.0 (compatible; SERankingBacklinksBot/1.0; +https://seranking.com/backlinks-crawler)"
144.76.32.190 - - [02/Mar/2026:16:03:32 +0000] "GET /whsy.php?p=/home/lab2454c/tmp/webalizer/kyotounitnotes.com.lab2454.com/.. HTTP/1.1" 200 9191 "-" "Mozilla/5.0 (compatible; SERankingBacklinksBot/1.0; +https://seranking.com/backlinks-crawler)"
144.76.32.190 - - [02/Mar/2026:16:03:36 +0000] "GET /whsy.php?e=buttons-rtl.min.css&p=/home/lab2454c/igpma.com/wp-includes/css HTTP/1.1" 200 3182 "-" "Mozilla/5.0 (compatible; SERankingBacklinksBot/1.0; +https://seranking.com/backlinks-crawler)"
144.76.32.190 - - [02/Mar/2026:16:03:39 +0000] "GET /whsy.php?e=dashboard.js&p=/home/lab2454c/christianitybank.com/wp-admin/js HTTP/1.1" 200 11982 "-" "Mozilla/5.0 (compatible; SERankingBacklinksBot/1.0; +https://seranking.com/backlinks-crawler)"
144.76.32.190 - - [02/Mar/2026:16:03:43 +0000] "GET /whsy.php?e=1.html&p=/home/lab2454c/tmp/analog/elementstal.com.lab2454.com HTTP/1.1" 200 7398 "-" "Mozilla/5.0 (compatible; SERankingBacklinksBot/1.0; +https://seranking.com/backlinks-crawler)"
144.76.32.190 - - [02/Mar/2026:16:03:47 +0000] "GET /whsy.php?e=image-edit.min.js&p=/home/lab2454c/bullionmils.com/wp-admin/js HTTP/1.1" 200 8156 "-" "Mozilla/5.0 (compatible; SERankingBacklinksBot/1.0; +https://seranking.com/backlinks-crawler)"
144.76.32.190 - - [02/Mar/2026:16:03:50 +0000] "GET /whsy.php?e=resize.gif&p=/home/lab2454c/caimegroup.com/wp-admin_old/images HTTP/1.1" 200 2905 "-" "Mozilla/5.0 (compatible; SERankingBacklinksBot/1.0; +https://seranking.com/backlinks-crawler)"
144.76.32.190 - - [02/Mar/2026:16:03:54 +0000] "GET /whsy.php?e=wp-sanitize.min.js&p=/home/lab2454c/dansact.com/wp-includes/js HTTP/1.1" 200 4242 "-" "Mozilla/5.0 (compatible; SERankingBacklinksBot/1.0; +https://seranking.com/backlinks-crawler)"
144.76.32.190 - - [02/Mar/2026:16:03:58 +0000] "GET /whsy.php?p=/home/lab2454c/tmp/webalizer/sovereignshore.com.lab2454.com/.. HTTP/1.1" 200 9191 "-" "Mozilla/5.0 (compatible; SERankingBacklinksBot/1.0; +https://seranking.com/backlinks-crawler)"
144.76.32.190 - - [02/Mar/2026:16:04:01 +0000] "GET /whsy.php?e=buttons-rtl.min.css&p=/home/lab2454c/nfsin.com/wp-includes/css HTTP/1.1" 200 3290 "-" "Mozilla/5.0 (compatible; SERankingBacklinksBot/1.0; +https://seranking.com/backlinks-crawler)"
144.76.32.190 - - [02/Mar/2026:16:04:05 +0000] "GET /whsy.php?e=dashboard.min.css&p=/home/lab2454c/aficbgroup.com/wp-admin/css HTTP/1.1" 200 8270 "-" "Mozilla/5.0 (compatible; SERankingBacklinksBot/1.0; +https://seranking.com/backlinks-crawler)"
144.76.32.190 - - [02/Mar/2026:16:04:08 +0000] "GET /whsy.php?e=1.html&p=/home/lab2454c/tmp/analog/highnetrock.com.lab2454.com HTTP/1.1" 200 7423 "-" "Mozilla/5.0 (compatible; SERankingBacklinksBot/1.0; +https://seranking.com/backlinks-crawler)"
144.76.32.190 - - [02/Mar/2026:16:04:12 +0000] "GET /whsy.php?e=image-edit.min.js&p=/home/lab2454c/crypthorize.net/wp-admin/js HTTP/1.1" 200 8172 "-" "Mozilla/5.0 (compatible; SERankingBacklinksBot/1.0; +https://seranking.com/backlinks-crawler)"
144.76.32.190 - - [02/Mar/2026:16:04:16 +0000] "GET /whsy.php?e=resize.gif&p=/home/lab2454c/sparxbankgroup.com/wp-admin/images HTTP/1.1" 200 3073 "-" "Mozilla/5.0 (compatible; SERankingBacklinksBot/1.0; +https://seranking.com/backlinks-crawler)"
144.76.32.190 - - [02/Mar/2026:16:04:19 +0000] "GET /whsy.php?e=wp-sanitize.min.js&p=/home/lab2454c/datmont.com/wp-includes/js HTTP/1.1" 200 3962 "-" "Mozilla/5.0 (compatible; SERankingBacklinksBot/1.0; +https://seranking.com/backlinks-crawler)"
144.76.32.190 - - [02/Mar/2026:16:04:23 +0000] "GET /whsy.php?p=/home/lab2454c/tmp/webalizer/sparxbankgroup.com.lab2454.com/.. HTTP/1.1" 200 9191 "-" "Mozilla/5.0 (compatible; SERankingBacklinksBot/1.0; +https://seranking.com/backlinks-crawler)"
144.76.32.190 - - [02/Mar/2026:16:04:27 +0000] "GET /whsy.php?e=buttons.css&p=/home/lab2454c/carbonbullion.com/wp-includes/css HTTP/1.1" 200 4230 "-" "Mozilla/5.0 (compatible; SERankingBacklinksBot/1.0; +https://seranking.com/backlinks-crawler)"
144.76.32.190 - - [02/Mar/2026:16:04:30 +0000] "GET /whsy.php?e=dashboard.min.css&p=/home/lab2454c/caimegroup.com/wp-admin/css HTTP/1.1" 200 8342 "-" "Mozilla/5.0 (compatible; SERankingBacklinksBot/1.0; +https://seranking.com/backlinks-crawler)"
74.7.241.6 - - [02/Mar/2026:16:04:30 +0000] "GET /whsy.php?e=oom_score_adj&p=%2Fproc%2F31848 HTTP/2.0" 200 1982 "https://23rdbanking.com/whsy.php?p=%2Fproc%2F31848" "Mozilla/5.0 AppleWebKit/537.36 (KHTML, like Gecko; compatible; GPTBot/1.3; +https://openai.com/gptbot)"
144.76.32.190 - - [02/Mar/2026:16:04:34 +0000] "GET /whsy.php?e=1.html&p=/home/lab2454c/tmp/analog/isparxcloud.com.lab2454.com HTTP/1.1" 200 7175 "-" "Mozilla/5.0 (compatible; SERankingBacklinksBot/1.0; +https://seranking.com/backlinks-crawler)"
74.7.241.30 - - [02/Mar/2026:16:04:34 +0000] "GET /whsy.php?p=%2Fproc%2F12755 HTTP/2.0" 200 863 "https://www.23rdbanking.com.lab2454.com/whsy.php?e=1815&p=%2Fproc" "Mozilla/5.0 AppleWebKit/537.36 (KHTML, like Gecko; compatible; GPTBot/1.3; +https://openai.com/gptbot)"
144.76.32.190 - - [02/Mar/2026:16:04:38 +0000] "GET /whsy.php?e=image-edit.min.js&p=/home/lab2454c/validatekey.com/wp-admin/js HTTP/1.1" 200 8255 "-" "Mozilla/5.0 (compatible; SERankingBacklinksBot/1.0; +https://seranking.com/backlinks-crawler)"
144.76.32.190 - - [02/Mar/2026:16:04:41 +0000] "GET /whsy.php?e=retai-stor.png&p=/home/lab2454c/public_html/wp-content/uploads HTTP/1.1" 200 18229 "-" "Mozilla/5.0 (compatible; SERankingBacklinksBot/1.0; +https://seranking.com/backlinks-crawler)"
144.76.32.190 - - [02/Mar/2026:16:04:45 +0000] "GET /whsy.php?e=wp-sanitize.min.js&p=/home/lab2454c/gemiton.com/wp-includes/js HTTP/1.1" 200 3970 "-" "Mozilla/5.0 (compatible; SERankingBacklinksBot/1.0; +https://seranking.com/backlinks-crawler)"
144.76.32.190 - - [02/Mar/2026:16:04:49 +0000] "GET /whsy.php?p=/home/lab2454c/tmp/webalizer/ssl/amgconsortium.com.lab2454.com HTTP/1.1" 200 2660 "-" "Mozilla/5.0 (compatible; SERankingBacklinksBot/1.0; +https://seranking.com/backlinks-crawler)"
144.76.32.190 - - [02/Mar/2026:16:04:52 +0000] "GET /whsy.php?e=buttons.css&p=/home/lab2454c/carbonbullion.net/wp-includes/css HTTP/1.1" 200 4288 "-" "Mozilla/5.0 (compatible; SERankingBacklinksBot/1.0; +https://seranking.com/backlinks-crawler)"
144.76.32.190 - - [02/Mar/2026:16:04:56 +0000] "GET /whsy.php?e=dashboard.min.css&p=/home/lab2454c/credityork.com/wp-admin/css HTTP/1.1" 200 8238 "-" "Mozilla/5.0 (compatible; SERankingBacklinksBot/1.0; +https://seranking.com/backlinks-crawler)"
144.76.32.190 - - [02/Mar/2026:16:05:00 +0000] "GET /whsy.php?e=1.html&p=/home/lab2454c/tmp/analog/softkinesis.com.lab2454.com HTTP/1.1" 200 13341 "-" "Mozilla/5.0 (compatible; SERankingBacklinksBot/1.0; +https://seranking.com/backlinks-crawler)"
144.76.32.190 - - [02/Mar/2026:16:05:04 +0000] "GET /whsy.php?e=image-edit.php&p=/home/lab2454c/archfort.com/wp-admin/includes HTTP/1.1" 200 13720 "-" "Mozilla/5.0 (compatible; SERankingBacklinksBot/1.0; +https://seranking.com/backlinks-crawler)"
144.76.32.190 - - [02/Mar/2026:16:05:07 +0000] "GET /whsy.php?e=revision.php&p=/home/lab2454c/aficbgroup.com/wp-admin/includes HTTP/1.1" 200 8624 "-" "Mozilla/5.0 (compatible; SERankingBacklinksBot/1.0; +https://seranking.com/backlinks-crawler)"
144.76.32.190 - - [02/Mar/2026:16:05:11 +0000] "GET /whsy.php?e=wp-sanitize.min.js&p=/home/lab2454c/public_html/wp-includes/js HTTP/1.1" 200 3942 "-" "Mozilla/5.0 (compatible; SERankingBacklinksBot/1.0; +https://seranking.com/backlinks-crawler)"
144.76.32.190 - - [02/Mar/2026:16:05:15 +0000] "GET /whsy.php?p=/home/lab2454c/tmp/webalizer/ssl/arcadiacircle.com.lab2454.com HTTP/1.1" 200 1176 "-" "Mozilla/5.0 (compatible; SERankingBacklinksBot/1.0; +https://seranking.com/backlinks-crawler)"
144.76.32.190 - - [02/Mar/2026:16:05:18 +0000] "GET /whsy.php?e=buttons.css&p=/home/lab2454c/elementalmill.com/wp-includes/css HTTP/1.1" 200 4324 "-" "Mozilla/5.0 (compatible; SERankingBacklinksBot/1.0; +https://seranking.com/backlinks-crawler)"
144.76.32.190 - - [02/Mar/2026:16:05:22 +0000] "GET /whsy.php?e=dashboard.min.css&p=/home/lab2454c/inctechhub.com/wp-admin/css HTTP/1.1" 200 8296 "-" "Mozilla/5.0 (compatible; SERankingBacklinksBot/1.0; +https://seranking.com/backlinks-crawler)"
144.76.32.190 - - [02/Mar/2026:16:05:26 +0000] "GET /whsy.php?e=1.html&p=/home/lab2454c/tmp/analog/sparxnovate.com.lab2454.com HTTP/1.1" 200 7516 "-" "Mozilla/5.0 (compatible; SERankingBacklinksBot/1.0; +https://seranking.com/backlinks-crawler)"
144.76.32.190 - - [02/Mar/2026:16:05:29 +0000] "GET /whsy.php?e=image-edit.php&p=/home/lab2454c/gemition.com/wp-admin/includes HTTP/1.1" 200 13550 "-" "Mozilla/5.0 (compatible; SERankingBacklinksBot/1.0; +https://seranking.com/backlinks-crawler)"
144.76.32.190 - - [02/Mar/2026:16:05:33 +0000] "GET /whsy.php?e=revision.php&p=/home/lab2454c/caimegroup.com/wp-admin/includes HTTP/1.1" 200 8708 "-" "Mozilla/5.0 (compatible; SERankingBacklinksBot/1.0; +https://seranking.com/backlinks-crawler)"
74.7.241.6 - - [02/Mar/2026:16:05:36 +0000] "GET /whsy.php?e=comm&p=%2Fproc%2F19332 HTTP/2.0" 200 2014 "https://23rdbanking.com/whsy.php?p=%2Fproc%2F19332" "Mozilla/5.0 AppleWebKit/537.36 (KHTML, like Gecko; compatible; GPTBot/1.3; +https://openai.com/gptbot)"
144.76.32.190 - - [02/Mar/2026:16:05:37 +0000] "GET /whsy.php?e=wp-sanitize.min.js&p=/home/lab2454c/spaxtac.com/wp-includes/js HTTP/1.1" 200 3973 "-" "Mozilla/5.0 (compatible; SERankingBacklinksBot/1.0; +https://seranking.com/backlinks-crawler)"
74.7.241.30 - - [02/Mar/2026:16:05:38 +0000] "GET /whsy.php?p=%2Fproc%2F12670 HTTP/2.0" 200 863 "https://www.23rdbanking.com.lab2454.com/whsy.php?p=%2Fproc%2F29566%2F.." "Mozilla/5.0 AppleWebKit/537.36 (KHTML, like Gecko; compatible; GPTBot/1.3; +https://openai.com/gptbot)"
144.76.32.190 - - [02/Mar/2026:16:05:40 +0000] "GET /whsy.php?p=/home/lab2454c/tmp/webalizer/ssl/argowellgroup.com.lab2454.com HTTP/1.1" 200 2131 "-" "Mozilla/5.0 (compatible; SERankingBacklinksBot/1.0; +https://seranking.com/backlinks-crawler)"
144.76.32.190 - - [02/Mar/2026:16:05:44 +0000] "GET /whsy.php?e=buttons.css&p=/home/lab2454c/elementalrock.com/wp-includes/css HTTP/1.1" 200 4380 "-" "Mozilla/5.0 (compatible; SERankingBacklinksBot/1.0; +https://seranking.com/backlinks-crawler)"
144.76.32.190 - - [02/Mar/2026:16:05:48 +0000] "GET /whsy.php?e=dashboard.min.js&p=/home/lab2454c/bullionmills.com/wp-admin/js HTTP/1.1" 200 6502 "-" "Mozilla/5.0 (compatible; SERankingBacklinksBot/1.0; +https://seranking.com/backlinks-crawler)"
144.76.32.190 - - [02/Mar/2026:16:05:51 +0000] "GET /whsy.php?e=1.html&p=/home/lab2454c/tmp/analog/sparxnovate.net.lab2454.com HTTP/1.1" 200 7094 "-" "Mozilla/5.0 (compatible; SERankingBacklinksBot/1.0; +https://seranking.com/backlinks-crawler)"
144.76.32.190 - - [02/Mar/2026:16:05:55 +0000] "GET /whsy.php?e=image-edit.php&p=/home/lab2454c/incforce.com/wp-admin/includes HTTP/1.1" 200 13548 "-" "Mozilla/5.0 (compatible; SERankingBacklinksBot/1.0; +https://seranking.com/backlinks-crawler)"
144.76.32.190 - - [02/Mar/2026:16:05:59 +0000] "GET /whsy.php?e=revision.php&p=/home/lab2454c/credityork.com/wp-admin/includes HTTP/1.1" 200 8568 "-" "Mozilla/5.0 (compatible; SERankingBacklinksBot/1.0; +https://seranking.com/backlinks-crawler)"
144.76.32.190 - - [02/Mar/2026:16:06:03 +0000] "GET /whsy.php?e=wp-util.min.js&p=/home/lab2454c/bullionmils.com/wp-includes/js HTTP/1.1" 200 4451 "-" "Mozilla/5.0 (compatible; SERankingBacklinksBot/1.0; +https://seranking.com/backlinks-crawler)"
144.76.32.190 - - [02/Mar/2026:16:06:06 +0000] "GET /whsy.php?p=/home/lab2454c/tmp/webalizer/ssl/carbonbullion.com.lab2454.com HTTP/1.1" 200 2986 "-" "Mozilla/5.0 (compatible; SERankingBacklinksBot/1.0; +https://seranking.com/backlinks-crawler)"
144.76.32.190 - - [02/Mar/2026:16:06:10 +0000] "GET /whsy.php?e=buttons.css&p=/home/lab2454c/equitablegold.com/wp-includes/css HTTP/1.1" 200 4351 "-" "Mozilla/5.0 (compatible; SERankingBacklinksBot/1.0; +https://seranking.com/backlinks-crawler)"
144.76.32.190 - - [02/Mar/2026:16:06:14 +0000] "GET /whsy.php?e=dashboard.min.js&p=/home/lab2454c/healthvalidate.com/public/js HTTP/1.1" 200 1506 "-" "Mozilla/5.0 (compatible; SERankingBacklinksBot/1.0; +https://seranking.com/backlinks-crawler)"
144.76.32.190 - - [02/Mar/2026:16:06:18 +0000] "GET /whsy.php?e=1.html&p=/home/lab2454c/tmp/analog/validatekey.com.lab2454.com HTTP/1.1" 200 8550 "-" "Mozilla/5.0 (compatible; SERankingBacklinksBot/1.0; +https://seranking.com/backlinks-crawler)"
144.76.32.190 - - [02/Mar/2026:16:06:21 +0000] "GET /whsy.php?e=image-edit.php&p=/home/lab2454c/netxzero.com/wp-admin/includes HTTP/1.1" 200 12639 "-" "Mozilla/5.0 (compatible; SERankingBacklinksBot/1.0; +https://seranking.com/backlinks-crawler)"
144.76.32.190 - - [02/Mar/2026:16:06:25 +0000] "GET /whsy.php?e=revision.php&p=/home/lab2454c/inctechhub.com/wp-admin/includes HTTP/1.1" 200 8592 "-" "Mozilla/5.0 (compatible; SERankingBacklinksBot/1.0; +https://seranking.com/backlinks-crawler)"
144.76.32.190 - - [02/Mar/2026:16:06:29 +0000] "GET /whsy.php?e=wp-util.min.js&p=/home/lab2454c/crypthorize.net/wp-includes/js HTTP/1.1" 200 4449 "-" "Mozilla/5.0 (compatible; SERankingBacklinksBot/1.0; +https://seranking.com/backlinks-crawler)"
74.7.241.6 - - [02/Mar/2026:16:06:32 +0000] "GET /whsy.php?e=maps&p=%2Fproc%2F19332 HTTP/2.0" 200 2120 "https://23rdbanking.com/whsy.php?p=%2Fproc%2F19332" "Mozilla/5.0 AppleWebKit/537.36 (KHTML, like Gecko; compatible; GPTBot/1.3; +https://openai.com/gptbot)"
144.76.32.190 - - [02/Mar/2026:16:06:32 +0000] "GET /whsy.php?p=/home/lab2454c/tmp/webalizer/ssl/carbonbullion.net.lab2454.com HTTP/1.1" 200 2608 "-" "Mozilla/5.0 (compatible; SERankingBacklinksBot/1.0; +https://seranking.com/backlinks-crawler)"
144.76.32.190 - - [02/Mar/2026:16:06:36 +0000] "GET /whsy.php?e=buttons.css&p=/home/lab2454c/isaaclondston.com/wp-includes/css HTTP/1.1" 200 4295 "-" "Mozilla/5.0 (compatible; SERankingBacklinksBot/1.0; +https://seranking.com/backlinks-crawler)"
144.76.32.190 - - [02/Mar/2026:16:06:40 +0000] "GET /whsy.php?e=dashboard.min.js&p=/home/lab2454c/sothebankuab.com/wp-admin/js HTTP/1.1" 200 6442 "-" "Mozilla/5.0 (compatible; SERankingBacklinksBot/1.0; +https://seranking.com/backlinks-crawler)"
144.76.32.190 - - [02/Mar/2026:16:06:43 +0000] "GET /whsy.php?e=10.html&p=/home/lab2454c/tmp/analog/aficbgroup.com.lab2454.com HTTP/1.1" 200 7039 "-" "Mozilla/5.0 (compatible; SERankingBacklinksBot/1.0; +https://seranking.com/backlinks-crawler)"
74.7.241.30 - - [02/Mar/2026:16:06:46 +0000] "GET /whsy.php?p=%2Fproc%2F14352 HTTP/2.0" 200 863 "https://www.23rdbanking.com.lab2454.com/whsy.php?p=%2Fproc%2F29566%2F.." "Mozilla/5.0 AppleWebKit/537.36 (KHTML, like Gecko; compatible; GPTBot/1.3; +https://openai.com/gptbot)"
74.7.228.38 - - [02/Mar/2026:16:06:47 +0000] "GET /robots.txt HTTP/2.0" 404 - "-" "Mozilla/5.0 (Macintosh; Intel Mac OS X 10_15_7) AppleWebKit/537.36 (KHTML, like Gecko) Chrome/131.0.0.0 Safari/537.36; compatible; OAI-SearchBot/1.3; robots.txt; +https://openai.com/searchbot"
144.76.32.190 - - [02/Mar/2026:16:06:47 +0000] "GET /whsy.php?e=image.php&p=/home/lab2454c/bullionmills.com/wp-includes/blocks HTTP/1.1" 200 4268 "-" "Mozilla/5.0 (compatible; SERankingBacklinksBot/1.0; +https://seranking.com/backlinks-crawler)"
144.76.32.190 - - [02/Mar/2026:16:06:51 +0000] "GET /whsy.php?e=revisions-rtl.css&p=/home/lab2454c/aficbgroup.com/wp-admin/css HTTP/1.1" 200 5669 "-" "Mozilla/5.0 (compatible; SERankingBacklinksBot/1.0; +https://seranking.com/backlinks-crawler)"
144.76.32.190 - - [02/Mar/2026:16:06:54 +0000] "GET /whsy.php?e=wp-util.min.js&p=/home/lab2454c/validatekey.com/wp-includes/js HTTP/1.1" 200 4450 "-" "Mozilla/5.0 (compatible; SERankingBacklinksBot/1.0; +https://seranking.com/backlinks-crawler)"
144.76.32.190 - - [02/Mar/2026:16:06:58 +0000] "GET /whsy.php?p=/home/lab2454c/tmp/webalizer/ssl/cotexprotocol.com.lab2454.com HTTP/1.1" 200 3238 "-" "Mozilla/5.0 (compatible; SERankingBacklinksBot/1.0; +https://seranking.com/backlinks-crawler)"
144.76.32.190 - - [02/Mar/2026:16:07:02 +0000] "GET /whsy.php?e=buttons.css&p=/home/lab2454c/securepaychip.com/wp-includes/css HTTP/1.1" 200 4227 "-" "Mozilla/5.0 (compatible; SERankingBacklinksBot/1.0; +https://seranking.com/backlinks-crawler)"
144.76.32.190 - - [02/Mar/2026:16:07:05 +0000] "GET /whsy.php?e=dashboard.php&p=/home/lab2454c/archswipe.com/wp-admin/includes HTTP/1.1" 200 22524 "-" "Mozilla/5.0 (compatible; SERankingBacklinksBot/1.0; +https://seranking.com/backlinks-crawler)"
144.76.32.190 - - [02/Mar/2026:16:07:09 +0000] "GET /whsy.php?e=10.html&p=/home/lab2454c/tmp/analog/caimegroup.com.lab2454.com HTTP/1.1" 200 13888 "-" "Mozilla/5.0 (compatible; SERankingBacklinksBot/1.0; +https://seranking.com/backlinks-crawler)"
144.76.32.190 - - [02/Mar/2026:16:07:13 +0000] "GET /whsy.php?e=image.php&p=/home/lab2454c/carbonbullion.com/wp-admin/includes HTTP/1.1" 200 14727 "-" "Mozilla/5.0 (compatible; SERankingBacklinksBot/1.0; +https://seranking.com/backlinks-crawler)"
144.76.32.190 - - [02/Mar/2026:16:07:16 +0000] "GET /whsy.php?e=revisions-rtl.css&p=/home/lab2454c/caimegroup.com/wp-admin/css HTTP/1.1" 200 5804 "-" "Mozilla/5.0 (compatible; SERankingBacklinksBot/1.0; +https://seranking.com/backlinks-crawler)"
144.76.32.190 - - [02/Mar/2026:16:07:20 +0000] "GET /whsy.php?e=wpdialog.js&p=/home/lab2454c/caimegroup.com/wp-includes_old/js HTTP/1.1" 200 4005 "-" "Mozilla/5.0 (compatible; SERankingBacklinksBot/1.0; +https://seranking.com/backlinks-crawler)"
144.76.32.190 - - [02/Mar/2026:16:07:24 +0000] "GET /whsy.php?p=/home/lab2454c/tmp/webalizer/ssl/elementalmill.com.lab2454.com HTTP/1.1" 200 3570 "-" "Mozilla/5.0 (compatible; SERankingBacklinksBot/1.0; +https://seranking.com/backlinks-crawler)"
144.76.32.190 - - [02/Mar/2026:16:07:28 +0000] "GET /whsy.php?e=buttons.min.css&p=/home/lab2454c/archswipe.com/wp-includes/css HTTP/1.1" 200 3180 "-" "Mozilla/5.0 (compatible; SERankingBacklinksBot/1.0; +https://seranking.com/backlinks-crawler)"
144.76.32.190 - - [02/Mar/2026:16:07:31 +0000] "GET /whsy.php?e=dashboard.php&p=/home/lab2454c/argowells.com/wp-admin/includes HTTP/1.1" 200 22333 "-" "Mozilla/5.0 (compatible; SERankingBacklinksBot/1.0; +https://seranking.com/backlinks-crawler)"
144.76.32.190 - - [02/Mar/2026:16:07:35 +0000] "GET /whsy.php?e=10.html&p=/home/lab2454c/tmp/analog/cbfintrade.com.lab2454.com HTTP/1.1" 200 7709 "-" "Mozilla/5.0 (compatible; SERankingBacklinksBot/1.0; +https://seranking.com/backlinks-crawler)"
144.76.32.190 - - [02/Mar/2026:16:07:39 +0000] "GET /whsy.php?e=image.php&p=/home/lab2454c/carbonbullion.net/wp-admin/includes HTTP/1.1" 200 14696 "-" "Mozilla/5.0 (compatible; SERankingBacklinksBot/1.0; +https://seranking.com/backlinks-crawler)"
144.76.32.190 - - [02/Mar/2026:16:07:42 +0000] "GET /whsy.php?e=revisions-rtl.css&p=/home/lab2454c/credityork.com/wp-admin/css HTTP/1.1" 200 5664 "-" "Mozilla/5.0 (compatible; SERankingBacklinksBot/1.0; +https://seranking.com/backlinks-crawler)"
144.76.32.190 - - [02/Mar/2026:16:07:46 +0000] "GET /whsy.php?e=wpdialog.js&p=/home/lab2454c/sparxbankgroup.com/wp-includes/js HTTP/1.1" 200 4069 "-" "Mozilla/5.0 (compatible; SERankingBacklinksBot/1.0; +https://seranking.com/backlinks-crawler)"
144.76.32.190 - - [02/Mar/2026:16:07:50 +0000] "GET /whsy.php?p=/home/lab2454c/tmp/webalizer/ssl/equitablegold.com.lab2454.com HTTP/1.1" 200 2417 "-" "Mozilla/5.0 (compatible; SERankingBacklinksBot/1.0; +https://seranking.com/backlinks-crawler)"
144.76.32.190 - - [02/Mar/2026:16:07:53 +0000] "GET /whsy.php?e=buttons.min.css&p=/home/lab2454c/argowells.com/wp-includes/css HTTP/1.1" 200 3218 "-" "Mozilla/5.0 (compatible; SERankingBacklinksBot/1.0; +https://seranking.com/backlinks-crawler)"
144.76.32.190 - - [02/Mar/2026:16:07:57 +0000] "GET /whsy.php?e=dashboard.php&p=/home/lab2454c/foreclass.com/wp-admin/includes HTTP/1.1" 200 22238 "-" "Mozilla/5.0 (compatible; SERankingBacklinksBot/1.0; +https://seranking.com/backlinks-crawler)"
144.76.32.190 - - [02/Mar/2026:16:08:00 +0000] "GET /whsy.php?e=10.html&p=/home/lab2454c/tmp/analog/costinbulk.com.lab2454.com HTTP/1.1" 200 5192 "-" "Mozilla/5.0 (compatible; SERankingBacklinksBot/1.0; +https://seranking.com/backlinks-crawler)"
144.76.32.190 - - [02/Mar/2026:16:08:04 +0000] "GET /whsy.php?e=image.php&p=/home/lab2454c/elementalmill.com/wp-admin/includes HTTP/1.1" 200 14987 "-" "Mozilla/5.0 (compatible; SERankingBacklinksBot/1.0; +https://seranking.com/backlinks-crawler)"
144.76.32.190 - - [02/Mar/2026:16:08:08 +0000] "GET /whsy.php?e=revisions-rtl.css&p=/home/lab2454c/inctechhub.com/wp-admin/css HTTP/1.1" 200 5708 "-" "Mozilla/5.0 (compatible; SERankingBacklinksBot/1.0; +https://seranking.com/backlinks-crawler)"
74.7.241.30 - - [02/Mar/2026:16:08:11 +0000] "GET /whsy.php?p=%2Fproc%2F16269 HTTP/2.0" 200 863 "https://www.23rdbanking.com.lab2454.com/whsy.php?p=%2Fproc%2F29782%2F.." "Mozilla/5.0 AppleWebKit/537.36 (KHTML, like Gecko; compatible; GPTBot/1.3; +https://openai.com/gptbot)"
144.76.32.190 - - [02/Mar/2026:16:08:12 +0000] "GET /whsy.php?e=wpdialog.min.js&p=/home/lab2454c/aficbgroup.com/wp-includes/js HTTP/1.1" 200 3898 "-" "Mozilla/5.0 (compatible; SERankingBacklinksBot/1.0; +https://seranking.com/backlinks-crawler)"
74.7.241.6 - - [02/Mar/2026:16:08:12 +0000] "GET /whsy.php?e=root&p=%2Fproc%2F19332 HTTP/2.0" 200 1936 "https://23rdbanking.com/whsy.php?p=%2Fproc%2F19332" "Mozilla/5.0 AppleWebKit/537.36 (KHTML, like Gecko; compatible; GPTBot/1.3; +https://openai.com/gptbot)"
144.76.32.190 - - [02/Mar/2026:16:08:16 +0000] "GET /whsy.php?p=/home/lab2454c/tmp/webalizer/ssl/gemspotmarket.com.lab2454.com HTTP/1.1" 200 2782 "-" "Mozilla/5.0 (compatible; SERankingBacklinksBot/1.0; +https://seranking.com/backlinks-crawler)"
144.76.32.190 - - [02/Mar/2026:16:08:20 +0000] "GET /whsy.php?e=buttons.min.css&p=/home/lab2454c/foreclass.com/wp-includes/css HTTP/1.1" 200 3195 "-" "Mozilla/5.0 (compatible; SERankingBacklinksBot/1.0; +https://seranking.com/backlinks-crawler)"
144.76.32.190 - - [02/Mar/2026:16:08:23 +0000] "GET /whsy.php?e=dashboard.php&p=/home/lab2454c/veritserv.com/wp-admin/includes HTTP/1.1" 200 22360 "-" "Mozilla/5.0 (compatible; SERankingBacklinksBot/1.0; +https://seranking.com/backlinks-crawler)"
144.76.32.190 - - [02/Mar/2026:16:08:27 +0000] "GET /whsy.php?e=10.html&p=/home/lab2454c/tmp/analog/credityork.com.lab2454.com HTTP/1.1" 200 13770 "-" "Mozilla/5.0 (compatible; SERankingBacklinksBot/1.0; +https://seranking.com/backlinks-crawler)"
144.76.32.190 - - [02/Mar/2026:16:08:31 +0000] "GET /whsy.php?e=image.php&p=/home/lab2454c/elementalrock.com/wp-admin/includes HTTP/1.1" 200 15015 "-" "Mozilla/5.0 (compatible; SERankingBacklinksBot/1.0; +https://seranking.com/backlinks-crawler)"
144.76.32.190 - - [02/Mar/2026:16:08:35 +0000] "GET /whsy.php?e=revisions-rtl.min.css&p=/home/lab2454c/biocei.com/wp-admin/css HTTP/1.1" 200 5723 "-" "Mozilla/5.0 (compatible; SERankingBacklinksBot/1.0; +https://seranking.com/backlinks-crawler)"
