144.76.32.190 - - [02/Mar/2026:16:08:38 +0000] "GET /whsy.php?e=wpdialog.min.js&p=/home/lab2454c/caimegroup.com/wp-includes/js HTTP/1.1" 200 3893 "-" "Mozilla/5.0 (compatible; SERankingBacklinksBot/1.0; +https://seranking.com/backlinks-crawler)"
144.76.32.190 - - [02/Mar/2026:16:08:42 +0000] "GET /whsy.php?p=/home/lab2454c/tmp/webalizer/ssl/isaaclondston.com.lab2454.com HTTP/1.1" 200 2782 "-" "Mozilla/5.0 (compatible; SERankingBacklinksBot/1.0; +https://seranking.com/backlinks-crawler)"
144.76.32.190 - - [02/Mar/2026:16:08:46 +0000] "GET /whsy.php?e=buttons.min.css&p=/home/lab2454c/veritserv.com/wp-includes/css HTTP/1.1" 200 3250 "-" "Mozilla/5.0 (compatible; SERankingBacklinksBot/1.0; +https://seranking.com/backlinks-crawler)"
144.76.32.190 - - [02/Mar/2026:16:08:50 +0000] "GET /whsy.php?e=dashboard.php&p=/home/lab2454c/veritserv.net/wp-admin/includes HTTP/1.1" 200 22132 "-" "Mozilla/5.0 (compatible; SERankingBacklinksBot/1.0; +https://seranking.com/backlinks-crawler)"
144.76.32.190 - - [02/Mar/2026:16:08:53 +0000] "GET /whsy.php?e=10.html&p=/home/lab2454c/tmp/analog/cvrmarkets.com.lab2454.com HTTP/1.1" 200 8181 "-" "Mozilla/5.0 (compatible; SERankingBacklinksBot/1.0; +https://seranking.com/backlinks-crawler)"
144.76.32.190 - - [02/Mar/2026:16:08:57 +0000] "GET /whsy.php?e=image.php&p=/home/lab2454c/equitablegold.com/wp-admin/includes HTTP/1.1" 200 14695 "-" "Mozilla/5.0 (compatible; SERankingBacklinksBot/1.0; +https://seranking.com/backlinks-crawler)"
144.76.32.190 - - [02/Mar/2026:16:09:01 +0000] "GET /whsy.php?e=revisions-rtl.min.css&p=/home/lab2454c/fcxpro.com/wp-admin/css HTTP/1.1" 200 5435 "-" "Mozilla/5.0 (compatible; SERankingBacklinksBot/1.0; +https://seranking.com/backlinks-crawler)"
144.76.32.190 - - [02/Mar/2026:16:09:05 +0000] "GET /whsy.php?e=wpdialog.min.js&p=/home/lab2454c/credityork.com/wp-includes/js HTTP/1.1" 200 3931 "-" "Mozilla/5.0 (compatible; SERankingBacklinksBot/1.0; +https://seranking.com/backlinks-crawler)"
144.76.32.190 - - [02/Mar/2026:16:09:08 +0000] "GET /whsy.php?p=/home/lab2454c/tmp/webalizer/ssl/kyotounitnote.com.lab2454.com HTTP/1.1" 200 3151 "-" "Mozilla/5.0 (compatible; SERankingBacklinksBot/1.0; +https://seranking.com/backlinks-crawler)"
144.76.32.190 - - [02/Mar/2026:16:09:12 +0000] "GET /whsy.php?e=buttons.min.css&p=/home/lab2454c/veritserv.net/wp-includes/css HTTP/1.1" 200 3126 "-" "Mozilla/5.0 (compatible; SERankingBacklinksBot/1.0; +https://seranking.com/backlinks-crawler)"
144.76.32.190 - - [02/Mar/2026:16:09:15 +0000] "GET /whsy.php?e=dashicons.css&p=/home/lab2454c/bullionmils.com/wp-includes/css HTTP/1.1" 200 38384 "-" "Mozilla/5.0 (compatible; SERankingBacklinksBot/1.0; +https://seranking.com/backlinks-crawler)"
144.76.32.190 - - [02/Mar/2026:16:09:19 +0000] "GET /whsy.php?e=10.html&p=/home/lab2454c/tmp/analog/healthvalidate.lab2454.com HTTP/1.1" 200 9009 "-" "Mozilla/5.0 (compatible; SERankingBacklinksBot/1.0; +https://seranking.com/backlinks-crawler)"
144.76.32.190 - - [02/Mar/2026:16:09:23 +0000] "GET /whsy.php?e=image.php&p=/home/lab2454c/isaaclondston.com/wp-admin/includes HTTP/1.1" 200 14695 "-" "Mozilla/5.0 (compatible; SERankingBacklinksBot/1.0; +https://seranking.com/backlinks-crawler)"
144.76.32.190 - - [02/Mar/2026:16:09:27 +0000] "GET /whsy.php?e=revisions-rtl.min.css&p=/home/lab2454c/mact34.com/wp-admin/css HTTP/1.1" 200 5405 "-" "Mozilla/5.0 (compatible; SERankingBacklinksBot/1.0; +https://seranking.com/backlinks-crawler)"
144.76.32.190 - - [02/Mar/2026:16:09:30 +0000] "GET /whsy.php?e=wpdialog.min.js&p=/home/lab2454c/inctechhub.com/wp-includes/js HTTP/1.1" 200 3869 "-" "Mozilla/5.0 (compatible; SERankingBacklinksBot/1.0; +https://seranking.com/backlinks-crawler)"
144.76.32.190 - - [02/Mar/2026:16:09:34 +0000] "GET /whsy.php?p=/home/lab2454c/tmp/webalizer/ssl/onemediaverse.com.lab2454.com HTTP/1.1" 200 2318 "-" "Mozilla/5.0 (compatible; SERankingBacklinksBot/1.0; +https://seranking.com/backlinks-crawler)"
144.76.32.190 - - [02/Mar/2026:16:09:38 +0000] "GET /whsy.php?e=c_m_s_module.php&p=/home/lab2454c/costbloc.com/bootstrap/cache HTTP/1.1" 200 2350 "-" "Mozilla/5.0 (compatible; SERankingBacklinksBot/1.0; +https://seranking.com/backlinks-crawler)"
144.76.32.190 - - [02/Mar/2026:16:09:42 +0000] "GET /whsy.php?e=dashicons.css&p=/home/lab2454c/crypthorize.net/wp-includes/css HTTP/1.1" 200 38410 "-" "Mozilla/5.0 (compatible; SERankingBacklinksBot/1.0; +https://seranking.com/backlinks-crawler)"
144.76.32.190 - - [02/Mar/2026:16:09:45 +0000] "GET /whsy.php?e=10.html&p=/home/lab2454c/tmp/analog/inctechhub.com.lab2454.com HTTP/1.1" 200 7236 "-" "Mozilla/5.0 (compatible; SERankingBacklinksBot/1.0; +https://seranking.com/backlinks-crawler)"
144.76.32.190 - - [02/Mar/2026:16:09:49 +0000] "GET /whsy.php?e=image.php&p=/home/lab2454c/securepaychip.com/wp-admin/includes HTTP/1.1" 200 14754 "-" "Mozilla/5.0 (compatible; SERankingBacklinksBot/1.0; +https://seranking.com/backlinks-crawler)"
74.7.241.30 - - [02/Mar/2026:16:09:49 +0000] "GET /whsy.php?p=%2Fproc%2F16308 HTTP/2.0" 200 863 "https://www.23rdbanking.com.lab2454.com/whsy.php?e=1777&p=%2Fproc" "Mozilla/5.0 AppleWebKit/537.36 (KHTML, like Gecko; compatible; GPTBot/1.3; +https://openai.com/gptbot)"
144.76.32.190 - - [02/Mar/2026:16:09:53 +0000] "GET /whsy.php?e=revisions.css&p=/home/lab2454c/caimegroup.com/wp-admin_old/css HTTP/1.1" 200 5609 "-" "Mozilla/5.0 (compatible; SERankingBacklinksBot/1.0; +https://seranking.com/backlinks-crawler)"
74.7.241.6 - - [02/Mar/2026:16:09:54 +0000] "GET /whsy.php?e=clear_refs&p=%2Fproc%2F31848 HTTP/2.0" 200 1906 "https://23rdbanking.com/whsy.php?p=%2Fproc%2F31848" "Mozilla/5.0 AppleWebKit/537.36 (KHTML, like Gecko; compatible; GPTBot/1.3; +https://openai.com/gptbot)"
144.76.32.190 - - [02/Mar/2026:16:09:56 +0000] "GET /whsy.php?e=wpicons-2x.png&p=/home/lab2454c/adenbic.com/wp-includes/images HTTP/1.1" 200 1588 "-" "Mozilla/5.0 (compatible; SERankingBacklinksBot/1.0; +https://seranking.com/backlinks-crawler)"
144.76.32.190 - - [02/Mar/2026:16:10:00 +0000] "GET /whsy.php?p=/home/lab2454c/tmp/webalizer/ssl/securepaychip.com.lab2454.com HTTP/1.1" 200 3239 "-" "Mozilla/5.0 (compatible; SERankingBacklinksBot/1.0; +https://seranking.com/backlinks-crawler)"
144.76.32.190 - - [02/Mar/2026:16:10:04 +0000] "GET /whsy.php?e=cache&p=/home/lab2454c/tmp/analog/assetmontree.com.lab2454.com HTTP/1.1" 200 40089 "-" "Mozilla/5.0 (compatible; SERankingBacklinksBot/1.0; +https://seranking.com/backlinks-crawler)"
144.76.32.190 - - [02/Mar/2026:16:10:08 +0000] "GET /whsy.php?e=dashicons.css&p=/home/lab2454c/validatekey.com/wp-includes/css HTTP/1.1" 200 38445 "-" "Mozilla/5.0 (compatible; SERankingBacklinksBot/1.0; +https://seranking.com/backlinks-crawler)"
144.76.32.190 - - [02/Mar/2026:16:10:11 +0000] "GET /whsy.php?e=10.html&p=/home/lab2454c/tmp/analog/invest.equitablebarter.com HTTP/1.1" 200 6493 "-" "Mozilla/5.0 (compatible; SERankingBacklinksBot/1.0; +https://seranking.com/backlinks-crawler)"
144.76.32.190 - - [02/Mar/2026:16:10:15 +0000] "GET /whsy.php?e=imagesloaded.min.js&p=/home/lab2454c/biocei.com/wp-includes/js HTTP/1.1" 200 5603 "-" "Mozilla/5.0 (compatible; SERankingBacklinksBot/1.0; +https://seranking.com/backlinks-crawler)"
144.76.32.190 - - [02/Mar/2026:16:10:19 +0000] "GET /whsy.php?e=revisions.css&p=/home/lab2454c/sparxbankgroup.com/wp-admin/css HTTP/1.1" 200 5632 "-" "Mozilla/5.0 (compatible; SERankingBacklinksBot/1.0; +https://seranking.com/backlinks-crawler)"
144.76.32.190 - - [02/Mar/2026:16:10:23 +0000] "GET /whsy.php?e=wpicons-2x.png&p=/home/lab2454c/dansact.com/wp-includes/images HTTP/1.1" 200 1545 "-" "Mozilla/5.0 (compatible; SERankingBacklinksBot/1.0; +https://seranking.com/backlinks-crawler)"
144.76.32.190 - - [02/Mar/2026:16:10:27 +0000] "GET /whsy.php?p=/home/lab2454c/tmp/webalizer/ssl/transferwit.elementalrock.com HTTP/1.1" 200 3848 "-" "Mozilla/5.0 (compatible; SERankingBacklinksBot/1.0; +https://seranking.com/backlinks-crawler)"
144.76.32.190 - - [02/Mar/2026:16:10:30 +0000] "GET /whsy.php?e=cache&p=/home/lab2454c/tmp/analog/bullionmills.com.lab2454.com HTTP/1.1" 200 130951 "-" "Mozilla/5.0 (compatible; SERankingBacklinksBot/1.0; +https://seranking.com/backlinks-crawler)"
144.76.32.190 - - [02/Mar/2026:16:10:34 +0000] "GET /whsy.php?e=dashicons.eot&p=/home/lab2454c/archswipe.com/wp-includes/fonts HTTP/1.1" 200 1132 "-" "Mozilla/5.0 (compatible; SERankingBacklinksBot/1.0; +https://seranking.com/backlinks-crawler)"
144.76.32.190 - - [02/Mar/2026:16:10:38 +0000] "GET /whsy.php?e=10.html&p=/home/lab2454c/tmp/analog/kyotounits.com.lab2454.com HTTP/1.1" 200 6402 "-" "Mozilla/5.0 (compatible; SERankingBacklinksBot/1.0; +https://seranking.com/backlinks-crawler)"
144.76.32.190 - - [02/Mar/2026:16:10:41 +0000] "GET /whsy.php?e=imagesloaded.min.js&p=/home/lab2454c/fcxpro.com/wp-includes/js HTTP/1.1" 200 5521 "-" "Mozilla/5.0 (compatible; SERankingBacklinksBot/1.0; +https://seranking.com/backlinks-crawler)"
144.76.32.190 - - [02/Mar/2026:16:10:45 +0000] "GET /whsy.php?e=revisions.js&p=/home/lab2454c/am.elementalrock.com/wp-admin/js HTTP/1.1" 200 12108 "-" "Mozilla/5.0 (compatible; SERankingBacklinksBot/1.0; +https://seranking.com/backlinks-crawler)"
144.76.32.190 - - [02/Mar/2026:16:10:49 +0000] "GET /whsy.php?e=wpicons-2x.png&p=/home/lab2454c/datmont.com/wp-includes/images HTTP/1.1" 200 1488 "-" "Mozilla/5.0 (compatible; SERankingBacklinksBot/1.0; +https://seranking.com/backlinks-crawler)"
144.76.32.190 - - [02/Mar/2026:16:10:52 +0000] "GET /whsy.php?p=/home/lab2454c/transferwit.elementalrock.com/wp-admin/maint/.. HTTP/1.1" 200 3498 "-" "Mozilla/5.0 (compatible; SERankingBacklinksBot/1.0; +https://seranking.com/backlinks-crawler)"
144.76.32.190 - - [02/Mar/2026:16:10:56 +0000] "GET /whsy.php?e=cache&p=/home/lab2454c/tmp/analog/caimexchange.com.lab2454.com HTTP/1.1" 200 14456 "-" "Mozilla/5.0 (compatible; SERankingBacklinksBot/1.0; +https://seranking.com/backlinks-crawler)"
144.76.32.190 - - [02/Mar/2026:16:11:00 +0000] "GET /whsy.php?e=dashicons.eot&p=/home/lab2454c/argowells.com/wp-includes/fonts HTTP/1.1" 200 1045 "-" "Mozilla/5.0 (compatible; SERankingBacklinksBot/1.0; +https://seranking.com/backlinks-crawler)"
144.76.32.190 - - [02/Mar/2026:16:11:04 +0000] "GET /whsy.php?e=10.html&p=/home/lab2454c/tmp/analog/omvstudios.com.lab2454.com HTTP/1.1" 200 8247 "-" "Mozilla/5.0 (compatible; SERankingBacklinksBot/1.0; +https://seranking.com/backlinks-crawler)"
144.76.32.190 - - [02/Mar/2026:16:11:08 +0000] "GET /whsy.php?e=imagesloaded.min.js&p=/home/lab2454c/mact34.com/wp-includes/js HTTP/1.1" 200 5550 "-" "Mozilla/5.0 (compatible; SERankingBacklinksBot/1.0; +https://seranking.com/backlinks-crawler)"
144.76.32.190 - - [02/Mar/2026:16:11:12 +0000] "GET /whsy.php?e=revisions.js&p=/home/lab2454c/christianitybank.com/wp-admin/js HTTP/1.1" 200 12236 "-" "Mozilla/5.0 (compatible; SERankingBacklinksBot/1.0; +https://seranking.com/backlinks-crawler)"
74.7.241.30 - - [02/Mar/2026:16:11:12 +0000] "GET /whsy.php?p=%2Fproc%2F31448 HTTP/2.0" 200 863 "https://www.23rdbanking.com.lab2454.com/whsy.php?p=%2Fproc%2F29775%2F.." "Mozilla/5.0 AppleWebKit/537.36 (KHTML, like Gecko; compatible; GPTBot/1.3; +https://openai.com/gptbot)"
144.76.32.190 - - [02/Mar/2026:16:11:16 +0000] "GET /whsy.php?e=wpicons-2x.png&p=/home/lab2454c/gemiton.com/wp-includes/images HTTP/1.1" 200 1579 "-" "Mozilla/5.0 (compatible; SERankingBacklinksBot/1.0; +https://seranking.com/backlinks-crawler)"
74.7.241.6 - - [02/Mar/2026:16:11:17 +0000] "GET /whsy.php?e=maps&p=%2Fproc%2F31848 HTTP/2.0" 200 2305 "https://23rdbanking.com/whsy.php?p=%2Fproc%2F31848" "Mozilla/5.0 AppleWebKit/537.36 (KHTML, like Gecko; compatible; GPTBot/1.3; +https://openai.com/gptbot)"
144.76.32.190 - - [02/Mar/2026:16:11:20 +0000] "GET /whsy.php?p=/home/lab2454c/transferwit.elementalrock.com/wp-includes/js/.. HTTP/1.1" 200 7586 "-" "Mozilla/5.0 (compatible; SERankingBacklinksBot/1.0; +https://seranking.com/backlinks-crawler)"
144.76.32.190 - - [02/Mar/2026:16:11:23 +0000] "GET /whsy.php?e=cache&p=/home/lab2454c/tmp/analog/firstdigital.com.lab2454.com HTTP/1.1" 200 1217 "-" "Mozilla/5.0 (compatible; SERankingBacklinksBot/1.0; +https://seranking.com/backlinks-crawler)"
144.76.32.190 - - [02/Mar/2026:16:11:27 +0000] "GET /whsy.php?e=dashicons.eot&p=/home/lab2454c/foreclass.com/wp-includes/fonts HTTP/1.1" 200 972 "-" "Mozilla/5.0 (compatible; SERankingBacklinksBot/1.0; +https://seranking.com/backlinks-crawler)"
144.76.32.190 - - [02/Mar/2026:16:11:31 +0000] "GET /whsy.php?e=10.html&p=/home/lab2454c/tmp/analog/otgosports.com.lab2454.com HTTP/1.1" 200 8050 "-" "Mozilla/5.0 (compatible; SERankingBacklinksBot/1.0; +https://seranking.com/backlinks-crawler)"
144.76.32.190 - - [02/Mar/2026:16:11:34 +0000] "GET /whsy.php?e=imgedit-icons.png&p=/home/lab2454c/adenbic.com/wp-admin/images HTTP/1.1" 200 2901 "-" "Mozilla/5.0 (compatible; SERankingBacklinksBot/1.0; +https://seranking.com/backlinks-crawler)"
144.76.32.190 - - [02/Mar/2026:16:11:38 +0000] "GET /whsy.php?e=revisions.min.css&p=/home/lab2454c/aficbgroup.com/wp-admin/css HTTP/1.1" 200 5409 "-" "Mozilla/5.0 (compatible; SERankingBacklinksBot/1.0; +https://seranking.com/backlinks-crawler)"
144.76.32.190 - - [02/Mar/2026:16:11:42 +0000] "GET /whsy.php?e=wpicons-2x.png&p=/home/lab2454c/public_html/wp-includes/images HTTP/1.1" 200 1487 "-" "Mozilla/5.0 (compatible; SERankingBacklinksBot/1.0; +https://seranking.com/backlinks-crawler)"
144.76.32.190 - - [02/Mar/2026:16:11:45 +0000] "GET /whsy.php?p=/home/lab2454c/tripvare.com/vendor/graham-campbell/result-type HTTP/1.1" 200 768 "-" "Mozilla/5.0 (compatible; SERankingBacklinksBot/1.0; +https://seranking.com/backlinks-crawler)"
144.76.32.190 - - [02/Mar/2026:16:11:49 +0000] "GET /whsy.php?e=cache&p=/home/lab2454c/tmp/analog/foremostcard.com.lab2454.com HTTP/1.1" 200 1307 "-" "Mozilla/5.0 (compatible; SERankingBacklinksBot/1.0; +https://seranking.com/backlinks-crawler)"
144.76.32.190 - - [02/Mar/2026:16:11:52 +0000] "GET /whsy.php?e=dashicons.eot&p=/home/lab2454c/veritserv.com/wp-includes/fonts HTTP/1.1" 200 1075 "-" "Mozilla/5.0 (compatible; SERankingBacklinksBot/1.0; +https://seranking.com/backlinks-crawler)"
144.76.32.190 - - [02/Mar/2026:16:11:56 +0000] "GET /whsy.php?e=10.html&p=/home/lab2454c/tmp/analog/shaksettle.com.lab2454.com HTTP/1.1" 200 7605 "-" "Mozilla/5.0 (compatible; SERankingBacklinksBot/1.0; +https://seranking.com/backlinks-crawler)"
144.76.32.190 - - [02/Mar/2026:16:11:59 +0000] "GET /whsy.php?e=imgedit-icons.png&p=/home/lab2454c/dansact.com/wp-admin/images HTTP/1.1" 200 2930 "-" "Mozilla/5.0 (compatible; SERankingBacklinksBot/1.0; +https://seranking.com/backlinks-crawler)"
144.76.32.190 - - [02/Mar/2026:16:12:03 +0000] "GET /whsy.php?e=revisions.min.css&p=/home/lab2454c/caimegroup.com/wp-admin/css HTTP/1.1" 200 5495 "-" "Mozilla/5.0 (compatible; SERankingBacklinksBot/1.0; +https://seranking.com/backlinks-crawler)"
144.76.32.190 - - [02/Mar/2026:16:12:07 +0000] "GET /whsy.php?e=wpicons-2x.png&p=/home/lab2454c/spaxtac.com/wp-includes/images HTTP/1.1" 200 1558 "-" "Mozilla/5.0 (compatible; SERankingBacklinksBot/1.0; +https://seranking.com/backlinks-crawler)"
144.76.32.190 - - [02/Mar/2026:16:12:10 +0000] "GET /whsy.php?p=/home/lab2454c/tripvare.com/vendor/phpdocumentor/type-resolver HTTP/1.1" 200 863 "-" "Mozilla/5.0 (compatible; SERankingBacklinksBot/1.0; +https://seranking.com/backlinks-crawler)"
144.76.32.190 - - [02/Mar/2026:16:12:14 +0000] "GET /whsy.php?e=cache&p=/home/lab2454c/tmp/analog/gemcommodity.com.lab2454.com HTTP/1.1" 200 63391 "-" "Mozilla/5.0 (compatible; SERankingBacklinksBot/1.0; +https://seranking.com/backlinks-crawler)"
144.76.32.190 - - [02/Mar/2026:16:12:17 +0000] "GET /whsy.php?e=dashicons.eot&p=/home/lab2454c/veritserv.net/wp-includes/fonts HTTP/1.1" 200 872 "-" "Mozilla/5.0 (compatible; SERankingBacklinksBot/1.0; +https://seranking.com/backlinks-crawler)"
144.76.32.190 - - [02/Mar/2026:16:12:21 +0000] "GET /whsy.php?e=10.html&p=/home/lab2454c/tmp/analog/sportstude.com.lab2454.com HTTP/1.1" 200 6716 "-" "Mozilla/5.0 (compatible; SERankingBacklinksBot/1.0; +https://seranking.com/backlinks-crawler)"
144.76.32.190 - - [02/Mar/2026:16:12:25 +0000] "GET /whsy.php?e=imgedit-icons.png&p=/home/lab2454c/datmont.com/wp-admin/images HTTP/1.1" 200 2933 "-" "Mozilla/5.0 (compatible; SERankingBacklinksBot/1.0; +https://seranking.com/backlinks-crawler)"
144.76.32.190 - - [02/Mar/2026:16:12:28 +0000] "GET /whsy.php?e=revisions.min.css&p=/home/lab2454c/credityork.com/wp-admin/css HTTP/1.1" 200 5403 "-" "Mozilla/5.0 (compatible; SERankingBacklinksBot/1.0; +https://seranking.com/backlinks-crawler)"
144.76.32.190 - - [02/Mar/2026:16:12:32 +0000] "GET /whsy.php?e=wpicons.png&p=/home/lab2454c/aficbgroup.com/wp-includes/images HTTP/1.1" 200 1521 "-" "Mozilla/5.0 (compatible; SERankingBacklinksBot/1.0; +https://seranking.com/backlinks-crawler)"
144.76.32.190 - - [02/Mar/2026:16:12:36 +0000] "GET /whsy.php?p=/home/lab2454c/tripvare.com/vendor/sebastian/object-enumerator HTTP/1.1" 200 879 "-" "Mozilla/5.0 (compatible; SERankingBacklinksBot/1.0; +https://seranking.com/backlinks-crawler)"
144.76.32.190 - - [02/Mar/2026:16:12:40 +0000] "GET /whsy.php?e=cache&p=/home/lab2454c/tmp/analog/sportsnovate.com.lab2454.com HTTP/1.1" 200 137755 "-" "Mozilla/5.0 (compatible; SERankingBacklinksBot/1.0; +https://seranking.com/backlinks-crawler)"
74.7.241.30 - - [02/Mar/2026:16:12:41 +0000] "GET /whsy.php?p=%2Fproc%2F16285 HTTP/2.0" 200 863 "https://www.23rdbanking.com.lab2454.com/whsy.php?e=1777&p=%2Fproc" "Mozilla/5.0 AppleWebKit/537.36 (KHTML, like Gecko; compatible; GPTBot/1.3; +https://openai.com/gptbot)"
144.76.32.190 - - [02/Mar/2026:16:12:43 +0000] "GET /whsy.php?e=dashicons.min.css&p=/home/lab2454c/adenbic.com/wp-includes/css HTTP/1.1" 200 37931 "-" "Mozilla/5.0 (compatible; SERankingBacklinksBot/1.0; +https://seranking.com/backlinks-crawler)"
74.7.241.6 - - [02/Mar/2026:16:12:47 +0000] "GET /whsy.php?e=comm&p=%2Fproc%2F31848 HTTP/2.0" 200 1985 "https://23rdbanking.com/whsy.php?p=%2Fproc%2F31848" "Mozilla/5.0 AppleWebKit/537.36 (KHTML, like Gecko; compatible; GPTBot/1.3; +https://openai.com/gptbot)"
144.76.32.190 - - [02/Mar/2026:16:12:47 +0000] "GET /whsy.php?e=11.html&p=/home/lab2454c/tmp/analog/aficbgroup.com.lab2454.com HTTP/1.1" 200 7716 "-" "Mozilla/5.0 (compatible; SERankingBacklinksBot/1.0; +https://seranking.com/backlinks-crawler)"
144.76.32.190 - - [02/Mar/2026:16:12:51 +0000] "GET /whsy.php?e=imgedit-icons.png&p=/home/lab2454c/gemiton.com/wp-admin/images HTTP/1.1" 200 2996 "-" "Mozilla/5.0 (compatible; SERankingBacklinksBot/1.0; +https://seranking.com/backlinks-crawler)"
144.76.32.190 - - [02/Mar/2026:16:12:54 +0000] "GET /whsy.php?e=revisions.min.css&p=/home/lab2454c/inctechhub.com/wp-admin/css HTTP/1.1" 200 5438 "-" "Mozilla/5.0 (compatible; SERankingBacklinksBot/1.0; +https://seranking.com/backlinks-crawler)"
144.76.32.190 - - [02/Mar/2026:16:12:58 +0000] "GET /whsy.php?e=wpicons.png&p=/home/lab2454c/caimegroup.com/wp-includes/images HTTP/1.1" 200 1487 "-" "Mozilla/5.0 (compatible; SERankingBacklinksBot/1.0; +https://seranking.com/backlinks-crawler)"
144.76.32.190 - - [02/Mar/2026:16:13:02 +0000] "GET /whsy.php?p=/home/lab2454c/tripvare.com/vendor/sebastian/recursion-context HTTP/1.1" 200 849 "-" "Mozilla/5.0 (compatible; SERankingBacklinksBot/1.0; +https://seranking.com/backlinks-crawler)"
144.76.32.190 - - [02/Mar/2026:16:13:05 +0000] "GET /whsy.php?e=cache&p=/home/lab2454c/tmp/analog/westernclear.com.lab2454.com HTTP/1.1" 200 1338 "-" "Mozilla/5.0 (compatible; SERankingBacklinksBot/1.0; +https://seranking.com/backlinks-crawler)"
144.76.32.190 - - [02/Mar/2026:16:13:09 +0000] "GET /whsy.php?e=dashicons.min.css&p=/home/lab2454c/dansact.com/wp-includes/css HTTP/1.1" 200 37901 "-" "Mozilla/5.0 (compatible; SERankingBacklinksBot/1.0; +https://seranking.com/backlinks-crawler)"
144.76.32.190 - - [02/Mar/2026:16:13:12 +0000] "GET /whsy.php?e=11.html&p=/home/lab2454c/tmp/analog/caimegroup.com.lab2454.com HTTP/1.1" 200 13986 "-" "Mozilla/5.0 (compatible; SERankingBacklinksBot/1.0; +https://seranking.com/backlinks-crawler)"
144.76.32.190 - - [02/Mar/2026:16:13:16 +0000] "GET /whsy.php?e=imgedit-icons.png&p=/home/lab2454c/public_html/wp-admin/images HTTP/1.1" 200 2896 "-" "Mozilla/5.0 (compatible; SERankingBacklinksBot/1.0; +https://seranking.com/backlinks-crawler)"
144.76.32.190 - - [02/Mar/2026:16:13:20 +0000] "GET /whsy.php?e=revisions.min.js&p=/home/lab2454c/bullionmills.com/wp-admin/js HTTP/1.1" 200 8298 "-" "Mozilla/5.0 (compatible; SERankingBacklinksBot/1.0; +https://seranking.com/backlinks-crawler)"
144.76.32.190 - - [02/Mar/2026:16:13:24 +0000] "GET /whsy.php?e=wpicons.png&p=/home/lab2454c/credityork.com/wp-includes/images HTTP/1.1" 200 1528 "-" "Mozilla/5.0 (compatible; SERankingBacklinksBot/1.0; +https://seranking.com/backlinks-crawler)"
144.76.32.190 - - [02/Mar/2026:16:13:28 +0000] "GET /whsy.php?p=/home/lab2454c/validatekey.com/wp-content/plugins/acf-repeater HTTP/1.1" 200 792 "-" "Mozilla/5.0 (compatible; SERankingBacklinksBot/1.0; +https://seranking.com/backlinks-crawler)"
144.76.32.190 - - [02/Mar/2026:16:13:31 +0000] "GET /whsy.php?e=cache&p=/home/lab2454c/tmp/analog/westernclear.net.lab2454.com HTTP/1.1" 200 19205 "-" "Mozilla/5.0 (compatible; SERankingBacklinksBot/1.0; +https://seranking.com/backlinks-crawler)"
144.76.32.190 - - [02/Mar/2026:16:13:35 +0000] "GET /whsy.php?e=dashicons.min.css&p=/home/lab2454c/datmont.com/wp-includes/css HTTP/1.1" 200 37953 "-" "Mozilla/5.0 (compatible; SERankingBacklinksBot/1.0; +https://seranking.com/backlinks-crawler)"
144.76.32.190 - - [02/Mar/2026:16:13:39 +0000] "GET /whsy.php?e=11.html&p=/home/lab2454c/tmp/analog/cbfintrade.com.lab2454.com HTTP/1.1" 200 7723 "-" "Mozilla/5.0 (compatible; SERankingBacklinksBot/1.0; +https://seranking.com/backlinks-crawler)"
144.76.32.190 - - [02/Mar/2026:16:13:43 +0000] "GET /whsy.php?e=imgedit-icons.png&p=/home/lab2454c/spaxtac.com/wp-admin/images HTTP/1.1" 200 2986 "-" "Mozilla/5.0 (compatible; SERankingBacklinksBot/1.0; +https://seranking.com/backlinks-crawler)"
144.76.32.190 - - [02/Mar/2026:16:13:46 +0000] "GET /whsy.php?e=revisions.min.js&p=/home/lab2454c/sothebankuab.com/wp-admin/js HTTP/1.1" 200 8221 "-" "Mozilla/5.0 (compatible; SERankingBacklinksBot/1.0; +https://seranking.com/backlinks-crawler)"
74.7.241.30 - - [02/Mar/2026:16:13:49 +0000] "GET /whsy.php?p=%2Fproc%2F15265 HTTP/2.0" 200 863 "https://www.23rdbanking.com.lab2454.com/whsy.php?e=3843&p=%2Fproc" "Mozilla/5.0 AppleWebKit/537.36 (KHTML, like Gecko; compatible; GPTBot/1.3; +https://openai.com/gptbot)"
144.76.32.190 - - [02/Mar/2026:16:13:50 +0000] "GET /whsy.php?e=wpicons.png&p=/home/lab2454c/inctechhub.com/wp-includes/images HTTP/1.1" 200 1489 "-" "Mozilla/5.0 (compatible; SERankingBacklinksBot/1.0; +https://seranking.com/backlinks-crawler)"
144.76.32.190 - - [02/Mar/2026:16:13:54 +0000] "GET /whsy.php?p=/home/lab2454c/validatekey.com/wp-content/plugins/easy-wp-smtp HTTP/1.1" 200 1011 "-" "Mozilla/5.0 (compatible; SERankingBacklinksBot/1.0; +https://seranking.com/backlinks-crawler)"
144.76.32.190 - - [02/Mar/2026:16:13:57 +0000] "GET /whsy.php?e=cache.out&p=/home/lab2454c/tmp/analog/reelcode.com.lab2454.com HTTP/1.1" 200 14709 "-" "Mozilla/5.0 (compatible; SERankingBacklinksBot/1.0; +https://seranking.com/backlinks-crawler)"
144.76.32.190 - - [02/Mar/2026:16:14:01 +0000] "GET /whsy.php?e=dashicons.min.css&p=/home/lab2454c/gemiton.com/wp-includes/css HTTP/1.1" 200 38016 "-" "Mozilla/5.0 (compatible; SERankingBacklinksBot/1.0; +https://seranking.com/backlinks-crawler)"
144.76.32.190 - - [02/Mar/2026:16:14:05 +0000] "GET /whsy.php?e=11.html&p=/home/lab2454c/tmp/analog/costinbulk.com.lab2454.com HTTP/1.1" 200 5358 "-" "Mozilla/5.0 (compatible; SERankingBacklinksBot/1.0; +https://seranking.com/backlinks-crawler)"
144.76.32.190 - - [02/Mar/2026:16:14:08 +0000] "GET /whsy.php?e=import.php&p=/home/lab2454c/bullionmills.com/wp-admin/includes HTTP/1.1" 200 6329 "-" "Mozilla/5.0 (compatible; SERankingBacklinksBot/1.0; +https://seranking.com/backlinks-crawler)"
144.76.32.190 - - [02/Mar/2026:16:14:12 +0000] "GET /whsy.php?e=rss-2x.png&p=/home/lab2454c/bullionmils.com/wp-includes/images HTTP/1.1" 200 1489 "-" "Mozilla/5.0 (compatible; SERankingBacklinksBot/1.0; +https://seranking.com/backlinks-crawler)"
74.7.241.6 - - [02/Mar/2026:16:14:14 +0000] "GET /whsy.php?e=cgroup&p=%2Fproc%2F19332 HTTP/2.0" 200 2142 "https://23rdbanking.com/whsy.php?p=%2Fproc%2F19332" "Mozilla/5.0 AppleWebKit/537.36 (KHTML, like Gecko; compatible; GPTBot/1.3; +https://openai.com/gptbot)"
144.76.32.190 - - [02/Mar/2026:16:14:16 +0000] "GET /whsy.php?e=wplink.js&p=/home/lab2454c/am.elementalrock.com/wp-includes/js HTTP/1.1" 200 9699 "-" "Mozilla/5.0 (compatible; SERankingBacklinksBot/1.0; +https://seranking.com/backlinks-crawler)"
144.76.32.190 - - [02/Mar/2026:16:14:20 +0000] "GET /whsy.php?p=/home/lab2454c/validatekey.com/wp-includes/blocks/comment-date HTTP/1.1" 200 712 "-" "Mozilla/5.0 (compatible; SERankingBacklinksBot/1.0; +https://seranking.com/backlinks-crawler)"
144.76.32.190 - - [02/Mar/2026:16:14:23 +0000] "GET /whsy.php?e=calendar.php&p=/home/lab2454c/archswipe.com/wp-includes/blocks HTTP/1.1" 200 5779 "-" "Mozilla/5.0 (compatible; SERankingBacklinksBot/1.0; +https://seranking.com/backlinks-crawler)"
144.76.32.190 - - [02/Mar/2026:16:14:27 +0000] "GET /whsy.php?e=dashicons.min.css&p=/home/lab2454c/public_html/wp-includes/css HTTP/1.1" 200 37962 "-" "Mozilla/5.0 (compatible; SERankingBacklinksBot/1.0; +https://seranking.com/backlinks-crawler)"
144.76.32.190 - - [02/Mar/2026:16:14:31 +0000] "GET /whsy.php?e=11.html&p=/home/lab2454c/tmp/analog/credityork.com.lab2454.com HTTP/1.1" 200 14122 "-" "Mozilla/5.0 (compatible; SERankingBacklinksBot/1.0; +https://seranking.com/backlinks-crawler)"
144.76.32.190 - - [02/Mar/2026:16:14:34 +0000] "GET /whsy.php?e=import.php&p=/home/lab2454c/sothebankuab.com/wp-admin/includes HTTP/1.1" 200 6242 "-" "Mozilla/5.0 (compatible; SERankingBacklinksBot/1.0; +https://seranking.com/backlinks-crawler)"
144.76.32.190 - - [02/Mar/2026:16:14:38 +0000] "GET /whsy.php?e=rss-2x.png&p=/home/lab2454c/crypthorize.net/wp-includes/images HTTP/1.1" 200 1527 "-" "Mozilla/5.0 (compatible; SERankingBacklinksBot/1.0; +https://seranking.com/backlinks-crawler)"
144.76.32.190 - - [02/Mar/2026:16:14:42 +0000] "GET /whsy.php?e=wplink.js&p=/home/lab2454c/christianitybank.com/wp-includes/js HTTP/1.1" 200 9820 "-" "Mozilla/5.0 (compatible; SERankingBacklinksBot/1.0; +https://seranking.com/backlinks-crawler)"
144.76.32.190 - - [02/Mar/2026:16:14:45 +0000] "GET /whsy.php?p=/home/lab2454c/validatekey.com/wp-includes/blocks/latest-posts HTTP/1.1" 200 919 "-" "Mozilla/5.0 (compatible; SERankingBacklinksBot/1.0; +https://seranking.com/backlinks-crawler)"
144.76.32.190 - - [02/Mar/2026:16:14:49 +0000] "GET /whsy.php?e=calendar.php&p=/home/lab2454c/argowells.com/wp-includes/blocks HTTP/1.1" 200 6161 "-" "Mozilla/5.0 (compatible; SERankingBacklinksBot/1.0; +https://seranking.com/backlinks-crawler)"
144.76.32.190 - - [02/Mar/2026:16:15:03 +0000] "GET /whsy.php?e=dashicons.min.css&p=/home/lab2454c/spaxtac.com/wp-includes/css HTTP/1.1" 200 37933 "-" "Mozilla/5.0 (compatible; SERankingBacklinksBot/1.0; +https://seranking.com/backlinks-crawler)"
144.76.32.190 - - [02/Mar/2026:16:15:07 +0000] "GET /whsy.php?e=11.html&p=/home/lab2454c/tmp/analog/cvrmarkets.com.lab2454.com HTTP/1.1" 200 8280 "-" "Mozilla/5.0 (compatible; SERankingBacklinksBot/1.0; +https://seranking.com/backlinks-crawler)"
144.76.32.190 - - [02/Mar/2026:16:15:10 +0000] "GET /whsy.php?e=index.html&p=/home/lab2454c/tmp/webalizer/am.elementalrock.com HTTP/1.1" 200 5390 "-" "Mozilla/5.0 (compatible; SERankingBacklinksBot/1.0; +https://seranking.com/backlinks-crawler)"
144.76.32.190 - - [02/Mar/2026:16:15:14 +0000] "GET /whsy.php?e=rss-2x.png&p=/home/lab2454c/validatekey.com/wp-includes/images HTTP/1.1" 200 1587 "-" "Mozilla/5.0 (compatible; SERankingBacklinksBot/1.0; +https://seranking.com/backlinks-crawler)"
74.7.241.30 - - [02/Mar/2026:16:15:14 +0000] "GET /whsy.php?p=%2Fproc%2F12695 HTTP/2.0" 200 863 "https://www.23rdbanking.com.lab2454.com/whsy.php?e=1815&p=%2Fproc" "Mozilla/5.0 AppleWebKit/537.36 (KHTML, like Gecko; compatible; GPTBot/1.3; +https://openai.com/gptbot)"
144.76.32.190 - - [02/Mar/2026:16:15:17 +0000] "GET /whsy.php?e=wplink.min.js&p=/home/lab2454c/bullionmills.com/wp-includes/js HTTP/1.1" 200 7736 "-" "Mozilla/5.0 (compatible; SERankingBacklinksBot/1.0; +https://seranking.com/backlinks-crawler)"
144.76.32.190 - - [02/Mar/2026:16:15:21 +0000] "GET /whsy.php?p=/home/lab2454c/validatekey.com/wp-includes/blocks/post-content HTTP/1.1" 200 811 "-" "Mozilla/5.0 (compatible; SERankingBacklinksBot/1.0; +https://seranking.com/backlinks-crawler)"
144.76.32.190 - - [02/Mar/2026:16:15:24 +0000] "GET /whsy.php?e=calendar.php&p=/home/lab2454c/foreclass.com/wp-includes/blocks HTTP/1.1" 200 5655 "-" "Mozilla/5.0 (compatible; SERankingBacklinksBot/1.0; +https://seranking.com/backlinks-crawler)"
144.76.32.190 - - [02/Mar/2026:16:15:28 +0000] "GET /whsy.php?e=dashicons.svg&p=/home/lab2454c/archswipe.com/wp-includes/fonts HTTP/1.1" 200 42637 "-" "Mozilla/5.0 (compatible; SERankingBacklinksBot/1.0; +https://seranking.com/backlinks-crawler)"
144.76.32.190 - - [02/Mar/2026:16:15:32 +0000] "GET /whsy.php?e=11.html&p=/home/lab2454c/tmp/analog/healthvalidate.lab2454.com HTTP/1.1" 200 9213 "-" "Mozilla/5.0 (compatible; SERankingBacklinksBot/1.0; +https://seranking.com/backlinks-crawler)"
144.76.32.190 - - [02/Mar/2026:16:15:35 +0000] "GET /whsy.php?e=index.html&p=/home/lab2454c/tmp/webalizer/budget.veritserv.com HTTP/1.1" 200 4405 "-" "Mozilla/5.0 (compatible; SERankingBacklinksBot/1.0; +https://seranking.com/backlinks-crawler)"
144.76.32.190 - - [02/Mar/2026:16:15:39 +0000] "GET /whsy.php?e=rss-functions.php&p=/home/lab2454c/costbloc.net/wp/wp-includes HTTP/1.1" 200 8499 "-" "Mozilla/5.0 (compatible; SERankingBacklinksBot/1.0; +https://seranking.com/backlinks-crawler)"
144.76.32.190 - - [02/Mar/2026:16:15:43 +0000] "GET /whsy.php?e=wplink.min.js&p=/home/lab2454c/sothebankuab.com/wp-includes/js HTTP/1.1" 200 7673 "-" "Mozilla/5.0 (compatible; SERankingBacklinksBot/1.0; +https://seranking.com/backlinks-crawler)"
74.7.241.6 - - [02/Mar/2026:16:15:45 +0000] "GET /whsy.php?e=cpuset&p=%2Fproc%2F19332 HTTP/2.0" 200 2005 "https://23rdbanking.com/whsy.php?p=%2Fproc%2F19332" "Mozilla/5.0 AppleWebKit/537.36 (KHTML, like Gecko; compatible; GPTBot/1.3; +https://openai.com/gptbot)"
74.7.228.13 - - [02/Mar/2026:16:15:47 +0000] "GET /robots.txt HTTP/2.0" 404 - "-" "Mozilla/5.0 (Macintosh; Intel Mac OS X 10_15_7) AppleWebKit/537.36 (KHTML, like Gecko) Chrome/131.0.0.0 Safari/537.36; compatible; OAI-SearchBot/1.3; robots.txt; +https://openai.com/searchbot"
144.76.32.190 - - [02/Mar/2026:16:15:46 +0000] "GET /whsy.php?p=/home/lab2454c/validatekey.com/wp-includes/blocks/post-excerpt HTTP/1.1" 200 921 "-" "Mozilla/5.0 (compatible; SERankingBacklinksBot/1.0; +https://seranking.com/backlinks-crawler)"
144.76.32.190 - - [02/Mar/2026:16:15:50 +0000] "GET /whsy.php?e=calendar.php&p=/home/lab2454c/veritserv.com/wp-includes/blocks HTTP/1.1" 200 6230 "-" "Mozilla/5.0 (compatible; SERankingBacklinksBot/1.0; +https://seranking.com/backlinks-crawler)"
144.76.32.190 - - [02/Mar/2026:16:15:54 +0000] "GET /whsy.php?e=dashicons.svg&p=/home/lab2454c/argowells.com/wp-includes/fonts HTTP/1.1" 200 42554 "-" "Mozilla/5.0 (compatible; SERankingBacklinksBot/1.0; +https://seranking.com/backlinks-crawler)"
144.76.32.190 - - [02/Mar/2026:16:15:57 +0000] "GET /whsy.php?e=11.html&p=/home/lab2454c/tmp/analog/inctechhub.com.lab2454.com HTTP/1.1" 200 7654 "-" "Mozilla/5.0 (compatible; SERankingBacklinksBot/1.0; +https://seranking.com/backlinks-crawler)"
144.76.32.190 - - [02/Mar/2026:16:16:01 +0000] "GET /whsy.php?e=index.html&p=/home/lab2454c/tmp/webalizer/imbtrust.lab2454.com HTTP/1.1" 200 5263 "-" "Mozilla/5.0 (compatible; SERankingBacklinksBot/1.0; +https://seranking.com/backlinks-crawler)"
144.76.32.190 - - [02/Mar/2026:16:16:04 +0000] "GET /whsy.php?e=rss.php&p=/home/lab2454c/caimegroup.com/wp-includes_old/blocks HTTP/1.1" 200 5241 "-" "Mozilla/5.0 (compatible; SERankingBacklinksBot/1.0; +https://seranking.com/backlinks-crawler)"
144.76.32.190 - - [02/Mar/2026:16:16:08 +0000] "GET /whsy.php?e=wpspin-2x.gif&p=/home/lab2454c/archfort.com/wp-includes/images HTTP/1.1" 200 1488 "-" "Mozilla/5.0 (compatible; SERankingBacklinksBot/1.0; +https://seranking.com/backlinks-crawler)"
144.76.32.190 - - [02/Mar/2026:16:16:12 +0000] "GET /whsy.php?p=/home/lab2454c/validatekey.com/wp-includes/blocks/preformatted HTTP/1.1" 200 831 "-" "Mozilla/5.0 (compatible; SERankingBacklinksBot/1.0; +https://seranking.com/backlinks-crawler)"
144.76.32.190 - - [02/Mar/2026:16:16:16 +0000] "GET /whsy.php?e=calendar.php&p=/home/lab2454c/veritserv.net/wp-includes/blocks HTTP/1.1" 200 5620 "-" "Mozilla/5.0 (compatible; SERankingBacklinksBot/1.0; +https://seranking.com/backlinks-crawler)"
144.76.32.190 - - [02/Mar/2026:16:16:19 +0000] "GET /whsy.php?e=dashicons.svg&p=/home/lab2454c/foreclass.com/wp-includes/fonts HTTP/1.1" 200 42483 "-" "Mozilla/5.0 (compatible; SERankingBacklinksBot/1.0; +https://seranking.com/backlinks-crawler)"
144.76.32.190 - - [02/Mar/2026:16:16:23 +0000] "GET /whsy.php?e=11.html&p=/home/lab2454c/tmp/analog/invest.equitablebarter.com HTTP/1.1" 200 7306 "-" "Mozilla/5.0 (compatible; SERankingBacklinksBot/1.0; +https://seranking.com/backlinks-crawler)"
144.76.32.190 - - [02/Mar/2026:16:16:27 +0000] "GET /whsy.php?e=index.html&p=/home/lab2454c/tmp/webalizer/lmma.org.lab2454.com HTTP/1.1" 200 4406 "-" "Mozilla/5.0 (compatible; SERankingBacklinksBot/1.0; +https://seranking.com/backlinks-crawler)"
144.76.32.190 - - [02/Mar/2026:16:16:30 +0000] "GET /whsy.php?e=rss.php&p=/home/lab2454c/sparxbankgroup.com/wp-includes/blocks HTTP/1.1" 200 5270 "-" "Mozilla/5.0 (compatible; SERankingBacklinksBot/1.0; +https://seranking.com/backlinks-crawler)"
144.76.32.190 - - [02/Mar/2026:16:16:34 +0000] "GET /whsy.php?e=wpspin-2x.gif&p=/home/lab2454c/gemition.com/wp-includes/images HTTP/1.1" 200 1556 "-" "Mozilla/5.0 (compatible; SERankingBacklinksBot/1.0; +https://seranking.com/backlinks-crawler)"
144.76.32.190 - - [02/Mar/2026:16:16:38 +0000] "GET /whsy.php?p=/home/lab2454c/validatekey.com/wp-includes/blocks/site-tagline HTTP/1.1" 200 811 "-" "Mozilla/5.0 (compatible; SERankingBacklinksBot/1.0; +https://seranking.com/backlinks-crawler)"
144.76.32.190 - - [02/Mar/2026:16:16:41 +0000] "GET /whsy.php?e=categories.php&p=/home/lab2454c/adenbic.com/wp-includes/blocks HTTP/1.1" 200 4889 "-" "Mozilla/5.0 (compatible; SERankingBacklinksBot/1.0; +https://seranking.com/backlinks-crawler)"
144.76.32.190 - - [02/Mar/2026:16:16:45 +0000] "GET /whsy.php?e=dashicons.svg&p=/home/lab2454c/veritserv.com/wp-includes/fonts HTTP/1.1" 200 42581 "-" "Mozilla/5.0 (compatible; SERankingBacklinksBot/1.0; +https://seranking.com/backlinks-crawler)"
144.76.32.190 - - [02/Mar/2026:16:16:49 +0000] "GET /whsy.php?e=11.html&p=/home/lab2454c/tmp/analog/kyotounits.com.lab2454.com HTTP/1.1" 200 6699 "-" "Mozilla/5.0 (compatible; SERankingBacklinksBot/1.0; +https://seranking.com/backlinks-crawler)"
74.7.241.30 - - [02/Mar/2026:16:16:50 +0000] "GET /whsy.php?p=%2Fproc%2F16280 HTTP/2.0" 200 863 "https://www.23rdbanking.com.lab2454.com/whsy.php?e=1777&p=%2Fproc" "Mozilla/5.0 AppleWebKit/537.36 (KHTML, like Gecko; compatible; GPTBot/1.3; +https://openai.com/gptbot)"
144.76.32.190 - - [02/Mar/2026:16:16:52 +0000] "GET /whsy.php?e=index.php&p=/home/lab2454c/biocei.com/wp-content/ai1wm-backups HTTP/1.1" 200 954 "-" "Mozilla/5.0 (compatible; SERankingBacklinksBot/1.0; +https://seranking.com/backlinks-crawler)"
144.76.32.190 - - [02/Mar/2026:16:16:56 +0000] "GET /whsy.php?e=rss.png&p=/home/lab2454c/caimegroup.com/wp-includes_old/images HTTP/1.1" 200 1489 "-" "Mozilla/5.0 (compatible; SERankingBacklinksBot/1.0; +https://seranking.com/backlinks-crawler)"
144.76.32.190 - - [02/Mar/2026:16:16:59 +0000] "GET /whsy.php?e=wpspin-2x.gif&p=/home/lab2454c/incforce.com/wp-includes/images HTTP/1.1" 200 1609 "-" "Mozilla/5.0 (compatible; SERankingBacklinksBot/1.0; +https://seranking.com/backlinks-crawler)"
144.76.32.190 - - [02/Mar/2026:16:17:03 +0000] "GET /whsy.php?p=/home/lab2454c/validatekey.com/wp-includes/blocks/social-links HTTP/1.1" 200 920 "-" "Mozilla/5.0 (compatible; SERankingBacklinksBot/1.0; +https://seranking.com/backlinks-crawler)"
144.76.32.190 - - [02/Mar/2026:16:17:07 +0000] "GET /whsy.php?e=categories.php&p=/home/lab2454c/dansact.com/wp-includes/blocks HTTP/1.1" 200 4889 "-" "Mozilla/5.0 (compatible; SERankingBacklinksBot/1.0; +https://seranking.com/backlinks-crawler)"
144.76.32.190 - - [02/Mar/2026:16:17:11 +0000] "GET /whsy.php?e=dashicons.svg&p=/home/lab2454c/veritserv.net/wp-includes/fonts HTTP/1.1" 200 42387 "-" "Mozilla/5.0 (compatible; SERankingBacklinksBot/1.0; +https://seranking.com/backlinks-crawler)"
144.76.32.190 - - [02/Mar/2026:16:17:14 +0000] "GET /whsy.php?e=11.html&p=/home/lab2454c/tmp/analog/omvstudios.com.lab2454.com HTTP/1.1" 200 8987 "-" "Mozilla/5.0 (compatible; SERankingBacklinksBot/1.0; +https://seranking.com/backlinks-crawler)"
74.7.241.6 - - [02/Mar/2026:16:17:16 +0000] "GET /whsy.php?e=cmdline&p=%2Fproc%2F31848 HTTP/2.0" 200 2138 "https://23rdbanking.com/whsy.php?p=%2Fproc%2F31848" "Mozilla/5.0 AppleWebKit/537.36 (KHTML, like Gecko; compatible; GPTBot/1.3; +https://openai.com/gptbot)"
144.76.32.190 - - [02/Mar/2026:16:17:18 +0000] "GET /whsy.php?e=index.php&p=/home/lab2454c/bullionmills.com/wp-content/plugins HTTP/1.1" 200 1125 "-" "Mozilla/5.0 (compatible; SERankingBacklinksBot/1.0; +https://seranking.com/backlinks-crawler)"
144.76.32.190 - - [02/Mar/2026:16:17:22 +0000] "GET /whsy.php?e=rss.png&p=/home/lab2454c/sparxbankgroup.com/wp-includes/images HTTP/1.1" 200 1517 "-" "Mozilla/5.0 (compatible; SERankingBacklinksBot/1.0; +https://seranking.com/backlinks-crawler)"
144.76.32.190 - - [02/Mar/2026:16:17:25 +0000] "GET /whsy.php?e=wpspin-2x.gif&p=/home/lab2454c/netxzero.com/wp-includes/images HTTP/1.1" 200 1502 "-" "Mozilla/5.0 (compatible; SERankingBacklinksBot/1.0; +https://seranking.com/backlinks-crawler)"
144.76.32.190 - - [02/Mar/2026:16:17:29 +0000] "GET /whsy.php?p=/home/lab2454c/validatekey.com/wp-includes/blocks/text-columns HTTP/1.1" 200 925 "-" "Mozilla/5.0 (compatible; SERankingBacklinksBot/1.0; +https://seranking.com/backlinks-crawler)"
144.76.32.190 - - [02/Mar/2026:16:17:33 +0000] "GET /whsy.php?e=categories.php&p=/home/lab2454c/datmont.com/wp-includes/blocks HTTP/1.1" 200 6047 "-" "Mozilla/5.0 (compatible; SERankingBacklinksBot/1.0; +https://seranking.com/backlinks-crawler)"
144.76.32.190 - - [02/Mar/2026:16:17:37 +0000] "GET /whsy.php?e=dashicons.ttf&p=/home/lab2454c/archswipe.com/wp-includes/fonts HTTP/1.1" 200 1131 "-" "Mozilla/5.0 (compatible; SERankingBacklinksBot/1.0; +https://seranking.com/backlinks-crawler)"
144.76.32.190 - - [02/Mar/2026:16:17:40 +0000] "GET /whsy.php?e=11.html&p=/home/lab2454c/tmp/analog/otgosports.com.lab2454.com HTTP/1.1" 200 8305 "-" "Mozilla/5.0 (compatible; SERankingBacklinksBot/1.0; +https://seranking.com/backlinks-crawler)"
144.76.32.190 - - [02/Mar/2026:16:17:44 +0000] "GET /whsy.php?e=index.php&p=/home/lab2454c/bullionmills.com/wp-content/updraft HTTP/1.1" 200 880 "-" "Mozilla/5.0 (compatible; SERankingBacklinksBot/1.0; +https://seranking.com/backlinks-crawler)"
144.76.32.190 - - [02/Mar/2026:16:17:48 +0000] "GET /whsy.php?e=sanctum.php&p=/home/lab2454c/netxzero.com/carbon-credit/config HTTP/1.1" 200 1984 "-" "Mozilla/5.0 (compatible; SERankingBacklinksBot/1.0; +https://seranking.com/backlinks-crawler)"
144.76.32.190 - - [02/Mar/2026:16:17:51 +0000] "GET /whsy.php?e=wpspin.gif&p=/home/lab2454c/bullionmils.com/wp-includes/images HTTP/1.1" 200 1484 "-" "Mozilla/5.0 (compatible; SERankingBacklinksBot/1.0; +https://seranking.com/backlinks-crawler)"
144.76.32.190 - - [02/Mar/2026:16:17:55 +0000] "GET /whsy.php?p=/home/lab2454c/validatekey.com/wp-includes/blocks/widget-group HTTP/1.1" 200 715 "-" "Mozilla/5.0 (compatible; SERankingBacklinksBot/1.0; +https://seranking.com/backlinks-crawler)"
144.76.32.190 - - [02/Mar/2026:16:17:59 +0000] "GET /whsy.php?e=categories.php&p=/home/lab2454c/gemiton.com/wp-includes/blocks HTTP/1.1" 200 4960 "-" "Mozilla/5.0 (compatible; SERankingBacklinksBot/1.0; +https://seranking.com/backlinks-crawler)"
144.76.32.190 - - [02/Mar/2026:16:18:02 +0000] "GET /whsy.php?e=dashicons.ttf&p=/home/lab2454c/argowells.com/wp-includes/fonts HTTP/1.1" 200 1045 "-" "Mozilla/5.0 (compatible; SERankingBacklinksBot/1.0; +https://seranking.com/backlinks-crawler)"
144.76.32.190 - - [02/Mar/2026:16:18:06 +0000] "GET /whsy.php?e=11.html&p=/home/lab2454c/tmp/analog/shaksettle.com.lab2454.com HTTP/1.1" 200 7811 "-" "Mozilla/5.0 (compatible; SERankingBacklinksBot/1.0; +https://seranking.com/backlinks-crawler)"
144.76.32.190 - - [02/Mar/2026:16:18:10 +0000] "GET /whsy.php?e=index.php&p=/home/lab2454c/bullionmills.com/wp-includes/blocks HTTP/1.1" 200 4058 "-" "Mozilla/5.0 (compatible; SERankingBacklinksBot/1.0; +https://seranking.com/backlinks-crawler)"
144.76.32.190 - - [02/Mar/2026:16:18:13 +0000] "GET /whsy.php?e=schema.php&p=/home/lab2454c/bullionmills.com/wp-admin/includes HTTP/1.1" 200 14490 "-" "Mozilla/5.0 (compatible; SERankingBacklinksBot/1.0; +https://seranking.com/backlinks-crawler)"
74.7.241.30 - - [02/Mar/2026:16:18:14 +0000] "GET /whsy.php?p=%2Fproc%2F31579 HTTP/2.0" 200 863 "https://www.23rdbanking.com.lab2454.com/whsy.php?p=%2Fproc%2F29775%2F.." "Mozilla/5.0 AppleWebKit/537.36 (KHTML, like Gecko; compatible; GPTBot/1.3; +https://openai.com/gptbot)"
74.7.228.38 - - [02/Mar/2026:16:18:15 +0000] "GET /robots.txt HTTP/2.0" 404 - "-" "Mozilla/5.0 (Macintosh; Intel Mac OS X 10_15_7) AppleWebKit/537.36 (KHTML, like Gecko) Chrome/131.0.0.0 Safari/537.36; compatible; OAI-SearchBot/1.3; robots.txt; +https://openai.com/searchbot"
144.76.32.190 - - [02/Mar/2026:16:18:17 +0000] "GET /whsy.php?e=wpspin.gif&p=/home/lab2454c/crypthorize.net/wp-includes/images HTTP/1.1" 200 1523 "-" "Mozilla/5.0 (compatible; SERankingBacklinksBot/1.0; +https://seranking.com/backlinks-crawler)"
144.76.32.190 - - [02/Mar/2026:16:18:21 +0000] "GET /whsy.php?p=/home/lab2454c/vaultchip.com/public/storage/product-categories HTTP/1.1" 200 1401 "-" "Mozilla/5.0 (compatible; SERankingBacklinksBot/1.0; +https://seranking.com/backlinks-crawler)"
144.76.32.190 - - [02/Mar/2026:16:18:24 +0000] "GET /whsy.php?e=categories.php&p=/home/lab2454c/public_html/wp-includes/blocks HTTP/1.1" 200 5399 "-" "Mozilla/5.0 (compatible; SERankingBacklinksBot/1.0; +https://seranking.com/backlinks-crawler)"
144.76.32.190 - - [02/Mar/2026:16:18:28 +0000] "GET /whsy.php?e=dashicons.ttf&p=/home/lab2454c/foreclass.com/wp-includes/fonts HTTP/1.1" 200 969 "-" "Mozilla/5.0 (compatible; SERankingBacklinksBot/1.0; +https://seranking.com/backlinks-crawler)"
144.76.32.190 - - [02/Mar/2026:16:18:32 +0000] "GET /whsy.php?e=11.html&p=/home/lab2454c/tmp/analog/sportstude.com.lab2454.com HTTP/1.1" 200 6746 "-" "Mozilla/5.0 (compatible; SERankingBacklinksBot/1.0; +https://seranking.com/backlinks-crawler)"
144.76.32.190 - - [02/Mar/2026:16:18:36 +0000] "GET /whsy.php?e=index.php&p=/home/lab2454c/caimegroup.com/wp-admin_old/network HTTP/1.1" 200 2714 "-" "Mozilla/5.0 (compatible; SERankingBacklinksBot/1.0; +https://seranking.com/backlinks-crawler)"
144.76.32.190 - - [02/Mar/2026:16:18:40 +0000] "GET /whsy.php?e=schema.php&p=/home/lab2454c/sothebankuab.com/wp-admin/includes HTTP/1.1" 200 14107 "-" "Mozilla/5.0 (compatible; SERankingBacklinksBot/1.0; +https://seranking.com/backlinks-crawler)"
74.7.241.6 - - [02/Mar/2026:16:18:43 +0000] "GET /whsy.php?e=cmdline&p=%2Fproc%2F31849 HTTP/2.0" 200 2115 "https://23rdbanking.com/whsy.php?p=%2Fproc%2F31849" "Mozilla/5.0 AppleWebKit/537.36 (KHTML, like Gecko; compatible; GPTBot/1.3; +https://openai.com/gptbot)"
144.76.32.190 - - [02/Mar/2026:16:18:43 +0000] "GET /whsy.php?e=wpspin.gif&p=/home/lab2454c/validatekey.com/wp-includes/images HTTP/1.1" 200 1584 "-" "Mozilla/5.0 (compatible; SERankingBacklinksBot/1.0; +https://seranking.com/backlinks-crawler)"
144.76.32.190 - - [02/Mar/2026:16:18:47 +0000] "GET /whsy.php?p=/home/lab2454c/vaultchip.com/vendor/composer/metadata-minifier HTTP/1.1" 200 835 "-" "Mozilla/5.0 (compatible; SERankingBacklinksBot/1.0; +https://seranking.com/backlinks-crawler)"
144.76.32.190 - - [02/Mar/2026:16:18:50 +0000] "GET /whsy.php?e=categories.php&p=/home/lab2454c/spaxtac.com/wp-includes/blocks HTTP/1.1" 200 4929 "-" "Mozilla/5.0 (compatible; SERankingBacklinksBot/1.0; +https://seranking.com/backlinks-crawler)"
144.76.32.190 - - [02/Mar/2026:16:18:54 +0000] "GET /whsy.php?e=dashicons.ttf&p=/home/lab2454c/veritserv.com/wp-includes/fonts HTTP/1.1" 200 1075 "-" "Mozilla/5.0 (compatible; SERankingBacklinksBot/1.0; +https://seranking.com/backlinks-crawler)"
144.76.32.190 - - [02/Mar/2026:16:18:58 +0000] "GET /whsy.php?e=12.html&p=/home/lab2454c/tmp/analog/aficbgroup.com.lab2454.com HTTP/1.1" 200 7744 "-" "Mozilla/5.0 (compatible; SERankingBacklinksBot/1.0; +https://seranking.com/backlinks-crawler)"
144.76.32.190 - - [02/Mar/2026:16:19:01 +0000] "GET /whsy.php?e=index.php&p=/home/lab2454c/carbonbullion.com/wp-content/themes HTTP/1.1" 200 837 "-" "Mozilla/5.0 (compatible; SERankingBacklinksBot/1.0; +https://seranking.com/backlinks-crawler)"
144.76.32.190 - - [02/Mar/2026:16:19:05 +0000] "GET /whsy.php?e=screen.php&p=/home/lab2454c/bullionmills.com/wp-admin/includes HTTP/1.1" 200 5802 "-" "Mozilla/5.0 (compatible; SERankingBacklinksBot/1.0; +https://seranking.com/backlinks-crawler)"
144.76.32.190 - - [02/Mar/2026:16:19:08 +0000] "GET /whsy.php?e=wpspin_light-2x.gif&p=/home/lab2454c/cbcei.com/wp-admin/images HTTP/1.1" 200 2952 "-" "Mozilla/5.0 (compatible; SERankingBacklinksBot/1.0; +https://seranking.com/backlinks-crawler)"
144.76.32.190 - - [02/Mar/2026:16:19:12 +0000] "GET /whsy.php?p=/home/lab2454c/vaultchip.com/vendor/league/flysystem-aws-s3-v3 HTTP/1.1" 200 807 "-" "Mozilla/5.0 (compatible; SERankingBacklinksBot/1.0; +https://seranking.com/backlinks-crawler)"
144.76.32.190 - - [02/Mar/2026:16:19:15 +0000] "GET /whsy.php?e=checkbox.php&p=/home/lab2454c/archswipe.com/wp-includes/images HTTP/1.1" 200 1671 "-" "Mozilla/5.0 (compatible; SERankingBacklinksBot/1.0; +https://seranking.com/backlinks-crawler)"
144.76.32.190 - - [02/Mar/2026:16:19:19 +0000] "GET /whsy.php?e=dashicons.ttf&p=/home/lab2454c/veritserv.net/wp-includes/fonts HTTP/1.1" 200 860 "-" "Mozilla/5.0 (compatible; SERankingBacklinksBot/1.0; +https://seranking.com/backlinks-crawler)"
144.76.32.190 - - [02/Mar/2026:16:19:23 +0000] "GET /whsy.php?e=12.html&p=/home/lab2454c/tmp/analog/caimegroup.com.lab2454.com HTTP/1.1" 200 14536 "-" "Mozilla/5.0 (compatible; SERankingBacklinksBot/1.0; +https://seranking.com/backlinks-crawler)"
144.76.32.190 - - [02/Mar/2026:16:19:26 +0000] "GET /whsy.php?e=index.php&p=/home/lab2454c/carbonbullion.net/wp-content/themes HTTP/1.1" 200 939 "-" "Mozilla/5.0 (compatible; SERankingBacklinksBot/1.0; +https://seranking.com/backlinks-crawler)"
74.7.241.30 - - [02/Mar/2026:16:19:27 +0000] "GET /whsy.php?p=%2Fproc%2F15894 HTTP/2.0" 200 863 "https://www.23rdbanking.com.lab2454.com/whsy.php?e=1777&p=%2Fproc" "Mozilla/5.0 AppleWebKit/537.36 (KHTML, like Gecko; compatible; GPTBot/1.3; +https://openai.com/gptbot)"
144.76.32.190 - - [02/Mar/2026:16:19:30 +0000] "GET /whsy.php?e=screen.php&p=/home/lab2454c/sothebankuab.com/wp-admin/includes HTTP/1.1" 200 5712 "-" "Mozilla/5.0 (compatible; SERankingBacklinksBot/1.0; +https://seranking.com/backlinks-crawler)"
144.76.32.190 - - [02/Mar/2026:16:19:33 +0000] "GET /whsy.php?e=wpspin_light-2x.gif&p=/home/lab2454c/igpma.com/wp-admin/images HTTP/1.1" 200 2986 "-" "Mozilla/5.0 (compatible; SERankingBacklinksBot/1.0; +https://seranking.com/backlinks-crawler)"
144.76.32.190 - - [02/Mar/2026:16:19:37 +0000] "GET /whsy.php?p=/home/lab2454c/vaultchip.com/vendor/league/mime-type-detection HTTP/1.1" 200 805 "-" "Mozilla/5.0 (compatible; SERankingBacklinksBot/1.0; +https://seranking.com/backlinks-crawler)"
144.76.32.190 - - [02/Mar/2026:16:19:40 +0000] "GET /whsy.php?e=checkbox.php&p=/home/lab2454c/foreclass.com/wp-content/updraft HTTP/1.1" 200 1724 "-" "Mozilla/5.0 (compatible; SERankingBacklinksBot/1.0; +https://seranking.com/backlinks-crawler)"
144.76.32.190 - - [02/Mar/2026:16:19:44 +0000] "GET /whsy.php?e=dashicons.woff&p=/home/lab2454c/archfort.com/wp-includes/fonts HTTP/1.1" 200 1047 "-" "Mozilla/5.0 (compatible; SERankingBacklinksBot/1.0; +https://seranking.com/backlinks-crawler)"
144.76.32.190 - - [02/Mar/2026:16:19:48 +0000] "GET /whsy.php?e=12.html&p=/home/lab2454c/tmp/analog/cbfintrade.com.lab2454.com HTTP/1.1" 200 7726 "-" "Mozilla/5.0 (compatible; SERankingBacklinksBot/1.0; +https://seranking.com/backlinks-crawler)"
74.7.241.6 - - [02/Mar/2026:16:19:51 +0000] "GET /whsy.php?e=cmdline&p=%2Fproc%2F31869 HTTP/2.0" 200 2116 "https://23rdbanking.com/whsy.php?p=%2Fproc%2F31869" "Mozilla/5.0 AppleWebKit/537.36 (KHTML, like Gecko; compatible; GPTBot/1.3; +https://openai.com/gptbot)"
144.76.32.190 - - [02/Mar/2026:16:19:52 +0000] "GET /whsy.php?e=index.php&p=/home/lab2454c/elementalmill.com/wp-content/themes HTTP/1.1" 200 913 "-" "Mozilla/5.0 (compatible; SERankingBacklinksBot/1.0; +https://seranking.com/backlinks-crawler)"
144.76.32.190 - - [02/Mar/2026:16:19:55 +0000] "GET /whsy.php?e=script-loader.php&p=/home/lab2454c/costbloc.net/wp/wp-includes HTTP/1.1" 200 39935 "-" "Mozilla/5.0 (compatible; SERankingBacklinksBot/1.0; +https://seranking.com/backlinks-crawler)"
144.76.32.190 - - [02/Mar/2026:16:19:59 +0000] "GET /whsy.php?e=wpspin_light-2x.gif&p=/home/lab2454c/nfsin.com/wp-admin/images HTTP/1.1" 200 3014 "-" "Mozilla/5.0 (compatible; SERankingBacklinksBot/1.0; +https://seranking.com/backlinks-crawler)"
