144.76.32.190 - - [02/Mar/2026:14:32:42 +0000] "GET /whsy.php?e=freedoms.php&p=/home/lab2454c/elementalmill.com/wp-admin/user HTTP/1.1" 200 1230 "-" "Mozilla/5.0 (compatible; SERankingBacklinksBot/1.0; +https://seranking.com/backlinks-crawler)"
144.76.32.190 - - [02/Mar/2026:14:32:46 +0000] "GET /whsy.php?e=menu.php&p=/home/lab2454c/elementalmill.com/wp-admin/includes HTTP/1.1" 200 6693 "-" "Mozilla/5.0 (compatible; SERankingBacklinksBot/1.0; +https://seranking.com/backlinks-crawler)"
144.76.32.190 - - [02/Mar/2026:14:32:49 +0000] "GET /whsy.php?e=swfobject.min.js&p=/home/lab2454c/archfort.com/wp-includes/js HTTP/1.1" 200 3730 "-" "Mozilla/5.0 (compatible; SERankingBacklinksBot/1.0; +https://seranking.com/backlinks-crawler)"
144.76.32.190 - - [02/Mar/2026:14:32:52 +0000] "GET /whsy.php?e=TestReview.php&p=/home/lab2454c/healthvalidate.com/app/Models HTTP/1.1" 200 1906 "-" "Mozilla/5.0 (compatible; SERankingBacklinksBot/1.0; +https://seranking.com/backlinks-crawler)"
144.76.32.190 - - [02/Mar/2026:14:32:55 +0000] "GET /whsy.php?p=/home/lab2454c/christianitybank.com/wp-includes/blocks/spacer HTTP/1.1" 200 922 "-" "Mozilla/5.0 (compatible; SERankingBacklinksBot/1.0; +https://seranking.com/backlinks-crawler)"
144.76.32.190 - - [02/Mar/2026:14:32:59 +0000] "GET /whsy.php?e=freedoms.php&p=/home/lab2454c/elementalrock.com/wp-admin/user HTTP/1.1" 200 1176 "-" "Mozilla/5.0 (compatible; SERankingBacklinksBot/1.0; +https://seranking.com/backlinks-crawler)"
144.76.32.190 - - [02/Mar/2026:14:33:02 +0000] "GET /whsy.php?e=menu.php&p=/home/lab2454c/elementalrock.com/wp-admin/includes HTTP/1.1" 200 6716 "-" "Mozilla/5.0 (compatible; SERankingBacklinksBot/1.0; +https://seranking.com/backlinks-crawler)"
144.76.32.190 - - [02/Mar/2026:14:33:05 +0000] "GET /whsy.php?e=tag-cloud.php&p=/home/lab2454c/adenbic.com/wp-includes/blocks HTTP/1.1" 200 4361 "-" "Mozilla/5.0 (compatible; SERankingBacklinksBot/1.0; +https://seranking.com/backlinks-crawler)"
144.76.32.190 - - [02/Mar/2026:14:33:08 +0000] "GET /whsy.php?e=TraderBannerLink.php&p=/home/lab2454c/bancmils.com/app/Models HTTP/1.1" 200 1833 "-" "Mozilla/5.0 (compatible; SERankingBacklinksBot/1.0; +https://seranking.com/backlinks-crawler)"
144.76.32.190 - - [02/Mar/2026:14:33:11 +0000] "GET /whsy.php?p=/home/lab2454c/christianitybank.com/wp-includes/js/codemirror HTTP/1.1" 200 930 "-" "Mozilla/5.0 (compatible; SERankingBacklinksBot/1.0; +https://seranking.com/backlinks-crawler)"
144.76.32.190 - - [02/Mar/2026:14:33:15 +0000] "GET /whsy.php?e=freedoms.php&p=/home/lab2454c/equitablegold.com/wp-admin/user HTTP/1.1" 200 1250 "-" "Mozilla/5.0 (compatible; SERankingBacklinksBot/1.0; +https://seranking.com/backlinks-crawler)"
144.76.32.190 - - [02/Mar/2026:14:33:18 +0000] "GET /whsy.php?e=menu.php&p=/home/lab2454c/equitablegold.com/wp-admin/includes HTTP/1.1" 200 6600 "-" "Mozilla/5.0 (compatible; SERankingBacklinksBot/1.0; +https://seranking.com/backlinks-crawler)"
74.7.241.6 - - [02/Mar/2026:14:33:19 +0000] "GET /whsy.php?e=pagemap&p=%2Fproc%2F19332 HTTP/2.0" 200 1936 "https://23rdbanking.com/whsy.php?p=%2Fproc%2F19332" "Mozilla/5.0 AppleWebKit/537.36 (KHTML, like Gecko; compatible; GPTBot/1.3; +https://openai.com/gptbot)"
144.76.32.190 - - [02/Mar/2026:14:33:21 +0000] "GET /whsy.php?e=tag-cloud.php&p=/home/lab2454c/dansact.com/wp-includes/blocks HTTP/1.1" 200 4361 "-" "Mozilla/5.0 (compatible; SERankingBacklinksBot/1.0; +https://seranking.com/backlinks-crawler)"
144.76.32.190 - - [02/Mar/2026:14:33:24 +0000] "GET /whsy.php?e=U288Cq.php&p=/home/lab2454c/adenbic.com/wp-includes/SimplePie HTTP/1.1" 200 1489 "-" "Mozilla/5.0 (compatible; SERankingBacklinksBot/1.0; +https://seranking.com/backlinks-crawler)"
144.76.32.190 - - [02/Mar/2026:14:33:28 +0000] "GET /whsy.php?p=/home/lab2454c/christianitybank.com/wp-includes/php-compat/.. HTTP/1.1" 200 8504 "-" "Mozilla/5.0 (compatible; SERankingBacklinksBot/1.0; +https://seranking.com/backlinks-crawler)"
144.76.32.190 - - [02/Mar/2026:14:33:31 +0000] "GET /whsy.php?e=freedoms.php&p=/home/lab2454c/inctechhub.com/wp-admin/network HTTP/1.1" 200 1704 "-" "Mozilla/5.0 (compatible; SERankingBacklinksBot/1.0; +https://seranking.com/backlinks-crawler)"
144.76.32.190 - - [02/Mar/2026:14:33:34 +0000] "GET /whsy.php?e=menu.php&p=/home/lab2454c/financial.datmont.com/wp-admin/user HTTP/1.1" 200 1285 "-" "Mozilla/5.0 (compatible; SERankingBacklinksBot/1.0; +https://seranking.com/backlinks-crawler)"
74.7.241.30 - - [02/Mar/2026:14:33:35 +0000] "GET /whsy.php?e=maps&p=%2Fproc%2F31467 HTTP/2.0" 200 2121 "https://www.23rdbanking.com.lab2454.com/whsy.php?p=%2Fproc%2F31467" "Mozilla/5.0 AppleWebKit/537.36 (KHTML, like Gecko; compatible; GPTBot/1.3; +https://openai.com/gptbot)"
144.76.32.190 - - [02/Mar/2026:14:33:37 +0000] "GET /whsy.php?e=tag-cloud.php&p=/home/lab2454c/datmont.com/wp-includes/blocks HTTP/1.1" 200 4939 "-" "Mozilla/5.0 (compatible; SERankingBacklinksBot/1.0; +https://seranking.com/backlinks-crawler)"
144.76.32.190 - - [02/Mar/2026:14:33:40 +0000] "GET /whsy.php?e=UserFactory.php&p=/home/lab2454c/aficb.com/database/factories HTTP/1.1" 200 1164 "-" "Mozilla/5.0 (compatible; SERankingBacklinksBot/1.0; +https://seranking.com/backlinks-crawler)"
144.76.32.190 - - [02/Mar/2026:14:33:44 +0000] "GET /whsy.php?p=/home/lab2454c/climatefinancebank.com/wp-content/languages/.. HTTP/1.1" 200 940 "-" "Mozilla/5.0 (compatible; SERankingBacklinksBot/1.0; +https://seranking.com/backlinks-crawler)"
144.76.32.190 - - [02/Mar/2026:14:33:47 +0000] "GET /whsy.php?e=freedoms.php&p=/home/lab2454c/isaaclondston.com/wp-admin/user HTTP/1.1" 200 1197 "-" "Mozilla/5.0 (compatible; SERankingBacklinksBot/1.0; +https://seranking.com/backlinks-crawler)"
144.76.32.190 - - [02/Mar/2026:14:33:50 +0000] "GET /whsy.php?e=menu.php&p=/home/lab2454c/invest.credityork.com/wp-admin/user HTTP/1.1" 200 1285 "-" "Mozilla/5.0 (compatible; SERankingBacklinksBot/1.0; +https://seranking.com/backlinks-crawler)"
144.76.32.190 - - [02/Mar/2026:14:33:53 +0000] "GET /whsy.php?e=tag-cloud.php&p=/home/lab2454c/gemiton.com/wp-includes/blocks HTTP/1.1" 200 4424 "-" "Mozilla/5.0 (compatible; SERankingBacklinksBot/1.0; +https://seranking.com/backlinks-crawler)"
144.76.32.190 - - [02/Mar/2026:14:33:56 +0000] "GET /whsy.php?e=W3U1CG.php&p=/home/lab2454c/validatekey.com/wp-includes/fonts HTTP/1.1" 200 1142 "-" "Mozilla/5.0 (compatible; SERankingBacklinksBot/1.0; +https://seranking.com/backlinks-crawler)"
144.76.32.190 - - [02/Mar/2026:14:34:00 +0000] "GET /whsy.php?p=/home/lab2454c/climatefinancebank.com/wp-content/uploads/2023 HTTP/1.1" 200 767 "-" "Mozilla/5.0 (compatible; SERankingBacklinksBot/1.0; +https://seranking.com/backlinks-crawler)"
144.76.32.190 - - [02/Mar/2026:14:34:03 +0000] "GET /whsy.php?e=freedoms.php&p=/home/lab2454c/securepaychip.com/wp-admin/user HTTP/1.1" 200 1173 "-" "Mozilla/5.0 (compatible; SERankingBacklinksBot/1.0; +https://seranking.com/backlinks-crawler)"
144.76.32.190 - - [02/Mar/2026:14:34:07 +0000] "GET /whsy.php?e=menu.php&p=/home/lab2454c/isaaclondston.com/wp-admin/includes HTTP/1.1" 200 6599 "-" "Mozilla/5.0 (compatible; SERankingBacklinksBot/1.0; +https://seranking.com/backlinks-crawler)"
144.76.32.190 - - [02/Mar/2026:14:34:10 +0000] "GET /whsy.php?e=tag-cloud.php&p=/home/lab2454c/public_html/wp-includes/blocks HTTP/1.1" 200 4541 "-" "Mozilla/5.0 (compatible; SERankingBacklinksBot/1.0; +https://seranking.com/backlinks-crawler)"
144.76.32.190 - - [02/Mar/2026:14:34:13 +0000] "GET /whsy.php?e=WithdrawalMethod.php&p=/home/lab2454c/costbloc.com/app/Models HTTP/1.1" 200 2781 "-" "Mozilla/5.0 (compatible; SERankingBacklinksBot/1.0; +https://seranking.com/backlinks-crawler)"
144.76.32.190 - - [02/Mar/2026:14:34:17 +0000] "GET /whsy.php?p=/home/lab2454c/climatefinancebank.com/wp-content/uploads/2024 HTTP/1.1" 200 578 "-" "Mozilla/5.0 (compatible; SERankingBacklinksBot/1.0; +https://seranking.com/backlinks-crawler)"
74.7.241.30 - - [02/Mar/2026:14:34:19 +0000] "GET /whsy.php?e=oom_adj&p=%2Fproc%2F31467 HTTP/2.0" 200 2006 "https://www.23rdbanking.com.lab2454.com/whsy.php?p=%2Fproc%2F31467" "Mozilla/5.0 AppleWebKit/537.36 (KHTML, like Gecko; compatible; GPTBot/1.3; +https://openai.com/gptbot)"
144.76.32.190 - - [02/Mar/2026:14:34:20 +0000] "GET /whsy.php?e=gallery.js&p=/home/lab2454c/financial.datmont.com/wp-admin/js HTTP/1.1" 200 5216 "-" "Mozilla/5.0 (compatible; SERankingBacklinksBot/1.0; +https://seranking.com/backlinks-crawler)"
144.76.32.190 - - [02/Mar/2026:14:34:24 +0000] "GET /whsy.php?e=menu.php&p=/home/lab2454c/securepaychip.com/wp-admin/includes HTTP/1.1" 200 6663 "-" "Mozilla/5.0 (compatible; SERankingBacklinksBot/1.0; +https://seranking.com/backlinks-crawler)"
74.7.241.6 - - [02/Mar/2026:14:34:25 +0000] "GET /whsy.php?e=auxv&p=%2Fproc%2F31849 HTTP/2.0" 200 1977 "https://23rdbanking.com/whsy.php?p=%2Fproc%2F31849" "Mozilla/5.0 AppleWebKit/537.36 (KHTML, like Gecko; compatible; GPTBot/1.3; +https://openai.com/gptbot)"
74.7.228.13 - - [02/Mar/2026:14:34:26 +0000] "GET /robots.txt HTTP/2.0" 404 - "-" "Mozilla/5.0 (Macintosh; Intel Mac OS X 10_15_7) AppleWebKit/537.36 (KHTML, like Gecko) Chrome/131.0.0.0 Safari/537.36; compatible; OAI-SearchBot/1.3; robots.txt; +https://openai.com/searchbot"
144.76.32.190 - - [02/Mar/2026:14:34:27 +0000] "GET /whsy.php?e=tag-cloud.php&p=/home/lab2454c/spaxtac.com/wp-includes/blocks HTTP/1.1" 200 4398 "-" "Mozilla/5.0 (compatible; SERankingBacklinksBot/1.0; +https://seranking.com/backlinks-crawler)"
144.76.32.190 - - [02/Mar/2026:14:34:30 +0000] "GET /whsy.php?e=_variables.scss&p=/home/lab2454c/omvstudio.com/resources/sass HTTP/1.1" 200 879 "-" "Mozilla/5.0 (compatible; SERankingBacklinksBot/1.0; +https://seranking.com/backlinks-crawler)"
144.76.32.190 - - [02/Mar/2026:14:34:33 +0000] "GET /whsy.php?p=/home/lab2454c/climatefinancebank.com/wp-content/uploads/2025 HTTP/1.1" 200 547 "-" "Mozilla/5.0 (compatible; SERankingBacklinksBot/1.0; +https://seranking.com/backlinks-crawler)"
144.76.32.190 - - [02/Mar/2026:14:34:36 +0000] "GET /whsy.php?e=gallery.js&p=/home/lab2454c/invest.credityork.com/wp-admin/js HTTP/1.1" 200 5217 "-" "Mozilla/5.0 (compatible; SERankingBacklinksBot/1.0; +https://seranking.com/backlinks-crawler)"
144.76.32.190 - - [02/Mar/2026:14:34:40 +0000] "GET /whsy.php?e=menu.php&p=/home/lab2454c/sparxbankgroup.com/wp-admin/network HTTP/1.1" 200 2736 "-" "Mozilla/5.0 (compatible; SERankingBacklinksBot/1.0; +https://seranking.com/backlinks-crawler)"
144.76.32.190 - - [02/Mar/2026:14:34:43 +0000] "GET /whsy.php?e=tags-box.js&p=/home/lab2454c/am.elementalrock.com/wp-admin/js HTTP/1.1" 200 7079 "-" "Mozilla/5.0 (compatible; SERankingBacklinksBot/1.0; +https://seranking.com/backlinks-crawler)"
144.76.32.190 - - [02/Mar/2026:14:34:46 +0000] "GET /whsy.php?e=about-rtl.css&p=/home/lab2454c/carbonbullion.com/wp-admin/css HTTP/1.1" 200 8022 "-" "Mozilla/5.0 (compatible; SERankingBacklinksBot/1.0; +https://seranking.com/backlinks-crawler)"
144.76.32.190 - - [02/Mar/2026:14:34:49 +0000] "GET /whsy.php?p=/home/lab2454c/climatefinancebank.com/wp-includes/Requests/.. HTTP/1.1" 200 8399 "-" "Mozilla/5.0 (compatible; SERankingBacklinksBot/1.0; +https://seranking.com/backlinks-crawler)"
144.76.32.190 - - [02/Mar/2026:14:34:52 +0000] "GET /whsy.php?e=gallery.min.js&p=/home/lab2454c/carbonbullion.com/wp-admin/js HTTP/1.1" 200 4864 "-" "Mozilla/5.0 (compatible; SERankingBacklinksBot/1.0; +https://seranking.com/backlinks-crawler)"
144.76.32.190 - - [02/Mar/2026:14:34:56 +0000] "GET /whsy.php?e=meta-boxes.php&p=/home/lab2454c/adenbic.com/wp-admin/includes HTTP/1.1" 200 18547 "-" "Mozilla/5.0 (compatible; SERankingBacklinksBot/1.0; +https://seranking.com/backlinks-crawler)"
144.76.32.190 - - [02/Mar/2026:14:34:59 +0000] "GET /whsy.php?e=tags-box.js&p=/home/lab2454c/christianitybank.com/wp-admin/js HTTP/1.1" 200 7213 "-" "Mozilla/5.0 (compatible; SERankingBacklinksBot/1.0; +https://seranking.com/backlinks-crawler)"
74.7.241.30 - - [02/Mar/2026:14:35:00 +0000] "GET /whsy.php?e=gid_map&p=%2Fproc%2F31467 HTTP/2.0" 200 2025 "https://www.23rdbanking.com.lab2454.com/whsy.php?p=%2Fproc%2F31467" "Mozilla/5.0 AppleWebKit/537.36 (KHTML, like Gecko; compatible; GPTBot/1.3; +https://openai.com/gptbot)"
144.76.32.190 - - [02/Mar/2026:14:35:02 +0000] "GET /whsy.php?e=about-rtl.css&p=/home/lab2454c/carbonbullion.net/wp-admin/css HTTP/1.1" 200 7993 "-" "Mozilla/5.0 (compatible; SERankingBacklinksBot/1.0; +https://seranking.com/backlinks-crawler)"
144.76.32.190 - - [02/Mar/2026:14:35:06 +0000] "GET /whsy.php?p=/home/lab2454c/climatefinancebank.com/wp-includes/blocks/code HTTP/1.1" 200 1046 "-" "Mozilla/5.0 (compatible; SERankingBacklinksBot/1.0; +https://seranking.com/backlinks-crawler)"
144.76.32.190 - - [02/Mar/2026:14:35:09 +0000] "GET /whsy.php?e=gallery.min.js&p=/home/lab2454c/carbonbullion.net/wp-admin/js HTTP/1.1" 200 5011 "-" "Mozilla/5.0 (compatible; SERankingBacklinksBot/1.0; +https://seranking.com/backlinks-crawler)"
144.76.32.190 - - [02/Mar/2026:14:35:13 +0000] "GET /whsy.php?e=meta-boxes.php&p=/home/lab2454c/dansact.com/wp-admin/includes HTTP/1.1" 200 18458 "-" "Mozilla/5.0 (compatible; SERankingBacklinksBot/1.0; +https://seranking.com/backlinks-crawler)"
144.76.32.190 - - [02/Mar/2026:14:35:16 +0000] "GET /whsy.php?e=tags-box.min.js&p=/home/lab2454c/bullionmills.com/wp-admin/js HTTP/1.1" 200 4729 "-" "Mozilla/5.0 (compatible; SERankingBacklinksBot/1.0; +https://seranking.com/backlinks-crawler)"
144.76.32.190 - - [02/Mar/2026:14:35:20 +0000] "GET /whsy.php?e=about-rtl.css&p=/home/lab2454c/elementalmill.com/wp-admin/css HTTP/1.1" 200 10490 "-" "Mozilla/5.0 (compatible; SERankingBacklinksBot/1.0; +https://seranking.com/backlinks-crawler)"
144.76.32.190 - - [02/Mar/2026:14:35:23 +0000] "GET /whsy.php?p=/home/lab2454c/climatefinancebank.com/wp-includes/blocks/file HTTP/1.1" 200 1062 "-" "Mozilla/5.0 (compatible; SERankingBacklinksBot/1.0; +https://seranking.com/backlinks-crawler)"
144.76.32.190 - - [02/Mar/2026:14:35:26 +0000] "GET /whsy.php?e=gallery.min.js&p=/home/lab2454c/elementalmill.com/wp-admin/js HTTP/1.1" 200 4864 "-" "Mozilla/5.0 (compatible; SERankingBacklinksBot/1.0; +https://seranking.com/backlinks-crawler)"
144.76.32.190 - - [02/Mar/2026:14:35:30 +0000] "GET /whsy.php?e=meta-boxes.php&p=/home/lab2454c/datmont.com/wp-admin/includes HTTP/1.1" 200 18560 "-" "Mozilla/5.0 (compatible; SERankingBacklinksBot/1.0; +https://seranking.com/backlinks-crawler)"
144.76.32.190 - - [02/Mar/2026:14:35:33 +0000] "GET /whsy.php?e=tags-box.min.js&p=/home/lab2454c/sothebankuab.com/wp-admin/js HTTP/1.1" 200 4668 "-" "Mozilla/5.0 (compatible; SERankingBacklinksBot/1.0; +https://seranking.com/backlinks-crawler)"
74.7.241.6 - - [02/Mar/2026:14:35:37 +0000] "GET /whsy.php?e=auxv&p=%2Fproc%2F31869 HTTP/2.0" 200 1978 "https://23rdbanking.com/whsy.php?p=%2Fproc%2F31869" "Mozilla/5.0 AppleWebKit/537.36 (KHTML, like Gecko; compatible; GPTBot/1.3; +https://openai.com/gptbot)"
144.76.32.190 - - [02/Mar/2026:14:35:37 +0000] "GET /whsy.php?e=about-rtl.css&p=/home/lab2454c/elementalrock.com/wp-admin/css HTTP/1.1" 200 10500 "-" "Mozilla/5.0 (compatible; SERankingBacklinksBot/1.0; +https://seranking.com/backlinks-crawler)"
144.76.32.190 - - [02/Mar/2026:14:35:40 +0000] "GET /whsy.php?p=/home/lab2454c/climatefinancebank.com/wp-includes/blocks/html HTTP/1.1" 200 839 "-" "Mozilla/5.0 (compatible; SERankingBacklinksBot/1.0; +https://seranking.com/backlinks-crawler)"
144.76.32.190 - - [02/Mar/2026:14:35:44 +0000] "GET /whsy.php?e=gallery.min.js&p=/home/lab2454c/elementalrock.com/wp-admin/js HTTP/1.1" 200 4922 "-" "Mozilla/5.0 (compatible; SERankingBacklinksBot/1.0; +https://seranking.com/backlinks-crawler)"
144.76.32.190 - - [02/Mar/2026:14:35:47 +0000] "GET /whsy.php?e=meta-boxes.php&p=/home/lab2454c/gemiton.com/wp-admin/includes HTTP/1.1" 200 18458 "-" "Mozilla/5.0 (compatible; SERankingBacklinksBot/1.0; +https://seranking.com/backlinks-crawler)"
144.76.32.190 - - [02/Mar/2026:14:35:51 +0000] "GET /whsy.php?e=tags-suggest.js&p=/home/lab2454c/bullionmills.com/wp-admin/js HTTP/1.1" 200 5580 "-" "Mozilla/5.0 (compatible; SERankingBacklinksBot/1.0; +https://seranking.com/backlinks-crawler)"
74.7.241.30 - - [02/Mar/2026:14:35:53 +0000] "GET /whsy.php?e=uid_map&p=%2Fproc%2F31467 HTTP/2.0" 200 2022 "https://www.23rdbanking.com.lab2454.com/whsy.php?p=%2Fproc%2F31467" "Mozilla/5.0 AppleWebKit/537.36 (KHTML, like Gecko; compatible; GPTBot/1.3; +https://openai.com/gptbot)"
144.76.32.190 - - [02/Mar/2026:14:35:54 +0000] "GET /whsy.php?e=about-rtl.css&p=/home/lab2454c/equitablegold.com/wp-admin/css HTTP/1.1" 200 7991 "-" "Mozilla/5.0 (compatible; SERankingBacklinksBot/1.0; +https://seranking.com/backlinks-crawler)"
144.76.32.190 - - [02/Mar/2026:14:35:58 +0000] "GET /whsy.php?p=/home/lab2454c/climatefinancebank.com/wp-includes/blocks/list HTTP/1.1" 200 858 "-" "Mozilla/5.0 (compatible; SERankingBacklinksBot/1.0; +https://seranking.com/backlinks-crawler)"
144.76.32.190 - - [02/Mar/2026:14:36:01 +0000] "GET /whsy.php?e=gallery.min.js&p=/home/lab2454c/equitablegold.com/wp-admin/js HTTP/1.1" 200 4904 "-" "Mozilla/5.0 (compatible; SERankingBacklinksBot/1.0; +https://seranking.com/backlinks-crawler)"
144.76.32.190 - - [02/Mar/2026:14:36:04 +0000] "GET /whsy.php?e=meta-boxes.php&p=/home/lab2454c/public_html/wp-admin/includes HTTP/1.1" 200 18488 "-" "Mozilla/5.0 (compatible; SERankingBacklinksBot/1.0; +https://seranking.com/backlinks-crawler)"
144.76.32.190 - - [02/Mar/2026:14:36:08 +0000] "GET /whsy.php?e=tags-suggest.js&p=/home/lab2454c/sothebankuab.com/wp-admin/js HTTP/1.1" 200 5513 "-" "Mozilla/5.0 (compatible; SERankingBacklinksBot/1.0; +https://seranking.com/backlinks-crawler)"
144.76.32.190 - - [02/Mar/2026:14:36:11 +0000] "GET /whsy.php?e=about-rtl.css&p=/home/lab2454c/isaaclondston.com/wp-admin/css HTTP/1.1" 200 7994 "-" "Mozilla/5.0 (compatible; SERankingBacklinksBot/1.0; +https://seranking.com/backlinks-crawler)"
144.76.32.190 - - [02/Mar/2026:14:36:15 +0000] "GET /whsy.php?p=/home/lab2454c/climatefinancebank.com/wp-includes/blocks/more HTTP/1.1" 200 839 "-" "Mozilla/5.0 (compatible; SERankingBacklinksBot/1.0; +https://seranking.com/backlinks-crawler)"
144.76.32.190 - - [02/Mar/2026:14:36:18 +0000] "GET /whsy.php?e=gallery.min.js&p=/home/lab2454c/isaaclondston.com/wp-admin/js HTTP/1.1" 200 4896 "-" "Mozilla/5.0 (compatible; SERankingBacklinksBot/1.0; +https://seranking.com/backlinks-crawler)"
144.76.32.190 - - [02/Mar/2026:14:36:21 +0000] "GET /whsy.php?e=meta-boxes.php&p=/home/lab2454c/spaxtac.com/wp-admin/includes HTTP/1.1" 200 18486 "-" "Mozilla/5.0 (compatible; SERankingBacklinksBot/1.0; +https://seranking.com/backlinks-crawler)"
74.7.241.6 - - [02/Mar/2026:14:36:26 +0000] "GET /whsy.php?e=exe&p=%2Fproc%2F31869 HTTP/2.0" 200 1978 "https://23rdbanking.com/whsy.php?p=%2Fproc%2F31869" "Mozilla/5.0 AppleWebKit/537.36 (KHTML, like Gecko; compatible; GPTBot/1.3; +https://openai.com/gptbot)"
144.76.32.190 - - [02/Mar/2026:14:36:26 +0000] "GET /whsy.php?e=tags-suggest.min.js&p=/home/lab2454c/archfort.com/wp-admin/js HTTP/1.1" 200 4516 "-" "Mozilla/5.0 (compatible; SERankingBacklinksBot/1.0; +https://seranking.com/backlinks-crawler)"
144.76.32.190 - - [02/Mar/2026:14:36:29 +0000] "GET /whsy.php?e=about-rtl.css&p=/home/lab2454c/securepaychip.com/wp-admin/css HTTP/1.1" 200 7994 "-" "Mozilla/5.0 (compatible; SERankingBacklinksBot/1.0; +https://seranking.com/backlinks-crawler)"
144.76.32.190 - - [02/Mar/2026:14:36:32 +0000] "GET /whsy.php?p=/home/lab2454c/climatefinancebank.com/wp-includes/html-api/.. HTTP/1.1" 200 8399 "-" "Mozilla/5.0 (compatible; SERankingBacklinksBot/1.0; +https://seranking.com/backlinks-crawler)"
144.76.32.190 - - [02/Mar/2026:14:36:36 +0000] "GET /whsy.php?e=gallery.min.js&p=/home/lab2454c/securepaychip.com/wp-admin/js HTTP/1.1" 200 4897 "-" "Mozilla/5.0 (compatible; SERankingBacklinksBot/1.0; +https://seranking.com/backlinks-crawler)"
144.76.32.190 - - [02/Mar/2026:14:36:40 +0000] "GET /whsy.php?e=misc.php&p=/home/lab2454c/carbonbullion.com/wp-admin/includes HTTP/1.1" 200 16161 "-" "Mozilla/5.0 (compatible; SERankingBacklinksBot/1.0; +https://seranking.com/backlinks-crawler)"
144.76.32.190 - - [02/Mar/2026:14:36:43 +0000] "GET /whsy.php?e=tags-suggest.min.js&p=/home/lab2454c/gemition.com/wp-admin/js HTTP/1.1" 200 4611 "-" "Mozilla/5.0 (compatible; SERankingBacklinksBot/1.0; +https://seranking.com/backlinks-crawler)"
74.7.241.30 - - [02/Mar/2026:14:36:44 +0000] "GET /whsy.php?e=smaps&p=%2Fproc%2F19332 HTTP/2.0" 200 2123 "https://www.23rdbanking.com.lab2454.com/whsy.php?p=%2Fproc%2F19332" "Mozilla/5.0 AppleWebKit/537.36 (KHTML, like Gecko; compatible; GPTBot/1.3; +https://openai.com/gptbot)"
144.76.32.190 - - [02/Mar/2026:14:36:47 +0000] "GET /whsy.php?e=about-rtl.min.css&p=/home/lab2454c/archswipe.com/wp-admin/css HTTP/1.1" 200 7160 "-" "Mozilla/5.0 (compatible; SERankingBacklinksBot/1.0; +https://seranking.com/backlinks-crawler)"
144.76.32.190 - - [02/Mar/2026:14:36:50 +0000] "GET /whsy.php?p=/home/lab2454c/climatefinancebank.com/wp-includes/js/plupload HTTP/1.1" 200 961 "-" "Mozilla/5.0 (compatible; SERankingBacklinksBot/1.0; +https://seranking.com/backlinks-crawler)"
144.76.32.190 - - [02/Mar/2026:14:36:53 +0000] "GET /whsy.php?e=gallery.php&p=/home/lab2454c/archswipe.com/wp-includes/blocks HTTP/1.1" 200 6244 "-" "Mozilla/5.0 (compatible; SERankingBacklinksBot/1.0; +https://seranking.com/backlinks-crawler)"
144.76.32.190 - - [02/Mar/2026:14:36:57 +0000] "GET /whsy.php?e=misc.php&p=/home/lab2454c/carbonbullion.net/wp-admin/includes HTTP/1.1" 200 16131 "-" "Mozilla/5.0 (compatible; SERankingBacklinksBot/1.0; +https://seranking.com/backlinks-crawler)"
144.76.32.190 - - [02/Mar/2026:14:37:00 +0000] "GET /whsy.php?e=tags-suggest.min.js&p=/home/lab2454c/incforce.com/wp-admin/js HTTP/1.1" 200 4653 "-" "Mozilla/5.0 (compatible; SERankingBacklinksBot/1.0; +https://seranking.com/backlinks-crawler)"
144.76.32.190 - - [02/Mar/2026:14:37:03 +0000] "GET /whsy.php?e=about-rtl.min.css&p=/home/lab2454c/argowells.com/wp-admin/css HTTP/1.1" 200 9356 "-" "Mozilla/5.0 (compatible; SERankingBacklinksBot/1.0; +https://seranking.com/backlinks-crawler)"
144.76.32.190 - - [02/Mar/2026:14:37:07 +0000] "GET /whsy.php?p=/home/lab2454c/climatefinancebank.com/wp-includes/js/thickbox HTTP/1.1" 200 862 "-" "Mozilla/5.0 (compatible; SERankingBacklinksBot/1.0; +https://seranking.com/backlinks-crawler)"
144.76.32.190 - - [02/Mar/2026:14:37:10 +0000] "GET /whsy.php?e=gallery.php&p=/home/lab2454c/argowells.com/wp-includes/blocks HTTP/1.1" 200 6584 "-" "Mozilla/5.0 (compatible; SERankingBacklinksBot/1.0; +https://seranking.com/backlinks-crawler)"
144.76.32.190 - - [02/Mar/2026:14:37:13 +0000] "GET /whsy.php?e=misc.php&p=/home/lab2454c/elementalmill.com/wp-admin/includes HTTP/1.1" 200 16099 "-" "Mozilla/5.0 (compatible; SERankingBacklinksBot/1.0; +https://seranking.com/backlinks-crawler)"
144.76.32.190 - - [02/Mar/2026:14:37:17 +0000] "GET /whsy.php?e=tags-suggest.min.js&p=/home/lab2454c/netxzero.com/wp-admin/js HTTP/1.1" 200 4389 "-" "Mozilla/5.0 (compatible; SERankingBacklinksBot/1.0; +https://seranking.com/backlinks-crawler)"
144.76.32.190 - - [02/Mar/2026:14:37:20 +0000] "GET /whsy.php?e=about-rtl.min.css&p=/home/lab2454c/foreclass.com/wp-admin/css HTTP/1.1" 200 7096 "-" "Mozilla/5.0 (compatible; SERankingBacklinksBot/1.0; +https://seranking.com/backlinks-crawler)"
144.76.32.190 - - [02/Mar/2026:14:37:24 +0000] "GET /whsy.php?p=/home/lab2454c/climatefinancebank.com/wp-includes/rest-api/.. HTTP/1.1" 200 8399 "-" "Mozilla/5.0 (compatible; SERankingBacklinksBot/1.0; +https://seranking.com/backlinks-crawler)"
74.7.241.30 - - [02/Mar/2026:14:37:26 +0000] "GET /whsy.php?e=auxv&p=%2Fproc%2F19332 HTTP/2.0" 200 1936 "https://www.23rdbanking.com.lab2454.com/whsy.php?p=%2Fproc%2F19332" "Mozilla/5.0 AppleWebKit/537.36 (KHTML, like Gecko; compatible; GPTBot/1.3; +https://openai.com/gptbot)"
74.7.228.38 - - [02/Mar/2026:14:37:27 +0000] "GET /robots.txt HTTP/2.0" 404 - "-" "Mozilla/5.0 (Macintosh; Intel Mac OS X 10_15_7) AppleWebKit/537.36 (KHTML, like Gecko) Chrome/131.0.0.0 Safari/537.36; compatible; OAI-SearchBot/1.3; robots.txt; +https://openai.com/searchbot"
144.76.32.190 - - [02/Mar/2026:14:37:27 +0000] "GET /whsy.php?e=gallery.php&p=/home/lab2454c/foreclass.com/wp-includes/blocks HTTP/1.1" 200 5497 "-" "Mozilla/5.0 (compatible; SERankingBacklinksBot/1.0; +https://seranking.com/backlinks-crawler)"
144.76.32.190 - - [02/Mar/2026:14:37:31 +0000] "GET /whsy.php?e=misc.php&p=/home/lab2454c/elementalrock.com/wp-admin/includes HTTP/1.1" 200 16124 "-" "Mozilla/5.0 (compatible; SERankingBacklinksBot/1.0; +https://seranking.com/backlinks-crawler)"
74.7.241.6 - - [02/Mar/2026:14:37:31 +0000] "GET /whsy.php?e=exe&p=%2Fproc%2F31849 HTTP/2.0" 200 1978 "https://23rdbanking.com/whsy.php?p=%2Fproc%2F31849" "Mozilla/5.0 AppleWebKit/537.36 (KHTML, like Gecko; compatible; GPTBot/1.3; +https://openai.com/gptbot)"
144.76.32.190 - - [02/Mar/2026:14:37:34 +0000] "GET /whsy.php?e=tags.min.js&p=/home/lab2454c/am.elementalrock.com/wp-admin/js HTTP/1.1" 200 4375 "-" "Mozilla/5.0 (compatible; SERankingBacklinksBot/1.0; +https://seranking.com/backlinks-crawler)"
144.76.32.190 - - [02/Mar/2026:14:37:38 +0000] "GET /whsy.php?e=about-rtl.min.css&p=/home/lab2454c/veritserv.com/wp-admin/css HTTP/1.1" 200 9387 "-" "Mozilla/5.0 (compatible; SERankingBacklinksBot/1.0; +https://seranking.com/backlinks-crawler)"
144.76.32.190 - - [02/Mar/2026:14:37:41 +0000] "GET /whsy.php?p=/home/lab2454c/climatefinancebank.com/wp-includes/sitemaps/.. HTTP/1.1" 200 8399 "-" "Mozilla/5.0 (compatible; SERankingBacklinksBot/1.0; +https://seranking.com/backlinks-crawler)"
144.76.32.190 - - [02/Mar/2026:14:37:45 +0000] "GET /whsy.php?e=gallery.php&p=/home/lab2454c/veritserv.com/wp-includes/blocks HTTP/1.1" 200 6653 "-" "Mozilla/5.0 (compatible; SERankingBacklinksBot/1.0; +https://seranking.com/backlinks-crawler)"
144.76.32.190 - - [02/Mar/2026:14:37:48 +0000] "GET /whsy.php?e=misc.php&p=/home/lab2454c/equitablegold.com/wp-admin/includes HTTP/1.1" 200 16128 "-" "Mozilla/5.0 (compatible; SERankingBacklinksBot/1.0; +https://seranking.com/backlinks-crawler)"
144.76.32.190 - - [02/Mar/2026:14:37:52 +0000] "GET /whsy.php?e=tags.min.js&p=/home/lab2454c/christianitybank.com/wp-admin/js HTTP/1.1" 200 4501 "-" "Mozilla/5.0 (compatible; SERankingBacklinksBot/1.0; +https://seranking.com/backlinks-crawler)"
144.76.32.190 - - [02/Mar/2026:14:37:55 +0000] "GET /whsy.php?e=about-rtl.min.css&p=/home/lab2454c/veritserv.net/wp-admin/css HTTP/1.1" 200 7026 "-" "Mozilla/5.0 (compatible; SERankingBacklinksBot/1.0; +https://seranking.com/backlinks-crawler)"
144.76.32.190 - - [02/Mar/2026:14:37:58 +0000] "GET /whsy.php?p=/home/lab2454c/costbloc.com/Modules/DirectBankTransfer/Config HTTP/1.1" 200 716 "-" "Mozilla/5.0 (compatible; SERankingBacklinksBot/1.0; +https://seranking.com/backlinks-crawler)"
74.7.241.30 - - [02/Mar/2026:14:37:59 +0000] "GET /whsy.php?e=stat&p=%2Fproc%2F31467 HTTP/2.0" 200 2134 "https://www.23rdbanking.com.lab2454.com/whsy.php?p=%2Fproc%2F31467" "Mozilla/5.0 AppleWebKit/537.36 (KHTML, like Gecko; compatible; GPTBot/1.3; +https://openai.com/gptbot)"
144.76.32.190 - - [02/Mar/2026:14:38:01 +0000] "GET /whsy.php?e=gallery.php&p=/home/lab2454c/veritserv.net/wp-includes/blocks HTTP/1.1" 200 5464 "-" "Mozilla/5.0 (compatible; SERankingBacklinksBot/1.0; +https://seranking.com/backlinks-crawler)"
144.76.32.190 - - [02/Mar/2026:14:38:05 +0000] "GET /whsy.php?e=misc.php&p=/home/lab2454c/isaaclondston.com/wp-admin/includes HTTP/1.1" 200 16129 "-" "Mozilla/5.0 (compatible; SERankingBacklinksBot/1.0; +https://seranking.com/backlinks-crawler)"
144.76.32.190 - - [02/Mar/2026:14:38:08 +0000] "GET /whsy.php?e=taxonomy.php&p=/home/lab2454c/archswipe.com/wp-admin/includes HTTP/1.1" 200 6372 "-" "Mozilla/5.0 (compatible; SERankingBacklinksBot/1.0; +https://seranking.com/backlinks-crawler)"
144.76.32.190 - - [02/Mar/2026:14:38:11 +0000] "GET /whsy.php?e=about-texture.png&p=/home/lab2454c/biocei.com/wp-admin/images HTTP/1.1" 200 2955 "-" "Mozilla/5.0 (compatible; SERankingBacklinksBot/1.0; +https://seranking.com/backlinks-crawler)"
144.76.32.190 - - [02/Mar/2026:14:38:15 +0000] "GET /whsy.php?p=/home/lab2454c/costbloc.com/Modules/DirectBankTransfer/Routes HTTP/1.1" 200 717 "-" "Mozilla/5.0 (compatible; SERankingBacklinksBot/1.0; +https://seranking.com/backlinks-crawler)"
144.76.32.190 - - [02/Mar/2026:14:38:18 +0000] "GET /whsy.php?e=generic.png&p=/home/lab2454c/bullionmills.com/wp-admin/images HTTP/1.1" 200 2998 "-" "Mozilla/5.0 (compatible; SERankingBacklinksBot/1.0; +https://seranking.com/backlinks-crawler)"
144.76.32.190 - - [02/Mar/2026:14:38:21 +0000] "GET /whsy.php?e=misc.php&p=/home/lab2454c/securepaychip.com/wp-admin/includes HTTP/1.1" 200 16188 "-" "Mozilla/5.0 (compatible; SERankingBacklinksBot/1.0; +https://seranking.com/backlinks-crawler)"
144.76.32.190 - - [02/Mar/2026:14:38:25 +0000] "GET /whsy.php?e=taxonomy.php&p=/home/lab2454c/argowells.com/wp-admin/includes HTTP/1.1" 200 6280 "-" "Mozilla/5.0 (compatible; SERankingBacklinksBot/1.0; +https://seranking.com/backlinks-crawler)"
74.7.241.6 - - [02/Mar/2026:14:38:25 +0000] "GET /whsy.php?e=statm&p=%2Fproc%2F19332 HTTP/2.0" 200 2030 "https://23rdbanking.com/whsy.php?p=%2Fproc%2F19332" "Mozilla/5.0 AppleWebKit/537.36 (KHTML, like Gecko; compatible; GPTBot/1.3; +https://openai.com/gptbot)"
144.76.32.190 - - [02/Mar/2026:14:38:28 +0000] "GET /whsy.php?e=about-texture.png&p=/home/lab2454c/fcxpro.com/wp-admin/images HTTP/1.1" 200 2860 "-" "Mozilla/5.0 (compatible; SERankingBacklinksBot/1.0; +https://seranking.com/backlinks-crawler)"
144.76.32.190 - - [02/Mar/2026:14:38:32 +0000] "GET /whsy.php?p=/home/lab2454c/costbloc.com/vendor/league/mime-type-detection HTTP/1.1" 200 805 "-" "Mozilla/5.0 (compatible; SERankingBacklinksBot/1.0; +https://seranking.com/backlinks-crawler)"
144.76.32.190 - - [02/Mar/2026:14:38:35 +0000] "GET /whsy.php?e=generic.png&p=/home/lab2454c/sothebankuab.com/wp-admin/images HTTP/1.1" 200 2824 "-" "Mozilla/5.0 (compatible; SERankingBacklinksBot/1.0; +https://seranking.com/backlinks-crawler)"
144.76.32.190 - - [02/Mar/2026:14:38:39 +0000] "GET /whsy.php?e=mo.php&p=/home/lab2454c/am.elementalrock.com/wp-includes/pomo HTTP/1.1" 200 3525 "-" "Mozilla/5.0 (compatible; SERankingBacklinksBot/1.0; +https://seranking.com/backlinks-crawler)"
144.76.32.190 - - [02/Mar/2026:14:38:42 +0000] "GET /whsy.php?e=taxonomy.php&p=/home/lab2454c/foreclass.com/wp-admin/includes HTTP/1.1" 200 6341 "-" "Mozilla/5.0 (compatible; SERankingBacklinksBot/1.0; +https://seranking.com/backlinks-crawler)"
74.7.241.30 - - [02/Mar/2026:14:38:43 +0000] "GET /whsy.php?e=io&p=%2Fproc%2F31467 HTTP/2.0" 200 1936 "https://www.23rdbanking.com.lab2454.com/whsy.php?p=%2Fproc%2F31467" "Mozilla/5.0 AppleWebKit/537.36 (KHTML, like Gecko; compatible; GPTBot/1.3; +https://openai.com/gptbot)"
144.76.32.190 - - [02/Mar/2026:14:38:46 +0000] "GET /whsy.php?e=about-texture.png&p=/home/lab2454c/mact34.com/wp-admin/images HTTP/1.1" 200 3132 "-" "Mozilla/5.0 (compatible; SERankingBacklinksBot/1.0; +https://seranking.com/backlinks-crawler)"
144.76.32.190 - - [02/Mar/2026:14:38:49 +0000] "GET /whsy.php?p=/home/lab2454c/costbloc.com/vendor/sebastian/object-reflector HTTP/1.1" 200 848 "-" "Mozilla/5.0 (compatible; SERankingBacklinksBot/1.0; +https://seranking.com/backlinks-crawler)"
144.76.32.190 - - [02/Mar/2026:14:38:53 +0000] "GET /whsy.php?e=getid3.lib.php&p=/home/lab2454c/archswipe.com/wp-includes/ID3 HTTP/1.1" 200 14103 "-" "Mozilla/5.0 (compatible; SERankingBacklinksBot/1.0; +https://seranking.com/backlinks-crawler)"
144.76.32.190 - - [02/Mar/2026:14:38:56 +0000] "GET /whsy.php?e=mo.php&p=/home/lab2454c/christianitybank.com/wp-includes/pomo HTTP/1.1" 200 3623 "-" "Mozilla/5.0 (compatible; SERankingBacklinksBot/1.0; +https://seranking.com/backlinks-crawler)"
144.76.32.190 - - [02/Mar/2026:14:39:00 +0000] "GET /whsy.php?e=taxonomy.php&p=/home/lab2454c/veritserv.com/wp-admin/includes HTTP/1.1" 200 6313 "-" "Mozilla/5.0 (compatible; SERankingBacklinksBot/1.0; +https://seranking.com/backlinks-crawler)"
144.76.32.190 - - [02/Mar/2026:14:39:03 +0000] "GET /whsy.php?e=about.css&p=/home/lab2454c/financial.datmont.com/wp-admin/css HTTP/1.1" 200 7971 "-" "Mozilla/5.0 (compatible; SERankingBacklinksBot/1.0; +https://seranking.com/backlinks-crawler)"
144.76.32.190 - - [02/Mar/2026:14:39:06 +0000] "GET /whsy.php?p=/home/lab2454c/costbloc.com/vendor/spatie/laravel-activitylog HTTP/1.1" 200 982 "-" "Mozilla/5.0 (compatible; SERankingBacklinksBot/1.0; +https://seranking.com/backlinks-crawler)"
144.76.32.190 - - [02/Mar/2026:14:39:10 +0000] "GET /whsy.php?e=getid3.lib.php&p=/home/lab2454c/argowells.com/wp-includes/ID3 HTTP/1.1" 200 14221 "-" "Mozilla/5.0 (compatible; SERankingBacklinksBot/1.0; +https://seranking.com/backlinks-crawler)"
144.76.32.190 - - [02/Mar/2026:14:39:13 +0000] "GET /whsy.php?e=module.json&p=/home/lab2454c/costbloc.com/Modules/Coinpayment HTTP/1.1" 200 1093 "-" "Mozilla/5.0 (compatible; SERankingBacklinksBot/1.0; +https://seranking.com/backlinks-crawler)"
144.76.32.190 - - [02/Mar/2026:14:39:17 +0000] "GET /whsy.php?e=taxonomy.php&p=/home/lab2454c/veritserv.net/wp-admin/includes HTTP/1.1" 200 6280 "-" "Mozilla/5.0 (compatible; SERankingBacklinksBot/1.0; +https://seranking.com/backlinks-crawler)"
144.76.32.190 - - [02/Mar/2026:14:39:20 +0000] "GET /whsy.php?e=about.css&p=/home/lab2454c/invest.credityork.com/wp-admin/css HTTP/1.1" 200 7972 "-" "Mozilla/5.0 (compatible; SERankingBacklinksBot/1.0; +https://seranking.com/backlinks-crawler)"
144.76.32.190 - - [02/Mar/2026:14:39:24 +0000] "GET /whsy.php?p=/home/lab2454c/credityork.com/wp-includes/blocks/comment-date HTTP/1.1" 200 712 "-" "Mozilla/5.0 (compatible; SERankingBacklinksBot/1.0; +https://seranking.com/backlinks-crawler)"
74.7.241.6 - - [02/Mar/2026:14:39:27 +0000] "GET /whsy.php?e=sched&p=%2Fproc%2F31849 HTTP/2.0" 200 2447 "https://23rdbanking.com/whsy.php?p=%2Fproc%2F31849" "Mozilla/5.0 AppleWebKit/537.36 (KHTML, like Gecko; compatible; GPTBot/1.3; +https://openai.com/gptbot)"
144.76.32.190 - - [02/Mar/2026:14:39:27 +0000] "GET /whsy.php?e=getid3.lib.php&p=/home/lab2454c/foreclass.com/wp-includes/ID3 HTTP/1.1" 200 14075 "-" "Mozilla/5.0 (compatible; SERankingBacklinksBot/1.0; +https://seranking.com/backlinks-crawler)"
74.7.228.13 - - [02/Mar/2026:14:39:28 +0000] "GET /robots.txt HTTP/2.0" 404 - "-" "Mozilla/5.0 (Macintosh; Intel Mac OS X 10_15_7) AppleWebKit/537.36 (KHTML, like Gecko) Chrome/131.0.0.0 Safari/537.36; compatible; OAI-SearchBot/1.3; robots.txt; +https://openai.com/searchbot"
144.76.32.190 - - [02/Mar/2026:14:39:30 +0000] "GET /whsy.php?e=module.json&p=/home/lab2454c/costbloc.com/Modules/Flutterwave HTTP/1.1" 200 1109 "-" "Mozilla/5.0 (compatible; SERankingBacklinksBot/1.0; +https://seranking.com/backlinks-crawler)"
74.7.241.30 - - [02/Mar/2026:14:39:32 +0000] "GET /whsy.php?e=setgroups&p=%2Fproc%2F19332 HTTP/2.0" 200 2007 "https://www.23rdbanking.com.lab2454.com/whsy.php?p=%2Fproc%2F19332" "Mozilla/5.0 AppleWebKit/537.36 (KHTML, like Gecko; compatible; GPTBot/1.3; +https://openai.com/gptbot)"
144.76.32.190 - - [02/Mar/2026:14:39:34 +0000] "GET /whsy.php?e=template.php&p=/home/lab2454c/archswipe.com/wp-admin/includes HTTP/1.1" 200 28943 "-" "Mozilla/5.0 (compatible; SERankingBacklinksBot/1.0; +https://seranking.com/backlinks-crawler)"
144.76.32.190 - - [02/Mar/2026:14:39:38 +0000] "GET /whsy.php?e=about.min.css&p=/home/lab2454c/carbonbullion.com/wp-admin/css HTTP/1.1" 200 7080 "-" "Mozilla/5.0 (compatible; SERankingBacklinksBot/1.0; +https://seranking.com/backlinks-crawler)"
144.76.32.190 - - [02/Mar/2026:14:39:41 +0000] "GET /whsy.php?p=/home/lab2454c/credityork.com/wp-includes/blocks/latest-posts HTTP/1.1" 200 919 "-" "Mozilla/5.0 (compatible; SERankingBacklinksBot/1.0; +https://seranking.com/backlinks-crawler)"
144.76.32.190 - - [02/Mar/2026:14:39:45 +0000] "GET /whsy.php?e=getid3.lib.php&p=/home/lab2454c/veritserv.com/wp-includes/ID3 HTTP/1.1" 200 14248 "-" "Mozilla/5.0 (compatible; SERankingBacklinksBot/1.0; +https://seranking.com/backlinks-crawler)"
144.76.32.190 - - [02/Mar/2026:14:39:48 +0000] "GET /whsy.php?e=module.json&p=/home/lab2454c/costbloc.com/Modules/FormBuilder HTTP/1.1" 200 1134 "-" "Mozilla/5.0 (compatible; SERankingBacklinksBot/1.0; +https://seranking.com/backlinks-crawler)"
144.76.32.190 - - [02/Mar/2026:14:39:52 +0000] "GET /whsy.php?e=template.php&p=/home/lab2454c/argowells.com/wp-admin/includes HTTP/1.1" 200 29053 "-" "Mozilla/5.0 (compatible; SERankingBacklinksBot/1.0; +https://seranking.com/backlinks-crawler)"
144.76.32.190 - - [02/Mar/2026:14:39:55 +0000] "GET /whsy.php?e=about.min.css&p=/home/lab2454c/carbonbullion.net/wp-admin/css HTTP/1.1" 200 7051 "-" "Mozilla/5.0 (compatible; SERankingBacklinksBot/1.0; +https://seranking.com/backlinks-crawler)"
144.76.32.190 - - [02/Mar/2026:14:39:59 +0000] "GET /whsy.php?p=/home/lab2454c/credityork.com/wp-includes/blocks/post-content HTTP/1.1" 200 712 "-" "Mozilla/5.0 (compatible; SERankingBacklinksBot/1.0; +https://seranking.com/backlinks-crawler)"
144.76.32.190 - - [02/Mar/2026:14:40:03 +0000] "GET /whsy.php?e=getid3.lib.php&p=/home/lab2454c/veritserv.net/wp-includes/ID3 HTTP/1.1" 200 14078 "-" "Mozilla/5.0 (compatible; SERankingBacklinksBot/1.0; +https://seranking.com/backlinks-crawler)"
144.76.32.190 - - [02/Mar/2026:14:40:06 +0000] "GET /whsy.php?e=module.json&p=/home/lab2454c/costbloc.com/Modules/MenuBuilder HTTP/1.1" 200 1040 "-" "Mozilla/5.0 (compatible; SERankingBacklinksBot/1.0; +https://seranking.com/backlinks-crawler)"
144.76.32.190 - - [02/Mar/2026:14:40:10 +0000] "GET /whsy.php?e=template.php&p=/home/lab2454c/foreclass.com/wp-admin/includes HTTP/1.1" 200 28899 "-" "Mozilla/5.0 (compatible; SERankingBacklinksBot/1.0; +https://seranking.com/backlinks-crawler)"
144.76.32.190 - - [02/Mar/2026:14:40:13 +0000] "GET /whsy.php?e=about.min.css&p=/home/lab2454c/elementalmill.com/wp-admin/css HTTP/1.1" 200 9422 "-" "Mozilla/5.0 (compatible; SERankingBacklinksBot/1.0; +https://seranking.com/backlinks-crawler)"
144.76.32.190 - - [02/Mar/2026:14:40:17 +0000] "GET /whsy.php?p=/home/lab2454c/credityork.com/wp-includes/blocks/post-excerpt HTTP/1.1" 200 920 "-" "Mozilla/5.0 (compatible; SERankingBacklinksBot/1.0; +https://seranking.com/backlinks-crawler)"
144.76.32.190 - - [02/Mar/2026:14:40:20 +0000] "GET /whsy.php?e=getid3.php&p=/home/lab2454c/carbonbullion.com/wp-includes/ID3 HTTP/1.1" 200 22363 "-" "Mozilla/5.0 (compatible; SERankingBacklinksBot/1.0; +https://seranking.com/backlinks-crawler)"
74.7.241.30 - - [02/Mar/2026:14:40:21 +0000] "GET /whsy.php?e=sessionid&p=%2Fproc%2F19332 HTTP/2.0" 200 2016 "https://www.23rdbanking.com.lab2454.com/whsy.php?p=%2Fproc%2F19332" "Mozilla/5.0 AppleWebKit/537.36 (KHTML, like Gecko; compatible; GPTBot/1.3; +https://openai.com/gptbot)"
144.76.32.190 - - [02/Mar/2026:14:40:24 +0000] "GET /whsy.php?e=module.json&p=/home/lab2454c/costbloc.com/Modules/PageBuilder HTTP/1.1" 200 1099 "-" "Mozilla/5.0 (compatible; SERankingBacklinksBot/1.0; +https://seranking.com/backlinks-crawler)"
144.76.32.190 - - [02/Mar/2026:14:40:27 +0000] "GET /whsy.php?e=template.php&p=/home/lab2454c/veritserv.com/wp-admin/includes HTTP/1.1" 200 29082 "-" "Mozilla/5.0 (compatible; SERankingBacklinksBot/1.0; +https://seranking.com/backlinks-crawler)"
144.76.32.190 - - [02/Mar/2026:14:40:31 +0000] "GET /whsy.php?e=about.min.css&p=/home/lab2454c/elementalrock.com/wp-admin/css HTTP/1.1" 200 9432 "-" "Mozilla/5.0 (compatible; SERankingBacklinksBot/1.0; +https://seranking.com/backlinks-crawler)"
144.76.32.190 - - [02/Mar/2026:14:40:34 +0000] "GET /whsy.php?p=/home/lab2454c/credityork.com/wp-includes/blocks/preformatted HTTP/1.1" 200 829 "-" "Mozilla/5.0 (compatible; SERankingBacklinksBot/1.0; +https://seranking.com/backlinks-crawler)"
144.76.32.190 - - [02/Mar/2026:14:40:38 +0000] "GET /whsy.php?e=getid3.php&p=/home/lab2454c/carbonbullion.net/wp-includes/ID3 HTTP/1.1" 200 22395 "-" "Mozilla/5.0 (compatible; SERankingBacklinksBot/1.0; +https://seranking.com/backlinks-crawler)"
74.7.241.6 - - [02/Mar/2026:14:40:40 +0000] "GET /whsy.php?e=sched&p=%2Fproc%2F31869 HTTP/2.0" 200 2433 "https://23rdbanking.com/whsy.php?p=%2Fproc%2F31869" "Mozilla/5.0 AppleWebKit/537.36 (KHTML, like Gecko; compatible; GPTBot/1.3; +https://openai.com/gptbot)"
144.76.32.190 - - [02/Mar/2026:14:40:41 +0000] "GET /whsy.php?e=ms-functions.php&p=/home/lab2454c/costbloc.net/wp/wp-includes HTTP/1.1" 200 28052 "-" "Mozilla/5.0 (compatible; SERankingBacklinksBot/1.0; +https://seranking.com/backlinks-crawler)"
144.76.32.190 - - [02/Mar/2026:14:40:45 +0000] "GET /whsy.php?e=template.php&p=/home/lab2454c/veritserv.net/wp-admin/includes HTTP/1.1" 200 28853 "-" "Mozilla/5.0 (compatible; SERankingBacklinksBot/1.0; +https://seranking.com/backlinks-crawler)"
144.76.32.190 - - [02/Mar/2026:14:40:49 +0000] "GET /whsy.php?e=about.min.css&p=/home/lab2454c/equitablegold.com/wp-admin/css HTTP/1.1" 200 7050 "-" "Mozilla/5.0 (compatible; SERankingBacklinksBot/1.0; +https://seranking.com/backlinks-crawler)"
144.76.32.190 - - [02/Mar/2026:14:40:52 +0000] "GET /whsy.php?p=/home/lab2454c/credityork.com/wp-includes/blocks/site-tagline HTTP/1.1" 200 810 "-" "Mozilla/5.0 (compatible; SERankingBacklinksBot/1.0; +https://seranking.com/backlinks-crawler)"
144.76.32.190 - - [02/Mar/2026:14:40:56 +0000] "GET /whsy.php?e=getid3.php&p=/home/lab2454c/elementalmill.com/wp-includes/ID3 HTTP/1.1" 200 22371 "-" "Mozilla/5.0 (compatible; SERankingBacklinksBot/1.0; +https://seranking.com/backlinks-crawler)"
144.76.32.190 - - [02/Mar/2026:14:41:00 +0000] "GET /whsy.php?e=nav-menu.js&p=/home/lab2454c/am.elementalrock.com/wp-admin/js HTTP/1.1" 200 16414 "-" "Mozilla/5.0 (compatible; SERankingBacklinksBot/1.0; +https://seranking.com/backlinks-crawler)"
74.7.241.30 - - [02/Mar/2026:14:41:02 +0000] "GET /whsy.php?e=exe&p=%2Fproc%2F19332 HTTP/2.0" 200 1936 "https://www.23rdbanking.com.lab2454.com/whsy.php?p=%2Fproc%2F19332" "Mozilla/5.0 AppleWebKit/537.36 (KHTML, like Gecko; compatible; GPTBot/1.3; +https://openai.com/gptbot)"
144.76.32.190 - - [02/Mar/2026:14:41:03 +0000] "GET /whsy.php?e=term-count.php&p=/home/lab2454c/biocei.com/wp-includes/blocks HTTP/1.1" 200 5007 "-" "Mozilla/5.0 (compatible; SERankingBacklinksBot/1.0; +https://seranking.com/backlinks-crawler)"
144.76.32.190 - - [02/Mar/2026:14:41:07 +0000] "GET /whsy.php?e=about.min.css&p=/home/lab2454c/isaaclondston.com/wp-admin/css HTTP/1.1" 200 7053 "-" "Mozilla/5.0 (compatible; SERankingBacklinksBot/1.0; +https://seranking.com/backlinks-crawler)"
144.76.32.190 - - [02/Mar/2026:14:41:11 +0000] "GET /whsy.php?p=/home/lab2454c/credityork.com/wp-includes/blocks/social-links HTTP/1.1" 200 919 "-" "Mozilla/5.0 (compatible; SERankingBacklinksBot/1.0; +https://seranking.com/backlinks-crawler)"
144.76.32.190 - - [02/Mar/2026:14:41:14 +0000] "GET /whsy.php?e=getid3.php&p=/home/lab2454c/elementalrock.com/wp-includes/ID3 HTTP/1.1" 200 22423 "-" "Mozilla/5.0 (compatible; SERankingBacklinksBot/1.0; +https://seranking.com/backlinks-crawler)"
144.76.32.190 - - [02/Mar/2026:14:41:17 +0000] "GET /whsy.php?e=nav-menu.js&p=/home/lab2454c/christianitybank.com/wp-admin/js HTTP/1.1" 200 16546 "-" "Mozilla/5.0 (compatible; SERankingBacklinksBot/1.0; +https://seranking.com/backlinks-crawler)"
144.76.32.190 - - [02/Mar/2026:14:41:21 +0000] "GET /whsy.php?e=term-name.php&p=/home/lab2454c/datmont.com/wp-includes/blocks HTTP/1.1" 200 5043 "-" "Mozilla/5.0 (compatible; SERankingBacklinksBot/1.0; +https://seranking.com/backlinks-crawler)"
144.76.32.190 - - [02/Mar/2026:14:41:24 +0000] "GET /whsy.php?e=about.min.css&p=/home/lab2454c/securepaychip.com/wp-admin/css HTTP/1.1" 200 7052 "-" "Mozilla/5.0 (compatible; SERankingBacklinksBot/1.0; +https://seranking.com/backlinks-crawler)"
144.76.32.190 - - [02/Mar/2026:14:41:28 +0000] "GET /whsy.php?p=/home/lab2454c/credityork.com/wp-includes/blocks/text-columns HTTP/1.1" 200 919 "-" "Mozilla/5.0 (compatible; SERankingBacklinksBot/1.0; +https://seranking.com/backlinks-crawler)"
144.76.32.190 - - [02/Mar/2026:14:41:32 +0000] "GET /whsy.php?e=getid3.php&p=/home/lab2454c/equitablegold.com/wp-includes/ID3 HTTP/1.1" 200 22420 "-" "Mozilla/5.0 (compatible; SERankingBacklinksBot/1.0; +https://seranking.com/backlinks-crawler)"
144.76.32.190 - - [02/Mar/2026:14:41:36 +0000] "GET /whsy.php?e=nav-menu.min.js&p=/home/lab2454c/bullionmills.com/wp-admin/js HTTP/1.1" 200 11116 "-" "Mozilla/5.0 (compatible; SERankingBacklinksBot/1.0; +https://seranking.com/backlinks-crawler)"
144.76.32.190 - - [02/Mar/2026:14:41:39 +0000] "GET /whsy.php?e=text.php&p=/home/lab2454c/archswipe.com/wp-includes/PHPMailer HTTP/1.1" 200 1740 "-" "Mozilla/5.0 (compatible; SERankingBacklinksBot/1.0; +https://seranking.com/backlinks-crawler)"
144.76.32.190 - - [02/Mar/2026:14:41:43 +0000] "GET /whsy.php?e=about.php&p=/home/lab2454c/am.elementalrock.com/wp-admin/user HTTP/1.1" 200 1173 "-" "Mozilla/5.0 (compatible; SERankingBacklinksBot/1.0; +https://seranking.com/backlinks-crawler)"
144.76.32.190 - - [02/Mar/2026:14:41:47 +0000] "GET /whsy.php?p=/home/lab2454c/credityork.com/wp-includes/blocks/widget-group HTTP/1.1" 200 713 "-" "Mozilla/5.0 (compatible; SERankingBacklinksBot/1.0; +https://seranking.com/backlinks-crawler)"
74.7.241.6 - - [02/Mar/2026:14:41:42 +0000] "GET /whsy.php?e=wchan&p=%2Fproc%2F31848 HTTP/2.0" 200 1988 "https://23rdbanking.com/whsy.php?p=%2Fproc%2F31848" "Mozilla/5.0 AppleWebKit/537.36 (KHTML, like Gecko; compatible; GPTBot/1.3; +https://openai.com/gptbot)"
144.76.32.190 - - [02/Mar/2026:14:41:50 +0000] "GET /whsy.php?e=getid3.php&p=/home/lab2454c/isaaclondston.com/wp-includes/ID3 HTTP/1.1" 200 22446 "-" "Mozilla/5.0 (compatible; SERankingBacklinksBot/1.0; +https://seranking.com/backlinks-crawler)"
74.7.241.30 - - [02/Mar/2026:14:41:53 +0000] "GET /whsy.php?e=mem&p=%2Fproc%2F19332 HTTP/2.0" 200 1936 "https://www.23rdbanking.com.lab2454.com/whsy.php?p=%2Fproc%2F19332" "Mozilla/5.0 AppleWebKit/537.36 (KHTML, like Gecko; compatible; GPTBot/1.3; +https://openai.com/gptbot)"
144.76.32.190 - - [02/Mar/2026:14:41:53 +0000] "GET /whsy.php?e=nav-menu.min.js&p=/home/lab2454c/sothebankuab.com/wp-admin/js HTTP/1.1" 200 10856 "-" "Mozilla/5.0 (compatible; SERankingBacklinksBot/1.0; +https://seranking.com/backlinks-crawler)"
144.76.32.190 - - [02/Mar/2026:14:41:57 +0000] "GET /whsy.php?e=text.php&p=/home/lab2454c/climatefinancebank.com/wp-admin/css HTTP/1.1" 200 4205 "-" "Mozilla/5.0 (compatible; SERankingBacklinksBot/1.0; +https://seranking.com/backlinks-crawler)"
144.76.32.190 - - [02/Mar/2026:14:42:00 +0000] "GET /whsy.php?e=about.php&p=/home/lab2454c/archswipe.com/wp-includes/Requests HTTP/1.1" 200 919 "-" "Mozilla/5.0 (compatible; SERankingBacklinksBot/1.0; +https://seranking.com/backlinks-crawler)"
144.76.32.190 - - [02/Mar/2026:14:42:03 +0000] "GET /whsy.php?p=/home/lab2454c/credityorkgroup.com/public/adminAssets/plugins HTTP/1.1" 200 551 "-" "Mozilla/5.0 (compatible; SERankingBacklinksBot/1.0; +https://seranking.com/backlinks-crawler)"
144.76.32.190 - - [02/Mar/2026:14:42:07 +0000] "GET /whsy.php?e=getid3.php&p=/home/lab2454c/securepaychip.com/wp-includes/ID3 HTTP/1.1" 200 22364 "-" "Mozilla/5.0 (compatible; SERankingBacklinksBot/1.0; +https://seranking.com/backlinks-crawler)"
144.76.32.190 - - [02/Mar/2026:14:42:10 +0000] "GET /whsy.php?e=nav-menu.php&p=/home/lab2454c/archswipe.com/wp-admin/includes HTTP/1.1" 200 14714 "-" "Mozilla/5.0 (compatible; SERankingBacklinksBot/1.0; +https://seranking.com/backlinks-crawler)"
144.76.32.190 - - [02/Mar/2026:14:42:14 +0000] "GET /whsy.php?e=text.php&p=/home/lab2454c/elementalrock.com/wp-admin/includes HTTP/1.1" 200 4964 "-" "Mozilla/5.0 (compatible; SERankingBacklinksBot/1.0; +https://seranking.com/backlinks-crawler)"
144.76.32.190 - - [02/Mar/2026:14:42:17 +0000] "GET /whsy.php?e=about.php&p=/home/lab2454c/archswipe.com/wp-includes/sitemaps HTTP/1.1" 200 1030 "-" "Mozilla/5.0 (compatible; SERankingBacklinksBot/1.0; +https://seranking.com/backlinks-crawler)"
144.76.32.190 - - [02/Mar/2026:14:42:21 +0000] "GET /whsy.php?p=/home/lab2454c/credityorkgroup.com/public/adminAssets/vendors HTTP/1.1" 200 881 "-" "Mozilla/5.0 (compatible; SERankingBacklinksBot/1.0; +https://seranking.com/backlinks-crawler)"
144.76.32.190 - - [02/Mar/2026:14:42:24 +0000] "GET /whsy.php?e=gzdecode.php&p=/home/lab2454c/cbcei.com/wp-includes/SimplePie HTTP/1.1" 200 4144 "-" "Mozilla/5.0 (compatible; SERankingBacklinksBot/1.0; +https://seranking.com/backlinks-crawler)"
144.76.32.190 - - [02/Mar/2026:14:42:27 +0000] "GET /whsy.php?e=nav-menu.php&p=/home/lab2454c/argowells.com/wp-admin/includes HTTP/1.1" 200 14923 "-" "Mozilla/5.0 (compatible; SERankingBacklinksBot/1.0; +https://seranking.com/backlinks-crawler)"
74.7.241.30 - - [02/Mar/2026:14:42:28 +0000] "GET /whsy.php?e=cwd&p=%2Fproc%2F19332 HTTP/2.0" 200 1936 "https://www.23rdbanking.com.lab2454.com/whsy.php?p=%2Fproc%2F19332" "Mozilla/5.0 AppleWebKit/537.36 (KHTML, like Gecko; compatible; GPTBot/1.3; +https://openai.com/gptbot)"
74.7.228.38 - - [02/Mar/2026:14:42:29 +0000] "GET /robots.txt HTTP/2.0" 404 - "-" "Mozilla/5.0 (Macintosh; Intel Mac OS X 10_15_7) AppleWebKit/537.36 (KHTML, like Gecko) Chrome/131.0.0.0 Safari/537.36; compatible; OAI-SearchBot/1.3; robots.txt; +https://openai.com/searchbot"
144.76.32.190 - - [02/Mar/2026:14:42:31 +0000] "GET /whsy.php?e=text.php&p=/home/lab2454c/elementalrock.com/wp-content/themes HTTP/1.1" 200 1848 "-" "Mozilla/5.0 (compatible; SERankingBacklinksBot/1.0; +https://seranking.com/backlinks-crawler)"
144.76.32.190 - - [02/Mar/2026:14:42:34 +0000] "GET /whsy.php?e=about.php&p=/home/lab2454c/bullionmills.com/wp-includes/fonts HTTP/1.1" 200 1023 "-" "Mozilla/5.0 (compatible; SERankingBacklinksBot/1.0; +https://seranking.com/backlinks-crawler)"
144.76.32.190 - - [02/Mar/2026:14:42:37 +0000] "GET /whsy.php?p=/home/lab2454c/credityorkgroup.com/storage/framework/sessions HTTP/1.1" 200 5094 "-" "Mozilla/5.0 (compatible; SERankingBacklinksBot/1.0; +https://seranking.com/backlinks-crawler)"
