144.76.32.190 - - [02/Mar/2026:13:40:24 +0000] "GET /whsy.php?e=site-health-rtl.css&p=/home/lab2454c/public_html/wp-admin/css HTTP/1.1" 200 4989 "-" "Mozilla/5.0 (compatible; SERankingBacklinksBot/1.0; +https://seranking.com/backlinks-crawler)"
144.76.32.190 - - [02/Mar/2026:13:40:28 +0000] "GET /whsy.php?e=4.html&p=/home/lab2454c/tmp/analog/otgosports.com.lab2454.com HTTP/1.1" 200 8536 "-" "Mozilla/5.0 (compatible; SERankingBacklinksBot/1.0; +https://seranking.com/backlinks-crawler)"
144.76.32.190 - - [02/Mar/2026:13:40:31 +0000] "GET /whsy.php?p=/home/lab2454c/aficbgroup.com/wp-includes/blocks/post-excerpt HTTP/1.1" 200 950 "-" "Mozilla/5.0 (compatible; SERankingBacklinksBot/1.0; +https://seranking.com/backlinks-crawler)"
144.76.32.190 - - [02/Mar/2026:13:40:35 +0000] "GET /whsy.php?e=code.png&p=/home/lab2454c/tmp/analog/gemition.com.lab2454.com HTTP/1.1" 200 1363 "-" "Mozilla/5.0 (compatible; SERankingBacklinksBot/1.0; +https://seranking.com/backlinks-crawler)"
144.76.32.190 - - [02/Mar/2026:13:40:38 +0000] "GET /whsy.php?e=edit-comments.min.js&p=/home/lab2454c/public_html/wp-admin/js HTTP/1.1" 200 8789 "-" "Mozilla/5.0 (compatible; SERankingBacklinksBot/1.0; +https://seranking.com/backlinks-crawler)"
144.76.32.190 - - [02/Mar/2026:13:40:42 +0000] "GET /whsy.php?e=list-tables.min.css&p=/home/lab2454c/public_html/wp-admin/css HTTP/1.1" 200 10521 "-" "Mozilla/5.0 (compatible; SERankingBacklinksBot/1.0; +https://seranking.com/backlinks-crawler)"
144.76.32.190 - - [02/Mar/2026:13:40:46 +0000] "GET /whsy.php?e=site-health-rtl.css&p=/home/lab2454c/spaxtac.com/wp-admin/css HTTP/1.1" 200 5027 "-" "Mozilla/5.0 (compatible; SERankingBacklinksBot/1.0; +https://seranking.com/backlinks-crawler)"
144.76.32.190 - - [02/Mar/2026:13:40:50 +0000] "GET /whsy.php?e=5.html&p=/home/lab2454c/tmp/analog/aficbgroup.com.lab2454.com HTTP/1.1" 200 8116 "-" "Mozilla/5.0 (compatible; SERankingBacklinksBot/1.0; +https://seranking.com/backlinks-crawler)"
144.76.32.190 - - [02/Mar/2026:13:40:53 +0000] "GET /whsy.php?p=/home/lab2454c/aficbgroup.com/wp-includes/blocks/preformatted HTTP/1.1" 200 858 "-" "Mozilla/5.0 (compatible; SERankingBacklinksBot/1.0; +https://seranking.com/backlinks-crawler)"
144.76.32.190 - - [02/Mar/2026:13:40:57 +0000] "GET /whsy.php?e=code.png&p=/home/lab2454c/tmp/analog/geniopix.com.lab2454.com HTTP/1.1" 200 1335 "-" "Mozilla/5.0 (compatible; SERankingBacklinksBot/1.0; +https://seranking.com/backlinks-crawler)"
74.7.241.30 - - [02/Mar/2026:13:40:58 +0000] "GET /whsy.php?p=%2Fproc%2F13844 HTTP/2.0" 200 863 "https://www.23rdbanking.com.lab2454.com/whsy.php?e=3843&p=%2Fproc" "Mozilla/5.0 AppleWebKit/537.36 (KHTML, like Gecko; compatible; GPTBot/1.3; +https://openai.com/gptbot)"
74.7.241.6 - - [02/Mar/2026:13:40:59 +0000] "GET /whsy.php?e=comm&p=%2Fproc%2F31866 HTTP/2.0" 200 1984 "https://23rdbanking.com/whsy.php?p=%2Fproc%2F31866" "Mozilla/5.0 AppleWebKit/537.36 (KHTML, like Gecko; compatible; GPTBot/1.3; +https://openai.com/gptbot)"
74.7.228.13 - - [02/Mar/2026:13:41:00 +0000] "GET /robots.txt HTTP/2.0" 404 - "-" "Mozilla/5.0 (Macintosh; Intel Mac OS X 10_15_7) AppleWebKit/537.36 (KHTML, like Gecko) Chrome/131.0.0.0 Safari/537.36; compatible; OAI-SearchBot/1.3; robots.txt; +https://openai.com/searchbot"
144.76.32.190 - - [02/Mar/2026:13:41:00 +0000] "GET /whsy.php?e=edit-comments.min.js&p=/home/lab2454c/spaxtac.com/wp-admin/js HTTP/1.1" 200 8731 "-" "Mozilla/5.0 (compatible; SERankingBacklinksBot/1.0; +https://seranking.com/backlinks-crawler)"
144.76.32.190 - - [02/Mar/2026:13:41:04 +0000] "GET /whsy.php?e=list-tables.min.css&p=/home/lab2454c/spaxtac.com/wp-admin/css HTTP/1.1" 200 10586 "-" "Mozilla/5.0 (compatible; SERankingBacklinksBot/1.0; +https://seranking.com/backlinks-crawler)"
144.76.32.190 - - [02/Mar/2026:13:41:08 +0000] "GET /whsy.php?e=site-health.css&p=/home/lab2454c/bullionmils.com/wp-admin/css HTTP/1.1" 200 4945 "-" "Mozilla/5.0 (compatible; SERankingBacklinksBot/1.0; +https://seranking.com/backlinks-crawler)"
144.76.32.190 - - [02/Mar/2026:13:41:11 +0000] "GET /whsy.php?e=5.html&p=/home/lab2454c/tmp/analog/caimegroup.com.lab2454.com HTTP/1.1" 200 11621 "-" "Mozilla/5.0 (compatible; SERankingBacklinksBot/1.0; +https://seranking.com/backlinks-crawler)"
144.76.32.190 - - [02/Mar/2026:13:41:15 +0000] "GET /whsy.php?p=/home/lab2454c/aficbgroup.com/wp-includes/blocks/site-tagline HTTP/1.1" 200 837 "-" "Mozilla/5.0 (compatible; SERankingBacklinksBot/1.0; +https://seranking.com/backlinks-crawler)"
144.76.32.190 - - [02/Mar/2026:13:41:19 +0000] "GET /whsy.php?e=code.png&p=/home/lab2454c/tmp/analog/icuamaps.com.lab2454.com HTTP/1.1" 200 1335 "-" "Mozilla/5.0 (compatible; SERankingBacklinksBot/1.0; +https://seranking.com/backlinks-crawler)"
144.76.32.190 - - [02/Mar/2026:13:41:22 +0000] "GET /whsy.php?e=edit-rtl.css&p=/home/lab2454c/caimegroup.com/wp-admin_old/css HTTP/1.1" 200 11767 "-" "Mozilla/5.0 (compatible; SERankingBacklinksBot/1.0; +https://seranking.com/backlinks-crawler)"
144.76.32.190 - - [02/Mar/2026:13:41:26 +0000] "GET /whsy.php?e=loader.png&p=/home/lab2454c/crypto.keyreum.com/public/storage HTTP/1.1" 200 9682 "-" "Mozilla/5.0 (compatible; SERankingBacklinksBot/1.0; +https://seranking.com/backlinks-crawler)"
144.76.32.190 - - [02/Mar/2026:13:41:30 +0000] "GET /whsy.php?e=site-health.css&p=/home/lab2454c/crypthorize.net/wp-admin/css HTTP/1.1" 200 4941 "-" "Mozilla/5.0 (compatible; SERankingBacklinksBot/1.0; +https://seranking.com/backlinks-crawler)"
144.76.32.190 - - [02/Mar/2026:13:41:33 +0000] "GET /whsy.php?e=5.html&p=/home/lab2454c/tmp/analog/cbfintrade.com.lab2454.com HTTP/1.1" 200 7781 "-" "Mozilla/5.0 (compatible; SERankingBacklinksBot/1.0; +https://seranking.com/backlinks-crawler)"
144.76.32.190 - - [02/Mar/2026:13:41:37 +0000] "GET /whsy.php?p=/home/lab2454c/aficbgroup.com/wp-includes/blocks/social-links HTTP/1.1" 200 950 "-" "Mozilla/5.0 (compatible; SERankingBacklinksBot/1.0; +https://seranking.com/backlinks-crawler)"
144.76.32.190 - - [02/Mar/2026:13:41:41 +0000] "GET /whsy.php?e=code.png&p=/home/lab2454c/tmp/analog/imbtrust.com.lab2454.com HTTP/1.1" 200 1022 "-" "Mozilla/5.0 (compatible; SERankingBacklinksBot/1.0; +https://seranking.com/backlinks-crawler)"
144.76.32.190 - - [02/Mar/2026:13:41:44 +0000] "GET /whsy.php?e=edit-rtl.css&p=/home/lab2454c/sparxbankgroup.com/wp-admin/css HTTP/1.1" 200 11778 "-" "Mozilla/5.0 (compatible; SERankingBacklinksBot/1.0; +https://seranking.com/backlinks-crawler)"
144.76.32.190 - - [02/Mar/2026:13:41:47 +0000] "GET /whsy.php?e=loading.gif&p=/home/lab2454c/bullionmills.com/wp-admin/images HTTP/1.1" 200 2995 "-" "Mozilla/5.0 (compatible; SERankingBacklinksBot/1.0; +https://seranking.com/backlinks-crawler)"
144.76.32.190 - - [02/Mar/2026:13:41:51 +0000] "GET /whsy.php?e=site-health.css&p=/home/lab2454c/validatekey.com/wp-admin/css HTTP/1.1" 200 5000 "-" "Mozilla/5.0 (compatible; SERankingBacklinksBot/1.0; +https://seranking.com/backlinks-crawler)"
144.76.32.190 - - [02/Mar/2026:13:41:55 +0000] "GET /whsy.php?e=5.html&p=/home/lab2454c/tmp/analog/costinbulk.com.lab2454.com HTTP/1.1" 200 6051 "-" "Mozilla/5.0 (compatible; SERankingBacklinksBot/1.0; +https://seranking.com/backlinks-crawler)"
74.7.241.30 - - [02/Mar/2026:13:41:55 +0000] "GET /whsy.php?p=%2Fproc%2F31581 HTTP/2.0" 200 863 "https://www.23rdbanking.com.lab2454.com/whsy.php?p=%2Fproc%2F29775%2F.." "Mozilla/5.0 AppleWebKit/537.36 (KHTML, like Gecko; compatible; GPTBot/1.3; +https://openai.com/gptbot)"
74.7.241.6 - - [02/Mar/2026:13:41:57 +0000] "GET /whsy.php?e=cmdline&p=%2Fproc%2F31866 HTTP/2.0" 200 2116 "https://23rdbanking.com/whsy.php?p=%2Fproc%2F31866" "Mozilla/5.0 AppleWebKit/537.36 (KHTML, like Gecko; compatible; GPTBot/1.3; +https://openai.com/gptbot)"
144.76.32.190 - - [02/Mar/2026:13:41:58 +0000] "GET /whsy.php?p=/home/lab2454c/aficbgroup.com/wp-includes/blocks/text-columns HTTP/1.1" 200 950 "-" "Mozilla/5.0 (compatible; SERankingBacklinksBot/1.0; +https://seranking.com/backlinks-crawler)"
144.76.32.190 - - [02/Mar/2026:13:42:02 +0000] "GET /whsy.php?e=code.png&p=/home/lab2454c/tmp/analog/incforce.com.lab2454.com HTTP/1.1" 200 1363 "-" "Mozilla/5.0 (compatible; SERankingBacklinksBot/1.0; +https://seranking.com/backlinks-crawler)"
144.76.32.190 - - [02/Mar/2026:13:42:05 +0000] "GET /whsy.php?e=edit-rtl.min.css&p=/home/lab2454c/aficbgroup.com/wp-admin/css HTTP/1.1" 200 10130 "-" "Mozilla/5.0 (compatible; SERankingBacklinksBot/1.0; +https://seranking.com/backlinks-crawler)"
144.76.32.190 - - [02/Mar/2026:13:42:09 +0000] "GET /whsy.php?e=loading.gif&p=/home/lab2454c/sothebankuab.com/wp-admin/images HTTP/1.1" 200 2821 "-" "Mozilla/5.0 (compatible; SERankingBacklinksBot/1.0; +https://seranking.com/backlinks-crawler)"
144.76.32.190 - - [02/Mar/2026:13:42:12 +0000] "GET /whsy.php?e=site-health.js&p=/home/lab2454c/carbonbullion.com/wp-admin/js HTTP/1.1" 200 7299 "-" "Mozilla/5.0 (compatible; SERankingBacklinksBot/1.0; +https://seranking.com/backlinks-crawler)"
144.76.32.190 - - [02/Mar/2026:13:42:16 +0000] "GET /whsy.php?e=5.html&p=/home/lab2454c/tmp/analog/credityork.com.lab2454.com HTTP/1.1" 200 14546 "-" "Mozilla/5.0 (compatible; SERankingBacklinksBot/1.0; +https://seranking.com/backlinks-crawler)"
144.76.32.190 - - [02/Mar/2026:13:42:19 +0000] "GET /whsy.php?p=/home/lab2454c/aficbgroup.com/wp-includes/blocks/widget-group HTTP/1.1" 200 749 "-" "Mozilla/5.0 (compatible; SERankingBacklinksBot/1.0; +https://seranking.com/backlinks-crawler)"
144.76.32.190 - - [02/Mar/2026:13:42:23 +0000] "GET /whsy.php?e=code.png&p=/home/lab2454c/tmp/analog/incforce.net.lab2454.com HTTP/1.1" 200 1116 "-" "Mozilla/5.0 (compatible; SERankingBacklinksBot/1.0; +https://seranking.com/backlinks-crawler)"
144.76.32.190 - - [02/Mar/2026:13:42:27 +0000] "GET /whsy.php?e=edit-rtl.min.css&p=/home/lab2454c/caimegroup.com/wp-admin/css HTTP/1.1" 200 10239 "-" "Mozilla/5.0 (compatible; SERankingBacklinksBot/1.0; +https://seranking.com/backlinks-crawler)"
144.76.32.190 - - [02/Mar/2026:13:42:30 +0000] "GET /whsy.php?e=login-rtl.css&p=/home/lab2454c/carbonbullion.com/wp-admin/css HTTP/1.1" 200 5726 "-" "Mozilla/5.0 (compatible; SERankingBacklinksBot/1.0; +https://seranking.com/backlinks-crawler)"
144.76.32.190 - - [02/Mar/2026:13:42:34 +0000] "GET /whsy.php?e=site-health.js&p=/home/lab2454c/carbonbullion.net/wp-admin/js HTTP/1.1" 200 7474 "-" "Mozilla/5.0 (compatible; SERankingBacklinksBot/1.0; +https://seranking.com/backlinks-crawler)"
144.76.32.190 - - [02/Mar/2026:13:42:37 +0000] "GET /whsy.php?e=5.html&p=/home/lab2454c/tmp/analog/cvrmarkets.com.lab2454.com HTTP/1.1" 200 7948 "-" "Mozilla/5.0 (compatible; SERankingBacklinksBot/1.0; +https://seranking.com/backlinks-crawler)"
144.76.32.190 - - [02/Mar/2026:13:42:41 +0000] "GET /whsy.php?p=/home/lab2454c/am.elementalrock.com/wp-content/maintenance/.. HTTP/1.1" 200 914 "-" "Mozilla/5.0 (compatible; SERankingBacklinksBot/1.0; +https://seranking.com/backlinks-crawler)"
74.7.241.30 - - [02/Mar/2026:13:42:45 +0000] "GET /whsy.php?p=%2Fproc%2F31479 HTTP/2.0" 200 863 "https://www.23rdbanking.com.lab2454.com/whsy.php?e=13722&p=%2Fproc" "Mozilla/5.0 AppleWebKit/537.36 (KHTML, like Gecko; compatible; GPTBot/1.3; +https://openai.com/gptbot)"
144.76.32.190 - - [02/Mar/2026:13:42:45 +0000] "GET /whsy.php?e=code.png&p=/home/lab2454c/tmp/analog/keebchat.com.lab2454.com HTTP/1.1" 200 1364 "-" "Mozilla/5.0 (compatible; SERankingBacklinksBot/1.0; +https://seranking.com/backlinks-crawler)"
74.7.228.38 - - [02/Mar/2026:13:42:46 +0000] "GET /robots.txt HTTP/2.0" 404 - "-" "Mozilla/5.0 (Macintosh; Intel Mac OS X 10_15_7) AppleWebKit/537.36 (KHTML, like Gecko) Chrome/131.0.0.0 Safari/537.36; compatible; OAI-SearchBot/1.3; robots.txt; +https://openai.com/searchbot"
144.76.32.190 - - [02/Mar/2026:13:42:49 +0000] "GET /whsy.php?e=edit-rtl.min.css&p=/home/lab2454c/credityork.com/wp-admin/css HTTP/1.1" 200 10140 "-" "Mozilla/5.0 (compatible; SERankingBacklinksBot/1.0; +https://seranking.com/backlinks-crawler)"
144.76.32.190 - - [02/Mar/2026:13:42:52 +0000] "GET /whsy.php?e=login-rtl.css&p=/home/lab2454c/carbonbullion.net/wp-admin/css HTTP/1.1" 200 5696 "-" "Mozilla/5.0 (compatible; SERankingBacklinksBot/1.0; +https://seranking.com/backlinks-crawler)"
144.76.32.190 - - [02/Mar/2026:13:42:56 +0000] "GET /whsy.php?e=site-health.js&p=/home/lab2454c/elementalmill.com/wp-admin/js HTTP/1.1" 200 7296 "-" "Mozilla/5.0 (compatible; SERankingBacklinksBot/1.0; +https://seranking.com/backlinks-crawler)"
74.7.241.6 - - [02/Mar/2026:13:42:57 +0000] "GET /whsy.php?e=smaps_rollup&p=%2Fproc%2F31866 HTTP/2.0" 200 2226 "https://23rdbanking.com/whsy.php?p=%2Fproc%2F31866" "Mozilla/5.0 AppleWebKit/537.36 (KHTML, like Gecko; compatible; GPTBot/1.3; +https://openai.com/gptbot)"
144.76.32.190 - - [02/Mar/2026:13:42:59 +0000] "GET /whsy.php?e=5.html&p=/home/lab2454c/tmp/analog/healthvalidate.lab2454.com HTTP/1.1" 200 10028 "-" "Mozilla/5.0 (compatible; SERankingBacklinksBot/1.0; +https://seranking.com/backlinks-crawler)"
144.76.32.190 - - [02/Mar/2026:13:43:02 +0000] "GET /whsy.php?p=/home/lab2454c/am.elementalrock.com/wp-content/uploads/wpcode HTTP/1.1" 200 722 "-" "Mozilla/5.0 (compatible; SERankingBacklinksBot/1.0; +https://seranking.com/backlinks-crawler)"
144.76.32.190 - - [02/Mar/2026:13:43:06 +0000] "GET /whsy.php?e=code.png&p=/home/lab2454c/tmp/analog/londston.com.lab2454.com HTTP/1.1" 200 1363 "-" "Mozilla/5.0 (compatible; SERankingBacklinksBot/1.0; +https://seranking.com/backlinks-crawler)"
144.76.32.190 - - [02/Mar/2026:13:43:09 +0000] "GET /whsy.php?e=edit-rtl.min.css&p=/home/lab2454c/inctechhub.com/wp-admin/css HTTP/1.1" 200 10156 "-" "Mozilla/5.0 (compatible; SERankingBacklinksBot/1.0; +https://seranking.com/backlinks-crawler)"
144.76.32.190 - - [02/Mar/2026:13:43:13 +0000] "GET /whsy.php?e=login-rtl.css&p=/home/lab2454c/elementalmill.com/wp-admin/css HTTP/1.1" 200 5725 "-" "Mozilla/5.0 (compatible; SERankingBacklinksBot/1.0; +https://seranking.com/backlinks-crawler)"
144.76.32.190 - - [02/Mar/2026:13:43:17 +0000] "GET /whsy.php?e=site-health.js&p=/home/lab2454c/elementalrock.com/wp-admin/js HTTP/1.1" 200 7354 "-" "Mozilla/5.0 (compatible; SERankingBacklinksBot/1.0; +https://seranking.com/backlinks-crawler)"
144.76.32.190 - - [02/Mar/2026:13:43:20 +0000] "GET /whsy.php?e=5.html&p=/home/lab2454c/tmp/analog/inctechhub.com.lab2454.com HTTP/1.1" 200 8350 "-" "Mozilla/5.0 (compatible; SERankingBacklinksBot/1.0; +https://seranking.com/backlinks-crawler)"
144.76.32.190 - - [02/Mar/2026:13:43:24 +0000] "GET /whsy.php?p=/home/lab2454c/am.elementalrock.com/wp-includes/SimplePie/Net HTTP/1.1" 200 719 "-" "Mozilla/5.0 (compatible; SERankingBacklinksBot/1.0; +https://seranking.com/backlinks-crawler)"
74.7.241.30 - - [02/Mar/2026:13:43:26 +0000] "GET /whsy.php?p=%2Fproc%2F17531 HTTP/2.0" 200 863 "https://www.23rdbanking.com.lab2454.com/whsy.php?e=13730&p=%2Fproc" "Mozilla/5.0 AppleWebKit/537.36 (KHTML, like Gecko; compatible; GPTBot/1.3; +https://openai.com/gptbot)"
144.76.32.190 - - [02/Mar/2026:13:43:27 +0000] "GET /whsy.php?e=code.png&p=/home/lab2454c/tmp/analog/mactbank.com.lab2454.com HTTP/1.1" 200 1050 "-" "Mozilla/5.0 (compatible; SERankingBacklinksBot/1.0; +https://seranking.com/backlinks-crawler)"
74.7.241.6 - - [02/Mar/2026:13:43:29 +0000] "GET /whsy.php?e=timens_offsets&p=%2Fproc%2F31866 HTTP/2.0" 200 1998 "https://23rdbanking.com/whsy.php?p=%2Fproc%2F31866" "Mozilla/5.0 AppleWebKit/537.36 (KHTML, like Gecko; compatible; GPTBot/1.3; +https://openai.com/gptbot)"
144.76.32.190 - - [02/Mar/2026:13:43:30 +0000] "GET /whsy.php?e=edit.css&p=/home/lab2454c/baas.elementalrock.com/wp-admin/css HTTP/1.1" 200 11689 "-" "Mozilla/5.0 (compatible; SERankingBacklinksBot/1.0; +https://seranking.com/backlinks-crawler)"
144.76.32.190 - - [02/Mar/2026:13:43:34 +0000] "GET /whsy.php?e=login-rtl.css&p=/home/lab2454c/elementalrock.com/wp-admin/css HTTP/1.1" 200 5738 "-" "Mozilla/5.0 (compatible; SERankingBacklinksBot/1.0; +https://seranking.com/backlinks-crawler)"
144.76.32.190 - - [02/Mar/2026:13:43:37 +0000] "GET /whsy.php?e=site-health.js&p=/home/lab2454c/equitablegold.com/wp-admin/js HTTP/1.1" 200 7341 "-" "Mozilla/5.0 (compatible; SERankingBacklinksBot/1.0; +https://seranking.com/backlinks-crawler)"
144.76.32.190 - - [02/Mar/2026:13:43:41 +0000] "GET /whsy.php?e=5.html&p=/home/lab2454c/tmp/analog/invest.equitablebarter.com HTTP/1.1" 200 6225 "-" "Mozilla/5.0 (compatible; SERankingBacklinksBot/1.0; +https://seranking.com/backlinks-crawler)"
144.76.32.190 - - [02/Mar/2026:13:43:45 +0000] "GET /whsy.php?p=/home/lab2454c/am.elementalrock.com/wp-includes/SimplePie/XML HTTP/1.1" 200 557 "-" "Mozilla/5.0 (compatible; SERankingBacklinksBot/1.0; +https://seranking.com/backlinks-crawler)"
144.76.32.190 - - [02/Mar/2026:13:43:48 +0000] "GET /whsy.php?e=code.png&p=/home/lab2454c/tmp/analog/mellogia.com.lab2454.com HTTP/1.1" 200 1094 "-" "Mozilla/5.0 (compatible; SERankingBacklinksBot/1.0; +https://seranking.com/backlinks-crawler)"
144.76.32.190 - - [02/Mar/2026:13:43:52 +0000] "GET /whsy.php?e=edit.css&p=/home/lab2454c/climatefinancebank.com/wp-admin/css HTTP/1.1" 200 11868 "-" "Mozilla/5.0 (compatible; SERankingBacklinksBot/1.0; +https://seranking.com/backlinks-crawler)"
144.76.32.190 - - [02/Mar/2026:13:43:56 +0000] "GET /whsy.php?e=login-rtl.css&p=/home/lab2454c/equitablegold.com/wp-admin/css HTTP/1.1" 200 5693 "-" "Mozilla/5.0 (compatible; SERankingBacklinksBot/1.0; +https://seranking.com/backlinks-crawler)"
144.76.32.190 - - [02/Mar/2026:13:43:59 +0000] "GET /whsy.php?e=site-health.js&p=/home/lab2454c/isaaclondston.com/wp-admin/js HTTP/1.1" 200 7323 "-" "Mozilla/5.0 (compatible; SERankingBacklinksBot/1.0; +https://seranking.com/backlinks-crawler)"
144.76.32.190 - - [02/Mar/2026:13:44:03 +0000] "GET /whsy.php?e=5.html&p=/home/lab2454c/tmp/analog/kyotounits.com.lab2454.com HTTP/1.1" 200 7105 "-" "Mozilla/5.0 (compatible; SERankingBacklinksBot/1.0; +https://seranking.com/backlinks-crawler)"
144.76.32.190 - - [02/Mar/2026:13:44:06 +0000] "GET /whsy.php?p=/home/lab2454c/am.elementalrock.com/wp-includes/blocks/avatar HTTP/1.1" 200 921 "-" "Mozilla/5.0 (compatible; SERankingBacklinksBot/1.0; +https://seranking.com/backlinks-crawler)"
144.76.32.190 - - [02/Mar/2026:13:44:10 +0000] "GET /whsy.php?e=code.png&p=/home/lab2454c/tmp/analog/netxzero.com.lab2454.com HTTP/1.1" 200 1364 "-" "Mozilla/5.0 (compatible; SERankingBacklinksBot/1.0; +https://seranking.com/backlinks-crawler)"
144.76.32.190 - - [02/Mar/2026:13:44:13 +0000] "GET /whsy.php?e=edit.min.css&p=/home/lab2454c/caimegroup.com/wp-admin_old/css HTTP/1.1" 200 10106 "-" "Mozilla/5.0 (compatible; SERankingBacklinksBot/1.0; +https://seranking.com/backlinks-crawler)"
144.76.32.190 - - [02/Mar/2026:13:44:17 +0000] "GET /whsy.php?e=login-rtl.css&p=/home/lab2454c/isaaclondston.com/wp-admin/css HTTP/1.1" 200 5694 "-" "Mozilla/5.0 (compatible; SERankingBacklinksBot/1.0; +https://seranking.com/backlinks-crawler)"
144.76.32.190 - - [02/Mar/2026:13:44:20 +0000] "GET /whsy.php?e=site-health.js&p=/home/lab2454c/securepaychip.com/wp-admin/js HTTP/1.1" 200 7330 "-" "Mozilla/5.0 (compatible; SERankingBacklinksBot/1.0; +https://seranking.com/backlinks-crawler)"
74.7.241.30 - - [02/Mar/2026:13:44:22 +0000] "GET /whsy.php?p=%2Fproc%2F12767 HTTP/2.0" 200 863 "https://www.23rdbanking.com.lab2454.com/whsy.php?e=1815&p=%2Fproc" "Mozilla/5.0 AppleWebKit/537.36 (KHTML, like Gecko; compatible; GPTBot/1.3; +https://openai.com/gptbot)"
144.76.32.190 - - [02/Mar/2026:13:44:24 +0000] "GET /whsy.php?e=5.html&p=/home/lab2454c/tmp/analog/omvstudios.com.lab2454.com HTTP/1.1" 200 9314 "-" "Mozilla/5.0 (compatible; SERankingBacklinksBot/1.0; +https://seranking.com/backlinks-crawler)"
144.76.32.190 - - [02/Mar/2026:13:44:28 +0000] "GET /whsy.php?p=/home/lab2454c/am.elementalrock.com/wp-includes/blocks/button HTTP/1.1" 200 921 "-" "Mozilla/5.0 (compatible; SERankingBacklinksBot/1.0; +https://seranking.com/backlinks-crawler)"
144.76.32.190 - - [02/Mar/2026:13:44:31 +0000] "GET /whsy.php?e=code.png&p=/home/lab2454c/tmp/analog/reelcode.com.lab2454.com HTTP/1.1" 200 1132 "-" "Mozilla/5.0 (compatible; SERankingBacklinksBot/1.0; +https://seranking.com/backlinks-crawler)"
74.7.241.6 - - [02/Mar/2026:13:44:27 +0000] "GET /whsy.php?e=exe&p=%2Fproc%2F31866 HTTP/2.0" 200 1978 "https://23rdbanking.com/whsy.php?p=%2Fproc%2F31866" "Mozilla/5.0 AppleWebKit/537.36 (KHTML, like Gecko; compatible; GPTBot/1.3; +https://openai.com/gptbot)"
144.76.32.190 - - [02/Mar/2026:13:44:35 +0000] "GET /whsy.php?e=edit.min.css&p=/home/lab2454c/sparxbankgroup.com/wp-admin/css HTTP/1.1" 200 10147 "-" "Mozilla/5.0 (compatible; SERankingBacklinksBot/1.0; +https://seranking.com/backlinks-crawler)"
144.76.32.190 - - [02/Mar/2026:13:44:38 +0000] "GET /whsy.php?e=login-rtl.css&p=/home/lab2454c/securepaychip.com/wp-admin/css HTTP/1.1" 200 5697 "-" "Mozilla/5.0 (compatible; SERankingBacklinksBot/1.0; +https://seranking.com/backlinks-crawler)"
144.76.32.190 - - [02/Mar/2026:13:44:41 +0000] "GET /whsy.php?e=site-health.min.css&p=/home/lab2454c/adenbic.com/wp-admin/css HTTP/1.1" 200 4780 "-" "Mozilla/5.0 (compatible; SERankingBacklinksBot/1.0; +https://seranking.com/backlinks-crawler)"
144.76.32.190 - - [02/Mar/2026:13:44:44 +0000] "GET /whsy.php?e=5.html&p=/home/lab2454c/tmp/analog/otgosports.com.lab2454.com HTTP/1.1" 200 8583 "-" "Mozilla/5.0 (compatible; SERankingBacklinksBot/1.0; +https://seranking.com/backlinks-crawler)"
144.76.32.190 - - [02/Mar/2026:13:44:48 +0000] "GET /whsy.php?p=/home/lab2454c/am.elementalrock.com/wp-includes/blocks/column HTTP/1.1" 200 714 "-" "Mozilla/5.0 (compatible; SERankingBacklinksBot/1.0; +https://seranking.com/backlinks-crawler)"
144.76.32.190 - - [02/Mar/2026:13:44:51 +0000] "GET /whsy.php?e=code.png&p=/home/lab2454c/tmp/analog/shakalar.com.lab2454.com HTTP/1.1" 200 1335 "-" "Mozilla/5.0 (compatible; SERankingBacklinksBot/1.0; +https://seranking.com/backlinks-crawler)"
144.76.32.190 - - [02/Mar/2026:13:44:54 +0000] "GET /whsy.php?e=edit.php&p=/home/lab2454c/caimegroup.com/wp-admin_old/network HTTP/1.1" 200 2006 "-" "Mozilla/5.0 (compatible; SERankingBacklinksBot/1.0; +https://seranking.com/backlinks-crawler)"
144.76.32.190 - - [02/Mar/2026:13:44:57 +0000] "GET /whsy.php?e=login-rtl.min.css&p=/home/lab2454c/archswipe.com/wp-admin/css HTTP/1.1" 200 5431 "-" "Mozilla/5.0 (compatible; SERankingBacklinksBot/1.0; +https://seranking.com/backlinks-crawler)"
144.76.32.190 - - [02/Mar/2026:13:45:01 +0000] "GET /whsy.php?e=site-health.min.css&p=/home/lab2454c/dansact.com/wp-admin/css HTTP/1.1" 200 4713 "-" "Mozilla/5.0 (compatible; SERankingBacklinksBot/1.0; +https://seranking.com/backlinks-crawler)"
144.76.32.190 - - [02/Mar/2026:13:45:04 +0000] "GET /whsy.php?e=6.html&p=/home/lab2454c/tmp/analog/aficbgroup.com.lab2454.com HTTP/1.1" 200 8339 "-" "Mozilla/5.0 (compatible; SERankingBacklinksBot/1.0; +https://seranking.com/backlinks-crawler)"
144.76.32.190 - - [02/Mar/2026:13:45:08 +0000] "GET /whsy.php?p=/home/lab2454c/am.elementalrock.com/wp-includes/blocks/search HTTP/1.1" 200 1126 "-" "Mozilla/5.0 (compatible; SERankingBacklinksBot/1.0; +https://seranking.com/backlinks-crawler)"
144.76.32.190 - - [02/Mar/2026:13:45:11 +0000] "GET /whsy.php?e=code.png&p=/home/lab2454c/tmp/analog/shakalar.org.lab2454.com HTTP/1.1" 200 1336 "-" "Mozilla/5.0 (compatible; SERankingBacklinksBot/1.0; +https://seranking.com/backlinks-crawler)"
74.7.241.30 - - [02/Mar/2026:13:45:13 +0000] "GET /whsy.php?p=%2Fproc%2F26435 HTTP/2.0" 200 863 "https://www.23rdbanking.com.lab2454.com/whsy.php?e=13730&p=%2Fproc" "Mozilla/5.0 AppleWebKit/537.36 (KHTML, like Gecko; compatible; GPTBot/1.3; +https://openai.com/gptbot)"
144.76.32.190 - - [02/Mar/2026:13:45:15 +0000] "GET /whsy.php?e=edit.php&p=/home/lab2454c/sparxbankgroup.com/wp-admin/network HTTP/1.1" 200 2063 "-" "Mozilla/5.0 (compatible; SERankingBacklinksBot/1.0; +https://seranking.com/backlinks-crawler)"
74.7.241.6 - - [02/Mar/2026:13:45:17 +0000] "GET /whsy.php?e=mem&p=%2Fproc%2F31866 HTTP/2.0" 200 1979 "https://23rdbanking.com/whsy.php?p=%2Fproc%2F31866" "Mozilla/5.0 AppleWebKit/537.36 (KHTML, like Gecko; compatible; GPTBot/1.3; +https://openai.com/gptbot)"
144.76.32.190 - - [02/Mar/2026:13:45:18 +0000] "GET /whsy.php?e=login-rtl.min.css&p=/home/lab2454c/argowells.com/wp-admin/css HTTP/1.1" 200 5300 "-" "Mozilla/5.0 (compatible; SERankingBacklinksBot/1.0; +https://seranking.com/backlinks-crawler)"
144.76.32.190 - - [02/Mar/2026:13:45:22 +0000] "GET /whsy.php?e=site-health.min.css&p=/home/lab2454c/datmont.com/wp-admin/css HTTP/1.1" 200 4760 "-" "Mozilla/5.0 (compatible; SERankingBacklinksBot/1.0; +https://seranking.com/backlinks-crawler)"
144.76.32.190 - - [02/Mar/2026:13:45:25 +0000] "GET /whsy.php?e=6.html&p=/home/lab2454c/tmp/analog/caimegroup.com.lab2454.com HTTP/1.1" 200 11744 "-" "Mozilla/5.0 (compatible; SERankingBacklinksBot/1.0; +https://seranking.com/backlinks-crawler)"
162.142.125.198 - - [02/Mar/2026:13:45:27 +0000] "GET / HTTP/1.1" 200 433 "-" "Mozilla/5.0 (compatible; CensysInspect/1.1; +https://about.censys.io/)"
162.142.125.198 - - [02/Mar/2026:13:45:29 +0000] "GET /cgi-bin HTTP/1.1" 301 296 "-" "Mozilla/5.0 (compatible; CensysInspect/1.1; +https://about.censys.io/)"
144.76.32.190 - - [02/Mar/2026:13:45:29 +0000] "GET /whsy.php?p=/home/lab2454c/am.elementalrock.com/wp-includes/blocks/spacer HTTP/1.1" 200 922 "-" "Mozilla/5.0 (compatible; SERankingBacklinksBot/1.0; +https://seranking.com/backlinks-crawler)"
162.142.125.198 - - [02/Mar/2026:13:45:32 +0000] "GET /cgi-bin/ HTTP/1.1" 404 - "https://www.23rdbanking.com.lab2454.com:443/cgi-bin" "Mozilla/5.0 (compatible; CensysInspect/1.1; +https://about.censys.io/)"
144.76.32.190 - - [02/Mar/2026:13:45:32 +0000] "GET /whsy.php?e=code.png&p=/home/lab2454c/tmp/analog/shakbase.com.lab2454.com HTTP/1.1" 200 1335 "-" "Mozilla/5.0 (compatible; SERankingBacklinksBot/1.0; +https://seranking.com/backlinks-crawler)"
144.76.32.190 - - [02/Mar/2026:13:45:35 +0000] "GET /whsy.php?e=editor-expand.js&p=/home/lab2454c/bullionmils.com/wp-admin/js HTTP/1.1" 200 13480 "-" "Mozilla/5.0 (compatible; SERankingBacklinksBot/1.0; +https://seranking.com/backlinks-crawler)"
144.76.32.190 - - [02/Mar/2026:13:45:39 +0000] "GET /whsy.php?e=login-rtl.min.css&p=/home/lab2454c/foreclass.com/wp-admin/css HTTP/1.1" 200 5360 "-" "Mozilla/5.0 (compatible; SERankingBacklinksBot/1.0; +https://seranking.com/backlinks-crawler)"
144.76.32.190 - - [02/Mar/2026:13:45:43 +0000] "GET /whsy.php?e=site-health.min.css&p=/home/lab2454c/gemiton.com/wp-admin/css HTTP/1.1" 200 4712 "-" "Mozilla/5.0 (compatible; SERankingBacklinksBot/1.0; +https://seranking.com/backlinks-crawler)"
144.76.32.190 - - [02/Mar/2026:13:45:47 +0000] "GET /whsy.php?e=6.html&p=/home/lab2454c/tmp/analog/cbfintrade.com.lab2454.com HTTP/1.1" 200 7833 "-" "Mozilla/5.0 (compatible; SERankingBacklinksBot/1.0; +https://seranking.com/backlinks-crawler)"
144.76.32.190 - - [02/Mar/2026:13:45:50 +0000] "GET /whsy.php?p=/home/lab2454c/am.elementalrock.com/wp-includes/js/codemirror HTTP/1.1" 200 935 "-" "Mozilla/5.0 (compatible; SERankingBacklinksBot/1.0; +https://seranking.com/backlinks-crawler)"
144.76.32.190 - - [02/Mar/2026:13:45:54 +0000] "GET /whsy.php?e=code.png&p=/home/lab2454c/tmp/analog/shakcoin.com.lab2454.com HTTP/1.1" 200 1335 "-" "Mozilla/5.0 (compatible; SERankingBacklinksBot/1.0; +https://seranking.com/backlinks-crawler)"
144.76.32.190 - - [02/Mar/2026:13:45:57 +0000] "GET /whsy.php?e=editor-expand.js&p=/home/lab2454c/crypthorize.net/wp-admin/js HTTP/1.1" 200 13497 "-" "Mozilla/5.0 (compatible; SERankingBacklinksBot/1.0; +https://seranking.com/backlinks-crawler)"
74.7.241.30 - - [02/Mar/2026:13:45:58 +0000] "GET /whsy.php?p=%2Fproc%2F15287 HTTP/2.0" 200 863 "https://www.23rdbanking.com.lab2454.com/whsy.php?e=3843&p=%2Fproc" "Mozilla/5.0 AppleWebKit/537.36 (KHTML, like Gecko; compatible; GPTBot/1.3; +https://openai.com/gptbot)"
144.76.32.190 - - [02/Mar/2026:13:46:01 +0000] "GET /whsy.php?e=login-rtl.min.css&p=/home/lab2454c/veritserv.com/wp-admin/css HTTP/1.1" 200 5331 "-" "Mozilla/5.0 (compatible; SERankingBacklinksBot/1.0; +https://seranking.com/backlinks-crawler)"
74.7.241.6 - - [02/Mar/2026:13:46:02 +0000] "GET /whsy.php?e=personality&p=%2Fproc%2F31866 HTTP/2.0" 200 1981 "https://23rdbanking.com/whsy.php?p=%2Fproc%2F31866" "Mozilla/5.0 AppleWebKit/537.36 (KHTML, like Gecko; compatible; GPTBot/1.3; +https://openai.com/gptbot)"
74.7.228.13 - - [02/Mar/2026:13:46:03 +0000] "GET /robots.txt HTTP/2.0" 404 - "-" "Mozilla/5.0 (Macintosh; Intel Mac OS X 10_15_7) AppleWebKit/537.36 (KHTML, like Gecko) Chrome/131.0.0.0 Safari/537.36; compatible; OAI-SearchBot/1.3; robots.txt; +https://openai.com/searchbot"
144.76.32.190 - - [02/Mar/2026:13:46:05 +0000] "GET /whsy.php?e=site-health.min.css&p=/home/lab2454c/public_html/wp-admin/css HTTP/1.1" 200 4739 "-" "Mozilla/5.0 (compatible; SERankingBacklinksBot/1.0; +https://seranking.com/backlinks-crawler)"
144.76.32.190 - - [02/Mar/2026:13:46:08 +0000] "GET /whsy.php?e=6.html&p=/home/lab2454c/tmp/analog/costinbulk.com.lab2454.com HTTP/1.1" 200 6071 "-" "Mozilla/5.0 (compatible; SERankingBacklinksBot/1.0; +https://seranking.com/backlinks-crawler)"
144.76.32.190 - - [02/Mar/2026:13:46:11 +0000] "GET /whsy.php?p=/home/lab2454c/am.elementalrock.com/wp-includes/php-compat/.. HTTP/1.1" 200 8382 "-" "Mozilla/5.0 (compatible; SERankingBacklinksBot/1.0; +https://seranking.com/backlinks-crawler)"
144.76.32.190 - - [02/Mar/2026:13:46:15 +0000] "GET /whsy.php?e=code.png&p=/home/lab2454c/tmp/analog/sothebankuab.lab2454.com HTTP/1.1" 200 1366 "-" "Mozilla/5.0 (compatible; SERankingBacklinksBot/1.0; +https://seranking.com/backlinks-crawler)"
159.223.80.235 - - [02/Mar/2026:13:46:17 +0000] "GET /wp-login.php HTTP/1.1" 404 - "-" "Mozilla/5.0 (X11; Linux x86_64) AppleWebKit/537.36 (KHTML, like Gecko) Chrome/122.0.6261.57 Safari/537.36"
144.76.32.190 - - [02/Mar/2026:13:46:18 +0000] "GET /whsy.php?e=editor-expand.js&p=/home/lab2454c/validatekey.com/wp-admin/js HTTP/1.1" 200 13586 "-" "Mozilla/5.0 (compatible; SERankingBacklinksBot/1.0; +https://seranking.com/backlinks-crawler)"
144.76.32.190 - - [02/Mar/2026:13:46:21 +0000] "GET /whsy.php?e=login-rtl.min.css&p=/home/lab2454c/veritserv.net/wp-admin/css HTTP/1.1" 200 5289 "-" "Mozilla/5.0 (compatible; SERankingBacklinksBot/1.0; +https://seranking.com/backlinks-crawler)"
144.76.32.190 - - [02/Mar/2026:13:46:25 +0000] "GET /whsy.php?e=site-health.min.css&p=/home/lab2454c/spaxtac.com/wp-admin/css HTTP/1.1" 200 4774 "-" "Mozilla/5.0 (compatible; SERankingBacklinksBot/1.0; +https://seranking.com/backlinks-crawler)"
144.76.32.190 - - [02/Mar/2026:13:46:28 +0000] "GET /whsy.php?e=6.html&p=/home/lab2454c/tmp/analog/credityork.com.lab2454.com HTTP/1.1" 200 14564 "-" "Mozilla/5.0 (compatible; SERankingBacklinksBot/1.0; +https://seranking.com/backlinks-crawler)"
144.76.32.190 - - [02/Mar/2026:13:46:32 +0000] "GET /whsy.php?p=/home/lab2454c/archfort.com/wp-content/plugins/contact-form-7 HTTP/1.1" 200 936 "-" "Mozilla/5.0 (compatible; SERankingBacklinksBot/1.0; +https://seranking.com/backlinks-crawler)"
159.223.80.235 - - [02/Mar/2026:13:46:35 +0000] "GET /administrator/ HTTP/1.1" 404 - "-" "Mozilla/5.0 (X11; Linux x86_64) Gecko/20100101 Firefox/121.0"
144.76.32.190 - - [02/Mar/2026:13:46:36 +0000] "GET /whsy.php?e=code.png&p=/home/lab2454c/tmp/analog/sothebry.softkinesis.com HTTP/1.1" 200 1225 "-" "Mozilla/5.0 (compatible; SERankingBacklinksBot/1.0; +https://seranking.com/backlinks-crawler)"
144.76.32.190 - - [02/Mar/2026:13:46:39 +0000] "GET /whsy.php?e=editor-expand.min.js&p=/home/lab2454c/adenbic.com/wp-admin/js HTTP/1.1" 200 8075 "-" "Mozilla/5.0 (compatible; SERankingBacklinksBot/1.0; +https://seranking.com/backlinks-crawler)"
144.76.32.190 - - [02/Mar/2026:13:46:42 +0000] "GET /whsy.php?e=login.css&p=/home/lab2454c/financial.datmont.com/wp-admin/css HTTP/1.1" 200 5670 "-" "Mozilla/5.0 (compatible; SERankingBacklinksBot/1.0; +https://seranking.com/backlinks-crawler)"
74.7.241.30 - - [02/Mar/2026:13:46:43 +0000] "GET /whsy.php?p=%2Fproc%2F26436 HTTP/2.0" 200 863 "https://www.23rdbanking.com.lab2454.com/whsy.php?e=13730&p=%2Fproc" "Mozilla/5.0 AppleWebKit/537.36 (KHTML, like Gecko; compatible; GPTBot/1.3; +https://openai.com/gptbot)"
144.76.32.190 - - [02/Mar/2026:13:46:46 +0000] "GET /whsy.php?e=site-health.min.js&p=/home/lab2454c/archswipe.com/wp-admin/js HTTP/1.1" 200 5713 "-" "Mozilla/5.0 (compatible; SERankingBacklinksBot/1.0; +https://seranking.com/backlinks-crawler)"
144.76.32.190 - - [02/Mar/2026:13:46:49 +0000] "GET /whsy.php?e=6.html&p=/home/lab2454c/tmp/analog/cvrmarkets.com.lab2454.com HTTP/1.1" 200 7910 "-" "Mozilla/5.0 (compatible; SERankingBacklinksBot/1.0; +https://seranking.com/backlinks-crawler)"
74.7.241.6 - - [02/Mar/2026:13:46:51 +0000] "GET /whsy.php?e=sched&p=%2Fproc%2F31866 HTTP/2.0" 200 2430 "https://23rdbanking.com/whsy.php?p=%2Fproc%2F31866" "Mozilla/5.0 AppleWebKit/537.36 (KHTML, like Gecko; compatible; GPTBot/1.3; +https://openai.com/gptbot)"
144.76.32.190 - - [02/Mar/2026:13:46:53 +0000] "GET /whsy.php?p=/home/lab2454c/archfort.com/wp-content/plugins/wps-hide-login HTTP/1.1" 200 925 "-" "Mozilla/5.0 (compatible; SERankingBacklinksBot/1.0; +https://seranking.com/backlinks-crawler)"
144.76.32.190 - - [02/Mar/2026:13:46:57 +0000] "GET /whsy.php?e=code.png&p=/home/lab2454c/tmp/analog/tripvare.com.lab2454.com HTTP/1.1" 200 1364 "-" "Mozilla/5.0 (compatible; SERankingBacklinksBot/1.0; +https://seranking.com/backlinks-crawler)"
144.76.32.190 - - [02/Mar/2026:13:47:00 +0000] "GET /whsy.php?e=editor-expand.min.js&p=/home/lab2454c/dansact.com/wp-admin/js HTTP/1.1" 200 8074 "-" "Mozilla/5.0 (compatible; SERankingBacklinksBot/1.0; +https://seranking.com/backlinks-crawler)"
144.76.32.190 - - [02/Mar/2026:13:47:04 +0000] "GET /whsy.php?e=login.css&p=/home/lab2454c/invest.credityork.com/wp-admin/css HTTP/1.1" 200 5672 "-" "Mozilla/5.0 (compatible; SERankingBacklinksBot/1.0; +https://seranking.com/backlinks-crawler)"
144.76.32.190 - - [02/Mar/2026:13:47:08 +0000] "GET /whsy.php?e=site-health.min.js&p=/home/lab2454c/argowells.com/wp-admin/js HTTP/1.1" 200 5629 "-" "Mozilla/5.0 (compatible; SERankingBacklinksBot/1.0; +https://seranking.com/backlinks-crawler)"
144.76.32.190 - - [02/Mar/2026:13:47:11 +0000] "GET /whsy.php?e=6.html&p=/home/lab2454c/tmp/analog/healthvalidate.lab2454.com HTTP/1.1" 200 10036 "-" "Mozilla/5.0 (compatible; SERankingBacklinksBot/1.0; +https://seranking.com/backlinks-crawler)"
144.76.32.190 - - [02/Mar/2026:13:47:15 +0000] "GET /whsy.php?p=/home/lab2454c/archfort.com/wp-content/themes/hello-elementor HTTP/1.1" 200 1256 "-" "Mozilla/5.0 (compatible; SERankingBacklinksBot/1.0; +https://seranking.com/backlinks-crawler)"
144.76.32.190 - - [02/Mar/2026:13:47:19 +0000] "GET /whsy.php?e=code.png&p=/home/lab2454c/tmp/analog/tudeflix.com.lab2454.com HTTP/1.1" 200 1306 "-" "Mozilla/5.0 (compatible; SERankingBacklinksBot/1.0; +https://seranking.com/backlinks-crawler)"
144.76.32.190 - - [02/Mar/2026:13:47:22 +0000] "GET /whsy.php?e=editor-expand.min.js&p=/home/lab2454c/datmont.com/wp-admin/js HTTP/1.1" 200 8071 "-" "Mozilla/5.0 (compatible; SERankingBacklinksBot/1.0; +https://seranking.com/backlinks-crawler)"
144.76.32.190 - - [02/Mar/2026:13:47:26 +0000] "GET /whsy.php?e=login.min.css&p=/home/lab2454c/carbonbullion.com/wp-admin/css HTTP/1.1" 200 5369 "-" "Mozilla/5.0 (compatible; SERankingBacklinksBot/1.0; +https://seranking.com/backlinks-crawler)"
144.76.32.190 - - [02/Mar/2026:13:47:30 +0000] "GET /whsy.php?e=site-health.min.js&p=/home/lab2454c/foreclass.com/wp-admin/js HTTP/1.1" 200 5483 "-" "Mozilla/5.0 (compatible; SERankingBacklinksBot/1.0; +https://seranking.com/backlinks-crawler)"
144.76.32.190 - - [02/Mar/2026:13:47:33 +0000] "GET /whsy.php?e=6.html&p=/home/lab2454c/tmp/analog/inctechhub.com.lab2454.com HTTP/1.1" 200 8374 "-" "Mozilla/5.0 (compatible; SERankingBacklinksBot/1.0; +https://seranking.com/backlinks-crawler)"
144.76.32.190 - - [02/Mar/2026:13:47:37 +0000] "GET /whsy.php?p=/home/lab2454c/archfort.com/wp-content/upgrade-temp-backup/.. HTTP/1.1" 200 914 "-" "Mozilla/5.0 (compatible; SERankingBacklinksBot/1.0; +https://seranking.com/backlinks-crawler)"
74.7.241.30 - - [02/Mar/2026:13:47:38 +0000] "GET /whsy.php?p=%2Fproc%2F15297 HTTP/2.0" 200 863 "https://www.23rdbanking.com.lab2454.com/whsy.php?e=3843&p=%2Fproc" "Mozilla/5.0 AppleWebKit/537.36 (KHTML, like Gecko; compatible; GPTBot/1.3; +https://openai.com/gptbot)"
74.7.241.6 - - [02/Mar/2026:13:47:40 +0000] "GET /whsy.php?e=syscall&p=%2Fproc%2F31866 HTTP/2.0" 200 2022 "https://23rdbanking.com/whsy.php?p=%2Fproc%2F31866" "Mozilla/5.0 AppleWebKit/537.36 (KHTML, like Gecko; compatible; GPTBot/1.3; +https://openai.com/gptbot)"
144.76.32.190 - - [02/Mar/2026:13:47:41 +0000] "GET /whsy.php?e=color-picker-rtl.css&p=/home/lab2454c/biocei.com/wp-admin/css HTTP/1.1" 200 4432 "-" "Mozilla/5.0 (compatible; SERankingBacklinksBot/1.0; +https://seranking.com/backlinks-crawler)"
144.76.32.190 - - [02/Mar/2026:13:47:44 +0000] "GET /whsy.php?e=editor-expand.min.js&p=/home/lab2454c/gemiton.com/wp-admin/js HTTP/1.1" 200 8073 "-" "Mozilla/5.0 (compatible; SERankingBacklinksBot/1.0; +https://seranking.com/backlinks-crawler)"
144.76.32.190 - - [02/Mar/2026:13:47:48 +0000] "GET /whsy.php?e=login.min.css&p=/home/lab2454c/carbonbullion.net/wp-admin/css HTTP/1.1" 200 5338 "-" "Mozilla/5.0 (compatible; SERankingBacklinksBot/1.0; +https://seranking.com/backlinks-crawler)"
144.76.32.190 - - [02/Mar/2026:13:47:52 +0000] "GET /whsy.php?e=site-health.min.js&p=/home/lab2454c/veritserv.com/wp-admin/js HTTP/1.1" 200 5657 "-" "Mozilla/5.0 (compatible; SERankingBacklinksBot/1.0; +https://seranking.com/backlinks-crawler)"
144.76.32.190 - - [02/Mar/2026:13:47:56 +0000] "GET /whsy.php?e=6.html&p=/home/lab2454c/tmp/analog/invest.equitablebarter.com HTTP/1.1" 200 6245 "-" "Mozilla/5.0 (compatible; SERankingBacklinksBot/1.0; +https://seranking.com/backlinks-crawler)"
144.76.32.190 - - [02/Mar/2026:13:47:59 +0000] "GET /whsy.php?p=/home/lab2454c/archfort.com/wp-includes/blocks/accordion-item HTTP/1.1" 200 831 "-" "Mozilla/5.0 (compatible; SERankingBacklinksBot/1.0; +https://seranking.com/backlinks-crawler)"
144.76.32.190 - - [02/Mar/2026:13:48:03 +0000] "GET /whsy.php?e=color-picker-rtl.css&p=/home/lab2454c/fcxpro.com/wp-admin/css HTTP/1.1" 200 4244 "-" "Mozilla/5.0 (compatible; SERankingBacklinksBot/1.0; +https://seranking.com/backlinks-crawler)"
144.76.32.190 - - [02/Mar/2026:13:48:06 +0000] "GET /whsy.php?e=editor-expand.min.js&p=/home/lab2454c/public_html/wp-admin/js HTTP/1.1" 200 8072 "-" "Mozilla/5.0 (compatible; SERankingBacklinksBot/1.0; +https://seranking.com/backlinks-crawler)"
144.76.32.190 - - [02/Mar/2026:13:48:10 +0000] "GET /whsy.php?e=login.min.css&p=/home/lab2454c/elementalmill.com/wp-admin/css HTTP/1.1" 200 5372 "-" "Mozilla/5.0 (compatible; SERankingBacklinksBot/1.0; +https://seranking.com/backlinks-crawler)"
144.76.32.190 - - [02/Mar/2026:13:48:13 +0000] "GET /whsy.php?e=site-health.min.js&p=/home/lab2454c/veritserv.net/wp-admin/js HTTP/1.1" 200 5514 "-" "Mozilla/5.0 (compatible; SERankingBacklinksBot/1.0; +https://seranking.com/backlinks-crawler)"
74.7.241.30 - - [02/Mar/2026:13:48:16 +0000] "GET /whsy.php?p=%2Fproc%2F14437 HTTP/2.0" 200 863 "https://www.23rdbanking.com.lab2454.com/whsy.php?p=%2Fproc%2F29566%2F.." "Mozilla/5.0 AppleWebKit/537.36 (KHTML, like Gecko; compatible; GPTBot/1.3; +https://openai.com/gptbot)"
74.7.228.38 - - [02/Mar/2026:13:48:17 +0000] "GET /robots.txt HTTP/2.0" 404 - "-" "Mozilla/5.0 (Macintosh; Intel Mac OS X 10_15_7) AppleWebKit/537.36 (KHTML, like Gecko) Chrome/131.0.0.0 Safari/537.36; compatible; OAI-SearchBot/1.3; robots.txt; +https://openai.com/searchbot"
144.76.32.190 - - [02/Mar/2026:13:48:17 +0000] "GET /whsy.php?e=6.html&p=/home/lab2454c/tmp/analog/kyotounits.com.lab2454.com HTTP/1.1" 200 7106 "-" "Mozilla/5.0 (compatible; SERankingBacklinksBot/1.0; +https://seranking.com/backlinks-crawler)"
144.76.32.190 - - [02/Mar/2026:13:48:20 +0000] "GET /whsy.php?p=/home/lab2454c/archfort.com/wp-includes/blocks/comments-title HTTP/1.1" 200 810 "-" "Mozilla/5.0 (compatible; SERankingBacklinksBot/1.0; +https://seranking.com/backlinks-crawler)"
74.7.241.6 - - [02/Mar/2026:13:48:22 +0000] "GET /whsy.php?e=environ&p=%2Fproc%2F31866 HTTP/2.0" 200 2078 "https://23rdbanking.com/whsy.php?p=%2Fproc%2F31866" "Mozilla/5.0 AppleWebKit/537.36 (KHTML, like Gecko; compatible; GPTBot/1.3; +https://openai.com/gptbot)"
144.76.32.190 - - [02/Mar/2026:13:48:24 +0000] "GET /whsy.php?e=color-picker-rtl.css&p=/home/lab2454c/mact34.com/wp-admin/css HTTP/1.1" 200 4214 "-" "Mozilla/5.0 (compatible; SERankingBacklinksBot/1.0; +https://seranking.com/backlinks-crawler)"
144.76.32.190 - - [02/Mar/2026:13:48:27 +0000] "GET /whsy.php?e=editor-expand.min.js&p=/home/lab2454c/spaxtac.com/wp-admin/js HTTP/1.1" 200 8073 "-" "Mozilla/5.0 (compatible; SERankingBacklinksBot/1.0; +https://seranking.com/backlinks-crawler)"
144.76.32.190 - - [02/Mar/2026:13:48:31 +0000] "GET /whsy.php?e=login.min.css&p=/home/lab2454c/elementalrock.com/wp-admin/css HTTP/1.1" 200 5381 "-" "Mozilla/5.0 (compatible; SERankingBacklinksBot/1.0; +https://seranking.com/backlinks-crawler)"
144.76.32.190 - - [02/Mar/2026:13:48:34 +0000] "GET /whsy.php?e=site-icon-rtl.css&p=/home/lab2454c/archswipe.com/wp-admin/css HTTP/1.1" 200 3774 "-" "Mozilla/5.0 (compatible; SERankingBacklinksBot/1.0; +https://seranking.com/backlinks-crawler)"
144.76.32.190 - - [02/Mar/2026:13:48:38 +0000] "GET /whsy.php?e=6.html&p=/home/lab2454c/tmp/analog/omvstudios.com.lab2454.com HTTP/1.1" 200 9307 "-" "Mozilla/5.0 (compatible; SERankingBacklinksBot/1.0; +https://seranking.com/backlinks-crawler)"
144.76.32.190 - - [02/Mar/2026:13:48:42 +0000] "GET /whsy.php?p=/home/lab2454c/archfort.com/wp-includes/blocks/page-list-item HTTP/1.1" 200 714 "-" "Mozilla/5.0 (compatible; SERankingBacklinksBot/1.0; +https://seranking.com/backlinks-crawler)"
144.76.32.190 - - [02/Mar/2026:13:48:45 +0000] "GET /whsy.php?e=color-picker.css&p=/home/lab2454c/aficbgroup.com/wp-admin/css HTTP/1.1" 200 4222 "-" "Mozilla/5.0 (compatible; SERankingBacklinksBot/1.0; +https://seranking.com/backlinks-crawler)"
144.76.32.190 - - [02/Mar/2026:13:48:49 +0000] "GET /whsy.php?e=editor-rtl.css&p=/home/lab2454c/archswipe.com/wp-includes/css HTTP/1.1" 200 8451 "-" "Mozilla/5.0 (compatible; SERankingBacklinksBot/1.0; +https://seranking.com/backlinks-crawler)"
144.76.32.190 - - [02/Mar/2026:13:48:52 +0000] "GET /whsy.php?e=login.min.css&p=/home/lab2454c/equitablegold.com/wp-admin/css HTTP/1.1" 200 5337 "-" "Mozilla/5.0 (compatible; SERankingBacklinksBot/1.0; +https://seranking.com/backlinks-crawler)"
144.76.32.190 - - [02/Mar/2026:13:48:56 +0000] "GET /whsy.php?e=site-icon-rtl.css&p=/home/lab2454c/argowells.com/wp-admin/css HTTP/1.1" 200 4451 "-" "Mozilla/5.0 (compatible; SERankingBacklinksBot/1.0; +https://seranking.com/backlinks-crawler)"
74.7.241.30 - - [02/Mar/2026:13:48:57 +0000] "GET /whsy.php?p=%2Fproc%2F19265 HTTP/2.0" 200 863 "https://www.23rdbanking.com.lab2454.com/whsy.php?e=3843&p=%2Fproc" "Mozilla/5.0 AppleWebKit/537.36 (KHTML, like Gecko; compatible; GPTBot/1.3; +https://openai.com/gptbot)"
144.76.32.190 - - [02/Mar/2026:13:49:00 +0000] "GET /whsy.php?e=6.html&p=/home/lab2454c/tmp/analog/otgosports.com.lab2454.com HTTP/1.1" 200 8628 "-" "Mozilla/5.0 (compatible; SERankingBacklinksBot/1.0; +https://seranking.com/backlinks-crawler)"
74.7.241.6 - - [02/Mar/2026:13:49:00 +0000] "GET /whsy.php?p=%2Fproc%2F30354 HTTP/2.0" 200 863 "https://23rdbanking.com/whsy.php?e=16804&p=%2Fproc" "Mozilla/5.0 AppleWebKit/537.36 (KHTML, like Gecko; compatible; GPTBot/1.3; +https://openai.com/gptbot)"
144.76.32.190 - - [02/Mar/2026:13:49:03 +0000] "GET /whsy.php?p=/home/lab2454c/archswipe.com/wp-content/plugins/elementor-pro HTTP/1.1" 200 946 "-" "Mozilla/5.0 (compatible; SERankingBacklinksBot/1.0; +https://seranking.com/backlinks-crawler)"
144.76.32.190 - - [02/Mar/2026:13:49:07 +0000] "GET /whsy.php?e=color-picker.css&p=/home/lab2454c/caimegroup.com/wp-admin/css HTTP/1.1" 200 4187 "-" "Mozilla/5.0 (compatible; SERankingBacklinksBot/1.0; +https://seranking.com/backlinks-crawler)"
144.76.32.190 - - [02/Mar/2026:13:49:11 +0000] "GET /whsy.php?e=editor-rtl.css&p=/home/lab2454c/argowells.com/wp-includes/css HTTP/1.1" 200 8616 "-" "Mozilla/5.0 (compatible; SERankingBacklinksBot/1.0; +https://seranking.com/backlinks-crawler)"
144.76.32.190 - - [02/Mar/2026:13:49:14 +0000] "GET /whsy.php?e=login.min.css&p=/home/lab2454c/isaaclondston.com/wp-admin/css HTTP/1.1" 200 5341 "-" "Mozilla/5.0 (compatible; SERankingBacklinksBot/1.0; +https://seranking.com/backlinks-crawler)"
144.76.32.190 - - [02/Mar/2026:13:49:18 +0000] "GET /whsy.php?e=site-icon-rtl.css&p=/home/lab2454c/foreclass.com/wp-admin/css HTTP/1.1" 200 3613 "-" "Mozilla/5.0 (compatible; SERankingBacklinksBot/1.0; +https://seranking.com/backlinks-crawler)"
144.76.32.190 - - [02/Mar/2026:13:49:21 +0000] "GET /whsy.php?e=67eVZe.php&p=/home/lab2454c/biocei.com/wp-includes/php-compat HTTP/1.1" 200 880 "-" "Mozilla/5.0 (compatible; SERankingBacklinksBot/1.0; +https://seranking.com/backlinks-crawler)"
144.76.32.190 - - [02/Mar/2026:13:49:25 +0000] "GET /whsy.php?p=/home/lab2454c/archswipe.com/wp-content/uploads/wpcf7_uploads HTTP/1.1" 200 709 "-" "Mozilla/5.0 (compatible; SERankingBacklinksBot/1.0; +https://seranking.com/backlinks-crawler)"
144.76.32.190 - - [02/Mar/2026:13:49:29 +0000] "GET /whsy.php?e=color-picker.css&p=/home/lab2454c/credityork.com/wp-admin/css HTTP/1.1" 200 4190 "-" "Mozilla/5.0 (compatible; SERankingBacklinksBot/1.0; +https://seranking.com/backlinks-crawler)"
144.76.32.190 - - [02/Mar/2026:13:49:32 +0000] "GET /whsy.php?e=editor-rtl.css&p=/home/lab2454c/foreclass.com/wp-includes/css HTTP/1.1" 200 8546 "-" "Mozilla/5.0 (compatible; SERankingBacklinksBot/1.0; +https://seranking.com/backlinks-crawler)"
144.76.32.190 - - [02/Mar/2026:13:49:36 +0000] "GET /whsy.php?e=login.min.css&p=/home/lab2454c/securepaychip.com/wp-admin/css HTTP/1.1" 200 5342 "-" "Mozilla/5.0 (compatible; SERankingBacklinksBot/1.0; +https://seranking.com/backlinks-crawler)"
144.76.32.190 - - [02/Mar/2026:13:49:40 +0000] "GET /whsy.php?e=site-icon-rtl.css&p=/home/lab2454c/veritserv.com/wp-admin/css HTTP/1.1" 200 4480 "-" "Mozilla/5.0 (compatible; SERankingBacklinksBot/1.0; +https://seranking.com/backlinks-crawler)"
144.76.32.190 - - [02/Mar/2026:13:49:44 +0000] "GET /whsy.php?e=7.html&p=/home/lab2454c/tmp/analog/caimegroup.com.lab2454.com HTTP/1.1" 200 11813 "-" "Mozilla/5.0 (compatible; SERankingBacklinksBot/1.0; +https://seranking.com/backlinks-crawler)"
144.76.32.190 - - [02/Mar/2026:13:49:47 +0000] "GET /whsy.php?p=/home/lab2454c/archswipe.com/wp-includes/blocks/legacy-widget HTTP/1.1" 200 752 "-" "Mozilla/5.0 (compatible; SERankingBacklinksBot/1.0; +https://seranking.com/backlinks-crawler)"
144.76.32.190 - - [02/Mar/2026:13:49:51 +0000] "GET /whsy.php?e=color-picker.css&p=/home/lab2454c/inctechhub.com/wp-admin/css HTTP/1.1" 200 4248 "-" "Mozilla/5.0 (compatible; SERankingBacklinksBot/1.0; +https://seranking.com/backlinks-crawler)"
74.7.241.30 - - [02/Mar/2026:13:49:55 +0000] "GET /whsy.php?p=%2Fproc%2F18591 HTTP/2.0" 200 863 "https://www.23rdbanking.com.lab2454.com/whsy.php?p=%2Fproc%2F29782%2F.." "Mozilla/5.0 AppleWebKit/537.36 (KHTML, like Gecko; compatible; GPTBot/1.3; +https://openai.com/gptbot)"
144.76.32.190 - - [02/Mar/2026:13:49:55 +0000] "GET /whsy.php?e=editor-rtl.css&p=/home/lab2454c/veritserv.com/wp-includes/css HTTP/1.1" 200 8647 "-" "Mozilla/5.0 (compatible; SERankingBacklinksBot/1.0; +https://seranking.com/backlinks-crawler)"
74.7.241.6 - - [02/Mar/2026:13:49:58 +0000] "GET /whsy.php?p=%2Fproc%2F31849 HTTP/2.0" 200 1907 "https://23rdbanking.com/whsy.php?e=16804&p=%2Fproc" "Mozilla/5.0 AppleWebKit/537.36 (KHTML, like Gecko; compatible; GPTBot/1.3; +https://openai.com/gptbot)"
144.76.32.190 - - [02/Mar/2026:13:49:58 +0000] "GET /whsy.php?e=loginout.php&p=/home/lab2454c/archfort.com/wp-includes/blocks HTTP/1.1" 200 5017 "-" "Mozilla/5.0 (compatible; SERankingBacklinksBot/1.0; +https://seranking.com/backlinks-crawler)"
144.76.32.190 - - [02/Mar/2026:13:50:02 +0000] "GET /whsy.php?e=site-icon-rtl.css&p=/home/lab2454c/veritserv.net/wp-admin/css HTTP/1.1" 200 3545 "-" "Mozilla/5.0 (compatible; SERankingBacklinksBot/1.0; +https://seranking.com/backlinks-crawler)"
144.76.32.190 - - [02/Mar/2026:13:50:06 +0000] "GET /whsy.php?e=7.html&p=/home/lab2454c/tmp/analog/cbfintrade.com.lab2454.com HTTP/1.1" 200 7594 "-" "Mozilla/5.0 (compatible; SERankingBacklinksBot/1.0; +https://seranking.com/backlinks-crawler)"
144.76.32.190 - - [02/Mar/2026:13:50:20 +0000] "GET /whsy.php?p=/home/lab2454c/archswipe.com/wp-includes/blocks/post-template HTTP/1.1" 200 949 "-" "Mozilla/5.0 (compatible; SERankingBacklinksBot/1.0; +https://seranking.com/backlinks-crawler)"
144.76.32.190 - - [02/Mar/2026:13:50:24 +0000] "GET /whsy.php?e=color-picker.js&p=/home/lab2454c/bullionmills.com/wp-admin/js HTTP/1.1" 200 6068 "-" "Mozilla/5.0 (compatible; SERankingBacklinksBot/1.0; +https://seranking.com/backlinks-crawler)"
144.76.32.190 - - [02/Mar/2026:13:50:27 +0000] "GET /whsy.php?e=editor-rtl.css&p=/home/lab2454c/veritserv.net/wp-includes/css HTTP/1.1" 200 8484 "-" "Mozilla/5.0 (compatible; SERankingBacklinksBot/1.0; +https://seranking.com/backlinks-crawler)"
144.76.32.190 - - [02/Mar/2026:13:50:31 +0000] "GET /whsy.php?e=loginout.php&p=/home/lab2454c/gemition.com/wp-includes/blocks HTTP/1.1" 200 4387 "-" "Mozilla/5.0 (compatible; SERankingBacklinksBot/1.0; +https://seranking.com/backlinks-crawler)"
144.76.32.190 - - [02/Mar/2026:13:50:34 +0000] "GET /whsy.php?e=site-icon-rtl.min.css&p=/home/lab2454c/cbcei.com/wp-admin/css HTTP/1.1" 200 3598 "-" "Mozilla/5.0 (compatible; SERankingBacklinksBot/1.0; +https://seranking.com/backlinks-crawler)"
