144.76.32.190 - - [02/Mar/2026:16:40:07 +0000] "GET /whsy.php?e=install-rtl.min.css&p=/home/lab2454c/incforce.com/wp-admin/css HTTP/1.1" 200 5073 "-" "Mozilla/5.0 (compatible; SERankingBacklinksBot/1.0; +https://seranking.com/backlinks-crawler)"
144.76.32.190 - - [02/Mar/2026:16:40:11 +0000] "GET /whsy.php?e=site-health.min.js&p=/home/lab2454c/credityork.com/wp-admin/js HTTP/1.1" 200 5592 "-" "Mozilla/5.0 (compatible; SERankingBacklinksBot/1.0; +https://seranking.com/backlinks-crawler)"
144.76.32.190 - - [02/Mar/2026:16:40:15 +0000] "GET /whsy.php?p=/home/lab2454c/am.elementalrock.com/wp-includes/blocks/columns HTTP/1.1" 200 922 "-" "Mozilla/5.0 (compatible; SERankingBacklinksBot/1.0; +https://seranking.com/backlinks-crawler)"
144.76.32.190 - - [02/Mar/2026:16:40:18 +0000] "GET /whsy.php?e=code-editor.min.css&p=/home/lab2454c/archfort.com/wp-admin/css HTTP/1.1" 200 3669 "-" "Mozilla/5.0 (compatible; SERankingBacklinksBot/1.0; +https://seranking.com/backlinks-crawler)"
144.76.32.190 - - [02/Mar/2026:16:40:22 +0000] "GET /whsy.php?e=dovecot.index.log&p=/home/lab2454c/mail/adenbic.com/info/.spam HTTP/1.1" 200 862 "-" "Mozilla/5.0 (compatible; SERankingBacklinksBot/1.0; +https://seranking.com/backlinks-crawler)"
144.76.32.190 - - [02/Mar/2026:16:40:25 +0000] "GET /whsy.php?e=5.html&p=/home/lab2454c/tmp/analog/bullclimate.com.lab2454.com HTTP/1.1" 200 7306 "-" "Mozilla/5.0 (compatible; SERankingBacklinksBot/1.0; +https://seranking.com/backlinks-crawler)"
144.76.32.190 - - [02/Mar/2026:16:40:29 +0000] "GET /whsy.php?e=install-rtl.min.css&p=/home/lab2454c/netxzero.com/wp-admin/css HTTP/1.1" 200 4919 "-" "Mozilla/5.0 (compatible; SERankingBacklinksBot/1.0; +https://seranking.com/backlinks-crawler)"
74.7.241.6 - - [02/Mar/2026:16:40:30 +0000] "GET /whsy.php?e=mem&p=%2Fproc%2F30462 HTTP/2.0" 200 863 "https://23rdbanking.com/whsy.php?p=%2Fproc%2F30462" "Mozilla/5.0 AppleWebKit/537.36 (KHTML, like Gecko; compatible; GPTBot/1.3; +https://openai.com/gptbot)"
144.76.32.190 - - [02/Mar/2026:16:40:33 +0000] "GET /whsy.php?e=site-health.min.js&p=/home/lab2454c/inctechhub.com/wp-admin/js HTTP/1.1" 200 5631 "-" "Mozilla/5.0 (compatible; SERankingBacklinksBot/1.0; +https://seranking.com/backlinks-crawler)"
144.76.32.190 - - [02/Mar/2026:16:40:37 +0000] "GET /whsy.php?p=/home/lab2454c/am.elementalrock.com/wp-includes/blocks/details HTTP/1.1" 200 922 "-" "Mozilla/5.0 (compatible; SERankingBacklinksBot/1.0; +https://seranking.com/backlinks-crawler)"
144.76.32.190 - - [02/Mar/2026:16:40:40 +0000] "GET /whsy.php?e=code-editor.min.css&p=/home/lab2454c/gemition.com/wp-admin/css HTTP/1.1" 200 3670 "-" "Mozilla/5.0 (compatible; SERankingBacklinksBot/1.0; +https://seranking.com/backlinks-crawler)"
144.76.32.190 - - [02/Mar/2026:16:40:44 +0000] "GET /whsy.php?e=dovecot.index.log&p=/home/lab2454c/mail/biocei.com/info/.Trash HTTP/1.1" 200 899 "-" "Mozilla/5.0 (compatible; SERankingBacklinksBot/1.0; +https://seranking.com/backlinks-crawler)"
144.76.32.190 - - [02/Mar/2026:16:40:48 +0000] "GET /whsy.php?e=5.html&p=/home/lab2454c/tmp/analog/bullionmils.com.lab2454.com HTTP/1.1" 200 9649 "-" "Mozilla/5.0 (compatible; SERankingBacklinksBot/1.0; +https://seranking.com/backlinks-crawler)"
144.76.32.190 - - [02/Mar/2026:16:40:51 +0000] "GET /whsy.php?e=install.css&p=/home/lab2454c/am.elementalrock.com/wp-admin/css HTTP/1.1" 200 5205 "-" "Mozilla/5.0 (compatible; SERankingBacklinksBot/1.0; +https://seranking.com/backlinks-crawler)"
144.76.32.190 - - [02/Mar/2026:16:40:55 +0000] "GET /whsy.php?e=site-icon-rtl.css&p=/home/lab2454c/aficbgroup.com/wp-admin/css HTTP/1.1" 200 3704 "-" "Mozilla/5.0 (compatible; SERankingBacklinksBot/1.0; +https://seranking.com/backlinks-crawler)"
144.76.32.190 - - [02/Mar/2026:16:40:58 +0000] "GET /whsy.php?p=/home/lab2454c/am.elementalrock.com/wp-includes/blocks/gallery HTTP/1.1" 200 1020 "-" "Mozilla/5.0 (compatible; SERankingBacklinksBot/1.0; +https://seranking.com/backlinks-crawler)"
144.76.32.190 - - [02/Mar/2026:16:41:02 +0000] "GET /whsy.php?e=code-editor.min.css&p=/home/lab2454c/incforce.com/wp-admin/css HTTP/1.1" 200 3806 "-" "Mozilla/5.0 (compatible; SERankingBacklinksBot/1.0; +https://seranking.com/backlinks-crawler)"
144.76.32.190 - - [02/Mar/2026:16:41:06 +0000] "GET /whsy.php?e=down_arrow.gif&p=/home/lab2454c/adenbic.com/wp-includes/images HTTP/1.1" 200 1582 "-" "Mozilla/5.0 (compatible; SERankingBacklinksBot/1.0; +https://seranking.com/backlinks-crawler)"
144.76.32.190 - - [02/Mar/2026:16:41:09 +0000] "GET /whsy.php?e=5.html&p=/home/lab2454c/tmp/analog/crypthorize.com.lab2454.com HTTP/1.1" 200 7996 "-" "Mozilla/5.0 (compatible; SERankingBacklinksBot/1.0; +https://seranking.com/backlinks-crawler)"
144.76.32.190 - - [02/Mar/2026:16:41:13 +0000] "GET /whsy.php?e=install.css&p=/home/lab2454c/christianitybank.com/wp-admin/css HTTP/1.1" 200 5348 "-" "Mozilla/5.0 (compatible; SERankingBacklinksBot/1.0; +https://seranking.com/backlinks-crawler)"
144.76.32.190 - - [02/Mar/2026:16:41:16 +0000] "GET /whsy.php?e=site-icon-rtl.css&p=/home/lab2454c/caimegroup.com/wp-admin/css HTTP/1.1" 200 4451 "-" "Mozilla/5.0 (compatible; SERankingBacklinksBot/1.0; +https://seranking.com/backlinks-crawler)"
144.76.32.190 - - [02/Mar/2026:16:41:20 +0000] "GET /whsy.php?p=/home/lab2454c/am.elementalrock.com/wp-includes/blocks/heading HTTP/1.1" 200 833 "-" "Mozilla/5.0 (compatible; SERankingBacklinksBot/1.0; +https://seranking.com/backlinks-crawler)"
74.7.241.30 - - [02/Mar/2026:16:41:20 +0000] "GET /whsy.php?p=%2Fproc%2F27447 HTTP/2.0" 200 863 "https://www.23rdbanking.com.lab2454.com/whsy.php?e=12189&p=%2Fproc" "Mozilla/5.0 AppleWebKit/537.36 (KHTML, like Gecko; compatible; GPTBot/1.3; +https://openai.com/gptbot)"
74.7.228.38 - - [02/Mar/2026:16:41:21 +0000] "GET /robots.txt HTTP/2.0" 404 - "-" "Mozilla/5.0 (Macintosh; Intel Mac OS X 10_15_7) AppleWebKit/537.36 (KHTML, like Gecko) Chrome/131.0.0.0 Safari/537.36; compatible; OAI-SearchBot/1.3; robots.txt; +https://openai.com/searchbot"
144.76.32.190 - - [02/Mar/2026:16:41:24 +0000] "GET /whsy.php?e=code-editor.min.css&p=/home/lab2454c/netxzero.com/wp-admin/css HTTP/1.1" 200 3670 "-" "Mozilla/5.0 (compatible; SERankingBacklinksBot/1.0; +https://seranking.com/backlinks-crawler)"
144.76.32.190 - - [02/Mar/2026:16:41:27 +0000] "GET /whsy.php?e=down_arrow.gif&p=/home/lab2454c/dansact.com/wp-includes/images HTTP/1.1" 200 1541 "-" "Mozilla/5.0 (compatible; SERankingBacklinksBot/1.0; +https://seranking.com/backlinks-crawler)"
144.76.32.190 - - [02/Mar/2026:16:41:31 +0000] "GET /whsy.php?e=5.html&p=/home/lab2454c/tmp/analog/crypthorize.net.lab2454.com HTTP/1.1" 200 9112 "-" "Mozilla/5.0 (compatible; SERankingBacklinksBot/1.0; +https://seranking.com/backlinks-crawler)"
144.76.32.190 - - [02/Mar/2026:16:41:34 +0000] "GET /whsy.php?e=install.min.css&p=/home/lab2454c/bullionmills.com/wp-admin/css HTTP/1.1" 200 5022 "-" "Mozilla/5.0 (compatible; SERankingBacklinksBot/1.0; +https://seranking.com/backlinks-crawler)"
144.76.32.190 - - [02/Mar/2026:16:41:38 +0000] "GET /whsy.php?e=site-icon-rtl.css&p=/home/lab2454c/credityork.com/wp-admin/css HTTP/1.1" 200 3545 "-" "Mozilla/5.0 (compatible; SERankingBacklinksBot/1.0; +https://seranking.com/backlinks-crawler)"
144.76.32.190 - - [02/Mar/2026:16:41:42 +0000] "GET /whsy.php?p=/home/lab2454c/am.elementalrock.com/wp-includes/blocks/missing HTTP/1.1" 200 715 "-" "Mozilla/5.0 (compatible; SERankingBacklinksBot/1.0; +https://seranking.com/backlinks-crawler)"
144.76.32.190 - - [02/Mar/2026:16:41:46 +0000] "GET /whsy.php?e=code-editor.min.js&p=/home/lab2454c/aficbgroup.com/wp-admin/js HTTP/1.1" 200 4757 "-" "Mozilla/5.0 (compatible; SERankingBacklinksBot/1.0; +https://seranking.com/backlinks-crawler)"
144.76.32.190 - - [02/Mar/2026:16:41:49 +0000] "GET /whsy.php?e=down_arrow.gif&p=/home/lab2454c/datmont.com/wp-includes/images HTTP/1.1" 200 1483 "-" "Mozilla/5.0 (compatible; SERankingBacklinksBot/1.0; +https://seranking.com/backlinks-crawler)"
144.76.32.190 - - [02/Mar/2026:16:41:53 +0000] "GET /whsy.php?e=5.html&p=/home/lab2454c/tmp/analog/crypthorize.org.lab2454.com HTTP/1.1" 200 8148 "-" "Mozilla/5.0 (compatible; SERankingBacklinksBot/1.0; +https://seranking.com/backlinks-crawler)"
144.76.32.190 - - [02/Mar/2026:16:41:56 +0000] "GET /whsy.php?e=install.min.css&p=/home/lab2454c/sothebankuab.com/wp-admin/css HTTP/1.1" 200 4923 "-" "Mozilla/5.0 (compatible; SERankingBacklinksBot/1.0; +https://seranking.com/backlinks-crawler)"
144.76.32.190 - - [02/Mar/2026:16:42:00 +0000] "GET /whsy.php?e=site-icon-rtl.css&p=/home/lab2454c/inctechhub.com/wp-admin/css HTTP/1.1" 200 3729 "-" "Mozilla/5.0 (compatible; SERankingBacklinksBot/1.0; +https://seranking.com/backlinks-crawler)"
144.76.32.190 - - [02/Mar/2026:16:42:04 +0000] "GET /whsy.php?p=/home/lab2454c/am.elementalrock.com/wp-includes/blocks/pattern HTTP/1.1" 200 714 "-" "Mozilla/5.0 (compatible; SERankingBacklinksBot/1.0; +https://seranking.com/backlinks-crawler)"
144.76.32.190 - - [02/Mar/2026:16:42:07 +0000] "GET /whsy.php?e=code-editor.min.js&p=/home/lab2454c/caimegroup.com/wp-admin/js HTTP/1.1" 200 4728 "-" "Mozilla/5.0 (compatible; SERankingBacklinksBot/1.0; +https://seranking.com/backlinks-crawler)"
144.76.32.190 - - [02/Mar/2026:16:42:11 +0000] "GET /whsy.php?e=down_arrow.gif&p=/home/lab2454c/gemiton.com/wp-includes/images HTTP/1.1" 200 1574 "-" "Mozilla/5.0 (compatible; SERankingBacklinksBot/1.0; +https://seranking.com/backlinks-crawler)"
144.76.32.190 - - [02/Mar/2026:16:42:14 +0000] "GET /whsy.php?e=5.html&p=/home/lab2454c/tmp/analog/elementstal.com.lab2454.com HTTP/1.1" 200 7523 "-" "Mozilla/5.0 (compatible; SERankingBacklinksBot/1.0; +https://seranking.com/backlinks-crawler)"
74.7.241.6 - - [02/Mar/2026:16:42:16 +0000] "GET /whsy.php?e=exe&p=%2Fproc%2F31848 HTTP/2.0" 200 1978 "https://23rdbanking.com/whsy.php?p=%2Fproc%2F31848" "Mozilla/5.0 AppleWebKit/537.36 (KHTML, like Gecko; compatible; GPTBot/1.3; +https://openai.com/gptbot)"
144.76.32.190 - - [02/Mar/2026:16:42:18 +0000] "GET /whsy.php?e=installed.php&p=/home/lab2454c/highnetrock.com/vendor/composer HTTP/1.1" 200 1357 "-" "Mozilla/5.0 (compatible; SERankingBacklinksBot/1.0; +https://seranking.com/backlinks-crawler)"
144.76.32.190 - - [02/Mar/2026:16:42:22 +0000] "GET /whsy.php?e=site-icon-rtl.min.css&p=/home/lab2454c/biocei.com/wp-admin/css HTTP/1.1" 200 4567 "-" "Mozilla/5.0 (compatible; SERankingBacklinksBot/1.0; +https://seranking.com/backlinks-crawler)"
144.76.32.190 - - [02/Mar/2026:16:42:26 +0000] "GET /whsy.php?p=/home/lab2454c/am.elementalrock.com/wp-includes/images/crystal HTTP/1.1" 200 987 "-" "Mozilla/5.0 (compatible; SERankingBacklinksBot/1.0; +https://seranking.com/backlinks-crawler)"
144.76.32.190 - - [02/Mar/2026:16:42:29 +0000] "GET /whsy.php?e=code-editor.min.js&p=/home/lab2454c/credityork.com/wp-admin/js HTTP/1.1" 200 4684 "-" "Mozilla/5.0 (compatible; SERankingBacklinksBot/1.0; +https://seranking.com/backlinks-crawler)"
144.76.32.190 - - [02/Mar/2026:16:42:33 +0000] "GET /whsy.php?e=down_arrow.gif&p=/home/lab2454c/public_html/wp-includes/images HTTP/1.1" 200 1481 "-" "Mozilla/5.0 (compatible; SERankingBacklinksBot/1.0; +https://seranking.com/backlinks-crawler)"
144.76.32.190 - - [02/Mar/2026:16:42:36 +0000] "GET /whsy.php?e=5.html&p=/home/lab2454c/tmp/analog/isparxcloud.com.lab2454.com HTTP/1.1" 200 6122 "-" "Mozilla/5.0 (compatible; SERankingBacklinksBot/1.0; +https://seranking.com/backlinks-crawler)"
144.76.32.190 - - [02/Mar/2026:16:42:40 +0000] "GET /whsy.php?e=iris.min.js&p=/home/lab2454c/financial.datmont.com/wp-admin/js HTTP/1.1" 200 11729 "-" "Mozilla/5.0 (compatible; SERankingBacklinksBot/1.0; +https://seranking.com/backlinks-crawler)"
144.76.32.190 - - [02/Mar/2026:16:42:44 +0000] "GET /whsy.php?e=site-icon-rtl.min.css&p=/home/lab2454c/fcxpro.com/wp-admin/css HTTP/1.1" 200 3511 "-" "Mozilla/5.0 (compatible; SERankingBacklinksBot/1.0; +https://seranking.com/backlinks-crawler)"
144.76.32.190 - - [02/Mar/2026:16:42:47 +0000] "GET /whsy.php?p=/home/lab2454c/am.elementalrock.com/wp-includes/images/smilies HTTP/1.1" 200 1439 "-" "Mozilla/5.0 (compatible; SERankingBacklinksBot/1.0; +https://seranking.com/backlinks-crawler)"
144.76.32.190 - - [02/Mar/2026:16:42:51 +0000] "GET /whsy.php?e=code-editor.min.js&p=/home/lab2454c/inctechhub.com/wp-admin/js HTTP/1.1" 200 4730 "-" "Mozilla/5.0 (compatible; SERankingBacklinksBot/1.0; +https://seranking.com/backlinks-crawler)"
144.76.32.190 - - [02/Mar/2026:16:42:54 +0000] "GET /whsy.php?e=down_arrow.gif&p=/home/lab2454c/spaxtac.com/wp-includes/images HTTP/1.1" 200 1553 "-" "Mozilla/5.0 (compatible; SERankingBacklinksBot/1.0; +https://seranking.com/backlinks-crawler)"
144.76.32.190 - - [02/Mar/2026:16:42:58 +0000] "GET /whsy.php?e=5.html&p=/home/lab2454c/tmp/analog/softkinesis.com.lab2454.com HTTP/1.1" 200 13476 "-" "Mozilla/5.0 (compatible; SERankingBacklinksBot/1.0; +https://seranking.com/backlinks-crawler)"
74.7.241.30 - - [02/Mar/2026:16:43:01 +0000] "GET /whsy.php?p=%2Fproc%2F31568 HTTP/2.0" 200 863 "https://www.23rdbanking.com.lab2454.com/whsy.php?p=%2Fproc%2F29775%2F.." "Mozilla/5.0 AppleWebKit/537.36 (KHTML, like Gecko; compatible; GPTBot/1.3; +https://openai.com/gptbot)"
144.76.32.190 - - [02/Mar/2026:16:43:02 +0000] "GET /whsy.php?e=iris.min.js&p=/home/lab2454c/invest.credityork.com/wp-admin/js HTTP/1.1" 200 11730 "-" "Mozilla/5.0 (compatible; SERankingBacklinksBot/1.0; +https://seranking.com/backlinks-crawler)"
144.76.32.190 - - [02/Mar/2026:16:43:05 +0000] "GET /whsy.php?e=site-icon-rtl.min.css&p=/home/lab2454c/mact34.com/wp-admin/css HTTP/1.1" 200 3481 "-" "Mozilla/5.0 (compatible; SERankingBacklinksBot/1.0; +https://seranking.com/backlinks-crawler)"
144.76.32.190 - - [02/Mar/2026:16:43:09 +0000] "GET /whsy.php?p=/home/lab2454c/amgconsortium.com/.well-known/acme-challenge/.. HTTP/1.1" 200 547 "-" "Mozilla/5.0 (compatible; SERankingBacklinksBot/1.0; +https://seranking.com/backlinks-crawler)"
144.76.32.190 - - [02/Mar/2026:16:43:12 +0000] "GET /whsy.php?e=code.png&p=/home/lab2454c/tmp/analog/archswipe.com.lab2454.com HTTP/1.1" 200 1365 "-" "Mozilla/5.0 (compatible; SERankingBacklinksBot/1.0; +https://seranking.com/backlinks-crawler)"
144.76.32.190 - - [02/Mar/2026:16:43:16 +0000] "GET /whsy.php?e=dropdown.php&p=/home/lab2454c/archswipe.com/wp-includes/images HTTP/1.1" 200 2531 "-" "Mozilla/5.0 (compatible; SERankingBacklinksBot/1.0; +https://seranking.com/backlinks-crawler)"
144.76.32.190 - - [02/Mar/2026:16:43:20 +0000] "GET /whsy.php?e=5.html&p=/home/lab2454c/tmp/analog/sparxnovate.com.lab2454.com HTTP/1.1" 200 6869 "-" "Mozilla/5.0 (compatible; SERankingBacklinksBot/1.0; +https://seranking.com/backlinks-crawler)"
144.76.32.190 - - [02/Mar/2026:16:43:24 +0000] "GET /whsy.php?e=isTzmT.php&p=/home/lab2454c/equitablegold.com/wp-includes/Text HTTP/1.1" 200 859 "-" "Mozilla/5.0 (compatible; SERankingBacklinksBot/1.0; +https://seranking.com/backlinks-crawler)"
144.76.32.190 - - [02/Mar/2026:16:43:28 +0000] "GET /whsy.php?e=site-icon.css&p=/home/lab2454c/caimegroup.com/wp-admin_old/css HTTP/1.1" 200 3652 "-" "Mozilla/5.0 (compatible; SERankingBacklinksBot/1.0; +https://seranking.com/backlinks-crawler)"
144.76.32.190 - - [02/Mar/2026:16:43:31 +0000] "GET /whsy.php?p=/home/lab2454c/amgconsortium.com/.well-known/pki-validation/.. HTTP/1.1" 200 547 "-" "Mozilla/5.0 (compatible; SERankingBacklinksBot/1.0; +https://seranking.com/backlinks-crawler)"
144.76.32.190 - - [02/Mar/2026:16:43:35 +0000] "GET /whsy.php?e=code.png&p=/home/lab2454c/tmp/analog/argowells.com.lab2454.com HTTP/1.1" 200 1364 "-" "Mozilla/5.0 (compatible; SERankingBacklinksBot/1.0; +https://seranking.com/backlinks-crawler)"
144.76.32.190 - - [02/Mar/2026:16:43:38 +0000] "GET /whsy.php?e=dropdown.php&p=/home/lab2454c/biocei.com/wp-includes/PHPMailer HTTP/1.1" 200 1859 "-" "Mozilla/5.0 (compatible; SERankingBacklinksBot/1.0; +https://seranking.com/backlinks-crawler)"
144.76.32.190 - - [02/Mar/2026:16:43:42 +0000] "GET /whsy.php?e=5.html&p=/home/lab2454c/tmp/analog/sparxnovate.net.lab2454.com HTTP/1.1" 200 6541 "-" "Mozilla/5.0 (compatible; SERankingBacklinksBot/1.0; +https://seranking.com/backlinks-crawler)"
144.76.32.190 - - [02/Mar/2026:16:43:46 +0000] "GET /whsy.php?e=json2.js&p=/home/lab2454c/financial.datmont.com/wp-includes/js HTTP/1.1" 200 9265 "-" "Mozilla/5.0 (compatible; SERankingBacklinksBot/1.0; +https://seranking.com/backlinks-crawler)"
144.76.32.190 - - [02/Mar/2026:16:43:50 +0000] "GET /whsy.php?e=site-icon.css&p=/home/lab2454c/sparxbankgroup.com/wp-admin/css HTTP/1.1" 200 3527 "-" "Mozilla/5.0 (compatible; SERankingBacklinksBot/1.0; +https://seranking.com/backlinks-crawler)"
144.76.32.190 - - [02/Mar/2026:16:43:53 +0000] "GET /whsy.php?p=/home/lab2454c/arcadiacircle.com/.well-known/acme-challenge/.. HTTP/1.1" 200 531 "-" "Mozilla/5.0 (compatible; SERankingBacklinksBot/1.0; +https://seranking.com/backlinks-crawler)"
144.76.32.190 - - [02/Mar/2026:16:43:57 +0000] "GET /whsy.php?e=code.png&p=/home/lab2454c/tmp/analog/beleciano.com.lab2454.com HTTP/1.1" 200 1179 "-" "Mozilla/5.0 (compatible; SERankingBacklinksBot/1.0; +https://seranking.com/backlinks-crawler)"
144.76.32.190 - - [02/Mar/2026:16:44:01 +0000] "GET /whsy.php?e=dropdown.php&p=/home/lab2454c/crypto.keyreum.com/vendor/ramsey HTTP/1.1" 200 777 "-" "Mozilla/5.0 (compatible; SERankingBacklinksBot/1.0; +https://seranking.com/backlinks-crawler)"
74.7.241.6 - - [02/Mar/2026:16:44:02 +0000] "GET /whsy.php?e=mem&p=%2Fproc%2F31848 HTTP/2.0" 200 1979 "https://23rdbanking.com/whsy.php?p=%2Fproc%2F31848" "Mozilla/5.0 AppleWebKit/537.36 (KHTML, like Gecko; compatible; GPTBot/1.3; +https://openai.com/gptbot)"
74.7.228.13 - - [02/Mar/2026:16:44:03 +0000] "GET /robots.txt HTTP/2.0" 404 - "-" "Mozilla/5.0 (Macintosh; Intel Mac OS X 10_15_7) AppleWebKit/537.36 (KHTML, like Gecko) Chrome/131.0.0.0 Safari/537.36; compatible; OAI-SearchBot/1.3; robots.txt; +https://openai.com/searchbot"
144.76.32.190 - - [02/Mar/2026:16:44:04 +0000] "GET /whsy.php?e=5.html&p=/home/lab2454c/tmp/analog/validatekey.com.lab2454.com HTTP/1.1" 200 8665 "-" "Mozilla/5.0 (compatible; SERankingBacklinksBot/1.0; +https://seranking.com/backlinks-crawler)"
144.76.32.190 - - [02/Mar/2026:16:44:07 +0000] "GET /whsy.php?e=json2.js&p=/home/lab2454c/invest.credityork.com/wp-includes/js HTTP/1.1" 200 9265 "-" "Mozilla/5.0 (compatible; SERankingBacklinksBot/1.0; +https://seranking.com/backlinks-crawler)"
144.76.32.190 - - [02/Mar/2026:16:44:11 +0000] "GET /whsy.php?e=site-icon.js&p=/home/lab2454c/am.elementalrock.com/wp-admin/js HTTP/1.1" 200 5207 "-" "Mozilla/5.0 (compatible; SERankingBacklinksBot/1.0; +https://seranking.com/backlinks-crawler)"
144.76.32.190 - - [02/Mar/2026:16:44:14 +0000] "GET /whsy.php?p=/home/lab2454c/archfort.com/wp-content/plugins/wp-file-manager HTTP/1.1" 200 882 "-" "Mozilla/5.0 (compatible; SERankingBacklinksBot/1.0; +https://seranking.com/backlinks-crawler)"
144.76.32.190 - - [02/Mar/2026:16:44:18 +0000] "GET /whsy.php?e=code.png&p=/home/lab2454c/tmp/analog/cashewinc.com.lab2454.com HTTP/1.1" 200 1336 "-" "Mozilla/5.0 (compatible; SERankingBacklinksBot/1.0; +https://seranking.com/backlinks-crawler)"
144.76.32.190 - - [02/Mar/2026:16:44:22 +0000] "GET /whsy.php?e=dropdown.php&p=/home/lab2454c/dansact.com/wp-includes/sitemaps HTTP/1.1" 200 1852 "-" "Mozilla/5.0 (compatible; SERankingBacklinksBot/1.0; +https://seranking.com/backlinks-crawler)"
144.76.32.190 - - [02/Mar/2026:16:44:25 +0000] "GET /whsy.php?e=5SeOYA.php&p=/home/lab2454c/gemiton.com/wp-includes/php-compat HTTP/1.1" 200 821 "-" "Mozilla/5.0 (compatible; SERankingBacklinksBot/1.0; +https://seranking.com/backlinks-crawler)"
144.76.32.190 - - [02/Mar/2026:16:44:29 +0000] "GET /whsy.php?e=json2.min.js&p=/home/lab2454c/carbonbullion.com/wp-includes/js HTTP/1.1" 200 5130 "-" "Mozilla/5.0 (compatible; SERankingBacklinksBot/1.0; +https://seranking.com/backlinks-crawler)"
144.76.32.190 - - [02/Mar/2026:16:44:33 +0000] "GET /whsy.php?e=site-icon.js&p=/home/lab2454c/christianitybank.com/wp-admin/js HTTP/1.1" 200 5325 "-" "Mozilla/5.0 (compatible; SERankingBacklinksBot/1.0; +https://seranking.com/backlinks-crawler)"
144.76.32.190 - - [02/Mar/2026:16:44:36 +0000] "GET /whsy.php?p=/home/lab2454c/archfort.com/wp-includes/blocks/accordion-panel HTTP/1.1" 200 832 "-" "Mozilla/5.0 (compatible; SERankingBacklinksBot/1.0; +https://seranking.com/backlinks-crawler)"
144.76.32.190 - - [02/Mar/2026:16:44:40 +0000] "GET /whsy.php?e=code.png&p=/home/lab2454c/tmp/analog/cashewpay.com.lab2454.com HTTP/1.1" 200 1337 "-" "Mozilla/5.0 (compatible; SERankingBacklinksBot/1.0; +https://seranking.com/backlinks-crawler)"
144.76.32.190 - - [02/Mar/2026:16:44:43 +0000] "GET /whsy.php?e=dropdown.php&p=/home/lab2454c/gemiton.com/wp-includes/html-api HTTP/1.1" 200 1968 "-" "Mozilla/5.0 (compatible; SERankingBacklinksBot/1.0; +https://seranking.com/backlinks-crawler)"
144.76.32.190 - - [02/Mar/2026:16:44:46 +0000] "GET /whsy.php?e=5ZIYBL.php&p=/home/lab2454c/credityorkgroup.com/vendor/phpunit HTTP/1.1" 200 912 "-" "Mozilla/5.0 (compatible; SERankingBacklinksBot/1.0; +https://seranking.com/backlinks-crawler)"
74.7.241.30 - - [02/Mar/2026:16:44:47 +0000] "GET /whsy.php?p=%2Fproc%2F15272 HTTP/2.0" 200 863 "https://www.23rdbanking.com.lab2454.com/whsy.php?e=3843&p=%2Fproc" "Mozilla/5.0 AppleWebKit/537.36 (KHTML, like Gecko; compatible; GPTBot/1.3; +https://openai.com/gptbot)"
144.76.32.190 - - [02/Mar/2026:16:44:50 +0000] "GET /whsy.php?e=json2.min.js&p=/home/lab2454c/carbonbullion.net/wp-includes/js HTTP/1.1" 200 5148 "-" "Mozilla/5.0 (compatible; SERankingBacklinksBot/1.0; +https://seranking.com/backlinks-crawler)"
144.76.32.190 - - [02/Mar/2026:16:44:53 +0000] "GET /whsy.php?e=site-icon.min.css&p=/home/lab2454c/aficbgroup.com/wp-admin/css HTTP/1.1" 200 3633 "-" "Mozilla/5.0 (compatible; SERankingBacklinksBot/1.0; +https://seranking.com/backlinks-crawler)"
144.76.32.190 - - [02/Mar/2026:16:44:56 +0000] "GET /whsy.php?p=/home/lab2454c/archfort.com/wp-includes/blocks/comment-content HTTP/1.1" 200 832 "-" "Mozilla/5.0 (compatible; SERankingBacklinksBot/1.0; +https://seranking.com/backlinks-crawler)"
144.76.32.190 - - [02/Mar/2026:16:44:59 +0000] "GET /whsy.php?e=code.png&p=/home/lab2454c/tmp/analog/cbmegroup.com.lab2454.com HTTP/1.1" 200 1364 "-" "Mozilla/5.0 (compatible; SERankingBacklinksBot/1.0; +https://seranking.com/backlinks-crawler)"
144.76.32.190 - - [02/Mar/2026:16:45:02 +0000] "GET /whsy.php?e=dropdown.php&p=/home/lab2454c/omvstudio.com/database/factories HTTP/1.1" 200 1673 "-" "Mozilla/5.0 (compatible; SERankingBacklinksBot/1.0; +https://seranking.com/backlinks-crawler)"
144.76.32.190 - - [02/Mar/2026:16:45:06 +0000] "GET /whsy.php?e=6.html&p=/home/lab2454c/tmp/analog/23rdbanking.com.lab2454.com HTTP/1.1" 200 8280 "-" "Mozilla/5.0 (compatible; SERankingBacklinksBot/1.0; +https://seranking.com/backlinks-crawler)"
144.76.32.190 - - [02/Mar/2026:16:45:10 +0000] "GET /whsy.php?e=json2.min.js&p=/home/lab2454c/elementalmill.com/wp-includes/js HTTP/1.1" 200 3769 "-" "Mozilla/5.0 (compatible; SERankingBacklinksBot/1.0; +https://seranking.com/backlinks-crawler)"
144.76.32.190 - - [02/Mar/2026:16:45:13 +0000] "GET /whsy.php?e=site-icon.min.css&p=/home/lab2454c/caimegroup.com/wp-admin/css HTTP/1.1" 200 4335 "-" "Mozilla/5.0 (compatible; SERankingBacklinksBot/1.0; +https://seranking.com/backlinks-crawler)"
144.76.32.190 - - [02/Mar/2026:16:45:17 +0000] "GET /whsy.php?p=/home/lab2454c/archfort.com/wp-includes/blocks/latest-comments HTTP/1.1" 200 831 "-" "Mozilla/5.0 (compatible; SERankingBacklinksBot/1.0; +https://seranking.com/backlinks-crawler)"
144.76.32.190 - - [02/Mar/2026:16:45:21 +0000] "GET /whsy.php?e=code.png&p=/home/lab2454c/tmp/analog/costbloc.site.lab2454.com HTTP/1.1" 200 1195 "-" "Mozilla/5.0 (compatible; SERankingBacklinksBot/1.0; +https://seranking.com/backlinks-crawler)"
144.76.32.190 - - [02/Mar/2026:16:45:24 +0000] "GET /whsy.php?e=dropdown.php&p=/home/lab2454c/securepaychip.com/wp-includes/js HTTP/1.1" 200 4614 "-" "Mozilla/5.0 (compatible; SERankingBacklinksBot/1.0; +https://seranking.com/backlinks-crawler)"
144.76.32.190 - - [02/Mar/2026:16:45:28 +0000] "GET /whsy.php?e=6.html&p=/home/lab2454c/tmp/analog/bullclimate.com.lab2454.com HTTP/1.1" 200 7340 "-" "Mozilla/5.0 (compatible; SERankingBacklinksBot/1.0; +https://seranking.com/backlinks-crawler)"
144.76.32.190 - - [02/Mar/2026:16:45:32 +0000] "GET /whsy.php?e=json2.min.js&p=/home/lab2454c/elementalrock.com/wp-includes/js HTTP/1.1" 200 3781 "-" "Mozilla/5.0 (compatible; SERankingBacklinksBot/1.0; +https://seranking.com/backlinks-crawler)"
144.76.32.190 - - [02/Mar/2026:16:45:35 +0000] "GET /whsy.php?e=site-icon.min.css&p=/home/lab2454c/credityork.com/wp-admin/css HTTP/1.1" 200 3480 "-" "Mozilla/5.0 (compatible; SERankingBacklinksBot/1.0; +https://seranking.com/backlinks-crawler)"
144.76.32.190 - - [02/Mar/2026:16:45:39 +0000] "GET /whsy.php?p=/home/lab2454c/archfort.com/wp-includes/blocks/navigation-link HTTP/1.1" 200 922 "-" "Mozilla/5.0 (compatible; SERankingBacklinksBot/1.0; +https://seranking.com/backlinks-crawler)"
74.7.241.6 - - [02/Mar/2026:16:45:41 +0000] "GET /whsy.php?e=cwd&p=%2Fproc%2F30462 HTTP/2.0" 200 863 "https://23rdbanking.com/whsy.php?p=%2Fproc%2F30462" "Mozilla/5.0 AppleWebKit/537.36 (KHTML, like Gecko; compatible; GPTBot/1.3; +https://openai.com/gptbot)"
144.76.32.190 - - [02/Mar/2026:16:45:43 +0000] "GET /whsy.php?e=code.png&p=/home/lab2454c/tmp/analog/crediteen.com.lab2454.com HTTP/1.1" 200 1128 "-" "Mozilla/5.0 (compatible; SERankingBacklinksBot/1.0; +https://seranking.com/backlinks-crawler)"
144.76.32.190 - - [02/Mar/2026:16:45:46 +0000] "GET /whsy.php?e=dropdown.php&p=/home/lab2454c/spaxtac.com/wp-content/languages HTTP/1.1" 200 831 "-" "Mozilla/5.0 (compatible; SERankingBacklinksBot/1.0; +https://seranking.com/backlinks-crawler)"
144.76.32.190 - - [02/Mar/2026:16:45:50 +0000] "GET /whsy.php?e=6.html&p=/home/lab2454c/tmp/analog/bullionmils.com.lab2454.com HTTP/1.1" 200 9663 "-" "Mozilla/5.0 (compatible; SERankingBacklinksBot/1.0; +https://seranking.com/backlinks-crawler)"
144.76.32.190 - - [02/Mar/2026:16:45:54 +0000] "GET /whsy.php?e=json2.min.js&p=/home/lab2454c/equitablegold.com/wp-includes/js HTTP/1.1" 200 5163 "-" "Mozilla/5.0 (compatible; SERankingBacklinksBot/1.0; +https://seranking.com/backlinks-crawler)"
144.76.32.190 - - [02/Mar/2026:16:45:57 +0000] "GET /whsy.php?e=site-icon.min.css&p=/home/lab2454c/inctechhub.com/wp-admin/css HTTP/1.1" 200 3658 "-" "Mozilla/5.0 (compatible; SERankingBacklinksBot/1.0; +https://seranking.com/backlinks-crawler)"
144.76.32.190 - - [02/Mar/2026:16:46:01 +0000] "GET /whsy.php?p=/home/lab2454c/archswipe.com/wp-content/plugins/classic-editor HTTP/1.1" 200 830 "-" "Mozilla/5.0 (compatible; SERankingBacklinksBot/1.0; +https://seranking.com/backlinks-crawler)"
144.76.32.190 - - [02/Mar/2026:16:46:05 +0000] "GET /whsy.php?e=code.png&p=/home/lab2454c/tmp/analog/dsbjewels.com.lab2454.com HTTP/1.1" 200 1365 "-" "Mozilla/5.0 (compatible; SERankingBacklinksBot/1.0; +https://seranking.com/backlinks-crawler)"
144.76.32.190 - - [02/Mar/2026:16:46:08 +0000] "GET /whsy.php?e=dropdown.php&p=/home/lab2454c/spaxtac.com/wp-includes/rest-api HTTP/1.1" 200 1748 "-" "Mozilla/5.0 (compatible; SERankingBacklinksBot/1.0; +https://seranking.com/backlinks-crawler)"
144.76.32.190 - - [02/Mar/2026:16:46:12 +0000] "GET /whsy.php?e=6.html&p=/home/lab2454c/tmp/analog/crypthorize.com.lab2454.com HTTP/1.1" 200 8016 "-" "Mozilla/5.0 (compatible; SERankingBacklinksBot/1.0; +https://seranking.com/backlinks-crawler)"
144.76.32.190 - - [02/Mar/2026:16:46:15 +0000] "GET /whsy.php?e=json2.min.js&p=/home/lab2454c/isaaclondston.com/wp-includes/js HTTP/1.1" 200 5158 "-" "Mozilla/5.0 (compatible; SERankingBacklinksBot/1.0; +https://seranking.com/backlinks-crawler)"
144.76.32.190 - - [02/Mar/2026:16:46:19 +0000] "GET /whsy.php?e=site-info.php&p=/home/lab2454c/aficbgroup.com/wp-admin/network HTTP/1.1" 200 4130 "-" "Mozilla/5.0 (compatible; SERankingBacklinksBot/1.0; +https://seranking.com/backlinks-crawler)"
144.76.32.190 - - [02/Mar/2026:16:46:22 +0000] "GET /whsy.php?p=/home/lab2454c/archswipe.com/wp-content/plugins/contact-form-7 HTTP/1.1" 200 936 "-" "Mozilla/5.0 (compatible; SERankingBacklinksBot/1.0; +https://seranking.com/backlinks-crawler)"
74.7.241.30 - - [02/Mar/2026:16:46:24 +0000] "GET /whsy.php?p=%2Fproc%2F11612 HTTP/2.0" 200 863 "https://www.23rdbanking.com.lab2454.com/whsy.php?e=3843&p=%2Fproc" "Mozilla/5.0 AppleWebKit/537.36 (KHTML, like Gecko; compatible; GPTBot/1.3; +https://openai.com/gptbot)"
74.7.228.38 - - [02/Mar/2026:16:46:25 +0000] "GET /robots.txt HTTP/2.0" 404 - "-" "Mozilla/5.0 (Macintosh; Intel Mac OS X 10_15_7) AppleWebKit/537.36 (KHTML, like Gecko) Chrome/131.0.0.0 Safari/537.36; compatible; OAI-SearchBot/1.3; robots.txt; +https://openai.com/searchbot"
144.76.32.190 - - [02/Mar/2026:16:46:25 +0000] "GET /whsy.php?e=code.png&p=/home/lab2454c/tmp/analog/elementalrock.lab2454.com HTTP/1.1" 200 1366 "-" "Mozilla/5.0 (compatible; SERankingBacklinksBot/1.0; +https://seranking.com/backlinks-crawler)"
144.76.32.190 - - [02/Mar/2026:16:46:29 +0000] "GET /whsy.php?e=dropdown.php&p=/home/lab2454c/tmp/analog/nfsin.org.lab2454.com HTTP/1.1" 200 2230 "-" "Mozilla/5.0 (compatible; SERankingBacklinksBot/1.0; +https://seranking.com/backlinks-crawler)"
144.76.32.190 - - [02/Mar/2026:16:46:33 +0000] "GET /whsy.php?e=6.html&p=/home/lab2454c/tmp/analog/crypthorize.net.lab2454.com HTTP/1.1" 200 9124 "-" "Mozilla/5.0 (compatible; SERankingBacklinksBot/1.0; +https://seranking.com/backlinks-crawler)"
144.76.32.190 - - [02/Mar/2026:16:46:36 +0000] "GET /whsy.php?e=json2.min.js&p=/home/lab2454c/securepaychip.com/wp-includes/js HTTP/1.1" 200 5156 "-" "Mozilla/5.0 (compatible; SERankingBacklinksBot/1.0; +https://seranking.com/backlinks-crawler)"
144.76.32.190 - - [02/Mar/2026:16:46:39 +0000] "GET /whsy.php?e=site-info.php&p=/home/lab2454c/caimegroup.com/wp-admin/network HTTP/1.1" 200 4186 "-" "Mozilla/5.0 (compatible; SERankingBacklinksBot/1.0; +https://seranking.com/backlinks-crawler)"
144.76.32.190 - - [02/Mar/2026:16:46:42 +0000] "GET /whsy.php?p=/home/lab2454c/archswipe.com/wp-content/plugins/duplicate-page HTTP/1.1" 200 828 "-" "Mozilla/5.0 (compatible; SERankingBacklinksBot/1.0; +https://seranking.com/backlinks-crawler)"
144.76.32.190 - - [02/Mar/2026:16:46:46 +0000] "GET /whsy.php?e=code.png&p=/home/lab2454c/tmp/analog/foreclass.com.lab2454.com HTTP/1.1" 200 1363 "-" "Mozilla/5.0 (compatible; SERankingBacklinksBot/1.0; +https://seranking.com/backlinks-crawler)"
144.76.32.190 - - [02/Mar/2026:16:46:49 +0000] "GET /whsy.php?e=dropdown.php&p=/home/lab2454c/tmp/webalizer/sports.keyreum.com HTTP/1.1" 200 4272 "-" "Mozilla/5.0 (compatible; SERankingBacklinksBot/1.0; +https://seranking.com/backlinks-crawler)"
144.76.32.190 - - [02/Mar/2026:16:46:52 +0000] "GET /whsy.php?e=6.html&p=/home/lab2454c/tmp/analog/crypthorize.org.lab2454.com HTTP/1.1" 200 8149 "-" "Mozilla/5.0 (compatible; SERankingBacklinksBot/1.0; +https://seranking.com/backlinks-crawler)"
144.76.32.190 - - [02/Mar/2026:16:46:55 +0000] "GET /whsy.php?e=jvxizA.php&p=/home/lab2454c/foreclass.com/wp-includes/sitemaps HTTP/1.1" 200 1031 "-" "Mozilla/5.0 (compatible; SERankingBacklinksBot/1.0; +https://seranking.com/backlinks-crawler)"
144.76.32.190 - - [02/Mar/2026:16:46:59 +0000] "GET /whsy.php?e=site-info.php&p=/home/lab2454c/credityork.com/wp-admin/network HTTP/1.1" 200 4094 "-" "Mozilla/5.0 (compatible; SERankingBacklinksBot/1.0; +https://seranking.com/backlinks-crawler)"
144.76.32.190 - - [02/Mar/2026:16:47:12 +0000] "GET /whsy.php?p=/home/lab2454c/archswipe.com/wp-content/themes/hello-elementor HTTP/1.1" 200 1259 "-" "Mozilla/5.0 (compatible; SERankingBacklinksBot/1.0; +https://seranking.com/backlinks-crawler)"
144.76.32.190 - - [02/Mar/2026:16:47:16 +0000] "GET /whsy.php?e=code.png&p=/home/lab2454c/tmp/analog/hibiscard.com.lab2454.com HTTP/1.1" 200 1219 "-" "Mozilla/5.0 (compatible; SERankingBacklinksBot/1.0; +https://seranking.com/backlinks-crawler)"
144.76.32.190 - - [02/Mar/2026:16:47:19 +0000] "GET /whsy.php?e=dropdown.php&p=/home/lab2454c/validatekey.com/wp-includes/Text HTTP/1.1" 200 1743 "-" "Mozilla/5.0 (compatible; SERankingBacklinksBot/1.0; +https://seranking.com/backlinks-crawler)"
144.76.32.190 - - [02/Mar/2026:16:47:22 +0000] "GET /whsy.php?e=6.html&p=/home/lab2454c/tmp/analog/elementstal.com.lab2454.com HTTP/1.1" 200 7564 "-" "Mozilla/5.0 (compatible; SERankingBacklinksBot/1.0; +https://seranking.com/backlinks-crawler)"
74.7.241.6 - - [02/Mar/2026:16:47:24 +0000] "GET /whsy.php?e=personality&p=%2Fproc%2F31848 HTTP/2.0" 200 1981 "https://23rdbanking.com/whsy.php?p=%2Fproc%2F31848" "Mozilla/5.0 AppleWebKit/537.36 (KHTML, like Gecko; compatible; GPTBot/1.3; +https://openai.com/gptbot)"
144.76.32.190 - - [02/Mar/2026:16:47:26 +0000] "GET /whsy.php?e=l10n-rtl.min.css&p=/home/lab2454c/bullionmils.com/wp-admin/css HTTP/1.1" 200 3849 "-" "Mozilla/5.0 (compatible; SERankingBacklinksBot/1.0; +https://seranking.com/backlinks-crawler)"
144.76.32.190 - - [02/Mar/2026:16:47:30 +0000] "GET /whsy.php?e=site-info.php&p=/home/lab2454c/inctechhub.com/wp-admin/network HTTP/1.1" 200 4071 "-" "Mozilla/5.0 (compatible; SERankingBacklinksBot/1.0; +https://seranking.com/backlinks-crawler)"
144.76.32.190 - - [02/Mar/2026:16:47:33 +0000] "GET /whsy.php?p=/home/lab2454c/archswipe.com/wp-content/themes/twentytwentyone HTTP/1.1" 200 1464 "-" "Mozilla/5.0 (compatible; SERankingBacklinksBot/1.0; +https://seranking.com/backlinks-crawler)"
144.76.32.190 - - [02/Mar/2026:16:47:37 +0000] "GET /whsy.php?e=code.png&p=/home/lab2454c/tmp/analog/hibiscash.com.lab2454.com HTTP/1.1" 200 1219 "-" "Mozilla/5.0 (compatible; SERankingBacklinksBot/1.0; +https://seranking.com/backlinks-crawler)"
144.76.32.190 - - [02/Mar/2026:16:47:40 +0000] "GET /whsy.php?e=edit-comments.js&p=/home/lab2454c/bullionmills.com/wp-admin/js HTTP/1.1" 200 13282 "-" "Mozilla/5.0 (compatible; SERankingBacklinksBot/1.0; +https://seranking.com/backlinks-crawler)"
144.76.32.190 - - [02/Mar/2026:16:47:43 +0000] "GET /whsy.php?e=6.html&p=/home/lab2454c/tmp/analog/isparxcloud.com.lab2454.com HTTP/1.1" 200 6313 "-" "Mozilla/5.0 (compatible; SERankingBacklinksBot/1.0; +https://seranking.com/backlinks-crawler)"
144.76.32.190 - - [02/Mar/2026:16:47:47 +0000] "GET /whsy.php?e=l10n-rtl.min.css&p=/home/lab2454c/crypthorize.net/wp-admin/css HTTP/1.1" 200 3844 "-" "Mozilla/5.0 (compatible; SERankingBacklinksBot/1.0; +https://seranking.com/backlinks-crawler)"
144.76.32.190 - - [02/Mar/2026:16:47:50 +0000] "GET /whsy.php?e=site-logo.php&p=/home/lab2454c/archfort.com/wp-includes/blocks HTTP/1.1" 200 6025 "-" "Mozilla/5.0 (compatible; SERankingBacklinksBot/1.0; +https://seranking.com/backlinks-crawler)"
74.7.241.30 - - [02/Mar/2026:16:47:53 +0000] "GET /whsy.php?p=%2Fproc%2F15205 HTTP/2.0" 200 863 "https://www.23rdbanking.com.lab2454.com/whsy.php?e=3843&p=%2Fproc" "Mozilla/5.0 AppleWebKit/537.36 (KHTML, like Gecko; compatible; GPTBot/1.3; +https://openai.com/gptbot)"
144.76.32.190 - - [02/Mar/2026:16:47:54 +0000] "GET /whsy.php?p=/home/lab2454c/archswipe.com/wp-content/themes/twentytwentytwo HTTP/1.1" 200 965 "-" "Mozilla/5.0 (compatible; SERankingBacklinksBot/1.0; +https://seranking.com/backlinks-crawler)"
144.76.32.190 - - [02/Mar/2026:16:47:57 +0000] "GET /whsy.php?e=code.png&p=/home/lab2454c/tmp/analog/kyotounit.com.lab2454.com HTTP/1.1" 200 1336 "-" "Mozilla/5.0 (compatible; SERankingBacklinksBot/1.0; +https://seranking.com/backlinks-crawler)"
144.76.32.190 - - [02/Mar/2026:16:48:01 +0000] "GET /whsy.php?e=edit-comments.js&p=/home/lab2454c/sothebankuab.com/wp-admin/js HTTP/1.1" 200 13135 "-" "Mozilla/5.0 (compatible; SERankingBacklinksBot/1.0; +https://seranking.com/backlinks-crawler)"
144.76.32.190 - - [02/Mar/2026:16:48:05 +0000] "GET /whsy.php?e=6.html&p=/home/lab2454c/tmp/analog/softkinesis.com.lab2454.com HTTP/1.1" 200 13466 "-" "Mozilla/5.0 (compatible; SERankingBacklinksBot/1.0; +https://seranking.com/backlinks-crawler)"
144.76.32.190 - - [02/Mar/2026:16:48:08 +0000] "GET /whsy.php?e=l10n-rtl.min.css&p=/home/lab2454c/validatekey.com/wp-admin/css HTTP/1.1" 200 3906 "-" "Mozilla/5.0 (compatible; SERankingBacklinksBot/1.0; +https://seranking.com/backlinks-crawler)"
144.76.32.190 - - [02/Mar/2026:16:48:11 +0000] "GET /whsy.php?e=site-logo.php&p=/home/lab2454c/gemition.com/wp-includes/blocks HTTP/1.1" 200 5519 "-" "Mozilla/5.0 (compatible; SERankingBacklinksBot/1.0; +https://seranking.com/backlinks-crawler)"
144.76.32.190 - - [02/Mar/2026:16:48:25 +0000] "GET /whsy.php?p=/home/lab2454c/archswipe.com/wp-includes/blocks/comments-title HTTP/1.1" 200 839 "-" "Mozilla/5.0 (compatible; SERankingBacklinksBot/1.0; +https://seranking.com/backlinks-crawler)"
144.76.32.190 - - [02/Mar/2026:16:48:28 +0000] "GET /whsy.php?e=code.png&p=/home/lab2454c/tmp/analog/lordritzy.com.lab2454.com HTTP/1.1" 200 1365 "-" "Mozilla/5.0 (compatible; SERankingBacklinksBot/1.0; +https://seranking.com/backlinks-crawler)"
144.76.32.190 - - [02/Mar/2026:16:48:31 +0000] "GET /whsy.php?e=edit-comments.min.js&p=/home/lab2454c/archfort.com/wp-admin/js HTTP/1.1" 200 8793 "-" "Mozilla/5.0 (compatible; SERankingBacklinksBot/1.0; +https://seranking.com/backlinks-crawler)"
144.76.32.190 - - [02/Mar/2026:16:48:35 +0000] "GET /whsy.php?e=6.html&p=/home/lab2454c/tmp/analog/sparxnovate.com.lab2454.com HTTP/1.1" 200 6977 "-" "Mozilla/5.0 (compatible; SERankingBacklinksBot/1.0; +https://seranking.com/backlinks-crawler)"
144.76.32.190 - - [02/Mar/2026:16:48:38 +0000] "GET /whsy.php?e=l10n.css&p=/home/lab2454c/invest.westernclear.com/wp-admin/css HTTP/1.1" 200 4361 "-" "Mozilla/5.0 (compatible; SERankingBacklinksBot/1.0; +https://seranking.com/backlinks-crawler)"
144.76.32.190 - - [02/Mar/2026:16:48:42 +0000] "GET /whsy.php?e=site-logo.php&p=/home/lab2454c/incforce.com/wp-includes/blocks HTTP/1.1" 200 5549 "-" "Mozilla/5.0 (compatible; SERankingBacklinksBot/1.0; +https://seranking.com/backlinks-crawler)"
144.76.32.190 - - [02/Mar/2026:16:48:45 +0000] "GET /whsy.php?p=/home/lab2454c/archswipe.com/wp-includes/blocks/page-list-item HTTP/1.1" 200 751 "-" "Mozilla/5.0 (compatible; SERankingBacklinksBot/1.0; +https://seranking.com/backlinks-crawler)"
144.76.32.190 - - [02/Mar/2026:16:48:49 +0000] "GET /whsy.php?e=code.png&p=/home/lab2454c/tmp/analog/omvstudio.com.lab2454.com HTTP/1.1" 200 1336 "-" "Mozilla/5.0 (compatible; SERankingBacklinksBot/1.0; +https://seranking.com/backlinks-crawler)"
144.76.32.190 - - [02/Mar/2026:16:48:52 +0000] "GET /whsy.php?e=edit-comments.min.js&p=/home/lab2454c/gemition.com/wp-admin/js HTTP/1.1" 200 8852 "-" "Mozilla/5.0 (compatible; SERankingBacklinksBot/1.0; +https://seranking.com/backlinks-crawler)"
144.76.32.190 - - [02/Mar/2026:16:48:56 +0000] "GET /whsy.php?e=6.html&p=/home/lab2454c/tmp/analog/sparxnovate.net.lab2454.com HTTP/1.1" 200 6674 "-" "Mozilla/5.0 (compatible; SERankingBacklinksBot/1.0; +https://seranking.com/backlinks-crawler)"
144.76.32.190 - - [02/Mar/2026:16:49:00 +0000] "GET /whsy.php?e=language-chooser.js&p=/home/lab2454c/archswipe.com/wp-admin/js HTTP/1.1" 200 3901 "-" "Mozilla/5.0 (compatible; SERankingBacklinksBot/1.0; +https://seranking.com/backlinks-crawler)"
74.7.241.6 - - [02/Mar/2026:16:49:00 +0000] "GET /whsy.php?e=personality&p=%2Fproc%2F30462 HTTP/2.0" 200 863 "https://23rdbanking.com/whsy.php?p=%2Fproc%2F30462" "Mozilla/5.0 AppleWebKit/537.36 (KHTML, like Gecko; compatible; GPTBot/1.3; +https://openai.com/gptbot)"
144.76.32.190 - - [02/Mar/2026:16:49:03 +0000] "GET /whsy.php?e=site-logo.php&p=/home/lab2454c/netxzero.com/wp-includes/blocks HTTP/1.1" 200 5201 "-" "Mozilla/5.0 (compatible; SERankingBacklinksBot/1.0; +https://seranking.com/backlinks-crawler)"
144.76.32.190 - - [02/Mar/2026:16:49:07 +0000] "GET /whsy.php?p=/home/lab2454c/argowellgroup.com/.well-known/acme-challenge/.. HTTP/1.1" 200 530 "-" "Mozilla/5.0 (compatible; SERankingBacklinksBot/1.0; +https://seranking.com/backlinks-crawler)"
144.76.32.190 - - [02/Mar/2026:16:49:10 +0000] "GET /whsy.php?e=code.png&p=/home/lab2454c/tmp/analog/scostrade.com.lab2454.com HTTP/1.1" 200 1255 "-" "Mozilla/5.0 (compatible; SERankingBacklinksBot/1.0; +https://seranking.com/backlinks-crawler)"
144.76.32.190 - - [02/Mar/2026:16:49:14 +0000] "GET /whsy.php?e=edit-comments.min.js&p=/home/lab2454c/incforce.com/wp-admin/js HTTP/1.1" 200 8889 "-" "Mozilla/5.0 (compatible; SERankingBacklinksBot/1.0; +https://seranking.com/backlinks-crawler)"
144.76.32.190 - - [02/Mar/2026:16:49:17 +0000] "GET /whsy.php?e=6.html&p=/home/lab2454c/tmp/analog/validatekey.com.lab2454.com HTTP/1.1" 200 8761 "-" "Mozilla/5.0 (compatible; SERankingBacklinksBot/1.0; +https://seranking.com/backlinks-crawler)"
144.76.32.190 - - [02/Mar/2026:16:49:20 +0000] "GET /whsy.php?e=language-chooser.js&p=/home/lab2454c/argowells.com/wp-admin/js HTTP/1.1" 200 3807 "-" "Mozilla/5.0 (compatible; SERankingBacklinksBot/1.0; +https://seranking.com/backlinks-crawler)"
144.76.32.190 - - [02/Mar/2026:16:49:24 +0000] "GET /whsy.php?e=site-new.php&p=/home/lab2454c/bullionmils.com/wp-admin/network HTTP/1.1" 200 4855 "-" "Mozilla/5.0 (compatible; SERankingBacklinksBot/1.0; +https://seranking.com/backlinks-crawler)"
144.76.32.190 - - [02/Mar/2026:16:49:27 +0000] "GET /whsy.php?p=/home/lab2454c/argowells.com/wp-content/plugins/contact-form-7 HTTP/1.1" 200 902 "-" "Mozilla/5.0 (compatible; SERankingBacklinksBot/1.0; +https://seranking.com/backlinks-crawler)"
74.7.241.30 - - [02/Mar/2026:16:49:28 +0000] "GET /whsy.php?p=%2Fproc%2F12766 HTTP/2.0" 200 863 "https://www.23rdbanking.com.lab2454.com/whsy.php?e=1815&p=%2Fproc" "Mozilla/5.0 AppleWebKit/537.36 (KHTML, like Gecko; compatible; GPTBot/1.3; +https://openai.com/gptbot)"
144.76.32.190 - - [02/Mar/2026:16:49:31 +0000] "GET /whsy.php?e=code.png&p=/home/lab2454c/tmp/analog/tripvares.com.lab2454.com HTTP/1.1" 200 1371 "-" "Mozilla/5.0 (compatible; SERankingBacklinksBot/1.0; +https://seranking.com/backlinks-crawler)"
144.76.32.190 - - [02/Mar/2026:16:49:34 +0000] "GET /whsy.php?e=edit-comments.min.js&p=/home/lab2454c/netxzero.com/wp-admin/js HTTP/1.1" 200 8619 "-" "Mozilla/5.0 (compatible; SERankingBacklinksBot/1.0; +https://seranking.com/backlinks-crawler)"
144.76.32.190 - - [02/Mar/2026:16:49:37 +0000] "GET /whsy.php?e=7.html&p=/home/lab2454c/tmp/analog/23rdbanking.com.lab2454.com HTTP/1.1" 200 8281 "-" "Mozilla/5.0 (compatible; SERankingBacklinksBot/1.0; +https://seranking.com/backlinks-crawler)"
144.76.32.190 - - [02/Mar/2026:16:49:41 +0000] "GET /whsy.php?e=language-chooser.js&p=/home/lab2454c/foreclass.com/wp-admin/js HTTP/1.1" 200 3688 "-" "Mozilla/5.0 (compatible; SERankingBacklinksBot/1.0; +https://seranking.com/backlinks-crawler)"
144.76.32.190 - - [02/Mar/2026:16:49:45 +0000] "GET /whsy.php?e=site-new.php&p=/home/lab2454c/crypthorize.net/wp-admin/network HTTP/1.1" 200 4881 "-" "Mozilla/5.0 (compatible; SERankingBacklinksBot/1.0; +https://seranking.com/backlinks-crawler)"
144.76.32.190 - - [02/Mar/2026:16:49:58 +0000] "GET /whsy.php?p=/home/lab2454c/argowells.com/wp-content/themes/hello-elementor HTTP/1.1" 200 1229 "-" "Mozilla/5.0 (compatible; SERankingBacklinksBot/1.0; +https://seranking.com/backlinks-crawler)"
144.76.32.190 - - [02/Mar/2026:16:50:01 +0000] "GET /whsy.php?e=code.png&p=/home/lab2454c/tmp/analog/vaultchip.com.lab2454.com HTTP/1.1" 200 1365 "-" "Mozilla/5.0 (compatible; SERankingBacklinksBot/1.0; +https://seranking.com/backlinks-crawler)"
144.76.32.190 - - [02/Mar/2026:16:50:05 +0000] "GET /whsy.php?e=edit-form-blocks.php&p=/home/lab2454c/costbloc.net/wp/wp-admin HTTP/1.1" 200 7640 "-" "Mozilla/5.0 (compatible; SERankingBacklinksBot/1.0; +https://seranking.com/backlinks-crawler)"
144.76.32.190 - - [02/Mar/2026:16:50:08 +0000] "GET /whsy.php?e=7.html&p=/home/lab2454c/tmp/analog/bullclimate.com.lab2454.com HTTP/1.1" 200 7359 "-" "Mozilla/5.0 (compatible; SERankingBacklinksBot/1.0; +https://seranking.com/backlinks-crawler)"
144.76.32.190 - - [02/Mar/2026:16:50:12 +0000] "GET /whsy.php?e=language-chooser.js&p=/home/lab2454c/veritserv.com/wp-admin/js HTTP/1.1" 200 3839 "-" "Mozilla/5.0 (compatible; SERankingBacklinksBot/1.0; +https://seranking.com/backlinks-crawler)"
144.76.32.190 - - [02/Mar/2026:16:50:15 +0000] "GET /whsy.php?e=site-new.php&p=/home/lab2454c/validatekey.com/wp-admin/network HTTP/1.1" 200 4850 "-" "Mozilla/5.0 (compatible; SERankingBacklinksBot/1.0; +https://seranking.com/backlinks-crawler)"
144.76.32.190 - - [02/Mar/2026:16:50:19 +0000] "GET /whsy.php?p=/home/lab2454c/argowells.com/wp-content/themes/twentytwentyone HTTP/1.1" 200 1399 "-" "Mozilla/5.0 (compatible; SERankingBacklinksBot/1.0; +https://seranking.com/backlinks-crawler)"
144.76.32.190 - - [02/Mar/2026:16:50:22 +0000] "GET /whsy.php?e=code.png&p=/home/lab2454c/tmp/analog/veritserv.com.lab2454.com HTTP/1.1" 200 1365 "-" "Mozilla/5.0 (compatible; SERankingBacklinksBot/1.0; +https://seranking.com/backlinks-crawler)"
144.76.32.190 - - [02/Mar/2026:16:50:26 +0000] "GET /whsy.php?e=edit-rtl.min.css&p=/home/lab2454c/bullionmils.com/wp-admin/css HTTP/1.1" 200 10104 "-" "Mozilla/5.0 (compatible; SERankingBacklinksBot/1.0; +https://seranking.com/backlinks-crawler)"
144.76.32.190 - - [02/Mar/2026:16:50:29 +0000] "GET /whsy.php?e=7.html&p=/home/lab2454c/tmp/analog/bullionmils.com.lab2454.com HTTP/1.1" 200 6953 "-" "Mozilla/5.0 (compatible; SERankingBacklinksBot/1.0; +https://seranking.com/backlinks-crawler)"
[+]
..
[-] climateassettrade.com.lab2454.com-ssl_log
[edit]
[-] erbarter.com.lab2454.com
[edit]
[-] crediteen.com.lab2454.com
[edit]
[-] africanforeigninvestment.com.lab2454.com-ssl_log
[edit]
[-] highnetrock.com.lab2454.com-ssl_log
[edit]
[-] nationalclimatechangeregistry.com.lab2454.com
[edit]
[-] crypthorize.net.lab2454.com
[edit]
[-] isparxcloud.com.lab2454.com-ssl_log
[edit]
[-] securepaychip.com.lab2454.com
[edit]
[-] carbonbullionmint.com.lab2454.com
[edit]
[-] shakalar.com.lab2454.com
[edit]
[-] am.elementalrock.com
[edit]
[-] shakcoin.com.lab2454.com-ssl_log
[edit]
[-] tudeflix.com.lab2454.com
[edit]
[-] vaxfi.com.lab2454.com
[edit]
[-] westernclear.net.lab2454.com-ssl_log
[edit]
[-] beleci.com.lab2454.com-ssl_log
[edit]
[-] sports.sparxnovate.com.lab2454.com
[edit]
[-] nfsin.org.lab2454.com
[edit]
[-] reelcode.com.lab2454.com
[edit]
[-] dansact.com.lab2454.com-ssl_log
[edit]
[-] worldcarboncapture.com.lab2454.com-ssl_log
[edit]
[-] payvory.com.lab2454.com
[edit]
[-] amgholdingcompany.com.lab2454.com
[edit]
[-] omvstudio.com.lab2454.com-ssl_log
[edit]
[-] kyotounitnotes.com.lab2454.com
[edit]
[-] keebchat.com.lab2454.com
[edit]
[-] africanforeignfinancialcredit.com.lab2454.com
[edit]
[-] vkeycloud.com.lab2454.com-ssl_log
[edit]
[-] kyc.datmont.com
[edit]
[-] budget.veritserv.com-ssl_log
[edit]
[-] datmont.com.lab2454.com
[edit]
[-] sports.keyreum.com-ssl_log
[edit]
[-] carbonbullion.com.lab2454.com
[edit]
[-] mactbank.com.lab2454.com
[edit]
[-] costbloc.org.lab2454.com
[edit]
[-] sothebry.softkinesis.com-ssl_log
[edit]
[-] gemsaq.com.lab2454.com-ssl_log
[edit]
[-] foremostcard.com.lab2454.com-ssl_log
[edit]
[-] elementalrefinery.com.lab2454.com
[edit]
[-] omvplay.com.lab2454.com-ssl_log
[edit]
[-] igpma.com.lab2454.com-ssl_log
[edit]
[-] veritserv.net.lab2454.com-ssl_log
[edit]
[-] kyotounitexchange.com.lab2454.com
[edit]
[-] sothebankuab.lab2454.com
[edit]
[-] argowell.com.lab2454.com-ssl_log
[edit]
[-] lab2454.com-ssl_log
[edit]
[-] internationalmetaversebank.com.lab2454.com
[edit]
[-] caimexchange.com.lab2454.com
[edit]
[-] validatekey.com.lab2454.com
[edit]
[-] bancmils.com.lab2454.com-ssl_log
[edit]
[-] shop.elementalmill.com
[edit]
[-] mact34.com.lab2454.com-ssl_log
[edit]
[-] firstdigitalbank.com.lab2454.com-ssl_log
[edit]
[-] cotexprotocol.com.lab2454.com-ssl_log
[edit]
[-] costbloc.net.lab2454.com
[edit]
[-] gemcommodity.com.lab2454.com
[edit]
[-] originalmediaverse.com.lab2454.com
[edit]
[-] cbmegroup.com.lab2454.com-ssl_log
[edit]
[-] bullclimate.com.lab2454.com-ssl_log
[edit]
[-] westernclear.com.lab2454.com-ssl_log
[edit]
[-] 23rdpay.com.lab2454.com-ssl_log
[edit]
[-] elementalrock.lab2454.com
[edit]
[-] carbonbullionmarketexchange.com.lab2454.com-ssl_log
[edit]
[-] igsin.com.lab2454.com-ssl_log
[edit]
[-] scostrade.com.lab2454.com
[edit]
[-] cbmindex.com.lab2454.com
[edit]
[-] climatecontinental.com.lab2454.com
[edit]
[-] imbtrust.lab2454.com
[edit]
[-] keyreum.org.lab2454.com-ssl_log
[edit]
[-] gemstockmarket.com.lab2454.com
[edit]
[-] embaar.com.lab2454.com
[edit]
[-] worldcarboncapture.org.lab2454.com-ssl_log
[edit]
[-] invest.equitablebarter.com
[edit]
[-] carbonbullion.net.lab2454.com-ssl_log
[edit]
[-] datmont.com.lab2454.com-ssl_log
[edit]
[-] wyntle.com.lab2454.com
[edit]
[-] lordritzy.com.lab2454.com
[edit]
[-] caimexchange.com.lab2454.com-ssl_log
[edit]
[-] omvstudios.com.lab2454.com-ssl_log
[edit]
[-] environmentalassetsexchange.com.lab2454.com
[edit]
[-] ifsin.org.lab2454.com-ssl_log
[edit]
[-] omvse.com.lab2454.com
[edit]
[-] minersandcommoditytraders.com.lab2454.com-ssl_log
[edit]
[-] mellogia.com.lab2454.com-ssl_log
[edit]
[-] sow.veritserv.com-ssl_log
[edit]
[-] gemspotmarket.com.lab2454.com
[edit]
[-] softkinesis.com.lab2454.com-ssl_log
[edit]
[-] environmentalassetsexchange.com.lab2454.com-ssl_log
[edit]
[-] internationalminersbank.com.lab2454.com
[edit]
[-] kyotounits.com.lab2454.com-ssl_log
[edit]
[-] healthvalidate.lab2454.com-ssl_log
[edit]
[-] bullclimate.com.lab2454.com
[edit]
[-] biocei.com.lab2454.com
[edit]
[-] gemition.com.lab2454.com-ssl_log
[edit]
[-] carbonbullion.net.lab2454.com
[edit]
[-] veritserv.com.lab2454.com
[edit]
[-] aficb.com.lab2454.com-ssl_log
[edit]
[-] ifsin.com.lab2454.com
[edit]
[-] incforce.com.lab2454.com-ssl_log
[edit]
[-] gemcommodity.com.lab2454.com-ssl_log
[edit]
[-] environmentalassetexchange.com.lab2454.com
[edit]
[-] carbonbullionexchange.com.lab2454.com
[edit]
[-] shaksettle.com.lab2454.com
[edit]
[-] sparxnovate.net.lab2454.com-ssl_log
[edit]
[-] argowellsproperties.com.lab2454.com
[edit]
[-] bullionmils.com.lab2454.com-ssl_log
[edit]
[-] banksafeone.com.lab2454.com-ssl_log
[edit]
