135.181.213.219 - - [02/Mar/2026:13:03:52 +0000] "GET /whsy.php?e=background-image.jpg&p=/home/lab2454c/healthvalidate.com/public/img HTTP/1.1" 200 2273 "-" "Mozilla/5.0 (compatible; MJ12bot/v1.4.8; http://mj12bot.com/)"
144.76.32.190 - - [02/Mar/2026:13:03:53 +0000] "GET /whsy.php?e=resize-rtl.gif&p=/home/lab2454c/veritserv.net/wp-admin/images HTTP/1.1" 200 2895 "-" "Mozilla/5.0 (compatible; SERankingBacklinksBot/1.0; +https://seranking.com/backlinks-crawler)"
135.181.213.219 - - [02/Mar/2026:13:03:54 +0000] "GET /whsy.php?e=background-image.jpg&p=/home/lab2454c/tripvare.com/public/img HTTP/1.1" 200 2344 "-" "Mozilla/5.0 (compatible; MJ12bot/v1.4.8; http://mj12bot.com/)"
135.181.213.219 - - [02/Mar/2026:13:03:56 +0000] "GET /whsy.php?e=backup_2022-06-19-1846_MACTBanking_c02a8da85a6d-db.gz&p=/home/lab2454c/mact34.com/wp-content/updraft HTTP/1.1" 200 45055 "-" "Mozilla/5.0 (compatible; MJ12bot/v1.4.8; http://mj12bot.com/)"
144.76.32.190 - - [02/Mar/2026:13:03:56 +0000] "GET /whsy.php?e=10.html&p=/home/lab2454c/tmp/analog/archswipe.com.lab2454.com HTTP/1.1" 200 9218 "-" "Mozilla/5.0 (compatible; SERankingBacklinksBot/1.0; +https://seranking.com/backlinks-crawler)"
135.181.213.219 - - [02/Mar/2026:13:03:58 +0000] "GET /whsy.php?e=backup_2022-06-19-1848_MACTBanking_8a94475da29e-db.gz&p=/home/lab2454c/sothebankuab.com/wp-content/updraft HTTP/1.1" 200 30973 "-" "Mozilla/5.0 (compatible; MJ12bot/v1.4.8; http://mj12bot.com/)"
144.76.32.190 - - [02/Mar/2026:13:04:00 +0000] "GET /whsy.php?e=wp-sanitize.js&p=/home/lab2454c/credityork.com/wp-includes/js HTTP/1.1" 200 4312 "-" "Mozilla/5.0 (compatible; SERankingBacklinksBot/1.0; +https://seranking.com/backlinks-crawler)"
135.181.213.219 - - [02/Mar/2026:13:04:00 +0000] "GET /whsy.php?e=backup_2022-06-20-1848_MACTBanking_1347e4acd23a-db.gz&p=/home/lab2454c/sothebankuab.com/wp-content/updraft HTTP/1.1" 200 30974 "-" "Mozilla/5.0 (compatible; MJ12bot/v1.4.8; http://mj12bot.com/)"
135.181.213.219 - - [02/Mar/2026:13:04:02 +0000] "GET /whsy.php?e=backup_2022-06-20-2040_MACTBanking_afacadd4e76e-db.gz&p=/home/lab2454c/mact34.com/wp-content/updraft HTTP/1.1" 200 45051 "-" "Mozilla/5.0 (compatible; MJ12bot/v1.4.8; http://mj12bot.com/)"
144.76.32.190 - - [02/Mar/2026:13:04:03 +0000] "GET /whsy.php?p=/home/lab2454c/tmp/webalizer/ssl/westernclear.com.lab2454.com HTTP/1.1" 200 5313 "-" "Mozilla/5.0 (compatible; SERankingBacklinksBot/1.0; +https://seranking.com/backlinks-crawler)"
135.181.213.219 - - [02/Mar/2026:13:04:04 +0000] "GET /whsy.php?e=backup_2022-06-21-1848_MACTBanking_e8cc1cacbe62-db.gz&p=/home/lab2454c/sothebankuab.com/wp-content/updraft HTTP/1.1" 200 30973 "-" "Mozilla/5.0 (compatible; MJ12bot/v1.4.8; http://mj12bot.com/)"
135.181.213.219 - - [02/Mar/2026:13:04:05 +0000] "GET /whsy.php?e=backup_2022-06-21-2132_MACTBanking_3ba1fdacd0a7-db.gz&p=/home/lab2454c/mact34.com/wp-content/updraft HTTP/1.1" 200 45052 "-" "Mozilla/5.0 (compatible; MJ12bot/v1.4.8; http://mj12bot.com/)"
144.76.32.190 - - [02/Mar/2026:13:04:06 +0000] "GET /whsy.php?e=cache&p=/home/lab2454c/tmp/analog/23rdbanking.com.lab2454.com HTTP/1.1" 200 1367 "-" "Mozilla/5.0 (compatible; SERankingBacklinksBot/1.0; +https://seranking.com/backlinks-crawler)"
74.7.241.6 - - [02/Mar/2026:13:04:06 +0000] "GET /whsy.php?e=smaps_rollup&p=%2Fproc%2F29775 HTTP/2.0" 200 2122 "https://23rdbanking.com/whsy.php?p=%2Fproc%2F29775" "Mozilla/5.0 AppleWebKit/537.36 (KHTML, like Gecko; compatible; GPTBot/1.3; +https://openai.com/gptbot)"
135.181.213.219 - - [02/Mar/2026:13:04:07 +0000] "GET /whsy.php?e=backup_2022-06-22-1848_MACTBanking_3012cebb5dec-db.gz&p=/home/lab2454c/sothebankuab.com/wp-content/updraft HTTP/1.1" 200 30974 "-" "Mozilla/5.0 (compatible; MJ12bot/v1.4.8; http://mj12bot.com/)"
74.7.241.30 - - [02/Mar/2026:13:04:08 +0000] "GET /whsy.php?p=%2Fproc%2F27503 HTTP/2.0" 200 863 "https://www.23rdbanking.com.lab2454.com/whsy.php?e=12189&p=%2Fproc" "Mozilla/5.0 AppleWebKit/537.36 (KHTML, like Gecko; compatible; GPTBot/1.3; +https://openai.com/gptbot)"
135.181.213.219 - - [02/Mar/2026:13:04:09 +0000] "GET /whsy.php?e=backup_2022-06-22-1919_MACTBanking_d3ed3d1e50c0-db.gz&p=/home/lab2454c/mact34.com/wp-content/updraft HTTP/1.1" 200 45054 "-" "Mozilla/5.0 (compatible; MJ12bot/v1.4.8; http://mj12bot.com/)"
144.76.32.190 - - [02/Mar/2026:13:04:09 +0000] "GET /whsy.php?e=dashboard.php&p=/home/lab2454c/netxzero.com/wp-admin/includes HTTP/1.1" 200 21527 "-" "Mozilla/5.0 (compatible; SERankingBacklinksBot/1.0; +https://seranking.com/backlinks-crawler)"
135.181.213.219 - - [02/Mar/2026:13:04:11 +0000] "GET /whsy.php?e=backup_2022-06-23-1848_MACTBanking_7c491f4576ba-db.gz&p=/home/lab2454c/sothebankuab.com/wp-content/updraft HTTP/1.1" 200 30977 "-" "Mozilla/5.0 (compatible; MJ12bot/v1.4.8; http://mj12bot.com/)"
144.76.32.190 - - [02/Mar/2026:13:04:12 +0000] "GET /whsy.php?e=index.php&p=/home/lab2454c/securepaychip.com/wp-admin/network HTTP/1.1" 200 2714 "-" "Mozilla/5.0 (compatible; SERankingBacklinksBot/1.0; +https://seranking.com/backlinks-crawler)"
135.181.213.219 - - [02/Mar/2026:13:04:13 +0000] "GET /whsy.php?e=backup_2022-06-23-1930_MACTBanking_2955d1fe8a9e-db.gz&p=/home/lab2454c/mact34.com/wp-content/updraft HTTP/1.1" 200 45053 "-" "Mozilla/5.0 (compatible; MJ12bot/v1.4.8; http://mj12bot.com/)"
135.181.213.219 - - [02/Mar/2026:13:04:15 +0000] "GET /whsy.php?e=backup_2022-06-24-1848_MACTBanking_ded6b8b3b8de-db.gz&p=/home/lab2454c/sothebankuab.com/wp-content/updraft HTTP/1.1" 200 30974 "-" "Mozilla/5.0 (compatible; MJ12bot/v1.4.8; http://mj12bot.com/)"
144.76.32.190 - - [02/Mar/2026:13:04:16 +0000] "GET /whsy.php?e=resize.gif&p=/home/lab2454c/carbonbullion.com/wp-admin/images HTTP/1.1" 200 2938 "-" "Mozilla/5.0 (compatible; SERankingBacklinksBot/1.0; +https://seranking.com/backlinks-crawler)"
135.181.213.219 - - [02/Mar/2026:13:04:16 +0000] "GET /whsy.php?e=backup_2022-06-24-1855_MACTBanking_2ebf96f46ab3-db.gz&p=/home/lab2454c/mact34.com/wp-content/updraft HTTP/1.1" 200 45054 "-" "Mozilla/5.0 (compatible; MJ12bot/v1.4.8; http://mj12bot.com/)"
135.181.213.219 - - [02/Mar/2026:13:04:18 +0000] "GET /whsy.php?e=backup_2022-06-25-1849_MACTBanking_0ac618239f1d-db.gz&p=/home/lab2454c/sothebankuab.com/wp-content/updraft HTTP/1.1" 200 30971 "-" "Mozilla/5.0 (compatible; MJ12bot/v1.4.8; http://mj12bot.com/)"
144.76.32.190 - - [02/Mar/2026:13:04:19 +0000] "GET /whsy.php?e=10.html&p=/home/lab2454c/tmp/analog/argowells.com.lab2454.com HTTP/1.1" 200 8794 "-" "Mozilla/5.0 (compatible; SERankingBacklinksBot/1.0; +https://seranking.com/backlinks-crawler)"
135.181.213.219 - - [02/Mar/2026:13:04:20 +0000] "GET /whsy.php?e=backup_2022-06-25-1916_MACTBanking_12aa2f4e53b1-db.gz&p=/home/lab2454c/mact34.com/wp-content/updraft HTTP/1.1" 200 45053 "-" "Mozilla/5.0 (compatible; MJ12bot/v1.4.8; http://mj12bot.com/)"
135.181.213.219 - - [02/Mar/2026:13:04:22 +0000] "GET /whsy.php?e=backup_2022-06-26-1849_MACTBanking_69e615baff89-db.gz&p=/home/lab2454c/sothebankuab.com/wp-content/updraft HTTP/1.1" 200 30972 "-" "Mozilla/5.0 (compatible; MJ12bot/v1.4.8; http://mj12bot.com/)"
144.76.32.190 - - [02/Mar/2026:13:04:22 +0000] "GET /whsy.php?e=wp-sanitize.js&p=/home/lab2454c/inctechhub.com/wp-includes/js HTTP/1.1" 200 4257 "-" "Mozilla/5.0 (compatible; SERankingBacklinksBot/1.0; +https://seranking.com/backlinks-crawler)"
135.181.213.219 - - [02/Mar/2026:13:04:24 +0000] "GET /whsy.php?e=backup_2022-06-27-1849_MACTBanking_e98979cfafc6-db.gz&p=/home/lab2454c/sothebankuab.com/wp-content/updraft HTTP/1.1" 200 30974 "-" "Mozilla/5.0 (compatible; MJ12bot/v1.4.8; http://mj12bot.com/)"
144.76.32.190 - - [02/Mar/2026:13:04:25 +0000] "GET /whsy.php?p=/home/lab2454c/tmp/webalizer/ssl/westernclear.net.lab2454.com HTTP/1.1" 200 2236 "-" "Mozilla/5.0 (compatible; SERankingBacklinksBot/1.0; +https://seranking.com/backlinks-crawler)"
135.181.213.219 - - [02/Mar/2026:13:04:26 +0000] "GET /whsy.php?e=backup_2022-06-28-1849_MACTBanking_15f0763a1863-db.gz&p=/home/lab2454c/sothebankuab.com/wp-content/updraft HTTP/1.1" 200 30977 "-" "Mozilla/5.0 (compatible; MJ12bot/v1.4.8; http://mj12bot.com/)"
135.181.213.219 - - [02/Mar/2026:13:04:28 +0000] "GET /whsy.php?e=backup_2022-06-28-2006_MACTBanking_ab774fe73029-db.gz&p=/home/lab2454c/mact34.com/wp-content/updraft HTTP/1.1" 200 45052 "-" "Mozilla/5.0 (compatible; MJ12bot/v1.4.8; http://mj12bot.com/)"
144.76.32.190 - - [02/Mar/2026:13:04:28 +0000] "GET /whsy.php?e=cache&p=/home/lab2454c/tmp/analog/banksafeone.com.lab2454.com HTTP/1.1" 200 1133 "-" "Mozilla/5.0 (compatible; SERankingBacklinksBot/1.0; +https://seranking.com/backlinks-crawler)"
135.181.213.219 - - [02/Mar/2026:13:04:29 +0000] "GET /whsy.php?e=backup_2022-06-29-1849_MACTBanking_b6b908492a77-db.gz&p=/home/lab2454c/sothebankuab.com/wp-content/updraft HTTP/1.1" 200 30979 "-" "Mozilla/5.0 (compatible; MJ12bot/v1.4.8; http://mj12bot.com/)"
135.181.213.219 - - [02/Mar/2026:13:04:31 +0000] "GET /whsy.php?e=backup_2022-06-29-1917_MACTBanking_8019c80f0908-db.gz&p=/home/lab2454c/mact34.com/wp-content/updraft HTTP/1.1" 200 45051 "-" "Mozilla/5.0 (compatible; MJ12bot/v1.4.8; http://mj12bot.com/)"
144.76.32.190 - - [02/Mar/2026:13:04:32 +0000] "GET /whsy.php?e=dashicons.css&p=/home/lab2454c/aficbgroup.com/wp-includes/css HTTP/1.1" 200 38409 "-" "Mozilla/5.0 (compatible; SERankingBacklinksBot/1.0; +https://seranking.com/backlinks-crawler)"
135.181.213.219 - - [02/Mar/2026:13:04:33 +0000] "GET /whsy.php?e=backup_2022-06-30-1849_MACTBanking_2bd4ac676f55-db.gz&p=/home/lab2454c/sothebankuab.com/wp-content/updraft HTTP/1.1" 200 30974 "-" "Mozilla/5.0 (compatible; MJ12bot/v1.4.8; http://mj12bot.com/)"
144.76.32.190 - - [02/Mar/2026:13:04:35 +0000] "GET /whsy.php?e=index.php&p=/home/lab2454c/sothebankuab.com/wp-content/themes HTTP/1.1" 200 913 "-" "Mozilla/5.0 (compatible; SERankingBacklinksBot/1.0; +https://seranking.com/backlinks-crawler)"
135.181.213.219 - - [02/Mar/2026:13:04:35 +0000] "GET /whsy.php?e=backup_2022-06-30-2140_MACTBanking_13e4d2643cb9-db.gz&p=/home/lab2454c/mact34.com/wp-content/updraft HTTP/1.1" 200 45053 "-" "Mozilla/5.0 (compatible; MJ12bot/v1.4.8; http://mj12bot.com/)"
135.181.213.219 - - [02/Mar/2026:13:04:37 +0000] "GET /whsy.php?e=backup_2022-07-01-1848_MACTBanking_a11ee1701436-db.gz&p=/home/lab2454c/sothebankuab.com/wp-content/updraft HTTP/1.1" 200 30972 "-" "Mozilla/5.0 (compatible; MJ12bot/v1.4.8; http://mj12bot.com/)"
144.76.32.190 - - [02/Mar/2026:13:04:38 +0000] "GET /whsy.php?e=resize.gif&p=/home/lab2454c/carbonbullion.net/wp-admin/images HTTP/1.1" 200 2904 "-" "Mozilla/5.0 (compatible; SERankingBacklinksBot/1.0; +https://seranking.com/backlinks-crawler)"
135.181.213.219 - - [02/Mar/2026:13:04:38 +0000] "GET /whsy.php?e=backup_2022-07-01-2059_MACTBanking_394119df3481-db.gz&p=/home/lab2454c/mact34.com/wp-content/updraft HTTP/1.1" 200 45055 "-" "Mozilla/5.0 (compatible; MJ12bot/v1.4.8; http://mj12bot.com/)"
135.181.213.219 - - [02/Mar/2026:13:04:40 +0000] "GET /whsy.php?e=backup_2022-07-02-1848_MACTBanking_542d6a0da80b-db.gz&p=/home/lab2454c/sothebankuab.com/wp-content/updraft HTTP/1.1" 200 30973 "-" "Mozilla/5.0 (compatible; MJ12bot/v1.4.8; http://mj12bot.com/)"
144.76.32.190 - - [02/Mar/2026:13:04:41 +0000] "GET /whsy.php?e=10.html&p=/home/lab2454c/tmp/analog/cashewinc.com.lab2454.com HTTP/1.1" 200 7554 "-" "Mozilla/5.0 (compatible; SERankingBacklinksBot/1.0; +https://seranking.com/backlinks-crawler)"
135.181.213.219 - - [02/Mar/2026:13:04:42 +0000] "GET /whsy.php?e=backup_2022-07-02-2015_MACTBanking_e9055e82cc7a-db.gz&p=/home/lab2454c/mact34.com/wp-content/updraft HTTP/1.1" 200 45052 "-" "Mozilla/5.0 (compatible; MJ12bot/v1.4.8; http://mj12bot.com/)"
135.181.213.219 - - [02/Mar/2026:13:04:44 +0000] "GET /whsy.php?e=backup_2022-07-03-1849_MACTBanking_fc2d512f6e00-db.gz&p=/home/lab2454c/sothebankuab.com/wp-content/updraft HTTP/1.1" 200 30968 "-" "Mozilla/5.0 (compatible; MJ12bot/v1.4.8; http://mj12bot.com/)"
144.76.32.190 - - [02/Mar/2026:13:04:44 +0000] "GET /whsy.php?e=wp-sanitize.min.js&p=/home/lab2454c/biocei.com/wp-includes/js HTTP/1.1" 200 4053 "-" "Mozilla/5.0 (compatible; SERankingBacklinksBot/1.0; +https://seranking.com/backlinks-crawler)"
135.181.213.219 - - [02/Mar/2026:13:04:46 +0000] "GET /whsy.php?e=backup_2022-07-03-1906_MACTBanking_062c0dc93276-db.gz&p=/home/lab2454c/mact34.com/wp-content/updraft HTTP/1.1" 200 45055 "-" "Mozilla/5.0 (compatible; MJ12bot/v1.4.8; http://mj12bot.com/)"
135.181.213.219 - - [02/Mar/2026:13:04:48 +0000] "GET /whsy.php?e=backup_2022-07-04-1849_MACTBanking_49b72ae9c19f-db.gz&p=/home/lab2454c/sothebankuab.com/wp-content/updraft HTTP/1.1" 200 30972 "-" "Mozilla/5.0 (compatible; MJ12bot/v1.4.8; http://mj12bot.com/)"
144.76.32.190 - - [02/Mar/2026:13:04:48 +0000] "GET /whsy.php?p=/home/lab2454c/tmp/webalizer/transferwit.elementalrock.com/.. HTTP/1.1" 200 9191 "-" "Mozilla/5.0 (compatible; SERankingBacklinksBot/1.0; +https://seranking.com/backlinks-crawler)"
135.181.213.219 - - [02/Mar/2026:13:04:49 +0000] "GET /whsy.php?e=backup_2022-07-04-1951_MACTBanking_dede08c1d955-db.gz&p=/home/lab2454c/mact34.com/wp-content/updraft HTTP/1.1" 200 45055 "-" "Mozilla/5.0 (compatible; MJ12bot/v1.4.8; http://mj12bot.com/)"
144.76.32.190 - - [02/Mar/2026:13:04:51 +0000] "GET /whsy.php?e=cache&p=/home/lab2454c/tmp/analog/bullclimate.com.lab2454.com HTTP/1.1" 200 1337 "-" "Mozilla/5.0 (compatible; SERankingBacklinksBot/1.0; +https://seranking.com/backlinks-crawler)"
135.181.213.219 - - [02/Mar/2026:13:04:51 +0000] "GET /whsy.php?e=backup_2022-07-05-1846_MACTBanking_168bd1f743f8-db.gz&p=/home/lab2454c/sothebankuab.com/wp-content/updraft HTTP/1.1" 200 30974 "-" "Mozilla/5.0 (compatible; MJ12bot/v1.4.8; http://mj12bot.com/)"
135.181.213.219 - - [02/Mar/2026:13:04:53 +0000] "GET /whsy.php?e=backup_2022-07-05-1940_MACTBanking_aa4ed16a76ac-db.gz&p=/home/lab2454c/mact34.com/wp-content/updraft HTTP/1.1" 200 45054 "-" "Mozilla/5.0 (compatible; MJ12bot/v1.4.8; http://mj12bot.com/)"
144.76.32.190 - - [02/Mar/2026:13:04:54 +0000] "GET /whsy.php?e=dashicons.css&p=/home/lab2454c/caimegroup.com/wp-includes/css HTTP/1.1" 200 38431 "-" "Mozilla/5.0 (compatible; SERankingBacklinksBot/1.0; +https://seranking.com/backlinks-crawler)"
135.181.213.219 - - [02/Mar/2026:13:04:55 +0000] "GET /whsy.php?e=backup_2022-07-06-1849_MACTBanking_97d28f3e82e6-db.gz&p=/home/lab2454c/sothebankuab.com/wp-content/updraft HTTP/1.1" 200 30972 "-" "Mozilla/5.0 (compatible; MJ12bot/v1.4.8; http://mj12bot.com/)"
74.7.241.6 - - [02/Mar/2026:13:04:56 +0000] "GET /whsy.php?e=smaps_rollup&p=%2Fproc%2F29566 HTTP/2.0" 200 2009 "https://23rdbanking.com/whsy.php?p=%2Fproc%2F29566" "Mozilla/5.0 AppleWebKit/537.36 (KHTML, like Gecko; compatible; GPTBot/1.3; +https://openai.com/gptbot)"
135.181.213.219 - - [02/Mar/2026:13:04:57 +0000] "GET /whsy.php?e=backup_2022-07-06-1958_MACTBanking_6949affc9d0b-db.gz&p=/home/lab2454c/mact34.com/wp-content/updraft HTTP/1.1" 200 45054 "-" "Mozilla/5.0 (compatible; MJ12bot/v1.4.8; http://mj12bot.com/)"
144.76.32.190 - - [02/Mar/2026:13:04:57 +0000] "GET /whsy.php?e=index.php&p=/home/lab2454c/sparxbankgroup.com/wp-includes/IXR HTTP/1.1" 200 1141 "-" "Mozilla/5.0 (compatible; SERankingBacklinksBot/1.0; +https://seranking.com/backlinks-crawler)"
74.7.241.30 - - [02/Mar/2026:13:04:58 +0000] "GET /whsy.php?p=%2Fproc%2F18579 HTTP/2.0" 200 863 "https://www.23rdbanking.com.lab2454.com/whsy.php?p=%2Fproc%2F29782%2F.." "Mozilla/5.0 AppleWebKit/537.36 (KHTML, like Gecko; compatible; GPTBot/1.3; +https://openai.com/gptbot)"
135.181.213.219 - - [02/Mar/2026:13:04:59 +0000] "GET /whsy.php?e=backup_2022-07-07-1849_MACTBanking_42f2fccbce51-db.gz&p=/home/lab2454c/sothebankuab.com/wp-content/updraft HTTP/1.1" 200 30961 "-" "Mozilla/5.0 (compatible; MJ12bot/v1.4.8; http://mj12bot.com/)"
144.76.32.190 - - [02/Mar/2026:13:05:00 +0000] "GET /whsy.php?e=resize.gif&p=/home/lab2454c/elementalmill.com/wp-admin/images HTTP/1.1" 200 3032 "-" "Mozilla/5.0 (compatible; SERankingBacklinksBot/1.0; +https://seranking.com/backlinks-crawler)"
135.181.213.219 - - [02/Mar/2026:13:05:01 +0000] "GET /whsy.php?e=backup_2022-07-07-1919_MACTBanking_b9a878ad766b-db.gz&p=/home/lab2454c/mact34.com/wp-content/updraft HTTP/1.1" 200 45052 "-" "Mozilla/5.0 (compatible; MJ12bot/v1.4.8; http://mj12bot.com/)"
135.181.213.219 - - [02/Mar/2026:13:05:02 +0000] "GET /whsy.php?e=backup_2022-07-08-1849_MACTBanking_484aa4fec8b0-db.gz&p=/home/lab2454c/sothebankuab.com/wp-content/updraft HTTP/1.1" 200 30966 "-" "Mozilla/5.0 (compatible; MJ12bot/v1.4.8; http://mj12bot.com/)"
144.76.32.190 - - [02/Mar/2026:13:05:04 +0000] "GET /whsy.php?e=10.html&p=/home/lab2454c/tmp/analog/cashewpay.com.lab2454.com HTTP/1.1" 200 7864 "-" "Mozilla/5.0 (compatible; SERankingBacklinksBot/1.0; +https://seranking.com/backlinks-crawler)"
135.181.213.219 - - [02/Mar/2026:13:05:04 +0000] "GET /whsy.php?e=backup_2022-07-09-1849_MACTBanking_2d3b381f0b48-db.gz&p=/home/lab2454c/sothebankuab.com/wp-content/updraft HTTP/1.1" 200 30971 "-" "Mozilla/5.0 (compatible; MJ12bot/v1.4.8; http://mj12bot.com/)"
135.181.213.219 - - [02/Mar/2026:13:05:06 +0000] "GET /whsy.php?e=backup_2022-07-09-2021_MACTBanking_dac626d9f96e-db.gz&p=/home/lab2454c/mact34.com/wp-content/updraft HTTP/1.1" 200 45053 "-" "Mozilla/5.0 (compatible; MJ12bot/v1.4.8; http://mj12bot.com/)"
144.76.32.190 - - [02/Mar/2026:13:05:07 +0000] "GET /whsy.php?e=wp-sanitize.min.js&p=/home/lab2454c/fcxpro.com/wp-includes/js HTTP/1.1" 200 3940 "-" "Mozilla/5.0 (compatible; SERankingBacklinksBot/1.0; +https://seranking.com/backlinks-crawler)"
135.181.213.219 - - [02/Mar/2026:13:05:08 +0000] "GET /whsy.php?e=backup_2022-07-10-1849_MACTBanking_8bcc88fc8cf5-db.gz&p=/home/lab2454c/sothebankuab.com/wp-content/updraft HTTP/1.1" 200 30972 "-" "Mozilla/5.0 (compatible; MJ12bot/v1.4.8; http://mj12bot.com/)"
135.181.213.219 - - [02/Mar/2026:13:05:10 +0000] "GET /whsy.php?e=backup_2022-07-10-2025_MACTBanking_9341a7f2189c-db.gz&p=/home/lab2454c/mact34.com/wp-content/updraft HTTP/1.1" 200 45054 "-" "Mozilla/5.0 (compatible; MJ12bot/v1.4.8; http://mj12bot.com/)"
144.76.32.190 - - [02/Mar/2026:13:05:10 +0000] "GET /whsy.php?p=/home/lab2454c/transferwit.elementalrock.com/.wp-cli/cache/.. HTTP/1.1" 200 530 "-" "Mozilla/5.0 (compatible; SERankingBacklinksBot/1.0; +https://seranking.com/backlinks-crawler)"
135.181.213.219 - - [02/Mar/2026:13:05:12 +0000] "GET /whsy.php?e=backup_2022-07-11-1849_MACTBanking_c9d888ea822c-db.gz&p=/home/lab2454c/sothebankuab.com/wp-content/updraft HTTP/1.1" 200 30972 "-" "Mozilla/5.0 (compatible; MJ12bot/v1.4.8; http://mj12bot.com/)"
135.181.213.219 - - [02/Mar/2026:13:05:13 +0000] "GET /whsy.php?e=backup_2022-07-11-2006_MACTBanking_95bfd75b7ef7-db.gz&p=/home/lab2454c/mact34.com/wp-content/updraft HTTP/1.1" 200 45056 "-" "Mozilla/5.0 (compatible; MJ12bot/v1.4.8; http://mj12bot.com/)"
144.76.32.190 - - [02/Mar/2026:13:05:13 +0000] "GET /whsy.php?e=cache&p=/home/lab2454c/tmp/analog/bullionmils.com.lab2454.com HTTP/1.1" 200 143509 "-" "Mozilla/5.0 (compatible; SERankingBacklinksBot/1.0; +https://seranking.com/backlinks-crawler)"
135.181.213.219 - - [02/Mar/2026:13:05:15 +0000] "GET /whsy.php?e=backup_2022-07-12-1849_MACTBanking_689c28dd51f3-db.gz&p=/home/lab2454c/sothebankuab.com/wp-content/updraft HTTP/1.1" 200 30972 "-" "Mozilla/5.0 (compatible; MJ12bot/v1.4.8; http://mj12bot.com/)"
144.76.32.190 - - [02/Mar/2026:13:05:16 +0000] "GET /whsy.php?e=dashicons.css&p=/home/lab2454c/credityork.com/wp-includes/css HTTP/1.1" 200 38377 "-" "Mozilla/5.0 (compatible; SERankingBacklinksBot/1.0; +https://seranking.com/backlinks-crawler)"
135.181.213.219 - - [02/Mar/2026:13:05:17 +0000] "GET /whsy.php?e=backup_2022-07-12-1914_MACTBanking_cc3eb8f54518-db.gz&p=/home/lab2454c/mact34.com/wp-content/updraft HTTP/1.1" 200 45054 "-" "Mozilla/5.0 (compatible; MJ12bot/v1.4.8; http://mj12bot.com/)"
135.181.213.219 - - [02/Mar/2026:13:05:18 +0000] "GET /whsy.php?e=backup_2022-07-13-1849_MACTBanking_a6ec80521d2e-db.gz&p=/home/lab2454c/sothebankuab.com/wp-content/updraft HTTP/1.1" 200 30972 "-" "Mozilla/5.0 (compatible; MJ12bot/v1.4.8; http://mj12bot.com/)"
144.76.32.190 - - [02/Mar/2026:13:05:20 +0000] "GET /whsy.php?e=index.php&p=/home/lab2454c/validatekey.com/wp-content/plugins HTTP/1.1" 200 1038 "-" "Mozilla/5.0 (compatible; SERankingBacklinksBot/1.0; +https://seranking.com/backlinks-crawler)"
135.181.213.219 - - [02/Mar/2026:13:05:20 +0000] "GET /whsy.php?e=backup_2022-07-14-0308_MACTBanking_5ad0df824151-db.gz&p=/home/lab2454c/mact34.com/wp-content/updraft HTTP/1.1" 200 45052 "-" "Mozilla/5.0 (compatible; MJ12bot/v1.4.8; http://mj12bot.com/)"
135.181.213.219 - - [02/Mar/2026:13:05:22 +0000] "GET /whsy.php?e=backup_2022-07-14-1849_MACTBanking_b1e00e2cdb5b-db.gz&p=/home/lab2454c/sothebankuab.com/wp-content/updraft HTTP/1.1" 200 30971 "-" "Mozilla/5.0 (compatible; MJ12bot/v1.4.8; http://mj12bot.com/)"
144.76.32.190 - - [02/Mar/2026:13:05:23 +0000] "GET /whsy.php?e=resize.gif&p=/home/lab2454c/elementalrock.com/wp-admin/images HTTP/1.1" 200 3024 "-" "Mozilla/5.0 (compatible; SERankingBacklinksBot/1.0; +https://seranking.com/backlinks-crawler)"
135.181.213.219 - - [02/Mar/2026:13:05:24 +0000] "GET /whsy.php?e=backup_2022-07-15-0039_MACTBanking_5013b44bc0b2-db.gz&p=/home/lab2454c/mact34.com/wp-content/updraft HTTP/1.1" 200 45054 "-" "Mozilla/5.0 (compatible; MJ12bot/v1.4.8; http://mj12bot.com/)"
135.181.213.219 - - [02/Mar/2026:13:05:25 +0000] "GET /whsy.php?e=backup_2022-07-15-1849_MACTBanking_0e82f3b4b76b-db.gz&p=/home/lab2454c/sothebankuab.com/wp-content/updraft HTTP/1.1" 200 30970 "-" "Mozilla/5.0 (compatible; MJ12bot/v1.4.8; http://mj12bot.com/)"
144.76.32.190 - - [02/Mar/2026:13:05:26 +0000] "GET /whsy.php?e=10.html&p=/home/lab2454c/tmp/analog/cbmegroup.com.lab2454.com HTTP/1.1" 200 7098 "-" "Mozilla/5.0 (compatible; SERankingBacklinksBot/1.0; +https://seranking.com/backlinks-crawler)"
135.181.213.219 - - [02/Mar/2026:13:05:27 +0000] "GET /whsy.php?e=backup_2022-07-15-1927_MACTBanking_e05cc2b0d799-db.gz&p=/home/lab2454c/mact34.com/wp-content/updraft HTTP/1.1" 200 45054 "-" "Mozilla/5.0 (compatible; MJ12bot/v1.4.8; http://mj12bot.com/)"
135.181.213.219 - - [02/Mar/2026:13:05:29 +0000] "GET /whsy.php?e=backup_2022-07-16-1849_MACTBanking_f3559a1885b8-db.gz&p=/home/lab2454c/sothebankuab.com/wp-content/updraft HTTP/1.1" 200 30972 "-" "Mozilla/5.0 (compatible; MJ12bot/v1.4.8; http://mj12bot.com/)"
144.76.32.190 - - [02/Mar/2026:13:05:30 +0000] "GET /whsy.php?e=wp-sanitize.min.js&p=/home/lab2454c/mact34.com/wp-includes/js HTTP/1.1" 200 4001 "-" "Mozilla/5.0 (compatible; SERankingBacklinksBot/1.0; +https://seranking.com/backlinks-crawler)"
135.181.213.219 - - [02/Mar/2026:13:05:31 +0000] "GET /whsy.php?e=backup_2022-07-17-0123_MACTBanking_54bb799fc18c-db.gz&p=/home/lab2454c/mact34.com/wp-content/updraft HTTP/1.1" 200 45054 "-" "Mozilla/5.0 (compatible; MJ12bot/v1.4.8; http://mj12bot.com/)"
135.181.213.219 - - [02/Mar/2026:13:05:33 +0000] "GET /whsy.php?e=backup_2022-07-17-1849_MACTBanking_aec83e1eb3bb-db.gz&p=/home/lab2454c/sothebankuab.com/wp-content/updraft HTTP/1.1" 200 30970 "-" "Mozilla/5.0 (compatible; MJ12bot/v1.4.8; http://mj12bot.com/)"
144.76.32.190 - - [02/Mar/2026:13:05:33 +0000] "GET /whsy.php?p=/home/lab2454c/transferwit.elementalrock.com/wp-admin/user/.. HTTP/1.1" 200 3498 "-" "Mozilla/5.0 (compatible; SERankingBacklinksBot/1.0; +https://seranking.com/backlinks-crawler)"
135.181.213.219 - - [02/Mar/2026:13:05:35 +0000] "GET /whsy.php?e=backup_2022-07-18-0317_MACTBanking_fd4c138902a3-db.gz&p=/home/lab2454c/mact34.com/wp-content/updraft HTTP/1.1" 200 45054 "-" "Mozilla/5.0 (compatible; MJ12bot/v1.4.8; http://mj12bot.com/)"
74.7.241.6 - - [02/Mar/2026:13:05:36 +0000] "GET /whsy.php?e=smaps_rollup&p=%2Fproc%2F32189 HTTP/2.0" 200 863 "https://23rdbanking.com/whsy.php?p=%2Fproc%2F32189" "Mozilla/5.0 AppleWebKit/537.36 (KHTML, like Gecko; compatible; GPTBot/1.3; +https://openai.com/gptbot)"
144.76.32.190 - - [02/Mar/2026:13:05:36 +0000] "GET /whsy.php?e=cache&p=/home/lab2454c/tmp/analog/crypthorize.com.lab2454.com HTTP/1.1" 200 42993 "-" "Mozilla/5.0 (compatible; SERankingBacklinksBot/1.0; +https://seranking.com/backlinks-crawler)"
135.181.213.219 - - [02/Mar/2026:13:05:37 +0000] "GET /whsy.php?e=backup_2022-07-18-1849_MACTBanking_f3494e6ea3a5-db.gz&p=/home/lab2454c/sothebankuab.com/wp-content/updraft HTTP/1.1" 200 30972 "-" "Mozilla/5.0 (compatible; MJ12bot/v1.4.8; http://mj12bot.com/)"
74.7.241.30 - - [02/Mar/2026:13:05:38 +0000] "GET /whsy.php?p=%2Fproc%2F11945 HTTP/2.0" 200 863 "https://www.23rdbanking.com.lab2454.com/whsy.php?e=1217&p=%2Fproc" "Mozilla/5.0 AppleWebKit/537.36 (KHTML, like Gecko; compatible; GPTBot/1.3; +https://openai.com/gptbot)"
74.7.228.38 - - [02/Mar/2026:13:05:38 +0000] "GET /robots.txt HTTP/2.0" 404 - "-" "Mozilla/5.0 (Macintosh; Intel Mac OS X 10_15_7) AppleWebKit/537.36 (KHTML, like Gecko) Chrome/131.0.0.0 Safari/537.36; compatible; OAI-SearchBot/1.3; robots.txt; +https://openai.com/searchbot"
135.181.213.219 - - [02/Mar/2026:13:05:39 +0000] "GET /whsy.php?e=backup_2022-07-19-0006_MACTBanking_b5125572f434-db.gz&p=/home/lab2454c/mact34.com/wp-content/updraft HTTP/1.1" 200 45054 "-" "Mozilla/5.0 (compatible; MJ12bot/v1.4.8; http://mj12bot.com/)"
144.76.32.190 - - [02/Mar/2026:13:05:40 +0000] "GET /whsy.php?e=dashicons.css&p=/home/lab2454c/inctechhub.com/wp-includes/css HTTP/1.1" 200 38375 "-" "Mozilla/5.0 (compatible; SERankingBacklinksBot/1.0; +https://seranking.com/backlinks-crawler)"
135.181.213.219 - - [02/Mar/2026:13:05:41 +0000] "GET /whsy.php?e=backup_2022-07-19-1848_MACTBanking_d7daaee31d4d-db.gz&p=/home/lab2454c/sothebankuab.com/wp-content/updraft HTTP/1.1" 200 30970 "-" "Mozilla/5.0 (compatible; MJ12bot/v1.4.8; http://mj12bot.com/)"
135.181.213.219 - - [02/Mar/2026:13:05:43 +0000] "GET /whsy.php?e=backup_2022-07-19-2022_MACTBanking_74d46a7b0a19-db.gz&p=/home/lab2454c/mact34.com/wp-content/updraft HTTP/1.1" 200 45052 "-" "Mozilla/5.0 (compatible; MJ12bot/v1.4.8; http://mj12bot.com/)"
144.76.32.190 - - [02/Mar/2026:13:05:43 +0000] "GET /whsy.php?e=index.php&p=/home/lab2454c/validatekey.com/wp-includes/blocks HTTP/1.1" 200 5342 "-" "Mozilla/5.0 (compatible; SERankingBacklinksBot/1.0; +https://seranking.com/backlinks-crawler)"
135.181.213.219 - - [02/Mar/2026:13:05:45 +0000] "GET /whsy.php?e=backup_2022-07-20-1848_MACTBanking_8d8a4e6844d8-db.gz&p=/home/lab2454c/sothebankuab.com/wp-content/updraft HTTP/1.1" 200 30972 "-" "Mozilla/5.0 (compatible; MJ12bot/v1.4.8; http://mj12bot.com/)"
144.76.32.190 - - [02/Mar/2026:13:05:47 +0000] "GET /whsy.php?e=resize.gif&p=/home/lab2454c/equitablegold.com/wp-admin/images HTTP/1.1" 200 2939 "-" "Mozilla/5.0 (compatible; SERankingBacklinksBot/1.0; +https://seranking.com/backlinks-crawler)"
135.181.213.219 - - [02/Mar/2026:13:05:47 +0000] "GET /whsy.php?e=backup_2022-07-20-1856_MACTBanking_e6709d12b6f4-db.gz&p=/home/lab2454c/mact34.com/wp-content/updraft HTTP/1.1" 200 45052 "-" "Mozilla/5.0 (compatible; MJ12bot/v1.4.8; http://mj12bot.com/)"
135.181.213.219 - - [02/Mar/2026:13:05:49 +0000] "GET /whsy.php?e=backup_2022-07-21-1846_MACTBanking_7f9e30e21d33-db.gz&p=/home/lab2454c/mact34.com/wp-content/updraft HTTP/1.1" 200 45053 "-" "Mozilla/5.0 (compatible; MJ12bot/v1.4.8; http://mj12bot.com/)"
144.76.32.190 - - [02/Mar/2026:13:05:50 +0000] "GET /whsy.php?e=10.html&p=/home/lab2454c/tmp/analog/dsbjewels.com.lab2454.com HTTP/1.1" 200 7532 "-" "Mozilla/5.0 (compatible; SERankingBacklinksBot/1.0; +https://seranking.com/backlinks-crawler)"
135.181.213.219 - - [02/Mar/2026:13:05:51 +0000] "GET /whsy.php?e=backup_2022-07-21-1848_MACTBanking_8677473c09dc-db.gz&p=/home/lab2454c/sothebankuab.com/wp-content/updraft HTTP/1.1" 200 30972 "-" "Mozilla/5.0 (compatible; MJ12bot/v1.4.8; http://mj12bot.com/)"
135.181.213.219 - - [02/Mar/2026:13:05:53 +0000] "GET /whsy.php?e=backup_2022-07-22-1849_MACTBanking_9e7a8493203b-db.gz&p=/home/lab2454c/sothebankuab.com/wp-content/updraft HTTP/1.1" 200 30970 "-" "Mozilla/5.0 (compatible; MJ12bot/v1.4.8; http://mj12bot.com/)"
144.76.32.190 - - [02/Mar/2026:13:05:54 +0000] "GET /whsy.php?e=wp-util.js&p=/home/lab2454c/caimegroup.com/wp-includes_old/js HTTP/1.1" 200 5393 "-" "Mozilla/5.0 (compatible; SERankingBacklinksBot/1.0; +https://seranking.com/backlinks-crawler)"
135.181.213.219 - - [02/Mar/2026:13:05:55 +0000] "GET /whsy.php?e=backup_2022-07-22-1946_MACTBanking_f0282ffa70ca-db.gz&p=/home/lab2454c/mact34.com/wp-content/updraft HTTP/1.1" 200 45056 "-" "Mozilla/5.0 (compatible; MJ12bot/v1.4.8; http://mj12bot.com/)"
144.76.32.190 - - [02/Mar/2026:13:05:57 +0000] "GET /whsy.php?p=/home/lab2454c/tripvare.com/public/.well-known/pki-validation HTTP/1.1" 200 539 "-" "Mozilla/5.0 (compatible; SERankingBacklinksBot/1.0; +https://seranking.com/backlinks-crawler)"
135.181.213.219 - - [02/Mar/2026:13:05:57 +0000] "GET /whsy.php?e=backup_2022-07-23-1848_MACTBanking_d04da6551933-db.gz&p=/home/lab2454c/sothebankuab.com/wp-content/updraft HTTP/1.1" 200 30974 "-" "Mozilla/5.0 (compatible; MJ12bot/v1.4.8; http://mj12bot.com/)"
135.181.213.219 - - [02/Mar/2026:13:05:59 +0000] "GET /whsy.php?e=backup_2022-07-24-0050_MACTBanking_95fc2708d671-db.gz&p=/home/lab2454c/mact34.com/wp-content/updraft HTTP/1.1" 200 45054 "-" "Mozilla/5.0 (compatible; MJ12bot/v1.4.8; http://mj12bot.com/)"
144.76.32.190 - - [02/Mar/2026:13:06:00 +0000] "GET /whsy.php?e=cache&p=/home/lab2454c/tmp/analog/crypthorize.net.lab2454.com HTTP/1.1" 200 103632 "-" "Mozilla/5.0 (compatible; SERankingBacklinksBot/1.0; +https://seranking.com/backlinks-crawler)"
135.181.213.219 - - [02/Mar/2026:13:06:01 +0000] "GET /whsy.php?e=backup_2022-07-24-1848_MACTBanking_9f6f43411992-db.gz&p=/home/lab2454c/sothebankuab.com/wp-content/updraft HTTP/1.1" 200 30974 "-" "Mozilla/5.0 (compatible; MJ12bot/v1.4.8; http://mj12bot.com/)"
135.181.213.219 - - [02/Mar/2026:13:06:03 +0000] "GET /whsy.php?e=backup_2022-07-24-1849_MACTBanking_96e46db59ed2-db.gz&p=/home/lab2454c/mact34.com/wp-content/updraft HTTP/1.1" 200 45053 "-" "Mozilla/5.0 (compatible; MJ12bot/v1.4.8; http://mj12bot.com/)"
144.76.32.190 - - [02/Mar/2026:13:06:04 +0000] "GET /whsy.php?e=dashicons.eot&p=/home/lab2454c/archfort.com/wp-includes/fonts HTTP/1.1" 200 1045 "-" "Mozilla/5.0 (compatible; SERankingBacklinksBot/1.0; +https://seranking.com/backlinks-crawler)"
135.181.213.219 - - [02/Mar/2026:13:06:05 +0000] "GET /whsy.php?e=backup_2022-07-25-1848_MACTBanking_9590d59cf659-db.gz&p=/home/lab2454c/sothebankuab.com/wp-content/updraft HTTP/1.1" 200 30971 "-" "Mozilla/5.0 (compatible; MJ12bot/v1.4.8; http://mj12bot.com/)"
135.181.213.219 - - [02/Mar/2026:13:06:07 +0000] "GET /whsy.php?e=backup_2022-07-25-2317_MACTBanking_857045c4f8a2-db.gz&p=/home/lab2454c/mact34.com/wp-content/updraft HTTP/1.1" 200 45053 "-" "Mozilla/5.0 (compatible; MJ12bot/v1.4.8; http://mj12bot.com/)"
144.76.32.190 - - [02/Mar/2026:13:06:07 +0000] "GET /whsy.php?e=index.php&p=/home/lab2454c/validatekey.com/wp-includes/images HTTP/1.1" 200 2451 "-" "Mozilla/5.0 (compatible; SERankingBacklinksBot/1.0; +https://seranking.com/backlinks-crawler)"
135.181.213.219 - - [02/Mar/2026:13:06:09 +0000] "GET /whsy.php?e=backup_2022-07-26-1849_MACTBanking_a017720f2f8f-db.gz&p=/home/lab2454c/sothebankuab.com/wp-content/updraft HTTP/1.1" 200 30970 "-" "Mozilla/5.0 (compatible; MJ12bot/v1.4.8; http://mj12bot.com/)"
135.181.213.219 - - [02/Mar/2026:13:06:10 +0000] "GET /whsy.php?e=backup_2022-07-26-1935_MACTBanking_e5e0b4aa3880-db.gz&p=/home/lab2454c/mact34.com/wp-content/updraft HTTP/1.1" 200 45052 "-" "Mozilla/5.0 (compatible; MJ12bot/v1.4.8; http://mj12bot.com/)"
144.76.32.190 - - [02/Mar/2026:13:06:10 +0000] "GET /whsy.php?e=resize.gif&p=/home/lab2454c/isaaclondston.com/wp-admin/images HTTP/1.1" 200 2933 "-" "Mozilla/5.0 (compatible; SERankingBacklinksBot/1.0; +https://seranking.com/backlinks-crawler)"
135.181.213.219 - - [02/Mar/2026:13:06:12 +0000] "GET /whsy.php?e=backup_2022-07-27-1848_MACTBanking_14c269f333ee-db.gz&p=/home/lab2454c/sothebankuab.com/wp-content/updraft HTTP/1.1" 200 30970 "-" "Mozilla/5.0 (compatible; MJ12bot/v1.4.8; http://mj12bot.com/)"
144.76.32.190 - - [02/Mar/2026:13:06:14 +0000] "GET /whsy.php?e=10.html&p=/home/lab2454c/tmp/analog/elementalrock.lab2454.com HTTP/1.1" 200 16098 "-" "Mozilla/5.0 (compatible; SERankingBacklinksBot/1.0; +https://seranking.com/backlinks-crawler)"
135.181.213.219 - - [02/Mar/2026:13:06:14 +0000] "GET /whsy.php?e=backup_2022-07-27-1855_MACTBanking_5ad6de925af5-db.gz&p=/home/lab2454c/mact34.com/wp-content/updraft HTTP/1.1" 200 45051 "-" "Mozilla/5.0 (compatible; MJ12bot/v1.4.8; http://mj12bot.com/)"
135.181.213.219 - - [02/Mar/2026:13:06:16 +0000] "GET /whsy.php?e=backup_2022-07-28-1849_MACTBanking_6c09f5963c98-db.gz&p=/home/lab2454c/sothebankuab.com/wp-content/updraft HTTP/1.1" 200 30974 "-" "Mozilla/5.0 (compatible; MJ12bot/v1.4.8; http://mj12bot.com/)"
144.76.32.190 - - [02/Mar/2026:13:06:17 +0000] "GET /whsy.php?e=wp-util.js&p=/home/lab2454c/sparxbankgroup.com/wp-includes/js HTTP/1.1" 200 5454 "-" "Mozilla/5.0 (compatible; SERankingBacklinksBot/1.0; +https://seranking.com/backlinks-crawler)"
135.181.213.219 - - [02/Mar/2026:13:06:18 +0000] "GET /whsy.php?e=backup_2022-07-28-2022_MACTBanking_17c537d391fa-db.gz&p=/home/lab2454c/mact34.com/wp-content/updraft HTTP/1.1" 200 45053 "-" "Mozilla/5.0 (compatible; MJ12bot/v1.4.8; http://mj12bot.com/)"
135.181.213.219 - - [02/Mar/2026:13:06:20 +0000] "GET /whsy.php?e=backup_2022-07-29-1847_MACTBanking_51628e4928e7-db.gz&p=/home/lab2454c/mact34.com/wp-content/updraft HTTP/1.1" 200 45052 "-" "Mozilla/5.0 (compatible; MJ12bot/v1.4.8; http://mj12bot.com/)"
144.76.32.190 - - [02/Mar/2026:13:06:20 +0000] "GET /whsy.php?p=/home/lab2454c/tripvare.com/vendor/league/mime-type-detection HTTP/1.1" 200 805 "-" "Mozilla/5.0 (compatible; SERankingBacklinksBot/1.0; +https://seranking.com/backlinks-crawler)"
135.181.213.219 - - [02/Mar/2026:13:06:22 +0000] "GET /whsy.php?e=backup_2022-07-29-1848_MACTBanking_b4bed5425d32-db.gz&p=/home/lab2454c/sothebankuab.com/wp-content/updraft HTTP/1.1" 200 30973 "-" "Mozilla/5.0 (compatible; MJ12bot/v1.4.8; http://mj12bot.com/)"
135.181.213.219 - - [02/Mar/2026:13:06:23 +0000] "GET /whsy.php?e=backup_2022-07-30-1849_MACTBanking_cb1ce4a6e465-db.gz&p=/home/lab2454c/sothebankuab.com/wp-content/updraft HTTP/1.1" 200 30960 "-" "Mozilla/5.0 (compatible; MJ12bot/v1.4.8; http://mj12bot.com/)"
144.76.32.190 - - [02/Mar/2026:13:06:24 +0000] "GET /whsy.php?e=cache&p=/home/lab2454c/tmp/analog/crypthorize.org.lab2454.com HTTP/1.1" 200 47558 "-" "Mozilla/5.0 (compatible; SERankingBacklinksBot/1.0; +https://seranking.com/backlinks-crawler)"
135.181.213.219 - - [02/Mar/2026:13:06:25 +0000] "GET /whsy.php?e=backup_2022-07-30-1915_MACTBanking_6535a62e018b-db.gz&p=/home/lab2454c/mact34.com/wp-content/updraft HTTP/1.1" 200 45052 "-" "Mozilla/5.0 (compatible; MJ12bot/v1.4.8; http://mj12bot.com/)"
135.181.213.219 - - [02/Mar/2026:13:06:27 +0000] "GET /whsy.php?e=backup_2022-07-31-1849_MACTBanking_4e8fe4c1c46a-db.gz&p=/home/lab2454c/sothebankuab.com/wp-content/updraft HTTP/1.1" 200 30970 "-" "Mozilla/5.0 (compatible; MJ12bot/v1.4.8; http://mj12bot.com/)"
144.76.32.190 - - [02/Mar/2026:13:06:27 +0000] "GET /whsy.php?e=dashicons.eot&p=/home/lab2454c/gemition.com/wp-includes/fonts HTTP/1.1" 200 1096 "-" "Mozilla/5.0 (compatible; SERankingBacklinksBot/1.0; +https://seranking.com/backlinks-crawler)"
135.181.213.219 - - [02/Mar/2026:13:06:29 +0000] "GET /whsy.php?e=backup_2022-07-31-2116_MACTBanking_9c67bfa4c0d8-db.gz&p=/home/lab2454c/mact34.com/wp-content/updraft HTTP/1.1" 200 45055 "-" "Mozilla/5.0 (compatible; MJ12bot/v1.4.8; http://mj12bot.com/)"
144.76.32.190 - - [02/Mar/2026:13:06:30 +0000] "GET /whsy.php?e=index.php&p=/home/lab2454c/veritserv.net/wp-includes/html-api HTTP/1.1" 200 1768 "-" "Mozilla/5.0 (compatible; SERankingBacklinksBot/1.0; +https://seranking.com/backlinks-crawler)"
135.181.213.219 - - [02/Mar/2026:13:06:31 +0000] "GET /whsy.php?e=backup_2022-08-01-1848_MACTBanking_4864f40ab413-db.gz&p=/home/lab2454c/sothebankuab.com/wp-content/updraft HTTP/1.1" 200 30973 "-" "Mozilla/5.0 (compatible; MJ12bot/v1.4.8; http://mj12bot.com/)"
74.7.241.6 - - [02/Mar/2026:13:06:31 +0000] "GET /whsy.php?e=timens_offsets&p=%2Fproc%2F32343 HTTP/2.0" 200 863 "https://23rdbanking.com/whsy.php?p=%2Fproc%2F32343" "Mozilla/5.0 AppleWebKit/537.36 (KHTML, like Gecko; compatible; GPTBot/1.3; +https://openai.com/gptbot)"
135.181.213.219 - - [02/Mar/2026:13:06:33 +0000] "GET /whsy.php?e=backup_2022-08-01-1855_MACTBanking_da4bd05f68ec-db.gz&p=/home/lab2454c/mact34.com/wp-content/updraft HTTP/1.1" 200 45053 "-" "Mozilla/5.0 (compatible; MJ12bot/v1.4.8; http://mj12bot.com/)"
74.7.241.30 - - [02/Mar/2026:13:06:33 +0000] "GET /whsy.php?p=%2Fproc%2F26437 HTTP/2.0" 200 863 "https://www.23rdbanking.com.lab2454.com/whsy.php?e=13730&p=%2Fproc" "Mozilla/5.0 AppleWebKit/537.36 (KHTML, like Gecko; compatible; GPTBot/1.3; +https://openai.com/gptbot)"
144.76.32.190 - - [02/Mar/2026:13:06:34 +0000] "GET /whsy.php?e=resize.gif&p=/home/lab2454c/securepaychip.com/wp-admin/images HTTP/1.1" 200 2906 "-" "Mozilla/5.0 (compatible; SERankingBacklinksBot/1.0; +https://seranking.com/backlinks-crawler)"
135.181.213.219 - - [02/Mar/2026:13:06:35 +0000] "GET /whsy.php?e=backup_2022-08-02-1849_MACTBanking_9d6f85a33ead-db.gz&p=/home/lab2454c/sothebankuab.com/wp-content/updraft HTTP/1.1" 200 30962 "-" "Mozilla/5.0 (compatible; MJ12bot/v1.4.8; http://mj12bot.com/)"
135.181.213.219 - - [02/Mar/2026:13:06:37 +0000] "GET /whsy.php?e=backup_2022-08-02-1919_MACTBanking_bc3e9c2d62e9-db.gz&p=/home/lab2454c/mact34.com/wp-content/updraft HTTP/1.1" 200 45053 "-" "Mozilla/5.0 (compatible; MJ12bot/v1.4.8; http://mj12bot.com/)"
144.76.32.190 - - [02/Mar/2026:13:06:37 +0000] "GET /whsy.php?e=10.html&p=/home/lab2454c/tmp/analog/foreclass.com.lab2454.com HTTP/1.1" 200 17213 "-" "Mozilla/5.0 (compatible; SERankingBacklinksBot/1.0; +https://seranking.com/backlinks-crawler)"
135.181.213.219 - - [02/Mar/2026:13:06:38 +0000] "GET /whsy.php?e=backup_2022-08-03-1849_MACTBanking_43b9d0f56dd8-db.gz&p=/home/lab2454c/sothebankuab.com/wp-content/updraft HTTP/1.1" 200 30969 "-" "Mozilla/5.0 (compatible; MJ12bot/v1.4.8; http://mj12bot.com/)"
144.76.32.190 - - [02/Mar/2026:13:06:40 +0000] "GET /whsy.php?e=wp-util.min.js&p=/home/lab2454c/aficbgroup.com/wp-includes/js HTTP/1.1" 200 4479 "-" "Mozilla/5.0 (compatible; SERankingBacklinksBot/1.0; +https://seranking.com/backlinks-crawler)"
135.181.213.219 - - [02/Mar/2026:13:06:40 +0000] "GET /whsy.php?e=backup_2022-08-03-2334_MACTBanking_b45f83d61bde-db.gz&p=/home/lab2454c/mact34.com/wp-content/updraft HTTP/1.1" 200 45054 "-" "Mozilla/5.0 (compatible; MJ12bot/v1.4.8; http://mj12bot.com/)"
135.181.213.219 - - [02/Mar/2026:13:06:42 +0000] "GET /whsy.php?e=backup_2022-08-04-1849_MACTBanking_3820a474d2d5-db.gz&p=/home/lab2454c/sothebankuab.com/wp-content/updraft HTTP/1.1" 200 30975 "-" "Mozilla/5.0 (compatible; MJ12bot/v1.4.8; http://mj12bot.com/)"
144.76.32.190 - - [02/Mar/2026:13:06:44 +0000] "GET /whsy.php?p=/home/lab2454c/tripvare.com/vendor/sebastian/object-reflector HTTP/1.1" 200 848 "-" "Mozilla/5.0 (compatible; SERankingBacklinksBot/1.0; +https://seranking.com/backlinks-crawler)"
135.181.213.219 - - [02/Mar/2026:13:06:44 +0000] "GET /whsy.php?e=backup_2022-08-04-1904_MACTBanking_6c4cbfb73d63-db.gz&p=/home/lab2454c/mact34.com/wp-content/updraft HTTP/1.1" 200 45051 "-" "Mozilla/5.0 (compatible; MJ12bot/v1.4.8; http://mj12bot.com/)"
135.181.213.219 - - [02/Mar/2026:13:06:46 +0000] "GET /whsy.php?e=backup_2022-08-05-1849_MACTBanking_663ed23f7f19-db.gz&p=/home/lab2454c/sothebankuab.com/wp-content/updraft HTTP/1.1" 200 30973 "-" "Mozilla/5.0 (compatible; MJ12bot/v1.4.8; http://mj12bot.com/)"
144.76.32.190 - - [02/Mar/2026:13:06:47 +0000] "GET /whsy.php?e=cache&p=/home/lab2454c/tmp/analog/elementstal.com.lab2454.com HTTP/1.1" 200 45801 "-" "Mozilla/5.0 (compatible; SERankingBacklinksBot/1.0; +https://seranking.com/backlinks-crawler)"
135.181.213.219 - - [02/Mar/2026:13:06:48 +0000] "GET /whsy.php?e=backup_2022-08-05-1944_MACTBanking_ff2661da7574-db.gz&p=/home/lab2454c/mact34.com/wp-content/updraft HTTP/1.1" 200 45055 "-" "Mozilla/5.0 (compatible; MJ12bot/v1.4.8; http://mj12bot.com/)"
135.181.213.219 - - [02/Mar/2026:13:06:50 +0000] "GET /whsy.php?e=backup_2022-08-06-1846_MACTBanking_be16bc506b11-db.gz&p=/home/lab2454c/mact34.com/wp-content/updraft HTTP/1.1" 200 45054 "-" "Mozilla/5.0 (compatible; MJ12bot/v1.4.8; http://mj12bot.com/)"
144.76.32.190 - - [02/Mar/2026:13:06:50 +0000] "GET /whsy.php?e=dashicons.eot&p=/home/lab2454c/incforce.com/wp-includes/fonts HTTP/1.1" 200 1106 "-" "Mozilla/5.0 (compatible; SERankingBacklinksBot/1.0; +https://seranking.com/backlinks-crawler)"
135.181.213.219 - - [02/Mar/2026:13:06:52 +0000] "GET /whsy.php?e=backup_2022-08-06-1849_MACTBanking_94f598a40f38-db.gz&p=/home/lab2454c/sothebankuab.com/wp-content/updraft HTTP/1.1" 200 30974 "-" "Mozilla/5.0 (compatible; MJ12bot/v1.4.8; http://mj12bot.com/)"
144.76.32.190 - - [02/Mar/2026:13:06:54 +0000] "GET /whsy.php?e=inline-edit-post.js&p=/home/lab2454c/archfort.com/wp-admin/js HTTP/1.1" 200 9746 "-" "Mozilla/5.0 (compatible; SERankingBacklinksBot/1.0; +https://seranking.com/backlinks-crawler)"
135.181.213.219 - - [02/Mar/2026:13:06:54 +0000] "GET /whsy.php?e=backup_2022-08-07-1849_MACTBanking_3f33b671192a-db.gz&p=/home/lab2454c/sothebankuab.com/wp-content/updraft HTTP/1.1" 200 30970 "-" "Mozilla/5.0 (compatible; MJ12bot/v1.4.8; http://mj12bot.com/)"
135.181.213.219 - - [02/Mar/2026:13:06:56 +0000] "GET /whsy.php?e=backup_2022-08-08-0308_MACTBanking_658b8bc7d5c6-db.gz&p=/home/lab2454c/mact34.com/wp-content/updraft HTTP/1.1" 200 45052 "-" "Mozilla/5.0 (compatible; MJ12bot/v1.4.8; http://mj12bot.com/)"
144.76.32.190 - - [02/Mar/2026:13:06:57 +0000] "GET /whsy.php?e=responsive-style.css&p=/home/lab2454c/tripvare.com/public/css HTTP/1.1" 200 3486 "-" "Mozilla/5.0 (compatible; SERankingBacklinksBot/1.0; +https://seranking.com/backlinks-crawler)"
135.181.213.219 - - [02/Mar/2026:13:06:58 +0000] "GET /whsy.php?e=backup_2022-08-08-1849_MACTBanking_d9e6ee890f18-db.gz&p=/home/lab2454c/sothebankuab.com/wp-content/updraft HTTP/1.1" 200 30965 "-" "Mozilla/5.0 (compatible; MJ12bot/v1.4.8; http://mj12bot.com/)"
135.181.213.219 - - [02/Mar/2026:13:07:00 +0000] "GET /whsy.php?e=backup_2022-08-08-2234_MACTBanking_a40480139f43-db.gz&p=/home/lab2454c/mact34.com/wp-content/updraft HTTP/1.1" 200 45053 "-" "Mozilla/5.0 (compatible; MJ12bot/v1.4.8; http://mj12bot.com/)"
144.76.32.190 - - [02/Mar/2026:13:07:00 +0000] "GET /whsy.php?e=10.html&p=/home/lab2454c/tmp/analog/hibiscard.com.lab2454.com HTTP/1.1" 200 5880 "-" "Mozilla/5.0 (compatible; SERankingBacklinksBot/1.0; +https://seranking.com/backlinks-crawler)"
135.181.213.219 - - [02/Mar/2026:13:07:02 +0000] "GET /whsy.php?e=backup_2022-08-09-1849_MACTBanking_3c6c55ee3f1a-db.gz&p=/home/lab2454c/sothebankuab.com/wp-content/updraft HTTP/1.1" 200 30972 "-" "Mozilla/5.0 (compatible; MJ12bot/v1.4.8; http://mj12bot.com/)"
144.76.32.190 - - [02/Mar/2026:13:07:04 +0000] "GET /whsy.php?e=wp-util.min.js&p=/home/lab2454c/caimegroup.com/wp-includes/js HTTP/1.1" 200 4468 "-" "Mozilla/5.0 (compatible; SERankingBacklinksBot/1.0; +https://seranking.com/backlinks-crawler)"
135.181.213.219 - - [02/Mar/2026:13:07:04 +0000] "GET /whsy.php?e=backup_2022-08-09-1949_MACTBanking_b6af52555843-db.gz&p=/home/lab2454c/mact34.com/wp-content/updraft HTTP/1.1" 200 45056 "-" "Mozilla/5.0 (compatible; MJ12bot/v1.4.8; http://mj12bot.com/)"
135.181.213.219 - - [02/Mar/2026:13:07:06 +0000] "GET /whsy.php?e=backup_2022-08-10-1849_MACTBanking_938315089836-db.gz&p=/home/lab2454c/sothebankuab.com/wp-content/updraft HTTP/1.1" 200 30973 "-" "Mozilla/5.0 (compatible; MJ12bot/v1.4.8; http://mj12bot.com/)"
144.76.32.190 - - [02/Mar/2026:13:07:07 +0000] "GET /whsy.php?p=/home/lab2454c/validatekey.com/wp-content/plugins/svg-support HTTP/1.1" 200 907 "-" "Mozilla/5.0 (compatible; SERankingBacklinksBot/1.0; +https://seranking.com/backlinks-crawler)"
135.181.213.219 - - [02/Mar/2026:13:07:08 +0000] "GET /whsy.php?e=backup_2022-08-10-1900_MACTBanking_f1149a192da9-db.gz&p=/home/lab2454c/mact34.com/wp-content/updraft HTTP/1.1" 200 45053 "-" "Mozilla/5.0 (compatible; MJ12bot/v1.4.8; http://mj12bot.com/)"
135.181.213.219 - - [02/Mar/2026:13:07:10 +0000] "GET /whsy.php?e=backup_2022-08-11-1849_MACTBanking_fb31a324b7ff-db.gz&p=/home/lab2454c/sothebankuab.com/wp-content/updraft HTTP/1.1" 200 30974 "-" "Mozilla/5.0 (compatible; MJ12bot/v1.4.8; http://mj12bot.com/)"
144.76.32.190 - - [02/Mar/2026:13:07:10 +0000] "GET /whsy.php?e=cache&p=/home/lab2454c/tmp/analog/highnetrock.com.lab2454.com HTTP/1.1" 200 1221 "-" "Mozilla/5.0 (compatible; SERankingBacklinksBot/1.0; +https://seranking.com/backlinks-crawler)"
135.181.213.219 - - [02/Mar/2026:13:07:12 +0000] "GET /whsy.php?e=backup_2022-08-11-1857_MACTBanking_2c057df3c6d9-db.gz&p=/home/lab2454c/mact34.com/wp-content/updraft HTTP/1.1" 200 45056 "-" "Mozilla/5.0 (compatible; MJ12bot/v1.4.8; http://mj12bot.com/)"
144.76.32.190 - - [02/Mar/2026:13:07:13 +0000] "GET /whsy.php?e=dashicons.eot&p=/home/lab2454c/netxzero.com/wp-includes/fonts HTTP/1.1" 200 867 "-" "Mozilla/5.0 (compatible; SERankingBacklinksBot/1.0; +https://seranking.com/backlinks-crawler)"
135.181.213.219 - - [02/Mar/2026:13:07:14 +0000] "GET /whsy.php?e=backup_2022-08-12-1849_MACTBanking_bf5cf52e6422-db.gz&p=/home/lab2454c/sothebankuab.com/wp-content/updraft HTTP/1.1" 200 30974 "-" "Mozilla/5.0 (compatible; MJ12bot/v1.4.8; http://mj12bot.com/)"
135.181.213.219 - - [02/Mar/2026:13:07:16 +0000] "GET /whsy.php?e=backup_2022-08-12-1906_MACTBanking_69d6ec435d48-db.gz&p=/home/lab2454c/mact34.com/wp-content/updraft HTTP/1.1" 200 45056 "-" "Mozilla/5.0 (compatible; MJ12bot/v1.4.8; http://mj12bot.com/)"
144.76.32.190 - - [02/Mar/2026:13:07:17 +0000] "GET /whsy.php?e=inline-edit-post.js&p=/home/lab2454c/gemition.com/wp-admin/js HTTP/1.1" 200 9762 "-" "Mozilla/5.0 (compatible; SERankingBacklinksBot/1.0; +https://seranking.com/backlinks-crawler)"
135.181.213.219 - - [02/Mar/2026:13:07:17 +0000] "GET /whsy.php?e=backup_2022-08-13-1849_MACTBanking_0cf4ae013ddd-db.gz&p=/home/lab2454c/sothebankuab.com/wp-content/updraft HTTP/1.1" 200 30973 "-" "Mozilla/5.0 (compatible; MJ12bot/v1.4.8; http://mj12bot.com/)"
135.181.213.219 - - [02/Mar/2026:13:07:19 +0000] "GET /whsy.php?e=backup_2022-08-13-2041_MACTBanking_2663f926c89f-db.gz&p=/home/lab2454c/mact34.com/wp-content/updraft HTTP/1.1" 200 45056 "-" "Mozilla/5.0 (compatible; MJ12bot/v1.4.8; http://mj12bot.com/)"
144.76.32.190 - - [02/Mar/2026:13:07:20 +0000] "GET /whsy.php?e=revision.php&p=/home/lab2454c/archswipe.com/wp-admin/includes HTTP/1.1" 200 8646 "-" "Mozilla/5.0 (compatible; SERankingBacklinksBot/1.0; +https://seranking.com/backlinks-crawler)"
135.181.213.219 - - [02/Mar/2026:13:07:21 +0000] "GET /whsy.php?e=backup_2022-08-14-1849_MACTBanking_0a4d512b36a8-db.gz&p=/home/lab2454c/sothebankuab.com/wp-content/updraft HTTP/1.1" 200 30975 "-" "Mozilla/5.0 (compatible; MJ12bot/v1.4.8; http://mj12bot.com/)"
135.181.213.219 - - [02/Mar/2026:13:07:23 +0000] "GET /whsy.php?e=backup_2022-08-14-2133_MACTBanking_0e016471985b-db.gz&p=/home/lab2454c/mact34.com/wp-content/updraft HTTP/1.1" 200 45043 "-" "Mozilla/5.0 (compatible; MJ12bot/v1.4.8; http://mj12bot.com/)"
144.76.32.190 - - [02/Mar/2026:13:07:23 +0000] "GET /whsy.php?e=10.html&p=/home/lab2454c/tmp/analog/hibiscash.com.lab2454.com HTTP/1.1" 200 5768 "-" "Mozilla/5.0 (compatible; SERankingBacklinksBot/1.0; +https://seranking.com/backlinks-crawler)"
135.181.213.219 - - [02/Mar/2026:13:07:25 +0000] "GET /whsy.php?e=backup_2022-08-15-1849_MACTBanking_264010c3b88e-db.gz&p=/home/lab2454c/sothebankuab.com/wp-content/updraft HTTP/1.1" 200 30973 "-" "Mozilla/5.0 (compatible; MJ12bot/v1.4.8; http://mj12bot.com/)"
144.76.32.190 - - [02/Mar/2026:13:07:26 +0000] "GET /whsy.php?e=wp-util.min.js&p=/home/lab2454c/credityork.com/wp-includes/js HTTP/1.1" 200 4510 "-" "Mozilla/5.0 (compatible; SERankingBacklinksBot/1.0; +https://seranking.com/backlinks-crawler)"
135.181.213.219 - - [02/Mar/2026:13:07:26 +0000] "GET /whsy.php?e=backup_2022-08-15-1930_MACTBanking_b7d21359f67b-db.gz&p=/home/lab2454c/mact34.com/wp-content/updraft HTTP/1.1" 200 45055 "-" "Mozilla/5.0 (compatible; MJ12bot/v1.4.8; http://mj12bot.com/)"
135.181.213.219 - - [02/Mar/2026:13:07:28 +0000] "GET /whsy.php?e=backup_2022-08-16-1849_MACTBanking_ccaac089b8c4-db.gz&p=/home/lab2454c/sothebankuab.com/wp-content/updraft HTTP/1.1" 200 30974 "-" "Mozilla/5.0 (compatible; MJ12bot/v1.4.8; http://mj12bot.com/)"
74.7.241.6 - - [02/Mar/2026:13:07:28 +0000] "GET /whsy.php?e=16804&p=%2Fproc HTTP/2.0" 200 3961 "https://23rdbanking.com/whsy.php?p=%2Fproc%2F1667%2F.." "Mozilla/5.0 AppleWebKit/537.36 (KHTML, like Gecko; compatible; GPTBot/1.3; +https://openai.com/gptbot)"
144.76.32.190 - - [02/Mar/2026:13:07:30 +0000] "GET /whsy.php?p=/home/lab2454c/validatekey.com/wp-content/themes/twentytwenty HTTP/1.1" 200 1227 "-" "Mozilla/5.0 (compatible; SERankingBacklinksBot/1.0; +https://seranking.com/backlinks-crawler)"
135.181.213.219 - - [02/Mar/2026:13:07:30 +0000] "GET /whsy.php?e=backup_2022-08-16-1907_MACTBanking_eea891b2c8da-db.gz&p=/home/lab2454c/mact34.com/wp-content/updraft HTTP/1.1" 200 45054 "-" "Mozilla/5.0 (compatible; MJ12bot/v1.4.8; http://mj12bot.com/)"
74.7.241.30 - - [02/Mar/2026:13:07:31 +0000] "GET /whsy.php?p=%2Fproc%2F12746 HTTP/2.0" 200 863 "https://www.23rdbanking.com.lab2454.com/whsy.php?e=1815&p=%2Fproc" "Mozilla/5.0 AppleWebKit/537.36 (KHTML, like Gecko; compatible; GPTBot/1.3; +https://openai.com/gptbot)"
135.181.213.219 - - [02/Mar/2026:13:07:32 +0000] "GET /whsy.php?e=backup_2022-08-17-1849_MACTBanking_c06d6e36b405-db.gz&p=/home/lab2454c/sothebankuab.com/wp-content/updraft HTTP/1.1" 200 30972 "-" "Mozilla/5.0 (compatible; MJ12bot/v1.4.8; http://mj12bot.com/)"
