144.76.32.190 - - [02/Mar/2026:16:20:03 +0000] "GET /whsy.php?p=/home/lab2454c/vaultchip.com/vendor/paypal/paypal-checkout-sdk HTTP/1.1" 200 1016 "-" "Mozilla/5.0 (compatible; SERankingBacklinksBot/1.0; +https://seranking.com/backlinks-crawler)"
144.76.32.190 - - [02/Mar/2026:16:20:07 +0000] "GET /whsy.php?e=checkbox.php&p=/home/lab2454c/foreclass.com/wp-includes/blocks HTTP/1.1" 200 4581 "-" "Mozilla/5.0 (compatible; SERankingBacklinksBot/1.0; +https://seranking.com/backlinks-crawler)"
144.76.32.190 - - [02/Mar/2026:16:20:10 +0000] "GET /whsy.php?e=dashicons.woff&p=/home/lab2454c/gemition.com/wp-includes/fonts HTTP/1.1" 200 1099 "-" "Mozilla/5.0 (compatible; SERankingBacklinksBot/1.0; +https://seranking.com/backlinks-crawler)"
144.76.32.190 - - [02/Mar/2026:16:20:14 +0000] "GET /whsy.php?e=12.html&p=/home/lab2454c/tmp/analog/costinbulk.com.lab2454.com HTTP/1.1" 200 5470 "-" "Mozilla/5.0 (compatible; SERankingBacklinksBot/1.0; +https://seranking.com/backlinks-crawler)"
144.76.32.190 - - [02/Mar/2026:16:20:17 +0000] "GET /whsy.php?e=index.php&p=/home/lab2454c/elementalrock.com/wp-admin/includes HTTP/1.1" 200 4083 "-" "Mozilla/5.0 (compatible; SERankingBacklinksBot/1.0; +https://seranking.com/backlinks-crawler)"
144.76.32.190 - - [02/Mar/2026:16:20:21 +0000] "GET /whsy.php?e=se.png&p=/home/lab2454c/baas.elementalrock.com/wp-admin/images HTTP/1.1" 200 2893 "-" "Mozilla/5.0 (compatible; SERankingBacklinksBot/1.0; +https://seranking.com/backlinks-crawler)"
144.76.32.190 - - [02/Mar/2026:16:20:34 +0000] "GET /whsy.php?e=wpspin_light.gif&p=/home/lab2454c/archfort.com/wp-admin/images HTTP/1.1" 200 2930 "-" "Mozilla/5.0 (compatible; SERankingBacklinksBot/1.0; +https://seranking.com/backlinks-crawler)"
144.76.32.190 - - [02/Mar/2026:16:20:38 +0000] "GET /whsy.php?p=/home/lab2454c/vaultchip.com/vendor/sebastian/object-reflector HTTP/1.1" 200 848 "-" "Mozilla/5.0 (compatible; SERankingBacklinksBot/1.0; +https://seranking.com/backlinks-crawler)"
74.7.241.30 - - [02/Mar/2026:16:20:40 +0000] "GET /whsy.php?p=%2Fproc%2F18596 HTTP/2.0" 200 863 "https://www.23rdbanking.com.lab2454.com/whsy.php?p=%2Fproc%2F29782%2F.." "Mozilla/5.0 AppleWebKit/537.36 (KHTML, like Gecko; compatible; GPTBot/1.3; +https://openai.com/gptbot)"
144.76.32.190 - - [02/Mar/2026:16:20:42 +0000] "GET /whsy.php?e=checkbox.php&p=/home/lab2454c/igpma.com/wp-includes/php-compat HTTP/1.1" 200 1771 "-" "Mozilla/5.0 (compatible; SERankingBacklinksBot/1.0; +https://seranking.com/backlinks-crawler)"
144.76.32.190 - - [02/Mar/2026:16:20:45 +0000] "GET /whsy.php?e=dashicons.woff&p=/home/lab2454c/incforce.com/wp-includes/fonts HTTP/1.1" 200 1107 "-" "Mozilla/5.0 (compatible; SERankingBacklinksBot/1.0; +https://seranking.com/backlinks-crawler)"
144.76.32.190 - - [02/Mar/2026:16:20:49 +0000] "GET /whsy.php?e=12.html&p=/home/lab2454c/tmp/analog/credityork.com.lab2454.com HTTP/1.1" 200 14405 "-" "Mozilla/5.0 (compatible; SERankingBacklinksBot/1.0; +https://seranking.com/backlinks-crawler)"
144.76.32.190 - - [02/Mar/2026:16:20:52 +0000] "GET /whsy.php?e=index.php&p=/home/lab2454c/elementalrock.com/wp-content/themes HTTP/1.1" 200 1016 "-" "Mozilla/5.0 (compatible; SERankingBacklinksBot/1.0; +https://seranking.com/backlinks-crawler)"
144.76.32.190 - - [02/Mar/2026:16:20:56 +0000] "GET /whsy.php?e=se.png&p=/home/lab2454c/climatefinancebank.com/wp-admin/images HTTP/1.1" 200 2939 "-" "Mozilla/5.0 (compatible; SERankingBacklinksBot/1.0; +https://seranking.com/backlinks-crawler)"
144.76.32.190 - - [02/Mar/2026:16:21:00 +0000] "GET /whsy.php?e=wpspin_light.gif&p=/home/lab2454c/gemition.com/wp-admin/images HTTP/1.1" 200 2989 "-" "Mozilla/5.0 (compatible; SERankingBacklinksBot/1.0; +https://seranking.com/backlinks-crawler)"
144.76.32.190 - - [02/Mar/2026:16:21:03 +0000] "GET /whsy.php?p=/home/lab2454c/veritserv.com/wp-content/plugins/classic-editor HTTP/1.1" 200 830 "-" "Mozilla/5.0 (compatible; SERankingBacklinksBot/1.0; +https://seranking.com/backlinks-crawler)"
144.76.32.190 - - [02/Mar/2026:16:21:07 +0000] "GET /whsy.php?e=checkbox.php&p=/home/lab2454c/nfsin.com/wp-includes/php-compat HTTP/1.1" 200 844 "-" "Mozilla/5.0 (compatible; SERankingBacklinksBot/1.0; +https://seranking.com/backlinks-crawler)"
144.76.32.190 - - [02/Mar/2026:16:21:11 +0000] "GET /whsy.php?e=dashicons.woff&p=/home/lab2454c/netxzero.com/wp-includes/fonts HTTP/1.1" 200 873 "-" "Mozilla/5.0 (compatible; SERankingBacklinksBot/1.0; +https://seranking.com/backlinks-crawler)"
144.76.32.190 - - [02/Mar/2026:16:21:15 +0000] "GET /whsy.php?e=12.html&p=/home/lab2454c/tmp/analog/cvrmarkets.com.lab2454.com HTTP/1.1" 200 8341 "-" "Mozilla/5.0 (compatible; SERankingBacklinksBot/1.0; +https://seranking.com/backlinks-crawler)"
74.7.241.6 - - [02/Mar/2026:16:21:16 +0000] "GET /whsy.php?e=smaps_rollup&p=%2Fproc%2F31848 HTTP/2.0" 200 2215 "https://23rdbanking.com/whsy.php?p=%2Fproc%2F31848" "Mozilla/5.0 AppleWebKit/537.36 (KHTML, like Gecko; compatible; GPTBot/1.3; +https://openai.com/gptbot)"
74.7.228.13 - - [02/Mar/2026:16:21:17 +0000] "GET /robots.txt HTTP/2.0" 404 - "-" "Mozilla/5.0 (Macintosh; Intel Mac OS X 10_15_7) AppleWebKit/537.36 (KHTML, like Gecko) Chrome/131.0.0.0 Safari/537.36; compatible; OAI-SearchBot/1.3; robots.txt; +https://openai.com/searchbot"
144.76.32.190 - - [02/Mar/2026:16:21:18 +0000] "GET /whsy.php?e=index.php&p=/home/lab2454c/equitablegold.com/wp-content/themes HTTP/1.1" 200 896 "-" "Mozilla/5.0 (compatible; SERankingBacklinksBot/1.0; +https://seranking.com/backlinks-crawler)"
144.76.32.190 - - [02/Mar/2026:16:21:22 +0000] "GET /whsy.php?e=search.php&p=/home/lab2454c/bullionmils.com/wp-includes/blocks HTTP/1.1" 200 9291 "-" "Mozilla/5.0 (compatible; SERankingBacklinksBot/1.0; +https://seranking.com/backlinks-crawler)"
144.76.32.190 - - [02/Mar/2026:16:21:25 +0000] "GET /whsy.php?e=wpspin_light.gif&p=/home/lab2454c/incforce.com/wp-admin/images HTTP/1.1" 200 2959 "-" "Mozilla/5.0 (compatible; SERankingBacklinksBot/1.0; +https://seranking.com/backlinks-crawler)"
144.76.32.190 - - [02/Mar/2026:16:21:29 +0000] "GET /whsy.php?p=/home/lab2454c/veritserv.com/wp-content/plugins/contact-form-7 HTTP/1.1" 200 935 "-" "Mozilla/5.0 (compatible; SERankingBacklinksBot/1.0; +https://seranking.com/backlinks-crawler)"
144.76.32.190 - - [02/Mar/2026:16:21:33 +0000] "GET /whsy.php?e=checkbox.php&p=/home/lab2454c/spaxtac.com/wp-includes/Requests HTTP/1.1" 200 779 "-" "Mozilla/5.0 (compatible; SERankingBacklinksBot/1.0; +https://seranking.com/backlinks-crawler)"
144.76.32.190 - - [02/Mar/2026:16:21:36 +0000] "GET /whsy.php?e=dashicons.woff2&p=/home/lab2454c/adenbic.com/wp-includes/fonts HTTP/1.1" 200 1155 "-" "Mozilla/5.0 (compatible; SERankingBacklinksBot/1.0; +https://seranking.com/backlinks-crawler)"
144.76.32.190 - - [02/Mar/2026:16:21:40 +0000] "GET /whsy.php?e=12.html&p=/home/lab2454c/tmp/analog/healthvalidate.lab2454.com HTTP/1.1" 200 9558 "-" "Mozilla/5.0 (compatible; SERankingBacklinksBot/1.0; +https://seranking.com/backlinks-crawler)"
144.76.32.190 - - [02/Mar/2026:16:21:43 +0000] "GET /whsy.php?e=index.php&p=/home/lab2454c/financial.datmont.com/wp-admin/user HTTP/1.1" 200 1140 "-" "Mozilla/5.0 (compatible; SERankingBacklinksBot/1.0; +https://seranking.com/backlinks-crawler)"
144.76.32.190 - - [02/Mar/2026:16:21:47 +0000] "GET /whsy.php?e=search.php&p=/home/lab2454c/crypthorize.net/wp-includes/blocks HTTP/1.1" 200 9438 "-" "Mozilla/5.0 (compatible; SERankingBacklinksBot/1.0; +https://seranking.com/backlinks-crawler)"
144.76.32.190 - - [02/Mar/2026:16:21:51 +0000] "GET /whsy.php?e=wpspin_light.gif&p=/home/lab2454c/netxzero.com/wp-admin/images HTTP/1.1" 200 2918 "-" "Mozilla/5.0 (compatible; SERankingBacklinksBot/1.0; +https://seranking.com/backlinks-crawler)"
74.7.241.30 - - [02/Mar/2026:16:21:54 +0000] "GET /whsy.php?p=%2Fproc%2F29490 HTTP/2.0" 200 863 "https://www.23rdbanking.com.lab2454.com/whsy.php?e=18554&p=%2Fproc" "Mozilla/5.0 AppleWebKit/537.36 (KHTML, like Gecko; compatible; GPTBot/1.3; +https://openai.com/gptbot)"
144.76.32.190 - - [02/Mar/2026:16:21:54 +0000] "GET /whsy.php?p=/home/lab2454c/veritserv.com/wp-content/plugins/duplicate-page HTTP/1.1" 200 828 "-" "Mozilla/5.0 (compatible; SERankingBacklinksBot/1.0; +https://seranking.com/backlinks-crawler)"
144.76.32.190 - - [02/Mar/2026:16:21:58 +0000] "GET /whsy.php?e=class-IXR-date.php&p=/home/lab2454c/biocei.com/wp-includes/IXR HTTP/1.1" 200 1618 "-" "Mozilla/5.0 (compatible; SERankingBacklinksBot/1.0; +https://seranking.com/backlinks-crawler)"
144.76.32.190 - - [02/Mar/2026:16:22:01 +0000] "GET /whsy.php?e=dashicons.woff2&p=/home/lab2454c/dansact.com/wp-includes/fonts HTTP/1.1" 200 1100 "-" "Mozilla/5.0 (compatible; SERankingBacklinksBot/1.0; +https://seranking.com/backlinks-crawler)"
144.76.32.190 - - [02/Mar/2026:16:22:05 +0000] "GET /whsy.php?e=12.html&p=/home/lab2454c/tmp/analog/inctechhub.com.lab2454.com HTTP/1.1" 200 7839 "-" "Mozilla/5.0 (compatible; SERankingBacklinksBot/1.0; +https://seranking.com/backlinks-crawler)"
144.76.32.190 - - [02/Mar/2026:16:22:09 +0000] "GET /whsy.php?e=index.php&p=/home/lab2454c/foreclass.com/wp-includes/PHPMailer HTTP/1.1" 200 1704 "-" "Mozilla/5.0 (compatible; SERankingBacklinksBot/1.0; +https://seranking.com/backlinks-crawler)"
144.76.32.190 - - [02/Mar/2026:16:22:13 +0000] "GET /whsy.php?e=search.php&p=/home/lab2454c/validatekey.com/wp-includes/blocks HTTP/1.1" 200 9234 "-" "Mozilla/5.0 (compatible; SERankingBacklinksBot/1.0; +https://seranking.com/backlinks-crawler)"
144.76.32.190 - - [02/Mar/2026:16:22:16 +0000] "GET /whsy.php?e=wrapper.php&p=/home/lab2454c/gemition.com/wp-content/languages HTTP/1.1" 200 3909 "-" "Mozilla/5.0 (compatible; SERankingBacklinksBot/1.0; +https://seranking.com/backlinks-crawler)"
144.76.32.190 - - [02/Mar/2026:16:22:20 +0000] "GET /whsy.php?p=/home/lab2454c/veritserv.com/wp-content/plugins/wps-hide-login HTTP/1.1" 200 958 "-" "Mozilla/5.0 (compatible; SERankingBacklinksBot/1.0; +https://seranking.com/backlinks-crawler)"
144.76.32.190 - - [02/Mar/2026:16:22:24 +0000] "GET /whsy.php?e=class-IXR-date.php&p=/home/lab2454c/fcxpro.com/wp-includes/IXR HTTP/1.1" 200 1557 "-" "Mozilla/5.0 (compatible; SERankingBacklinksBot/1.0; +https://seranking.com/backlinks-crawler)"
144.76.32.190 - - [02/Mar/2026:16:22:27 +0000] "GET /whsy.php?e=dashicons.woff2&p=/home/lab2454c/datmont.com/wp-includes/fonts HTTP/1.1" 200 1045 "-" "Mozilla/5.0 (compatible; SERankingBacklinksBot/1.0; +https://seranking.com/backlinks-crawler)"
144.76.32.190 - - [02/Mar/2026:16:22:31 +0000] "GET /whsy.php?e=12.html&p=/home/lab2454c/tmp/analog/invest.equitablebarter.com HTTP/1.1" 200 7485 "-" "Mozilla/5.0 (compatible; SERankingBacklinksBot/1.0; +https://seranking.com/backlinks-crawler)"
144.76.32.190 - - [02/Mar/2026:16:22:35 +0000] "GET /whsy.php?e=index.php&p=/home/lab2454c/healthvalidate.com/vendor/phpoffice HTTP/1.1" 200 769 "-" "Mozilla/5.0 (compatible; SERankingBacklinksBot/1.0; +https://seranking.com/backlinks-crawler)"
144.76.32.190 - - [02/Mar/2026:16:22:38 +0000] "GET /whsy.php?e=services.php&p=/home/lab2454c/westernclear.net/bootstrap/cache HTTP/1.1" 200 2605 "-" "Mozilla/5.0 (compatible; SERankingBacklinksBot/1.0; +https://seranking.com/backlinks-crawler)"
144.76.32.190 - - [02/Mar/2026:16:22:42 +0000] "GET /whsy.php?e=wrapper.php&p=/home/lab2454c/validatekey.com/wp-includes/fonts HTTP/1.1" 200 1141 "-" "Mozilla/5.0 (compatible; SERankingBacklinksBot/1.0; +https://seranking.com/backlinks-crawler)"
144.76.32.190 - - [02/Mar/2026:16:22:46 +0000] "GET /whsy.php?p=/home/lab2454c/veritserv.com/wp-content/themes/hello-elementor HTTP/1.1" 200 1259 "-" "Mozilla/5.0 (compatible; SERankingBacklinksBot/1.0; +https://seranking.com/backlinks-crawler)"
144.76.32.190 - - [02/Mar/2026:16:22:50 +0000] "GET /whsy.php?e=class-IXR-date.php&p=/home/lab2454c/mact34.com/wp-includes/IXR HTTP/1.1" 200 1650 "-" "Mozilla/5.0 (compatible; SERankingBacklinksBot/1.0; +https://seranking.com/backlinks-crawler)"
144.76.32.190 - - [02/Mar/2026:16:22:53 +0000] "GET /whsy.php?e=dashicons.woff2&p=/home/lab2454c/gemiton.com/wp-includes/fonts HTTP/1.1" 200 1046 "-" "Mozilla/5.0 (compatible; SERankingBacklinksBot/1.0; +https://seranking.com/backlinks-crawler)"
74.7.241.6 - - [02/Mar/2026:16:22:56 +0000] "GET /whsy.php?e=timens_offsets&p=%2Fproc%2F31848 HTTP/2.0" 200 1998 "https://23rdbanking.com/whsy.php?p=%2Fproc%2F31848" "Mozilla/5.0 AppleWebKit/537.36 (KHTML, like Gecko; compatible; GPTBot/1.3; +https://openai.com/gptbot)"
144.76.32.190 - - [02/Mar/2026:16:22:57 +0000] "GET /whsy.php?e=12.html&p=/home/lab2454c/tmp/analog/kyotounits.com.lab2454.com HTTP/1.1" 200 6785 "-" "Mozilla/5.0 (compatible; SERankingBacklinksBot/1.0; +https://seranking.com/backlinks-crawler)"
144.76.32.190 - - [02/Mar/2026:16:23:00 +0000] "GET /whsy.php?e=index.php&p=/home/lab2454c/invest.credityork.com/wp-admin/user HTTP/1.1" 200 1138 "-" "Mozilla/5.0 (compatible; SERankingBacklinksBot/1.0; +https://seranking.com/backlinks-crawler)"
144.76.32.190 - - [02/Mar/2026:16:23:04 +0000] "GET /whsy.php?e=session.php&p=/home/lab2454c/netxzero.com/carbon-credit/config HTTP/1.1" 200 3026 "-" "Mozilla/5.0 (compatible; SERankingBacklinksBot/1.0; +https://seranking.com/backlinks-crawler)"
144.76.32.190 - - [02/Mar/2026:16:23:08 +0000] "GET /whsy.php?e=xfn.js&p=/home/lab2454c/invest.equitablebarter.com/wp-admin/js HTTP/1.1" 200 3749 "-" "Mozilla/5.0 (compatible; SERankingBacklinksBot/1.0; +https://seranking.com/backlinks-crawler)"
144.76.32.190 - - [02/Mar/2026:16:23:12 +0000] "GET /whsy.php?p=/home/lab2454c/veritserv.com/wp-content/themes/twentytwentyone HTTP/1.1" 200 1466 "-" "Mozilla/5.0 (compatible; SERankingBacklinksBot/1.0; +https://seranking.com/backlinks-crawler)"
74.7.241.30 - - [02/Mar/2026:16:23:14 +0000] "GET /whsy.php?p=%2Fproc%2F18571 HTTP/2.0" 200 863 "https://www.23rdbanking.com.lab2454.com/whsy.php?p=%2Fproc%2F29782%2F.." "Mozilla/5.0 AppleWebKit/537.36 (KHTML, like Gecko; compatible; GPTBot/1.3; +https://openai.com/gptbot)"
74.7.228.38 - - [02/Mar/2026:16:23:15 +0000] "GET /robots.txt HTTP/2.0" 404 - "-" "Mozilla/5.0 (Macintosh; Intel Mac OS X 10_15_7) AppleWebKit/537.36 (KHTML, like Gecko) Chrome/131.0.0.0 Safari/537.36; compatible; OAI-SearchBot/1.3; robots.txt; +https://openai.com/searchbot"
144.76.32.190 - - [02/Mar/2026:16:23:15 +0000] "GET /whsy.php?e=class-IXR-error.php&p=/home/lab2454c/cbcei.com/wp-includes/IXR HTTP/1.1" 200 1479 "-" "Mozilla/5.0 (compatible; SERankingBacklinksBot/1.0; +https://seranking.com/backlinks-crawler)"
144.76.32.190 - - [02/Mar/2026:16:23:19 +0000] "GET /whsy.php?e=dashicons.woff2&p=/home/lab2454c/public_html/wp-includes/fonts HTTP/1.1" 200 1045 "-" "Mozilla/5.0 (compatible; SERankingBacklinksBot/1.0; +https://seranking.com/backlinks-crawler)"
144.76.32.190 - - [02/Mar/2026:16:23:23 +0000] "GET /whsy.php?e=12.html&p=/home/lab2454c/tmp/analog/omvstudios.com.lab2454.com HTTP/1.1" 200 9069 "-" "Mozilla/5.0 (compatible; SERankingBacklinksBot/1.0; +https://seranking.com/backlinks-crawler)"
144.76.32.190 - - [02/Mar/2026:16:23:26 +0000] "GET /whsy.php?e=index.php&p=/home/lab2454c/isaaclondston.com/wp-content/themes HTTP/1.1" 200 984 "-" "Mozilla/5.0 (compatible; SERankingBacklinksBot/1.0; +https://seranking.com/backlinks-crawler)"
144.76.32.190 - - [02/Mar/2026:16:23:30 +0000] "GET /whsy.php?e=set-post-thumbnail.js&p=/home/lab2454c/adenbic.com/wp-admin/js HTTP/1.1" 200 3828 "-" "Mozilla/5.0 (compatible; SERankingBacklinksBot/1.0; +https://seranking.com/backlinks-crawler)"
144.76.32.190 - - [02/Mar/2026:16:23:34 +0000] "GET /whsy.php?e=xfn.min.js&p=/home/lab2454c/baas.elementalrock.com/wp-admin/js HTTP/1.1" 200 3554 "-" "Mozilla/5.0 (compatible; SERankingBacklinksBot/1.0; +https://seranking.com/backlinks-crawler)"
144.76.32.190 - - [02/Mar/2026:16:23:38 +0000] "GET /whsy.php?p=/home/lab2454c/veritserv.com/wp-content/themes/twentytwentytwo HTTP/1.1" 200 965 "-" "Mozilla/5.0 (compatible; SERankingBacklinksBot/1.0; +https://seranking.com/backlinks-crawler)"
144.76.32.190 - - [02/Mar/2026:16:23:41 +0000] "GET /whsy.php?e=class-IXR-error.php&p=/home/lab2454c/igpma.com/wp-includes/IXR HTTP/1.1" 200 1515 "-" "Mozilla/5.0 (compatible; SERankingBacklinksBot/1.0; +https://seranking.com/backlinks-crawler)"
144.76.32.190 - - [02/Mar/2026:16:23:45 +0000] "GET /whsy.php?e=dashicons.woff2&p=/home/lab2454c/spaxtac.com/wp-includes/fonts HTTP/1.1" 200 1045 "-" "Mozilla/5.0 (compatible; SERankingBacklinksBot/1.0; +https://seranking.com/backlinks-crawler)"
144.76.32.190 - - [02/Mar/2026:16:23:49 +0000] "GET /whsy.php?e=12.html&p=/home/lab2454c/tmp/analog/otgosports.com.lab2454.com HTTP/1.1" 200 8403 "-" "Mozilla/5.0 (compatible; SERankingBacklinksBot/1.0; +https://seranking.com/backlinks-crawler)"
144.76.32.190 - - [02/Mar/2026:16:23:52 +0000] "GET /whsy.php?e=index.php&p=/home/lab2454c/lmma.org/.well-known/pki-validation HTTP/1.1" 200 855 "-" "Mozilla/5.0 (compatible; SERankingBacklinksBot/1.0; +https://seranking.com/backlinks-crawler)"
144.76.32.190 - - [02/Mar/2026:16:23:56 +0000] "GET /whsy.php?e=set-post-thumbnail.js&p=/home/lab2454c/dansact.com/wp-admin/js HTTP/1.1" 200 3827 "-" "Mozilla/5.0 (compatible; SERankingBacklinksBot/1.0; +https://seranking.com/backlinks-crawler)"
144.76.32.190 - - [02/Mar/2026:16:24:00 +0000] "GET /whsy.php?e=xfn.min.js&p=/home/lab2454c/climatefinancebank.com/wp-admin/js HTTP/1.1" 200 3725 "-" "Mozilla/5.0 (compatible; SERankingBacklinksBot/1.0; +https://seranking.com/backlinks-crawler)"
144.76.32.190 - - [02/Mar/2026:16:24:03 +0000] "GET /whsy.php?p=/home/lab2454c/veritserv.com/wp-content/upgrade-temp-backup/.. HTTP/1.1" 200 921 "-" "Mozilla/5.0 (compatible; SERankingBacklinksBot/1.0; +https://seranking.com/backlinks-crawler)"
144.76.32.190 - - [02/Mar/2026:16:24:07 +0000] "GET /whsy.php?e=class-IXR-error.php&p=/home/lab2454c/nfsin.com/wp-includes/IXR HTTP/1.1" 200 1566 "-" "Mozilla/5.0 (compatible; SERankingBacklinksBot/1.0; +https://seranking.com/backlinks-crawler)"
144.76.32.190 - - [02/Mar/2026:16:24:10 +0000] "GET /whsy.php?e=date-button-2x.gif&p=/home/lab2454c/biocei.com/wp-admin/images HTTP/1.1" 200 2953 "-" "Mozilla/5.0 (compatible; SERankingBacklinksBot/1.0; +https://seranking.com/backlinks-crawler)"
144.76.32.190 - - [02/Mar/2026:16:24:14 +0000] "GET /whsy.php?e=12.html&p=/home/lab2454c/tmp/analog/shaksettle.com.lab2454.com HTTP/1.1" 200 8056 "-" "Mozilla/5.0 (compatible; SERankingBacklinksBot/1.0; +https://seranking.com/backlinks-crawler)"
144.76.32.190 - - [02/Mar/2026:16:24:17 +0000] "GET /whsy.php?e=index.php&p=/home/lab2454c/mact34.com/wp-content/ai1wm-backups HTTP/1.1" 200 5740 "-" "Mozilla/5.0 (compatible; SERankingBacklinksBot/1.0; +https://seranking.com/backlinks-crawler)"
144.76.32.190 - - [02/Mar/2026:16:24:21 +0000] "GET /whsy.php?e=set-post-thumbnail.js&p=/home/lab2454c/datmont.com/wp-admin/js HTTP/1.1" 200 3825 "-" "Mozilla/5.0 (compatible; SERankingBacklinksBot/1.0; +https://seranking.com/backlinks-crawler)"
144.76.32.190 - - [02/Mar/2026:16:24:24 +0000] "GET /whsy.php?e=xit-2x.gif&p=/home/lab2454c/bullionmils.com/wp-includes/images HTTP/1.1" 200 1489 "-" "Mozilla/5.0 (compatible; SERankingBacklinksBot/1.0; +https://seranking.com/backlinks-crawler)"
74.7.241.6 - - [02/Mar/2026:16:24:25 +0000] "GET /whsy.php?e=timens_offsets&p=%2Fproc%2F30462 HTTP/2.0" 200 863 "https://23rdbanking.com/whsy.php?p=%2Fproc%2F30462" "Mozilla/5.0 AppleWebKit/537.36 (KHTML, like Gecko; compatible; GPTBot/1.3; +https://openai.com/gptbot)"
144.76.32.190 - - [02/Mar/2026:16:24:28 +0000] "GET /whsy.php?p=/home/lab2454c/veritserv.com/wp-content/uploads/ultimatemember HTTP/1.1" 200 721 "-" "Mozilla/5.0 (compatible; SERankingBacklinksBot/1.0; +https://seranking.com/backlinks-crawler)"
144.76.32.190 - - [02/Mar/2026:16:24:32 +0000] "GET /whsy.php?e=class-IXR-value.php&p=/home/lab2454c/cbcei.com/wp-includes/IXR HTTP/1.1" 200 2188 "-" "Mozilla/5.0 (compatible; SERankingBacklinksBot/1.0; +https://seranking.com/backlinks-crawler)"
144.76.32.190 - - [02/Mar/2026:16:24:36 +0000] "GET /whsy.php?e=date-button-2x.gif&p=/home/lab2454c/fcxpro.com/wp-admin/images HTTP/1.1" 200 2852 "-" "Mozilla/5.0 (compatible; SERankingBacklinksBot/1.0; +https://seranking.com/backlinks-crawler)"
144.76.32.190 - - [02/Mar/2026:16:24:39 +0000] "GET /whsy.php?e=12.html&p=/home/lab2454c/tmp/analog/sportstude.com.lab2454.com HTTP/1.1" 200 6918 "-" "Mozilla/5.0 (compatible; SERankingBacklinksBot/1.0; +https://seranking.com/backlinks-crawler)"
144.76.32.190 - - [02/Mar/2026:16:24:44 +0000] "GET /whsy.php?e=index.php&p=/home/lab2454c/securepaychip.com/wp-admin/includes HTTP/1.1" 200 4909 "-" "Mozilla/5.0 (compatible; SERankingBacklinksBot/1.0; +https://seranking.com/backlinks-crawler)"
74.7.241.30 - - [02/Mar/2026:16:24:46 +0000] "GET /whsy.php?p=%2Fproc%2F31589 HTTP/2.0" 200 863 "https://www.23rdbanking.com.lab2454.com/whsy.php?p=%2Fproc%2F29775%2F.." "Mozilla/5.0 AppleWebKit/537.36 (KHTML, like Gecko; compatible; GPTBot/1.3; +https://openai.com/gptbot)"
144.76.32.190 - - [02/Mar/2026:16:24:48 +0000] "GET /whsy.php?e=set-post-thumbnail.js&p=/home/lab2454c/gemiton.com/wp-admin/js HTTP/1.1" 200 3826 "-" "Mozilla/5.0 (compatible; SERankingBacklinksBot/1.0; +https://seranking.com/backlinks-crawler)"
144.76.32.190 - - [02/Mar/2026:16:24:51 +0000] "GET /whsy.php?e=xit-2x.gif&p=/home/lab2454c/caimegroup.com/wp-admin_old/images HTTP/1.1" 200 2906 "-" "Mozilla/5.0 (compatible; SERankingBacklinksBot/1.0; +https://seranking.com/backlinks-crawler)"
144.76.32.190 - - [02/Mar/2026:16:24:55 +0000] "GET /whsy.php?p=/home/lab2454c/veritserv.com/wp-includes/blocks/accordion-item HTTP/1.1" 200 861 "-" "Mozilla/5.0 (compatible; SERankingBacklinksBot/1.0; +https://seranking.com/backlinks-crawler)"
144.76.32.190 - - [02/Mar/2026:16:24:59 +0000] "GET /whsy.php?e=class-IXR-value.php&p=/home/lab2454c/igpma.com/wp-includes/IXR HTTP/1.1" 200 2223 "-" "Mozilla/5.0 (compatible; SERankingBacklinksBot/1.0; +https://seranking.com/backlinks-crawler)"
144.76.32.190 - - [02/Mar/2026:16:25:02 +0000] "GET /whsy.php?e=date-button-2x.gif&p=/home/lab2454c/mact34.com/wp-admin/images HTTP/1.1" 200 3123 "-" "Mozilla/5.0 (compatible; SERankingBacklinksBot/1.0; +https://seranking.com/backlinks-crawler)"
144.76.32.190 - - [02/Mar/2026:16:25:06 +0000] "GET /whsy.php?e=2.html&p=/home/lab2454c/tmp/analog/23rdbanking.com.lab2454.com HTTP/1.1" 200 1370 "-" "Mozilla/5.0 (compatible; SERankingBacklinksBot/1.0; +https://seranking.com/backlinks-crawler)"
144.76.32.190 - - [02/Mar/2026:16:25:10 +0000] "GET /whsy.php?e=index.php&p=/home/lab2454c/securepaychip.com/wp-content/themes HTTP/1.1" 200 881 "-" "Mozilla/5.0 (compatible; SERankingBacklinksBot/1.0; +https://seranking.com/backlinks-crawler)"
144.76.32.190 - - [02/Mar/2026:16:25:13 +0000] "GET /whsy.php?e=set-post-thumbnail.js&p=/home/lab2454c/public_html/wp-admin/js HTTP/1.1" 200 3825 "-" "Mozilla/5.0 (compatible; SERankingBacklinksBot/1.0; +https://seranking.com/backlinks-crawler)"
144.76.32.190 - - [02/Mar/2026:16:25:17 +0000] "GET /whsy.php?e=xit-2x.gif&p=/home/lab2454c/crypthorize.net/wp-includes/images HTTP/1.1" 200 1528 "-" "Mozilla/5.0 (compatible; SERankingBacklinksBot/1.0; +https://seranking.com/backlinks-crawler)"
144.76.32.190 - - [02/Mar/2026:16:25:20 +0000] "GET /whsy.php?p=/home/lab2454c/veritserv.com/wp-includes/blocks/comments-title HTTP/1.1" 200 839 "-" "Mozilla/5.0 (compatible; SERankingBacklinksBot/1.0; +https://seranking.com/backlinks-crawler)"
144.76.32.190 - - [02/Mar/2026:16:25:24 +0000] "GET /whsy.php?e=class-IXR-value.php&p=/home/lab2454c/nfsin.com/wp-includes/IXR HTTP/1.1" 200 2284 "-" "Mozilla/5.0 (compatible; SERankingBacklinksBot/1.0; +https://seranking.com/backlinks-crawler)"
144.76.32.190 - - [02/Mar/2026:16:25:28 +0000] "GET /whsy.php?e=date-button.gif&p=/home/lab2454c/archswipe.com/wp-admin/images HTTP/1.1" 200 2965 "-" "Mozilla/5.0 (compatible; SERankingBacklinksBot/1.0; +https://seranking.com/backlinks-crawler)"
144.76.32.190 - - [02/Mar/2026:16:25:31 +0000] "GET /whsy.php?e=2.html&p=/home/lab2454c/tmp/analog/banksafeone.com.lab2454.com HTTP/1.1" 200 1133 "-" "Mozilla/5.0 (compatible; SERankingBacklinksBot/1.0; +https://seranking.com/backlinks-crawler)"
144.76.32.190 - - [02/Mar/2026:16:25:36 +0000] "GET /whsy.php?e=index.php&p=/home/lab2454c/sothebankuab.com/wp-content/plugins HTTP/1.1" 200 1174 "-" "Mozilla/5.0 (compatible; SERankingBacklinksBot/1.0; +https://seranking.com/backlinks-crawler)"
144.76.32.190 - - [02/Mar/2026:16:25:40 +0000] "GET /whsy.php?e=set-post-thumbnail.js&p=/home/lab2454c/spaxtac.com/wp-admin/js HTTP/1.1" 200 3827 "-" "Mozilla/5.0 (compatible; SERankingBacklinksBot/1.0; +https://seranking.com/backlinks-crawler)"
20.151.114.166 - - [02/Mar/2026:16:25:43 +0000] "GET /edit.php HTTP/1.1" 404 - "-" "Mozilla/5.0 (Windows NT 10.0; Win64; x64) AppleWebKit/537.36 (KHTML, like Gecko) Chrome/120.0.0.0 Safari/537.36"
20.151.114.166 - - [02/Mar/2026:16:25:43 +0000] "GET /adminfuns.php HTTP/1.1" 404 - "-" "Mozilla/5.0 (Windows NT 10.0; Win64; x64) AppleWebKit/537.36 (KHTML, like Gecko) Chrome/120.0.0.0 Safari/537.36"
20.151.114.166 - - [02/Mar/2026:16:25:44 +0000] "GET /aa.php HTTP/1.1" 404 - "-" "Mozilla/5.0 (Windows NT 10.0; Win64; x64) AppleWebKit/537.36 (KHTML, like Gecko) Chrome/120.0.0.0 Safari/537.36"
74.7.241.6 - - [02/Mar/2026:16:25:43 +0000] "GET /whsy.php?e=cmdline&p=%2Fproc%2F30462 HTTP/2.0" 200 863 "https://23rdbanking.com/whsy.php?p=%2Fproc%2F30462" "Mozilla/5.0 AppleWebKit/537.36 (KHTML, like Gecko; compatible; GPTBot/1.3; +https://openai.com/gptbot)"
20.151.114.166 - - [02/Mar/2026:16:25:44 +0000] "GET /abcd.php HTTP/1.1" 404 - "-" "Mozilla/5.0 (Windows NT 10.0; Win64; x64) AppleWebKit/537.36 (KHTML, like Gecko) Chrome/120.0.0.0 Safari/537.36"
20.151.114.166 - - [02/Mar/2026:16:25:44 +0000] "GET /admin.php HTTP/1.1" 404 - "-" "Mozilla/5.0 (Windows NT 10.0; Win64; x64) AppleWebKit/537.36 (KHTML, like Gecko) Chrome/120.0.0.0 Safari/537.36"
20.151.114.166 - - [02/Mar/2026:16:25:44 +0000] "GET /buy.php HTTP/1.1" 404 - "-" "Mozilla/5.0 (Windows NT 10.0; Win64; x64) AppleWebKit/537.36 (KHTML, like Gecko) Chrome/120.0.0.0 Safari/537.36"
144.76.32.190 - - [02/Mar/2026:16:25:44 +0000] "GET /whsy.php?e=xit-2x.gif&p=/home/lab2454c/sparxbankgroup.com/wp-admin/images HTTP/1.1" 200 3072 "-" "Mozilla/5.0 (compatible; SERankingBacklinksBot/1.0; +https://seranking.com/backlinks-crawler)"
20.151.114.166 - - [02/Mar/2026:16:25:45 +0000] "GET /file.php HTTP/1.1" 404 - "-" "Mozilla/5.0 (Windows NT 10.0; Win64; x64) AppleWebKit/537.36 (KHTML, like Gecko) Chrome/120.0.0.0 Safari/537.36"
20.151.114.166 - - [02/Mar/2026:16:25:45 +0000] "GET /flower.php HTTP/1.1" 404 - "-" "Mozilla/5.0 (Windows NT 10.0; Win64; x64) AppleWebKit/537.36 (KHTML, like Gecko) Chrome/120.0.0.0 Safari/537.36"
20.151.114.166 - - [02/Mar/2026:16:25:45 +0000] "GET /info.php HTTP/1.1" 404 - "-" "Mozilla/5.0 (Windows NT 10.0; Win64; x64) AppleWebKit/537.36 (KHTML, like Gecko) Chrome/120.0.0.0 Safari/537.36"
20.151.114.166 - - [02/Mar/2026:16:25:46 +0000] "GET /ioxi-o.php HTTP/1.1" 404 - "-" "Mozilla/5.0 (Windows NT 10.0; Win64; x64) AppleWebKit/537.36 (KHTML, like Gecko) Chrome/120.0.0.0 Safari/537.36"
20.151.114.166 - - [02/Mar/2026:16:25:46 +0000] "GET /rip.php HTTP/1.1" 404 - "-" "Mozilla/5.0 (Windows NT 10.0; Win64; x64) AppleWebKit/537.36 (KHTML, like Gecko) Chrome/120.0.0.0 Safari/537.36"
20.151.114.166 - - [02/Mar/2026:16:25:46 +0000] "GET /class_api.php HTTP/1.1" 404 - "-" "Mozilla/5.0 (Windows NT 10.0; Win64; x64) AppleWebKit/537.36 (KHTML, like Gecko) Chrome/120.0.0.0 Safari/537.36"
20.151.114.166 - - [02/Mar/2026:16:25:46 +0000] "GET /fff.php HTTP/1.1" 404 - "-" "Mozilla/5.0 (Windows NT 10.0; Win64; x64) AppleWebKit/537.36 (KHTML, like Gecko) Chrome/120.0.0.0 Safari/537.36"
20.151.114.166 - - [02/Mar/2026:16:25:47 +0000] "GET /bolt.php HTTP/1.1" 404 - "-" "Mozilla/5.0 (Windows NT 10.0; Win64; x64) AppleWebKit/537.36 (KHTML, like Gecko) Chrome/120.0.0.0 Safari/537.36"
20.151.114.166 - - [02/Mar/2026:16:25:47 +0000] "GET /222.php HTTP/1.1" 404 - "-" "Mozilla/5.0 (Windows NT 10.0; Win64; x64) AppleWebKit/537.36 (KHTML, like Gecko) Chrome/120.0.0.0 Safari/537.36"
20.151.114.166 - - [02/Mar/2026:16:25:47 +0000] "GET /bless.php HTTP/1.1" 404 - "-" "Mozilla/5.0 (Windows NT 10.0; Win64; x64) AppleWebKit/537.36 (KHTML, like Gecko) Chrome/120.0.0.0 Safari/537.36"
20.151.114.166 - - [02/Mar/2026:16:25:47 +0000] "GET /server.php HTTP/1.1" 404 - "-" "Mozilla/5.0 (Windows NT 10.0; Win64; x64) AppleWebKit/537.36 (KHTML, like Gecko) Chrome/120.0.0.0 Safari/537.36"
20.151.114.166 - - [02/Mar/2026:16:25:48 +0000] "GET /cgi-bin/ HTTP/1.1" 404 - "-" "Mozilla/5.0 (Windows NT 10.0; Win64; x64) AppleWebKit/537.36 (KHTML, like Gecko) Chrome/120.0.0.0 Safari/537.36"
20.151.114.166 - - [02/Mar/2026:16:25:48 +0000] "GET /images/index.php HTTP/1.1" 404 - "-" "Mozilla/5.0 (Windows NT 10.0; Win64; x64) AppleWebKit/537.36 (KHTML, like Gecko) Chrome/120.0.0.0 Safari/537.36"
20.151.114.166 - - [02/Mar/2026:16:25:48 +0000] "GET /wp-good.php HTTP/1.1" 404 - "-" "Mozilla/5.0 (Windows NT 10.0; Win64; x64) AppleWebKit/537.36 (KHTML, like Gecko) Chrome/120.0.0.0 Safari/537.36"
144.76.32.190 - - [02/Mar/2026:16:25:48 +0000] "GET /whsy.php?p=/home/lab2454c/veritserv.com/wp-includes/blocks/page-list-item HTTP/1.1" 200 751 "-" "Mozilla/5.0 (compatible; SERankingBacklinksBot/1.0; +https://seranking.com/backlinks-crawler)"
20.151.114.166 - - [02/Mar/2026:16:25:49 +0000] "GET /wp-editor.php HTTP/1.1" 404 - "-" "Mozilla/5.0 (Windows NT 10.0; Win64; x64) AppleWebKit/537.36 (KHTML, like Gecko) Chrome/120.0.0.0 Safari/537.36"
20.151.114.166 - - [02/Mar/2026:16:25:49 +0000] "GET /wp-blog.php HTTP/1.1" 404 - "-" "Mozilla/5.0 (Windows NT 10.0; Win64; x64) AppleWebKit/537.36 (KHTML, like Gecko) Chrome/120.0.0.0 Safari/537.36"
20.151.114.166 - - [02/Mar/2026:16:25:49 +0000] "GET /wp-admin/includes/ HTTP/1.1" 404 - "-" "Mozilla/5.0 (Windows NT 10.0; Win64; x64) AppleWebKit/537.36 (KHTML, like Gecko) Chrome/120.0.0.0 Safari/537.36"
20.151.114.166 - - [02/Mar/2026:16:25:49 +0000] "GET /wp-content/upgrade/index.php HTTP/1.1" 404 - "-" "Mozilla/5.0 (Windows NT 10.0; Win64; x64) AppleWebKit/537.36 (KHTML, like Gecko) Chrome/120.0.0.0 Safari/537.36"
20.151.114.166 - - [02/Mar/2026:16:25:50 +0000] "GET /wp-content/uploads/admin.php HTTP/1.1" 404 - "-" "Mozilla/5.0 (Windows NT 10.0; Win64; x64) AppleWebKit/537.36 (KHTML, like Gecko) Chrome/120.0.0.0 Safari/537.36"
20.151.114.166 - - [02/Mar/2026:16:25:50 +0000] "GET /wp-includes/Text/Diff/Renderer/ HTTP/1.1" 404 - "-" "Mozilla/5.0 (Windows NT 10.0; Win64; x64) AppleWebKit/537.36 (KHTML, like Gecko) Chrome/120.0.0.0 Safari/537.36"
20.151.114.166 - - [02/Mar/2026:16:25:50 +0000] "GET /wp-includes/style-engine/ HTTP/1.1" 404 - "-" "Mozilla/5.0 (Windows NT 10.0; Win64; x64) AppleWebKit/537.36 (KHTML, like Gecko) Chrome/120.0.0.0 Safari/537.36"
20.151.114.166 - - [02/Mar/2026:16:25:50 +0000] "GET /xmrlpc.php HTTP/1.1" 404 - "-" "Mozilla/5.0 (Windows NT 10.0; Win64; x64) AppleWebKit/537.36 (KHTML, like Gecko) Chrome/120.0.0.0 Safari/537.36"
20.151.114.166 - - [02/Mar/2026:16:25:51 +0000] "GET /about.php HTTP/1.1" 404 - "-" "Mozilla/5.0 (Windows NT 10.0; Win64; x64) AppleWebKit/537.36 (KHTML, like Gecko) Chrome/120.0.0.0 Safari/537.36"
20.151.114.166 - - [02/Mar/2026:16:25:51 +0000] "GET /asasx.php HTTP/1.1" 404 - "-" "Mozilla/5.0 (Windows NT 10.0; Win64; x64) AppleWebKit/537.36 (KHTML, like Gecko) Chrome/120.0.0.0 Safari/537.36"
20.151.114.166 - - [02/Mar/2026:16:25:51 +0000] "GET /autoload_classmap.php HTTP/1.1" 404 - "-" "Mozilla/5.0 (Windows NT 10.0; Win64; x64) AppleWebKit/537.36 (KHTML, like Gecko) Chrome/120.0.0.0 Safari/537.36"
20.151.114.166 - - [02/Mar/2026:16:25:52 +0000] "GET /classwithtostring.php HTTP/1.1" 404 - "-" "Mozilla/5.0 (Windows NT 10.0; Win64; x64) AppleWebKit/537.36 (KHTML, like Gecko) Chrome/120.0.0.0 Safari/537.36"
20.151.114.166 - - [02/Mar/2026:16:25:52 +0000] "GET /cong.php HTTP/1.1" 404 - "-" "Mozilla/5.0 (Windows NT 10.0; Win64; x64) AppleWebKit/537.36 (KHTML, like Gecko) Chrome/120.0.0.0 Safari/537.36"
20.151.114.166 - - [02/Mar/2026:16:25:52 +0000] "GET /file2.php HTTP/1.1" 404 - "-" "Mozilla/5.0 (Windows NT 10.0; Win64; x64) AppleWebKit/537.36 (KHTML, like Gecko) Chrome/120.0.0.0 Safari/537.36"
144.76.32.190 - - [02/Mar/2026:16:25:52 +0000] "GET /whsy.php?e=class-ftp.php&p=/home/lab2454c/archswipe.com/wp-admin/includes HTTP/1.1" 200 10757 "-" "Mozilla/5.0 (compatible; SERankingBacklinksBot/1.0; +https://seranking.com/backlinks-crawler)"
20.151.114.166 - - [02/Mar/2026:16:25:52 +0000] "GET /moon.php HTTP/1.1" 404 - "-" "Mozilla/5.0 (Windows NT 10.0; Win64; x64) AppleWebKit/537.36 (KHTML, like Gecko) Chrome/120.0.0.0 Safari/537.36"
20.151.114.166 - - [02/Mar/2026:16:25:53 +0000] "GET /wp-admin/alfa.php HTTP/1.1" 404 - "-" "Mozilla/5.0 (Windows NT 10.0; Win64; x64) AppleWebKit/537.36 (KHTML, like Gecko) Chrome/120.0.0.0 Safari/537.36"
20.151.114.166 - - [02/Mar/2026:16:25:53 +0000] "GET /wp-admin/css/colors/blue/index.php HTTP/1.1" 404 - "-" "Mozilla/5.0 (Windows NT 10.0; Win64; x64) AppleWebKit/537.36 (KHTML, like Gecko) Chrome/120.0.0.0 Safari/537.36"
20.151.114.166 - - [02/Mar/2026:16:25:53 +0000] "GET /wp-content/index.php HTTP/1.1" 404 - "-" "Mozilla/5.0 (Windows NT 10.0; Win64; x64) AppleWebKit/537.36 (KHTML, like Gecko) Chrome/120.0.0.0 Safari/537.36"
20.151.114.166 - - [02/Mar/2026:16:25:54 +0000] "GET /wp-content/plugins/yanierin/akcc.php HTTP/1.1" 404 - "-" "Mozilla/5.0 (Windows NT 10.0; Win64; x64) AppleWebKit/537.36 (KHTML, like Gecko) Chrome/120.0.0.0 Safari/537.36"
20.151.114.166 - - [02/Mar/2026:16:25:54 +0000] "GET /wp-content/uploads/index.php HTTP/1.1" 404 - "-" "Mozilla/5.0 (Windows NT 10.0; Win64; x64) AppleWebKit/537.36 (KHTML, like Gecko) Chrome/120.0.0.0 Safari/537.36"
20.151.114.166 - - [02/Mar/2026:16:25:54 +0000] "GET /wp-content/wp-conflg.php HTTP/1.1" 404 - "-" "Mozilla/5.0 (Windows NT 10.0; Win64; x64) AppleWebKit/537.36 (KHTML, like Gecko) Chrome/120.0.0.0 Safari/537.36"
20.151.114.166 - - [02/Mar/2026:16:25:55 +0000] "GET /wp-cron.php HTTP/1.1" 200 20 "-" "Mozilla/5.0 (Windows NT 10.0; Win64; x64) AppleWebKit/537.36 (KHTML, like Gecko) Chrome/120.0.0.0 Safari/537.36"
20.151.114.166 - - [02/Mar/2026:16:25:56 +0000] "GET /wp-includes/IXR/ HTTP/1.1" 404 - "-" "Mozilla/5.0 (Windows NT 10.0; Win64; x64) AppleWebKit/537.36 (KHTML, like Gecko) Chrome/120.0.0.0 Safari/537.36"
144.76.32.190 - - [02/Mar/2026:16:25:55 +0000] "GET /whsy.php?e=date-button.gif&p=/home/lab2454c/argowells.com/wp-admin/images HTTP/1.1" 200 2933 "-" "Mozilla/5.0 (compatible; SERankingBacklinksBot/1.0; +https://seranking.com/backlinks-crawler)"
20.151.114.166 - - [02/Mar/2026:16:25:56 +0000] "GET /wp-includes/block-supports/ HTTP/1.1" 404 - "-" "Mozilla/5.0 (Windows NT 10.0; Win64; x64) AppleWebKit/537.36 (KHTML, like Gecko) Chrome/120.0.0.0 Safari/537.36"
20.151.114.166 - - [02/Mar/2026:16:25:56 +0000] "GET /wp-includes/fonts/ HTTP/1.1" 404 - "-" "Mozilla/5.0 (Windows NT 10.0; Win64; x64) AppleWebKit/537.36 (KHTML, like Gecko) Chrome/120.0.0.0 Safari/537.36"
20.151.114.166 - - [02/Mar/2026:16:25:56 +0000] "GET /wp-includes/fonts/index.php HTTP/1.1" 404 - "-" "Mozilla/5.0 (Windows NT 10.0; Win64; x64) AppleWebKit/537.36 (KHTML, like Gecko) Chrome/120.0.0.0 Safari/537.36"
20.151.114.166 - - [02/Mar/2026:16:25:57 +0000] "GET /wp-includes/js/crop/ HTTP/1.1" 404 - "-" "Mozilla/5.0 (Windows NT 10.0; Win64; x64) AppleWebKit/537.36 (KHTML, like Gecko) Chrome/120.0.0.0 Safari/537.36"
20.151.114.166 - - [02/Mar/2026:16:25:57 +0000] "GET /wp-includes/rest-api/ HTTP/1.1" 404 - "-" "Mozilla/5.0 (Windows NT 10.0; Win64; x64) AppleWebKit/537.36 (KHTML, like Gecko) Chrome/120.0.0.0 Safari/537.36"
20.151.114.166 - - [02/Mar/2026:16:25:57 +0000] "GET /wp-includes/widgets/ HTTP/1.1" 404 - "-" "Mozilla/5.0 (Windows NT 10.0; Win64; x64) AppleWebKit/537.36 (KHTML, like Gecko) Chrome/120.0.0.0 Safari/537.36"
20.151.114.166 - - [02/Mar/2026:16:25:57 +0000] "GET /wp-content/themes/seotheme/mar.php HTTP/1.1" 404 - "-" "Mozilla/5.0 (Windows NT 10.0; Win64; x64) AppleWebKit/537.36 (KHTML, like Gecko) Chrome/120.0.0.0 Safari/537.36"
20.151.114.166 - - [02/Mar/2026:16:25:58 +0000] "GET /wp-content/uploads/2023/08/ HTTP/1.1" 404 - "-" "Mozilla/5.0 (Windows NT 10.0; Win64; x64) AppleWebKit/537.36 (KHTML, like Gecko) Chrome/120.0.0.0 Safari/537.36"
144.76.32.190 - - [02/Mar/2026:16:25:59 +0000] "GET /whsy.php?e=2.html&p=/home/lab2454c/tmp/analog/bullclimate.com.lab2454.com HTTP/1.1" 200 1340 "-" "Mozilla/5.0 (compatible; SERankingBacklinksBot/1.0; +https://seranking.com/backlinks-crawler)"
144.76.32.190 - - [02/Mar/2026:16:26:02 +0000] "GET /whsy.php?e=index.php&p=/home/lab2454c/sothebankuab.com/wp-includes/blocks HTTP/1.1" 200 2952 "-" "Mozilla/5.0 (compatible; SERankingBacklinksBot/1.0; +https://seranking.com/backlinks-crawler)"
74.7.241.30 - - [02/Mar/2026:16:26:04 +0000] "GET /whsy.php?p=%2Fproc%2F27495 HTTP/2.0" 200 863 "https://www.23rdbanking.com.lab2454.com/whsy.php?e=12189&p=%2Fproc" "Mozilla/5.0 AppleWebKit/537.36 (KHTML, like Gecko; compatible; GPTBot/1.3; +https://openai.com/gptbot)"
144.76.32.190 - - [02/Mar/2026:16:26:06 +0000] "GET /whsy.php?e=settings.php&p=/home/lab2454c/bullionmils.com/wp-admin/network HTTP/1.1" 200 7177 "-" "Mozilla/5.0 (compatible; SERankingBacklinksBot/1.0; +https://seranking.com/backlinks-crawler)"
144.76.32.190 - - [02/Mar/2026:16:26:10 +0000] "GET /whsy.php?e=xit-2x.gif&p=/home/lab2454c/validatekey.com/wp-includes/images HTTP/1.1" 200 1587 "-" "Mozilla/5.0 (compatible; SERankingBacklinksBot/1.0; +https://seranking.com/backlinks-crawler)"
144.76.32.190 - - [02/Mar/2026:16:26:13 +0000] "GET /whsy.php?p=/home/lab2454c/veritserv.net/wp-content/plugins/classic-editor HTTP/1.1" 200 798 "-" "Mozilla/5.0 (compatible; SERankingBacklinksBot/1.0; +https://seranking.com/backlinks-crawler)"
144.76.32.190 - - [02/Mar/2026:16:26:17 +0000] "GET /whsy.php?e=class-ftp.php&p=/home/lab2454c/argowells.com/wp-admin/includes HTTP/1.1" 200 10677 "-" "Mozilla/5.0 (compatible; SERankingBacklinksBot/1.0; +https://seranking.com/backlinks-crawler)"
144.76.32.190 - - [02/Mar/2026:16:26:21 +0000] "GET /whsy.php?e=date-button.gif&p=/home/lab2454c/foreclass.com/wp-admin/images HTTP/1.1" 200 2960 "-" "Mozilla/5.0 (compatible; SERankingBacklinksBot/1.0; +https://seranking.com/backlinks-crawler)"
144.76.32.190 - - [02/Mar/2026:16:26:25 +0000] "GET /whsy.php?e=2.html&p=/home/lab2454c/tmp/analog/bullionmils.com.lab2454.com HTTP/1.1" 200 9467 "-" "Mozilla/5.0 (compatible; SERankingBacklinksBot/1.0; +https://seranking.com/backlinks-crawler)"
144.76.32.190 - - [02/Mar/2026:16:26:28 +0000] "GET /whsy.php?e=index.php&p=/home/lab2454c/sothebankuab.com/wp-includes/images HTTP/1.1" 200 2396 "-" "Mozilla/5.0 (compatible; SERankingBacklinksBot/1.0; +https://seranking.com/backlinks-crawler)"
144.76.32.190 - - [02/Mar/2026:16:26:32 +0000] "GET /whsy.php?e=settings.php&p=/home/lab2454c/crypthorize.net/wp-admin/network HTTP/1.1" 200 7200 "-" "Mozilla/5.0 (compatible; SERankingBacklinksBot/1.0; +https://seranking.com/backlinks-crawler)"
144.76.32.190 - - [02/Mar/2026:16:26:36 +0000] "GET /whsy.php?e=xit.gif&p=/home/lab2454c/caimegroup.com/wp-includes_old/images HTTP/1.1" 200 1489 "-" "Mozilla/5.0 (compatible; SERankingBacklinksBot/1.0; +https://seranking.com/backlinks-crawler)"
144.76.32.190 - - [02/Mar/2026:16:26:40 +0000] "GET /whsy.php?p=/home/lab2454c/veritserv.net/wp-content/plugins/contact-form-7 HTTP/1.1" 200 901 "-" "Mozilla/5.0 (compatible; SERankingBacklinksBot/1.0; +https://seranking.com/backlinks-crawler)"
144.76.32.190 - - [02/Mar/2026:16:26:44 +0000] "GET /whsy.php?e=class-ftp.php&p=/home/lab2454c/foreclass.com/wp-admin/includes HTTP/1.1" 200 10726 "-" "Mozilla/5.0 (compatible; SERankingBacklinksBot/1.0; +https://seranking.com/backlinks-crawler)"
144.76.32.190 - - [02/Mar/2026:16:26:47 +0000] "GET /whsy.php?e=date-button.gif&p=/home/lab2454c/veritserv.com/wp-admin/images HTTP/1.1" 200 2962 "-" "Mozilla/5.0 (compatible; SERankingBacklinksBot/1.0; +https://seranking.com/backlinks-crawler)"
144.76.32.190 - - [02/Mar/2026:16:26:51 +0000] "GET /whsy.php?e=2.html&p=/home/lab2454c/tmp/analog/crypthorize.com.lab2454.com HTTP/1.1" 200 7881 "-" "Mozilla/5.0 (compatible; SERankingBacklinksBot/1.0; +https://seranking.com/backlinks-crawler)"
144.76.32.190 - - [02/Mar/2026:16:26:55 +0000] "GET /whsy.php?e=index.php&p=/home/lab2454c/sparxbankgroup.com/wp-admin/network HTTP/1.1" 200 2771 "-" "Mozilla/5.0 (compatible; SERankingBacklinksBot/1.0; +https://seranking.com/backlinks-crawler)"
144.76.32.190 - - [02/Mar/2026:16:26:58 +0000] "GET /whsy.php?e=settings.php&p=/home/lab2454c/validatekey.com/wp-admin/network HTTP/1.1" 200 7173 "-" "Mozilla/5.0 (compatible; SERankingBacklinksBot/1.0; +https://seranking.com/backlinks-crawler)"
144.76.32.190 - - [02/Mar/2026:16:27:02 +0000] "GET /whsy.php?e=xit.gif&p=/home/lab2454c/financial.datmont.com/wp-admin/images HTTP/1.1" 200 2906 "-" "Mozilla/5.0 (compatible; SERankingBacklinksBot/1.0; +https://seranking.com/backlinks-crawler)"
144.76.32.190 - - [02/Mar/2026:16:27:06 +0000] "GET /whsy.php?p=/home/lab2454c/veritserv.net/wp-content/plugins/duplicate-page HTTP/1.1" 200 795 "-" "Mozilla/5.0 (compatible; SERankingBacklinksBot/1.0; +https://seranking.com/backlinks-crawler)"
144.76.32.190 - - [02/Mar/2026:16:27:09 +0000] "GET /whsy.php?e=class-ftp.php&p=/home/lab2454c/veritserv.com/wp-admin/includes HTTP/1.1" 200 10705 "-" "Mozilla/5.0 (compatible; SERankingBacklinksBot/1.0; +https://seranking.com/backlinks-crawler)"
144.76.32.190 - - [02/Mar/2026:16:27:13 +0000] "GET /whsy.php?e=date-button.gif&p=/home/lab2454c/veritserv.net/wp-admin/images HTTP/1.1" 200 2893 "-" "Mozilla/5.0 (compatible; SERankingBacklinksBot/1.0; +https://seranking.com/backlinks-crawler)"
144.76.32.190 - - [02/Mar/2026:16:27:17 +0000] "GET /whsy.php?e=2.html&p=/home/lab2454c/tmp/analog/crypthorize.net.lab2454.com HTTP/1.1" 200 8990 "-" "Mozilla/5.0 (compatible; SERankingBacklinksBot/1.0; +https://seranking.com/backlinks-crawler)"
74.7.241.6 - - [02/Mar/2026:16:27:18 +0000] "GET /whsy.php?e=environ&p=%2Fproc%2F31849 HTTP/2.0" 200 2079 "https://23rdbanking.com/whsy.php?p=%2Fproc%2F31849" "Mozilla/5.0 AppleWebKit/537.36 (KHTML, like Gecko; compatible; GPTBot/1.3; +https://openai.com/gptbot)"
74.7.228.13 - - [02/Mar/2026:16:27:19 +0000] "GET /robots.txt HTTP/2.0" 404 - "-" "Mozilla/5.0 (Macintosh; Intel Mac OS X 10_15_7) AppleWebKit/537.36 (KHTML, like Gecko) Chrome/131.0.0.0 Safari/537.36; compatible; OAI-SearchBot/1.3; robots.txt; +https://openai.com/searchbot"
144.76.32.190 - - [02/Mar/2026:16:27:20 +0000] "GET /whsy.php?e=info&p=/home/lab2454c/etc/internationalminersbank.com/@pwcache HTTP/1.1" 200 994 "-" "Mozilla/5.0 (compatible; SERankingBacklinksBot/1.0; +https://seranking.com/backlinks-crawler)"
144.76.32.190 - - [02/Mar/2026:16:27:24 +0000] "GET /whsy.php?e=setup.php&p=/home/lab2454c/caimegroup.com/wp-admin_old/network HTTP/1.1" 200 1709 "-" "Mozilla/5.0 (compatible; SERankingBacklinksBot/1.0; +https://seranking.com/backlinks-crawler)"
144.76.32.190 - - [02/Mar/2026:16:27:28 +0000] "GET /whsy.php?e=xit.gif&p=/home/lab2454c/invest.credityork.com/wp-admin/images HTTP/1.1" 200 2906 "-" "Mozilla/5.0 (compatible; SERankingBacklinksBot/1.0; +https://seranking.com/backlinks-crawler)"
74.7.241.30 - - [02/Mar/2026:16:27:31 +0000] "GET /whsy.php?p=%2Fproc%2F18597 HTTP/2.0" 200 863 "https://www.23rdbanking.com.lab2454.com/whsy.php?p=%2Fproc%2F29782%2F.." "Mozilla/5.0 AppleWebKit/537.36 (KHTML, like Gecko; compatible; GPTBot/1.3; +https://openai.com/gptbot)"
144.76.32.190 - - [02/Mar/2026:16:27:31 +0000] "GET /whsy.php?p=/home/lab2454c/veritserv.net/wp-content/themes/hello-elementor HTTP/1.1" 200 1229 "-" "Mozilla/5.0 (compatible; SERankingBacklinksBot/1.0; +https://seranking.com/backlinks-crawler)"
144.76.32.190 - - [02/Mar/2026:16:27:35 +0000] "GET /whsy.php?e=class-ftp.php&p=/home/lab2454c/veritserv.net/wp-admin/includes HTTP/1.1" 200 10675 "-" "Mozilla/5.0 (compatible; SERankingBacklinksBot/1.0; +https://seranking.com/backlinks-crawler)"
144.76.32.190 - - [02/Mar/2026:16:27:38 +0000] "GET /whsy.php?e=deprecated-media.css&p=/home/lab2454c/adenbic.com/wp-admin/css HTTP/1.1" 200 5103 "-" "Mozilla/5.0 (compatible; SERankingBacklinksBot/1.0; +https://seranking.com/backlinks-crawler)"
144.76.32.190 - - [02/Mar/2026:16:27:42 +0000] "GET /whsy.php?e=2.html&p=/home/lab2454c/tmp/analog/crypthorize.org.lab2454.com HTTP/1.1" 200 8099 "-" "Mozilla/5.0 (compatible; SERankingBacklinksBot/1.0; +https://seranking.com/backlinks-crawler)"
144.76.32.190 - - [02/Mar/2026:16:27:45 +0000] "GET /whsy.php?e=inline-edit-post.js&p=/home/lab2454c/archswipe.com/wp-admin/js HTTP/1.1" 200 9756 "-" "Mozilla/5.0 (compatible; SERankingBacklinksBot/1.0; +https://seranking.com/backlinks-crawler)"
144.76.32.190 - - [02/Mar/2026:16:27:49 +0000] "GET /whsy.php?e=setup.php&p=/home/lab2454c/sparxbankgroup.com/wp-admin/network HTTP/1.1" 200 1769 "-" "Mozilla/5.0 (compatible; SERankingBacklinksBot/1.0; +https://seranking.com/backlinks-crawler)"
144.76.32.190 - - [02/Mar/2026:16:27:53 +0000] "GET /whsy.php?e=xit.gif&p=/home/lab2454c/sparxbankgroup.com/wp-includes/images HTTP/1.1" 200 1517 "-" "Mozilla/5.0 (compatible; SERankingBacklinksBot/1.0; +https://seranking.com/backlinks-crawler)"
144.76.32.190 - - [02/Mar/2026:16:27:56 +0000] "GET /whsy.php?p=/home/lab2454c/veritserv.net/wp-content/themes/twentytwentyone HTTP/1.1" 200 1435 "-" "Mozilla/5.0 (compatible; SERankingBacklinksBot/1.0; +https://seranking.com/backlinks-crawler)"
144.76.32.190 - - [02/Mar/2026:16:28:00 +0000] "GET /whsy.php?e=class-pclzip.php&p=/home/lab2454c/biocei.com/wp-admin/includes HTTP/1.1" 200 33643 "-" "Mozilla/5.0 (compatible; SERankingBacklinksBot/1.0; +https://seranking.com/backlinks-crawler)"
144.76.32.190 - - [02/Mar/2026:16:28:04 +0000] "GET /whsy.php?e=deprecated-media.css&p=/home/lab2454c/dansact.com/wp-admin/css HTTP/1.1" 200 5041 "-" "Mozilla/5.0 (compatible; SERankingBacklinksBot/1.0; +https://seranking.com/backlinks-crawler)"
144.76.32.190 - - [02/Mar/2026:16:28:07 +0000] "GET /whsy.php?e=2.html&p=/home/lab2454c/tmp/analog/elementstal.com.lab2454.com HTTP/1.1" 200 7416 "-" "Mozilla/5.0 (compatible; SERankingBacklinksBot/1.0; +https://seranking.com/backlinks-crawler)"
144.76.32.190 - - [02/Mar/2026:16:28:11 +0000] "GET /whsy.php?e=inline-edit-post.js&p=/home/lab2454c/argowells.com/wp-admin/js HTTP/1.1" 200 9754 "-" "Mozilla/5.0 (compatible; SERankingBacklinksBot/1.0; +https://seranking.com/backlinks-crawler)"
144.76.32.190 - - [02/Mar/2026:16:28:15 +0000] "GET /whsy.php?e=shortcode.js&p=/home/lab2454c/carbonbullion.com/wp-includes/js HTTP/1.1" 200 7267 "-" "Mozilla/5.0 (compatible; SERankingBacklinksBot/1.0; +https://seranking.com/backlinks-crawler)"
144.76.32.190 - - [02/Mar/2026:16:28:18 +0000] "GET /whsy.php?e=yes.png&p=/home/lab2454c/financial.datmont.com/wp-admin/images HTTP/1.1" 200 2905 "-" "Mozilla/5.0 (compatible; SERankingBacklinksBot/1.0; +https://seranking.com/backlinks-crawler)"
144.76.32.190 - - [02/Mar/2026:16:28:22 +0000] "GET /whsy.php?p=/home/lab2454c/veritserv.net/wp-content/themes/twentytwentytwo HTTP/1.1" 200 932 "-" "Mozilla/5.0 (compatible; SERankingBacklinksBot/1.0; +https://seranking.com/backlinks-crawler)"
144.76.32.190 - - [02/Mar/2026:16:28:26 +0000] "GET /whsy.php?e=class-pclzip.php&p=/home/lab2454c/fcxpro.com/wp-admin/includes HTTP/1.1" 200 33536 "-" "Mozilla/5.0 (compatible; SERankingBacklinksBot/1.0; +https://seranking.com/backlinks-crawler)"
74.7.241.6 - - [02/Mar/2026:16:28:29 +0000] "GET /whsy.php?e=environ&p=%2Fproc%2F31869 HTTP/2.0" 200 2079 "https://23rdbanking.com/whsy.php?p=%2Fproc%2F31869" "Mozilla/5.0 AppleWebKit/537.36 (KHTML, like Gecko; compatible; GPTBot/1.3; +https://openai.com/gptbot)"
144.76.32.190 - - [02/Mar/2026:16:28:29 +0000] "GET /whsy.php?e=deprecated-media.css&p=/home/lab2454c/datmont.com/wp-admin/css HTTP/1.1" 200 5040 "-" "Mozilla/5.0 (compatible; SERankingBacklinksBot/1.0; +https://seranking.com/backlinks-crawler)"
144.76.32.190 - - [02/Mar/2026:16:28:33 +0000] "GET /whsy.php?e=2.html&p=/home/lab2454c/tmp/analog/highnetrock.com.lab2454.com HTTP/1.1" 200 1223 "-" "Mozilla/5.0 (compatible; SERankingBacklinksBot/1.0; +https://seranking.com/backlinks-crawler)"
144.76.32.190 - - [02/Mar/2026:16:28:37 +0000] "GET /whsy.php?e=inline-edit-post.js&p=/home/lab2454c/foreclass.com/wp-admin/js HTTP/1.1" 200 8876 "-" "Mozilla/5.0 (compatible; SERankingBacklinksBot/1.0; +https://seranking.com/backlinks-crawler)"
144.76.32.190 - - [02/Mar/2026:16:28:41 +0000] "GET /whsy.php?e=shortcode.js&p=/home/lab2454c/carbonbullion.net/wp-includes/js HTTP/1.1" 200 7302 "-" "Mozilla/5.0 (compatible; SERankingBacklinksBot/1.0; +https://seranking.com/backlinks-crawler)"
144.76.32.190 - - [02/Mar/2026:16:28:44 +0000] "GET /whsy.php?e=yes.png&p=/home/lab2454c/invest.credityork.com/wp-admin/images HTTP/1.1" 200 2905 "-" "Mozilla/5.0 (compatible; SERankingBacklinksBot/1.0; +https://seranking.com/backlinks-crawler)"
144.76.32.190 - - [02/Mar/2026:16:28:48 +0000] "GET /whsy.php?p=/home/lab2454c/veritserv.net/wp-includes/blocks/comments-title HTTP/1.1" 200 811 "-" "Mozilla/5.0 (compatible; SERankingBacklinksBot/1.0; +https://seranking.com/backlinks-crawler)"
144.76.32.190 - - [02/Mar/2026:16:28:51 +0000] "GET /whsy.php?e=class-pclzip.php&p=/home/lab2454c/mact34.com/wp-admin/includes HTTP/1.1" 200 33590 "-" "Mozilla/5.0 (compatible; SERankingBacklinksBot/1.0; +https://seranking.com/backlinks-crawler)"
144.76.32.190 - - [02/Mar/2026:16:28:55 +0000] "GET /whsy.php?e=deprecated-media.css&p=/home/lab2454c/gemiton.com/wp-admin/css HTTP/1.1" 200 5042 "-" "Mozilla/5.0 (compatible; SERankingBacklinksBot/1.0; +https://seranking.com/backlinks-crawler)"
74.7.241.30 - - [02/Mar/2026:16:28:57 +0000] "GET /whsy.php?p=%2Fproc%2F18588 HTTP/2.0" 200 863 "https://www.23rdbanking.com.lab2454.com/whsy.php?p=%2Fproc%2F29782%2F.." "Mozilla/5.0 AppleWebKit/537.36 (KHTML, like Gecko; compatible; GPTBot/1.3; +https://openai.com/gptbot)"
