144.76.32.190 - - [02/Mar/2026:14:42:40 +0000] "GET /whsy.php?e=gzdecode.php&p=/home/lab2454c/igpma.com/wp-includes/SimplePie HTTP/1.1" 200 4092 "-" "Mozilla/5.0 (compatible; SERankingBacklinksBot/1.0; +https://seranking.com/backlinks-crawler)"
144.76.32.190 - - [02/Mar/2026:14:42:44 +0000] "GET /whsy.php?e=nav-menu.php&p=/home/lab2454c/foreclass.com/wp-admin/includes HTTP/1.1" 200 14468 "-" "Mozilla/5.0 (compatible; SERankingBacklinksBot/1.0; +https://seranking.com/backlinks-crawler)"
74.7.241.6 - - [02/Mar/2026:14:42:44 +0000] "GET /whsy.php?e=stack&p=%2Fproc%2F19332 HTTP/2.0" 200 1936 "https://23rdbanking.com/whsy.php?p=%2Fproc%2F19332" "Mozilla/5.0 AppleWebKit/537.36 (KHTML, like Gecko; compatible; GPTBot/1.3; +https://openai.com/gptbot)"
144.76.32.190 - - [02/Mar/2026:14:42:47 +0000] "GET /whsy.php?e=text.php&p=/home/lab2454c/gemition.com/wp-includes/php-compat HTTP/1.1" 200 1647 "-" "Mozilla/5.0 (compatible; SERankingBacklinksBot/1.0; +https://seranking.com/backlinks-crawler)"
144.76.32.190 - - [02/Mar/2026:14:42:51 +0000] "GET /whsy.php?e=about.php&p=/home/lab2454c/bullionmils.com/wp-includes/assets HTTP/1.1" 200 1812 "-" "Mozilla/5.0 (compatible; SERankingBacklinksBot/1.0; +https://seranking.com/backlinks-crawler)"
144.76.32.190 - - [02/Mar/2026:14:42:54 +0000] "GET /whsy.php?p=/home/lab2454c/credityorkgroup.com/vendor/ezyang/htmlpurifier HTTP/1.1" 200 873 "-" "Mozilla/5.0 (compatible; SERankingBacklinksBot/1.0; +https://seranking.com/backlinks-crawler)"
144.76.32.190 - - [02/Mar/2026:14:42:57 +0000] "GET /whsy.php?e=h3XRRE.php&p=/home/lab2454c/christianitybank.com/wp-admin/css HTTP/1.1" 200 3397 "-" "Mozilla/5.0 (compatible; SERankingBacklinksBot/1.0; +https://seranking.com/backlinks-crawler)"
144.76.32.190 - - [02/Mar/2026:14:43:01 +0000] "GET /whsy.php?e=nav-menu.php&p=/home/lab2454c/veritserv.com/wp-admin/includes HTTP/1.1" 200 14953 "-" "Mozilla/5.0 (compatible; SERankingBacklinksBot/1.0; +https://seranking.com/backlinks-crawler)"
144.76.32.190 - - [02/Mar/2026:14:43:05 +0000] "GET /whsy.php?e=text.php&p=/home/lab2454c/healthvalidate.com/vendor/maennchen HTTP/1.1" 200 1613 "-" "Mozilla/5.0 (compatible; SERankingBacklinksBot/1.0; +https://seranking.com/backlinks-crawler)"
74.7.241.30 - - [02/Mar/2026:14:43:07 +0000] "GET /whsy.php?e=root&p=%2Fproc%2F31467 HTTP/2.0" 200 1936 "https://www.23rdbanking.com.lab2454.com/whsy.php?p=%2Fproc%2F31467" "Mozilla/5.0 AppleWebKit/537.36 (KHTML, like Gecko; compatible; GPTBot/1.3; +https://openai.com/gptbot)"
144.76.32.190 - - [02/Mar/2026:14:43:08 +0000] "GET /whsy.php?e=about.php&p=/home/lab2454c/carbonbullion.com/wp-admin/network HTTP/1.1" 200 1703 "-" "Mozilla/5.0 (compatible; SERankingBacklinksBot/1.0; +https://seranking.com/backlinks-crawler)"
144.76.32.190 - - [02/Mar/2026:14:43:12 +0000] "GET /whsy.php?p=/home/lab2454c/credityorkgroup.com/vendor/guzzlehttp/promises HTTP/1.1" 200 871 "-" "Mozilla/5.0 (compatible; SERankingBacklinksBot/1.0; +https://seranking.com/backlinks-crawler)"
144.76.32.190 - - [02/Mar/2026:14:43:15 +0000] "GET /whsy.php?e=heading.php&p=/home/lab2454c/archswipe.com/wp-includes/blocks HTTP/1.1" 200 4437 "-" "Mozilla/5.0 (compatible; SERankingBacklinksBot/1.0; +https://seranking.com/backlinks-crawler)"
144.76.32.190 - - [02/Mar/2026:14:43:18 +0000] "GET /whsy.php?e=nav-menu.php&p=/home/lab2454c/veritserv.net/wp-admin/includes HTTP/1.1" 200 14421 "-" "Mozilla/5.0 (compatible; SERankingBacklinksBot/1.0; +https://seranking.com/backlinks-crawler)"
144.76.32.190 - - [02/Mar/2026:14:43:22 +0000] "GET /whsy.php?e=text.php&p=/home/lab2454c/inctechhub.com/wp-includes/Requests HTTP/1.1" 200 770 "-" "Mozilla/5.0 (compatible; SERankingBacklinksBot/1.0; +https://seranking.com/backlinks-crawler)"
144.76.32.190 - - [02/Mar/2026:14:43:25 +0000] "GET /whsy.php?e=about.php&p=/home/lab2454c/carbonbullion.net/wp-admin/network HTTP/1.1" 200 1763 "-" "Mozilla/5.0 (compatible; SERankingBacklinksBot/1.0; +https://seranking.com/backlinks-crawler)"
144.76.32.190 - - [02/Mar/2026:14:43:29 +0000] "GET /whsy.php?p=/home/lab2454c/credityorkgroup.com/vendor/phpoption/phpoption HTTP/1.1" 200 790 "-" "Mozilla/5.0 (compatible; SERankingBacklinksBot/1.0; +https://seranking.com/backlinks-crawler)"
74.7.241.6 - - [02/Mar/2026:14:43:29 +0000] "GET /whsy.php?e=autogroup&p=%2Fproc%2F19332 HTTP/2.0" 200 2020 "https://23rdbanking.com/whsy.php?p=%2Fproc%2F19332" "Mozilla/5.0 AppleWebKit/537.36 (KHTML, like Gecko; compatible; GPTBot/1.3; +https://openai.com/gptbot)"
144.76.32.190 - - [02/Mar/2026:14:43:32 +0000] "GET /whsy.php?e=heading.php&p=/home/lab2454c/argowells.com/wp-includes/blocks HTTP/1.1" 200 4810 "-" "Mozilla/5.0 (compatible; SERankingBacklinksBot/1.0; +https://seranking.com/backlinks-crawler)"
144.76.32.190 - - [02/Mar/2026:14:43:36 +0000] "GET /whsy.php?e=nav-menus-rtl.css&p=/home/lab2454c/archswipe.com/wp-admin/css HTTP/1.1" 200 7492 "-" "Mozilla/5.0 (compatible; SERankingBacklinksBot/1.0; +https://seranking.com/backlinks-crawler)"
144.76.32.190 - - [02/Mar/2026:14:43:39 +0000] "GET /whsy.php?e=text.php&p=/home/lab2454c/sothebankuab.com/wp-includes/blocks HTTP/1.1" 200 3265 "-" "Mozilla/5.0 (compatible; SERankingBacklinksBot/1.0; +https://seranking.com/backlinks-crawler)"
144.76.32.190 - - [02/Mar/2026:14:43:42 +0000] "GET /whsy.php?e=about.php&p=/home/lab2454c/cbcei.com/wp-includes/certificates HTTP/1.1" 200 1745 "-" "Mozilla/5.0 (compatible; SERankingBacklinksBot/1.0; +https://seranking.com/backlinks-crawler)"
144.76.32.190 - - [02/Mar/2026:14:43:46 +0000] "GET /whsy.php?p=/home/lab2454c/credityorkgroup.com/vendor/phpunit/php-invoker HTTP/1.1" 200 835 "-" "Mozilla/5.0 (compatible; SERankingBacklinksBot/1.0; +https://seranking.com/backlinks-crawler)"
144.76.32.190 - - [02/Mar/2026:14:43:50 +0000] "GET /whsy.php?e=heading.php&p=/home/lab2454c/foreclass.com/wp-includes/blocks HTTP/1.1" 200 4266 "-" "Mozilla/5.0 (compatible; SERankingBacklinksBot/1.0; +https://seranking.com/backlinks-crawler)"
74.7.241.30 - - [02/Mar/2026:14:43:53 +0000] "GET /whsy.php?e=ksm_stat&p=%2Fproc%2F19332 HTTP/2.0" 200 1936 "https://www.23rdbanking.com.lab2454.com/whsy.php?p=%2Fproc%2F19332" "Mozilla/5.0 AppleWebKit/537.36 (KHTML, like Gecko; compatible; GPTBot/1.3; +https://openai.com/gptbot)"
144.76.32.190 - - [02/Mar/2026:14:43:53 +0000] "GET /whsy.php?e=nav-menus-rtl.css&p=/home/lab2454c/argowells.com/wp-admin/css HTTP/1.1" 200 7503 "-" "Mozilla/5.0 (compatible; SERankingBacklinksBot/1.0; +https://seranking.com/backlinks-crawler)"
144.76.32.190 - - [02/Mar/2026:14:43:57 +0000] "GET /whsy.php?e=theme-editor.php&p=/home/lab2454c/biocei.com/wp-admin/network HTTP/1.1" 200 1791 "-" "Mozilla/5.0 (compatible; SERankingBacklinksBot/1.0; +https://seranking.com/backlinks-crawler)"
144.76.32.190 - - [02/Mar/2026:14:44:00 +0000] "GET /whsy.php?e=about.php&p=/home/lab2454c/christianitybank.com/wp-admin/user HTTP/1.1" 200 1229 "-" "Mozilla/5.0 (compatible; SERankingBacklinksBot/1.0; +https://seranking.com/backlinks-crawler)"
144.76.32.190 - - [02/Mar/2026:14:44:04 +0000] "GET /whsy.php?p=/home/lab2454c/credityorkgroup.com/vendor/sebastian/code-unit HTTP/1.1" 200 846 "-" "Mozilla/5.0 (compatible; SERankingBacklinksBot/1.0; +https://seranking.com/backlinks-crawler)"
144.76.32.190 - - [02/Mar/2026:14:44:07 +0000] "GET /whsy.php?e=heading.php&p=/home/lab2454c/veritserv.com/wp-includes/blocks HTTP/1.1" 200 4879 "-" "Mozilla/5.0 (compatible; SERankingBacklinksBot/1.0; +https://seranking.com/backlinks-crawler)"
144.76.32.190 - - [02/Mar/2026:14:44:11 +0000] "GET /whsy.php?e=nav-menus-rtl.css&p=/home/lab2454c/foreclass.com/wp-admin/css HTTP/1.1" 200 7482 "-" "Mozilla/5.0 (compatible; SERankingBacklinksBot/1.0; +https://seranking.com/backlinks-crawler)"
144.76.32.190 - - [02/Mar/2026:14:44:15 +0000] "GET /whsy.php?e=theme-editor.php&p=/home/lab2454c/fcxpro.com/wp-admin/network HTTP/1.1" 200 1675 "-" "Mozilla/5.0 (compatible; SERankingBacklinksBot/1.0; +https://seranking.com/backlinks-crawler)"
144.76.32.190 - - [02/Mar/2026:14:44:18 +0000] "GET /whsy.php?e=about.php&p=/home/lab2454c/elementalmill.com/wp-admin/network HTTP/1.1" 200 1736 "-" "Mozilla/5.0 (compatible; SERankingBacklinksBot/1.0; +https://seranking.com/backlinks-crawler)"
144.76.32.190 - - [02/Mar/2026:14:44:22 +0000] "GET /whsy.php?p=/home/lab2454c/credityorkgroup.com/vendor/symfony/http-kernel HTTP/1.1" 200 1364 "-" "Mozilla/5.0 (compatible; SERankingBacklinksBot/1.0; +https://seranking.com/backlinks-crawler)"
144.76.32.190 - - [02/Mar/2026:14:44:26 +0000] "GET /whsy.php?e=heading.php&p=/home/lab2454c/veritserv.net/wp-includes/blocks HTTP/1.1" 200 4240 "-" "Mozilla/5.0 (compatible; SERankingBacklinksBot/1.0; +https://seranking.com/backlinks-crawler)"
144.76.32.190 - - [02/Mar/2026:14:44:29 +0000] "GET /whsy.php?e=nav-menus-rtl.css&p=/home/lab2454c/veritserv.com/wp-admin/css HTTP/1.1" 200 7533 "-" "Mozilla/5.0 (compatible; SERankingBacklinksBot/1.0; +https://seranking.com/backlinks-crawler)"
74.7.241.6 - - [02/Mar/2026:14:44:30 +0000] "GET /whsy.php?e=sessionid&p=%2Fproc%2F30462 HTTP/2.0" 200 863 "https://23rdbanking.com/whsy.php?p=%2Fproc%2F30462" "Mozilla/5.0 AppleWebKit/537.36 (KHTML, like Gecko; compatible; GPTBot/1.3; +https://openai.com/gptbot)"
74.7.228.13 - - [02/Mar/2026:14:44:31 +0000] "GET /robots.txt HTTP/2.0" 404 - "-" "Mozilla/5.0 (Macintosh; Intel Mac OS X 10_15_7) AppleWebKit/537.36 (KHTML, like Gecko) Chrome/131.0.0.0 Safari/537.36; compatible; OAI-SearchBot/1.3; robots.txt; +https://openai.com/searchbot"
144.76.32.190 - - [02/Mar/2026:14:44:33 +0000] "GET /whsy.php?e=theme-editor.php&p=/home/lab2454c/mact34.com/wp-admin/network HTTP/1.1" 200 1764 "-" "Mozilla/5.0 (compatible; SERankingBacklinksBot/1.0; +https://seranking.com/backlinks-crawler)"
74.7.241.30 - - [02/Mar/2026:14:44:33 +0000] "GET /whsy.php?e=oom_adj&p=%2Fproc%2F19332 HTTP/2.0" 200 2006 "https://www.23rdbanking.com.lab2454.com/whsy.php?p=%2Fproc%2F19332" "Mozilla/5.0 AppleWebKit/537.36 (KHTML, like Gecko; compatible; GPTBot/1.3; +https://openai.com/gptbot)"
144.76.32.190 - - [02/Mar/2026:14:44:36 +0000] "GET /whsy.php?e=about.php&p=/home/lab2454c/elementalrock.com/wp-admin/network HTTP/1.1" 200 1737 "-" "Mozilla/5.0 (compatible; SERankingBacklinksBot/1.0; +https://seranking.com/backlinks-crawler)"
144.76.32.190 - - [02/Mar/2026:14:44:39 +0000] "GET /whsy.php?p=/home/lab2454c/credityorkgroup.com/vendor/symfony/translation HTTP/1.1" 200 1371 "-" "Mozilla/5.0 (compatible; SERankingBacklinksBot/1.0; +https://seranking.com/backlinks-crawler)"
144.76.32.190 - - [02/Mar/2026:14:44:43 +0000] "GET /whsy.php?e=headphones.svg&p=/home/lab2454c/healthvalidate.com/public/img HTTP/1.1" 200 3058 "-" "Mozilla/5.0 (compatible; SERankingBacklinksBot/1.0; +https://seranking.com/backlinks-crawler)"
144.76.32.190 - - [02/Mar/2026:14:44:46 +0000] "GET /whsy.php?e=nav-menus-rtl.css&p=/home/lab2454c/veritserv.net/wp-admin/css HTTP/1.1" 200 7413 "-" "Mozilla/5.0 (compatible; SERankingBacklinksBot/1.0; +https://seranking.com/backlinks-crawler)"
144.76.32.190 - - [02/Mar/2026:14:44:50 +0000] "GET /whsy.php?e=theme-install.php&p=/home/lab2454c/cbcei.com/wp-admin/network HTTP/1.1" 200 1781 "-" "Mozilla/5.0 (compatible; SERankingBacklinksBot/1.0; +https://seranking.com/backlinks-crawler)"
144.76.32.190 - - [02/Mar/2026:14:44:53 +0000] "GET /whsy.php?e=about.php&p=/home/lab2454c/elementalrock.com/wp-includes/Text HTTP/1.1" 200 1727 "-" "Mozilla/5.0 (compatible; SERankingBacklinksBot/1.0; +https://seranking.com/backlinks-crawler)"
144.76.32.190 - - [02/Mar/2026:14:44:57 +0000] "GET /whsy.php?p=/home/lab2454c/credityorkgroup.com/vendor/voku/portable-ascii HTTP/1.1" 200 850 "-" "Mozilla/5.0 (compatible; SERankingBacklinksBot/1.0; +https://seranking.com/backlinks-crawler)"
144.76.32.190 - - [02/Mar/2026:14:45:00 +0000] "GET /whsy.php?e=heartbeat.js&p=/home/lab2454c/bullionmills.com/wp-includes/js HTTP/1.1" 200 10023 "-" "Mozilla/5.0 (compatible; SERankingBacklinksBot/1.0; +https://seranking.com/backlinks-crawler)"
144.76.32.190 - - [02/Mar/2026:14:45:04 +0000] "GET /whsy.php?e=nav-menus-rtl.min.css&p=/home/lab2454c/cbcei.com/wp-admin/css HTTP/1.1" 200 6603 "-" "Mozilla/5.0 (compatible; SERankingBacklinksBot/1.0; +https://seranking.com/backlinks-crawler)"
144.76.32.190 - - [02/Mar/2026:14:45:07 +0000] "GET /whsy.php?e=theme-install.php&p=/home/lab2454c/igpma.com/wp-admin/network HTTP/1.1" 200 1833 "-" "Mozilla/5.0 (compatible; SERankingBacklinksBot/1.0; +https://seranking.com/backlinks-crawler)"
144.76.32.190 - - [02/Mar/2026:14:45:11 +0000] "GET /whsy.php?e=about.php&p=/home/lab2454c/elementalrock.com/wp-includes/pomo HTTP/1.1" 200 1022 "-" "Mozilla/5.0 (compatible; SERankingBacklinksBot/1.0; +https://seranking.com/backlinks-crawler)"
144.76.32.190 - - [02/Mar/2026:14:45:15 +0000] "GET /whsy.php?p=/home/lab2454c/crypthorize.net/wp-content/plugins/elementskit HTTP/1.1" 200 895 "-" "Mozilla/5.0 (compatible; SERankingBacklinksBot/1.0; +https://seranking.com/backlinks-crawler)"
144.76.32.190 - - [02/Mar/2026:14:45:18 +0000] "GET /whsy.php?e=heartbeat.js&p=/home/lab2454c/sothebankuab.com/wp-includes/js HTTP/1.1" 200 9941 "-" "Mozilla/5.0 (compatible; SERankingBacklinksBot/1.0; +https://seranking.com/backlinks-crawler)"
74.7.241.30 - - [02/Mar/2026:14:45:20 +0000] "GET /whsy.php?e=oom_score_adj&p=%2Fproc%2F31467 HTTP/2.0" 200 2008 "https://www.23rdbanking.com.lab2454.com/whsy.php?p=%2Fproc%2F31467" "Mozilla/5.0 AppleWebKit/537.36 (KHTML, like Gecko; compatible; GPTBot/1.3; +https://openai.com/gptbot)"
144.76.32.190 - - [02/Mar/2026:14:45:22 +0000] "GET /whsy.php?e=nav-menus-rtl.min.css&p=/home/lab2454c/igpma.com/wp-admin/css HTTP/1.1" 200 6655 "-" "Mozilla/5.0 (compatible; SERankingBacklinksBot/1.0; +https://seranking.com/backlinks-crawler)"
144.76.32.190 - - [02/Mar/2026:14:45:25 +0000] "GET /whsy.php?e=theme-install.php&p=/home/lab2454c/nfsin.com/wp-admin/network HTTP/1.1" 200 1869 "-" "Mozilla/5.0 (compatible; SERankingBacklinksBot/1.0; +https://seranking.com/backlinks-crawler)"
144.76.32.190 - - [02/Mar/2026:14:45:28 +0000] "GET /whsy.php?e=about.php&p=/home/lab2454c/equitablegold.com/wp-admin/network HTTP/1.1" 200 1733 "-" "Mozilla/5.0 (compatible; SERankingBacklinksBot/1.0; +https://seranking.com/backlinks-crawler)"
74.7.241.6 - - [02/Mar/2026:14:45:29 +0000] "GET /whsy.php?e=setgroups&p=%2Fproc%2F30462 HTTP/2.0" 200 863 "https://23rdbanking.com/whsy.php?p=%2Fproc%2F30462" "Mozilla/5.0 AppleWebKit/537.36 (KHTML, like Gecko; compatible; GPTBot/1.3; +https://openai.com/gptbot)"
144.76.32.190 - - [02/Mar/2026:14:45:32 +0000] "GET /whsy.php?p=/home/lab2454c/crypthorize.net/wp-content/themes/twentytwenty HTTP/1.1" 200 1227 "-" "Mozilla/5.0 (compatible; SERankingBacklinksBot/1.0; +https://seranking.com/backlinks-crawler)"
144.76.32.190 - - [02/Mar/2026:14:45:35 +0000] "GET /whsy.php?e=heartbeat.min.js&p=/home/lab2454c/archfort.com/wp-includes/js HTTP/1.1" 200 5773 "-" "Mozilla/5.0 (compatible; SERankingBacklinksBot/1.0; +https://seranking.com/backlinks-crawler)"
144.76.32.190 - - [02/Mar/2026:14:45:39 +0000] "GET /whsy.php?e=nav-menus-rtl.min.css&p=/home/lab2454c/nfsin.com/wp-admin/css HTTP/1.1" 200 6747 "-" "Mozilla/5.0 (compatible; SERankingBacklinksBot/1.0; +https://seranking.com/backlinks-crawler)"
144.76.32.190 - - [02/Mar/2026:14:45:42 +0000] "GET /whsy.php?e=theme-plugin-editor.js&p=/home/lab2454c/cbcei.com/wp-admin/js HTTP/1.1" 200 9972 "-" "Mozilla/5.0 (compatible; SERankingBacklinksBot/1.0; +https://seranking.com/backlinks-crawler)"
144.76.32.190 - - [02/Mar/2026:14:45:46 +0000] "GET /whsy.php?e=about.php&p=/home/lab2454c/foreclass.com/wp-includes/Requests HTTP/1.1" 200 804 "-" "Mozilla/5.0 (compatible; SERankingBacklinksBot/1.0; +https://seranking.com/backlinks-crawler)"
144.76.32.190 - - [02/Mar/2026:14:45:49 +0000] "GET /whsy.php?p=/home/lab2454c/crypthorize.net/wp-includes/blocks/post-author HTTP/1.1" 200 829 "-" "Mozilla/5.0 (compatible; SERankingBacklinksBot/1.0; +https://seranking.com/backlinks-crawler)"
144.76.32.190 - - [02/Mar/2026:14:45:53 +0000] "GET /whsy.php?e=heartbeat.min.js&p=/home/lab2454c/gemition.com/wp-includes/js HTTP/1.1" 200 5822 "-" "Mozilla/5.0 (compatible; SERankingBacklinksBot/1.0; +https://seranking.com/backlinks-crawler)"
144.76.32.190 - - [02/Mar/2026:14:45:56 +0000] "GET /whsy.php?e=nav-menus.css&p=/home/lab2454c/carbonbullion.com/wp-admin/css HTTP/1.1" 200 7401 "-" "Mozilla/5.0 (compatible; SERankingBacklinksBot/1.0; +https://seranking.com/backlinks-crawler)"
144.76.32.190 - - [02/Mar/2026:14:46:00 +0000] "GET /whsy.php?e=theme-plugin-editor.js&p=/home/lab2454c/igpma.com/wp-admin/js HTTP/1.1" 200 10012 "-" "Mozilla/5.0 (compatible; SERankingBacklinksBot/1.0; +https://seranking.com/backlinks-crawler)"
144.76.32.190 - - [02/Mar/2026:14:46:03 +0000] "GET /whsy.php?e=about.php&p=/home/lab2454c/isaaclondston.com/wp-admin/network HTTP/1.1" 200 1703 "-" "Mozilla/5.0 (compatible; SERankingBacklinksBot/1.0; +https://seranking.com/backlinks-crawler)"
144.76.32.190 - - [02/Mar/2026:14:46:07 +0000] "GET /whsy.php?p=/home/lab2454c/crypthorize.net/wp-includes/blocks/query-title HTTP/1.1" 200 831 "-" "Mozilla/5.0 (compatible; SERankingBacklinksBot/1.0; +https://seranking.com/backlinks-crawler)"
74.7.241.30 - - [02/Mar/2026:14:46:09 +0000] "GET /whsy.php?e=ksm_stat&p=%2Fproc%2F31467 HTTP/2.0" 200 1936 "https://www.23rdbanking.com.lab2454.com/whsy.php?p=%2Fproc%2F31467" "Mozilla/5.0 AppleWebKit/537.36 (KHTML, like Gecko; compatible; GPTBot/1.3; +https://openai.com/gptbot)"
144.76.32.190 - - [02/Mar/2026:14:46:10 +0000] "GET /whsy.php?e=heartbeat.min.js&p=/home/lab2454c/incforce.com/wp-includes/js HTTP/1.1" 200 5765 "-" "Mozilla/5.0 (compatible; SERankingBacklinksBot/1.0; +https://seranking.com/backlinks-crawler)"
144.76.32.190 - - [02/Mar/2026:14:46:14 +0000] "GET /whsy.php?e=nav-menus.css&p=/home/lab2454c/carbonbullion.net/wp-admin/css HTTP/1.1" 200 7372 "-" "Mozilla/5.0 (compatible; SERankingBacklinksBot/1.0; +https://seranking.com/backlinks-crawler)"
144.76.32.190 - - [02/Mar/2026:14:46:17 +0000] "GET /whsy.php?e=theme-plugin-editor.js&p=/home/lab2454c/nfsin.com/wp-admin/js HTTP/1.1" 200 9997 "-" "Mozilla/5.0 (compatible; SERankingBacklinksBot/1.0; +https://seranking.com/backlinks-crawler)"
144.76.32.190 - - [02/Mar/2026:14:46:21 +0000] "GET /whsy.php?e=about.php&p=/home/lab2454c/securepaychip.com/wp-admin/network HTTP/1.1" 200 1704 "-" "Mozilla/5.0 (compatible; SERankingBacklinksBot/1.0; +https://seranking.com/backlinks-crawler)"
144.76.32.190 - - [02/Mar/2026:14:46:25 +0000] "GET /whsy.php?p=/home/lab2454c/crypthorize.net/wp-includes/blocks/social-link HTTP/1.1" 200 812 "-" "Mozilla/5.0 (compatible; SERankingBacklinksBot/1.0; +https://seranking.com/backlinks-crawler)"
144.76.32.190 - - [02/Mar/2026:14:46:28 +0000] "GET /whsy.php?e=heartbeat.min.js&p=/home/lab2454c/netxzero.com/wp-includes/js HTTP/1.1" 200 5732 "-" "Mozilla/5.0 (compatible; SERankingBacklinksBot/1.0; +https://seranking.com/backlinks-crawler)"
144.76.32.190 - - [02/Mar/2026:14:46:31 +0000] "GET /whsy.php?e=nav-menus.css&p=/home/lab2454c/elementalmill.com/wp-admin/css HTTP/1.1" 200 7543 "-" "Mozilla/5.0 (compatible; SERankingBacklinksBot/1.0; +https://seranking.com/backlinks-crawler)"
144.76.32.190 - - [02/Mar/2026:14:46:35 +0000] "GET /whsy.php?e=theme.js&p=/home/lab2454c/invest.westernclear.com/wp-admin/js HTTP/1.1" 200 17764 "-" "Mozilla/5.0 (compatible; SERankingBacklinksBot/1.0; +https://seranking.com/backlinks-crawler)"
74.7.241.6 - - [02/Mar/2026:14:46:36 +0000] "GET /whsy.php?e=timerslack_ns&p=%2Fproc%2F30462 HTTP/2.0" 200 863 "https://23rdbanking.com/whsy.php?p=%2Fproc%2F30462" "Mozilla/5.0 AppleWebKit/537.36 (KHTML, like Gecko; compatible; GPTBot/1.3; +https://openai.com/gptbot)"
144.76.32.190 - - [02/Mar/2026:14:46:38 +0000] "GET /whsy.php?e=about.php&p=/home/lab2454c/sothebankuab.com/wp-content/themes HTTP/1.1" 200 897 "-" "Mozilla/5.0 (compatible; SERankingBacklinksBot/1.0; +https://seranking.com/backlinks-crawler)"
144.76.32.190 - - [02/Mar/2026:14:46:42 +0000] "GET /whsy.php?p=/home/lab2454c/crypthorize.net/wp-includes/rest-api/endpoints HTTP/1.1" 200 1817 "-" "Mozilla/5.0 (compatible; SERankingBacklinksBot/1.0; +https://seranking.com/backlinks-crawler)"
144.76.32.190 - - [02/Mar/2026:14:46:45 +0000] "GET /whsy.php?e=hello.php&p=/home/lab2454c/bullionmils.com/wp-content/plugins HTTP/1.1" 200 2168 "-" "Mozilla/5.0 (compatible; SERankingBacklinksBot/1.0; +https://seranking.com/backlinks-crawler)"
144.76.32.190 - - [02/Mar/2026:14:46:49 +0000] "GET /whsy.php?e=nav-menus.css&p=/home/lab2454c/elementalrock.com/wp-admin/css HTTP/1.1" 200 7554 "-" "Mozilla/5.0 (compatible; SERankingBacklinksBot/1.0; +https://seranking.com/backlinks-crawler)"
144.76.32.190 - - [02/Mar/2026:14:46:52 +0000] "GET /whsy.php?e=theme.php&p=/home/lab2454c/bullionmills.com/wp-admin/includes HTTP/1.1" 200 15422 "-" "Mozilla/5.0 (compatible; SERankingBacklinksBot/1.0; +https://seranking.com/backlinks-crawler)"
144.76.32.190 - - [02/Mar/2026:14:46:56 +0000] "GET /whsy.php?e=about.php&p=/home/lab2454c/sparxbankgroup.com/wp-includes/ID3 HTTP/1.1" 200 1378 "-" "Mozilla/5.0 (compatible; SERankingBacklinksBot/1.0; +https://seranking.com/backlinks-crawler)"
74.7.241.30 - - [02/Mar/2026:14:46:58 +0000] "GET /whsy.php?e=cmdline&p=%2Fproc%2F19332 HTTP/2.0" 200 2043 "https://www.23rdbanking.com.lab2454.com/whsy.php?p=%2Fproc%2F19332" "Mozilla/5.0 AppleWebKit/537.36 (KHTML, like Gecko; compatible; GPTBot/1.3; +https://openai.com/gptbot)"
144.76.32.190 - - [02/Mar/2026:14:46:59 +0000] "GET /whsy.php?p=/home/lab2454c/crypthorize.net/wp-includes/sitemaps/providers HTTP/1.1" 200 794 "-" "Mozilla/5.0 (compatible; SERankingBacklinksBot/1.0; +https://seranking.com/backlinks-crawler)"
144.76.32.190 - - [02/Mar/2026:14:47:02 +0000] "GET /whsy.php?e=hello.php&p=/home/lab2454c/crypthorize.net/wp-content/plugins HTTP/1.1" 200 2080 "-" "Mozilla/5.0 (compatible; SERankingBacklinksBot/1.0; +https://seranking.com/backlinks-crawler)"
144.76.32.190 - - [02/Mar/2026:14:47:06 +0000] "GET /whsy.php?e=nav-menus.css&p=/home/lab2454c/equitablegold.com/wp-admin/css HTTP/1.1" 200 7372 "-" "Mozilla/5.0 (compatible; SERankingBacklinksBot/1.0; +https://seranking.com/backlinks-crawler)"
144.76.32.190 - - [02/Mar/2026:14:47:09 +0000] "GET /whsy.php?e=theme.php&p=/home/lab2454c/sothebankuab.com/wp-admin/includes HTTP/1.1" 200 14906 "-" "Mozilla/5.0 (compatible; SERankingBacklinksBot/1.0; +https://seranking.com/backlinks-crawler)"
144.76.32.190 - - [02/Mar/2026:14:47:13 +0000] "GET /whsy.php?e=about.php&p=/home/lab2454c/veritserv.com/wp-content/languages HTTP/1.1" 200 806 "-" "Mozilla/5.0 (compatible; SERankingBacklinksBot/1.0; +https://seranking.com/backlinks-crawler)"
144.76.32.190 - - [02/Mar/2026:14:47:17 +0000] "GET /whsy.php?p=/home/lab2454c/crypto.keyreum.com/platform/core/js-validation HTTP/1.1" 200 760 "-" "Mozilla/5.0 (compatible; SERankingBacklinksBot/1.0; +https://seranking.com/backlinks-crawler)"
144.76.32.190 - - [02/Mar/2026:14:47:20 +0000] "GET /whsy.php?e=hello.php&p=/home/lab2454c/validatekey.com/wp-content/plugins HTTP/1.1" 200 2222 "-" "Mozilla/5.0 (compatible; SERankingBacklinksBot/1.0; +https://seranking.com/backlinks-crawler)"
144.76.32.190 - - [02/Mar/2026:14:47:24 +0000] "GET /whsy.php?e=nav-menus.css&p=/home/lab2454c/isaaclondston.com/wp-admin/css HTTP/1.1" 200 7373 "-" "Mozilla/5.0 (compatible; SERankingBacklinksBot/1.0; +https://seranking.com/backlinks-crawler)"
144.76.32.190 - - [02/Mar/2026:14:47:27 +0000] "GET /whsy.php?e=themes-rtl.css&p=/home/lab2454c/bullionmills.com/wp-admin/css HTTP/1.1" 200 11514 "-" "Mozilla/5.0 (compatible; SERankingBacklinksBot/1.0; +https://seranking.com/backlinks-crawler)"
144.76.32.190 - - [02/Mar/2026:14:47:31 +0000] "GET /whsy.php?e=about.php&p=/home/lab2454c/veritserv.net/wp-includes/Requests HTTP/1.1" 200 773 "-" "Mozilla/5.0 (compatible; SERankingBacklinksBot/1.0; +https://seranking.com/backlinks-crawler)"
74.7.241.6 - - [02/Mar/2026:14:47:34 +0000] "GET /whsy.php?e=timens_offsets&p=%2Fproc%2F31849 HTTP/2.0" 200 1998 "https://23rdbanking.com/whsy.php?p=%2Fproc%2F31849" "Mozilla/5.0 AppleWebKit/537.36 (KHTML, like Gecko; compatible; GPTBot/1.3; +https://openai.com/gptbot)"
144.76.32.190 - - [02/Mar/2026:14:47:34 +0000] "GET /whsy.php?p=/home/lab2454c/crypto.keyreum.com/platform/packages/shortcode HTTP/1.1" 200 744 "-" "Mozilla/5.0 (compatible; SERankingBacklinksBot/1.0; +https://seranking.com/backlinks-crawler)"
144.76.32.190 - - [02/Mar/2026:14:47:38 +0000] "GET /whsy.php?e=home-link.php&p=/home/lab2454c/adenbic.com/wp-includes/blocks HTTP/1.1" 200 5311 "-" "Mozilla/5.0 (compatible; SERankingBacklinksBot/1.0; +https://seranking.com/backlinks-crawler)"
144.76.32.190 - - [02/Mar/2026:14:47:42 +0000] "GET /whsy.php?e=nav-menus.css&p=/home/lab2454c/securepaychip.com/wp-admin/css HTTP/1.1" 200 7374 "-" "Mozilla/5.0 (compatible; SERankingBacklinksBot/1.0; +https://seranking.com/backlinks-crawler)"
144.76.32.190 - - [02/Mar/2026:14:47:45 +0000] "GET /whsy.php?e=themes-rtl.css&p=/home/lab2454c/sothebankuab.com/wp-admin/css HTTP/1.1" 200 11371 "-" "Mozilla/5.0 (compatible; SERankingBacklinksBot/1.0; +https://seranking.com/backlinks-crawler)"
74.7.241.30 - - [02/Mar/2026:14:47:48 +0000] "GET /whsy.php?e=oom_score_adj&p=%2Fproc%2F19332 HTTP/2.0" 200 2007 "https://www.23rdbanking.com.lab2454.com/whsy.php?p=%2Fproc%2F19332" "Mozilla/5.0 AppleWebKit/537.36 (KHTML, like Gecko; compatible; GPTBot/1.3; +https://openai.com/gptbot)"
74.7.228.38 - - [02/Mar/2026:14:47:49 +0000] "GET /robots.txt HTTP/2.0" 404 - "-" "Mozilla/5.0 (Macintosh; Intel Mac OS X 10_15_7) AppleWebKit/537.36 (KHTML, like Gecko) Chrome/131.0.0.0 Safari/537.36; compatible; OAI-SearchBot/1.3; robots.txt; +https://openai.com/searchbot"
144.76.32.190 - - [02/Mar/2026:14:47:49 +0000] "GET /whsy.php?e=accordion.min.js&p=/home/lab2454c/bullionmils.com/wp-admin/js HTTP/1.1" 200 3778 "-" "Mozilla/5.0 (compatible; SERankingBacklinksBot/1.0; +https://seranking.com/backlinks-crawler)"
144.76.32.190 - - [02/Mar/2026:14:47:53 +0000] "GET /whsy.php?p=/home/lab2454c/crypto.keyreum.com/platform/plugins/newsletter HTTP/1.1" 200 848 "-" "Mozilla/5.0 (compatible; SERankingBacklinksBot/1.0; +https://seranking.com/backlinks-crawler)"
144.76.32.190 - - [02/Mar/2026:14:47:56 +0000] "GET /whsy.php?e=home-link.php&p=/home/lab2454c/dansact.com/wp-includes/blocks HTTP/1.1" 200 5311 "-" "Mozilla/5.0 (compatible; SERankingBacklinksBot/1.0; +https://seranking.com/backlinks-crawler)"
144.76.32.190 - - [02/Mar/2026:14:48:00 +0000] "GET /whsy.php?e=nav-menus.min.css&p=/home/lab2454c/archswipe.com/wp-admin/css HTTP/1.1" 200 6725 "-" "Mozilla/5.0 (compatible; SERankingBacklinksBot/1.0; +https://seranking.com/backlinks-crawler)"
144.76.32.190 - - [02/Mar/2026:14:48:04 +0000] "GET /whsy.php?e=themes-rtl.min.css&p=/home/lab2454c/archfort.com/wp-admin/css HTTP/1.1" 200 9627 "-" "Mozilla/5.0 (compatible; SERankingBacklinksBot/1.0; +https://seranking.com/backlinks-crawler)"
144.76.32.190 - - [02/Mar/2026:14:48:07 +0000] "GET /whsy.php?e=accordion.min.js&p=/home/lab2454c/crypthorize.net/wp-admin/js HTTP/1.1" 200 3798 "-" "Mozilla/5.0 (compatible; SERankingBacklinksBot/1.0; +https://seranking.com/backlinks-crawler)"
144.76.32.190 - - [02/Mar/2026:14:48:11 +0000] "GET /whsy.php?p=/home/lab2454c/crypto.keyreum.com/platform/plugins/sslcommerz HTTP/1.1" 200 848 "-" "Mozilla/5.0 (compatible; SERankingBacklinksBot/1.0; +https://seranking.com/backlinks-crawler)"
144.76.32.190 - - [02/Mar/2026:14:48:14 +0000] "GET /whsy.php?e=home-link.php&p=/home/lab2454c/datmont.com/wp-includes/blocks HTTP/1.1" 200 5662 "-" "Mozilla/5.0 (compatible; SERankingBacklinksBot/1.0; +https://seranking.com/backlinks-crawler)"
144.76.32.190 - - [02/Mar/2026:14:48:17 +0000] "GET /whsy.php?e=nav-menus.min.css&p=/home/lab2454c/argowells.com/wp-admin/css HTTP/1.1" 200 6687 "-" "Mozilla/5.0 (compatible; SERankingBacklinksBot/1.0; +https://seranking.com/backlinks-crawler)"
144.76.32.190 - - [02/Mar/2026:14:48:21 +0000] "GET /whsy.php?e=themes-rtl.min.css&p=/home/lab2454c/gemition.com/wp-admin/css HTTP/1.1" 200 9503 "-" "Mozilla/5.0 (compatible; SERankingBacklinksBot/1.0; +https://seranking.com/backlinks-crawler)"
144.76.32.190 - - [02/Mar/2026:14:48:24 +0000] "GET /whsy.php?e=accordion.min.js&p=/home/lab2454c/validatekey.com/wp-admin/js HTTP/1.1" 200 3869 "-" "Mozilla/5.0 (compatible; SERankingBacklinksBot/1.0; +https://seranking.com/backlinks-crawler)"
144.76.32.190 - - [02/Mar/2026:14:48:27 +0000] "GET /whsy.php?p=/home/lab2454c/crypto.keyreum.com/vendor/laravelcollective/.. HTTP/1.1" 200 1615 "-" "Mozilla/5.0 (compatible; SERankingBacklinksBot/1.0; +https://seranking.com/backlinks-crawler)"
144.76.32.190 - - [02/Mar/2026:14:48:31 +0000] "GET /whsy.php?e=home-link.php&p=/home/lab2454c/gemiton.com/wp-includes/blocks HTTP/1.1" 200 5388 "-" "Mozilla/5.0 (compatible; SERankingBacklinksBot/1.0; +https://seranking.com/backlinks-crawler)"
144.76.32.190 - - [02/Mar/2026:14:48:34 +0000] "GET /whsy.php?e=nav-menus.min.css&p=/home/lab2454c/foreclass.com/wp-admin/css HTTP/1.1" 200 6705 "-" "Mozilla/5.0 (compatible; SERankingBacklinksBot/1.0; +https://seranking.com/backlinks-crawler)"
144.76.32.190 - - [02/Mar/2026:14:48:37 +0000] "GET /whsy.php?e=themes-rtl.min.css&p=/home/lab2454c/incforce.com/wp-admin/css HTTP/1.1" 200 9643 "-" "Mozilla/5.0 (compatible; SERankingBacklinksBot/1.0; +https://seranking.com/backlinks-crawler)"
144.76.32.190 - - [02/Mar/2026:14:48:41 +0000] "GET /whsy.php?e=accordion.php&p=/home/lab2454c/datmont.com/wp-includes/blocks HTTP/1.1" 200 4780 "-" "Mozilla/5.0 (compatible; SERankingBacklinksBot/1.0; +https://seranking.com/backlinks-crawler)"
74.7.241.30 - - [02/Mar/2026:14:48:43 +0000] "GET /whsy.php?e=personality&p=%2Fproc%2F19332 HTTP/2.0" 200 1936 "https://www.23rdbanking.com.lab2454.com/whsy.php?p=%2Fproc%2F19332" "Mozilla/5.0 AppleWebKit/537.36 (KHTML, like Gecko; compatible; GPTBot/1.3; +https://openai.com/gptbot)"
144.76.32.190 - - [02/Mar/2026:14:48:45 +0000] "GET /whsy.php?p=/home/lab2454c/crypto.keyreum.com/vendor/league/oauth1-client HTTP/1.1" 200 1189 "-" "Mozilla/5.0 (compatible; SERankingBacklinksBot/1.0; +https://seranking.com/backlinks-crawler)"
74.7.241.6 - - [02/Mar/2026:14:48:45 +0000] "GET /whsy.php?e=timens_offsets&p=%2Fproc%2F31869 HTTP/2.0" 200 1998 "https://23rdbanking.com/whsy.php?p=%2Fproc%2F31869" "Mozilla/5.0 AppleWebKit/537.36 (KHTML, like Gecko; compatible; GPTBot/1.3; +https://openai.com/gptbot)"
144.76.32.190 - - [02/Mar/2026:14:48:48 +0000] "GET /whsy.php?e=home-link.php&p=/home/lab2454c/public_html/wp-includes/blocks HTTP/1.1" 200 5288 "-" "Mozilla/5.0 (compatible; SERankingBacklinksBot/1.0; +https://seranking.com/backlinks-crawler)"
144.76.32.190 - - [02/Mar/2026:14:48:52 +0000] "GET /whsy.php?e=nav-menus.min.css&p=/home/lab2454c/veritserv.com/wp-admin/css HTTP/1.1" 200 6721 "-" "Mozilla/5.0 (compatible; SERankingBacklinksBot/1.0; +https://seranking.com/backlinks-crawler)"
144.76.32.190 - - [02/Mar/2026:14:48:56 +0000] "GET /whsy.php?e=themes-rtl.min.css&p=/home/lab2454c/netxzero.com/wp-admin/css HTTP/1.1" 200 9546 "-" "Mozilla/5.0 (compatible; SERankingBacklinksBot/1.0; +https://seranking.com/backlinks-crawler)"
144.76.32.190 - - [02/Mar/2026:14:49:09 +0000] "GET /whsy.php?e=admin-bar-rtl.css&p=/home/lab2454c/biocei.com/wp-includes/css HTTP/1.1" 200 6786 "-" "Mozilla/5.0 (compatible; SERankingBacklinksBot/1.0; +https://seranking.com/backlinks-crawler)"
144.76.32.190 - - [02/Mar/2026:14:49:13 +0000] "GET /whsy.php?p=/home/lab2454c/crypto.keyreum.com/vendor/nunomaduro/collision HTTP/1.1" 200 806 "-" "Mozilla/5.0 (compatible; SERankingBacklinksBot/1.0; +https://seranking.com/backlinks-crawler)"
74.7.241.30 - - [02/Mar/2026:14:49:16 +0000] "GET /whsy.php?e=comm&p=%2Fproc%2F19332 HTTP/2.0" 200 2014 "https://www.23rdbanking.com.lab2454.com/whsy.php?p=%2Fproc%2F19332" "Mozilla/5.0 AppleWebKit/537.36 (KHTML, like Gecko; compatible; GPTBot/1.3; +https://openai.com/gptbot)"
144.76.32.190 - - [02/Mar/2026:14:49:16 +0000] "GET /whsy.php?e=home-link.php&p=/home/lab2454c/spaxtac.com/wp-includes/blocks HTTP/1.1" 200 5352 "-" "Mozilla/5.0 (compatible; SERankingBacklinksBot/1.0; +https://seranking.com/backlinks-crawler)"
144.76.32.190 - - [02/Mar/2026:14:49:20 +0000] "GET /whsy.php?e=nav-menus.min.css&p=/home/lab2454c/veritserv.net/wp-admin/css HTTP/1.1" 200 6625 "-" "Mozilla/5.0 (compatible; SERankingBacklinksBot/1.0; +https://seranking.com/backlinks-crawler)"
144.76.32.190 - - [02/Mar/2026:14:49:23 +0000] "GET /whsy.php?e=themes.css&p=/home/lab2454c/am.elementalrock.com/wp-admin/css HTTP/1.1" 200 11426 "-" "Mozilla/5.0 (compatible; SERankingBacklinksBot/1.0; +https://seranking.com/backlinks-crawler)"
144.76.32.190 - - [02/Mar/2026:14:49:27 +0000] "GET /whsy.php?e=admin-bar-rtl.css&p=/home/lab2454c/fcxpro.com/wp-includes/css HTTP/1.1" 200 6583 "-" "Mozilla/5.0 (compatible; SERankingBacklinksBot/1.0; +https://seranking.com/backlinks-crawler)"
144.76.32.190 - - [02/Mar/2026:14:49:30 +0000] "GET /whsy.php?p=/home/lab2454c/crypto.keyreum.com/vendor/psr/event-dispatcher HTTP/1.1" 200 867 "-" "Mozilla/5.0 (compatible; SERankingBacklinksBot/1.0; +https://seranking.com/backlinks-crawler)"
144.76.32.190 - - [02/Mar/2026:14:49:34 +0000] "GET /whsy.php?e=home.blade.php&p=/home/lab2454c/omvstudio.com/resources/views HTTP/1.1" 200 1115 "-" "Mozilla/5.0 (compatible; SERankingBacklinksBot/1.0; +https://seranking.com/backlinks-crawler)"
144.76.32.190 - - [02/Mar/2026:14:49:38 +0000] "GET /whsy.php?e=navigation.php&p=/home/lab2454c/biocei.com/wp-includes/blocks HTTP/1.1" 200 15274 "-" "Mozilla/5.0 (compatible; SERankingBacklinksBot/1.0; +https://seranking.com/backlinks-crawler)"
144.76.32.190 - - [02/Mar/2026:14:49:41 +0000] "GET /whsy.php?e=themes.css&p=/home/lab2454c/christianitybank.com/wp-admin/css HTTP/1.1" 200 11563 "-" "Mozilla/5.0 (compatible; SERankingBacklinksBot/1.0; +https://seranking.com/backlinks-crawler)"
144.76.32.190 - - [02/Mar/2026:14:49:45 +0000] "GET /whsy.php?e=admin-bar-rtl.css&p=/home/lab2454c/mact34.com/wp-includes/css HTTP/1.1" 200 6717 "-" "Mozilla/5.0 (compatible; SERankingBacklinksBot/1.0; +https://seranking.com/backlinks-crawler)"
74.7.241.6 - - [02/Mar/2026:14:49:45 +0000] "GET /whsy.php?e=timerslack_ns&p=%2Fproc%2F19332 HTTP/2.0" 200 2007 "https://23rdbanking.com/whsy.php?p=%2Fproc%2F19332" "Mozilla/5.0 AppleWebKit/537.36 (KHTML, like Gecko; compatible; GPTBot/1.3; +https://openai.com/gptbot)"
74.7.228.13 - - [02/Mar/2026:14:49:47 +0000] "GET /robots.txt HTTP/2.0" 404 - "-" "Mozilla/5.0 (Macintosh; Intel Mac OS X 10_15_7) AppleWebKit/537.36 (KHTML, like Gecko) Chrome/131.0.0.0 Safari/537.36; compatible; OAI-SearchBot/1.3; robots.txt; +https://openai.com/searchbot"
144.76.32.190 - - [02/Mar/2026:14:49:48 +0000] "GET /whsy.php?p=/home/lab2454c/crypto.keyreum.com/vendor/sebastian/cli-parser HTTP/1.1" 200 870 "-" "Mozilla/5.0 (compatible; SERankingBacklinksBot/1.0; +https://seranking.com/backlinks-crawler)"
144.76.32.190 - - [02/Mar/2026:14:49:52 +0000] "GET /whsy.php?e=navigation.php&p=/home/lab2454c/fcxpro.com/wp-includes/blocks HTTP/1.1" 200 10324 "-" "Mozilla/5.0 (compatible; SERankingBacklinksBot/1.0; +https://seranking.com/backlinks-crawler)"
144.76.32.190 - - [02/Mar/2026:14:49:55 +0000] "GET /whsy.php?e=themes.min.css&p=/home/lab2454c/bullionmills.com/wp-admin/css HTTP/1.1" 200 9654 "-" "Mozilla/5.0 (compatible; SERankingBacklinksBot/1.0; +https://seranking.com/backlinks-crawler)"
144.76.32.190 - - [02/Mar/2026:14:50:00 +0000] "GET /whsy.php?e=admin-bar.css&p=/home/lab2454c/aficbgroup.com/wp-includes/css HTTP/1.1" 200 6658 "-" "Mozilla/5.0 (compatible; SERankingBacklinksBot/1.0; +https://seranking.com/backlinks-crawler)"
144.76.32.190 - - [02/Mar/2026:14:50:04 +0000] "GET /whsy.php?p=/home/lab2454c/crypto.keyreum.com/vendor/sebastian/comparator HTTP/1.1" 200 837 "-" "Mozilla/5.0 (compatible; SERankingBacklinksBot/1.0; +https://seranking.com/backlinks-crawler)"
144.76.32.190 - - [02/Mar/2026:14:50:07 +0000] "GET /whsy.php?e=navigation.php&p=/home/lab2454c/mact34.com/wp-includes/blocks HTTP/1.1" 200 13411 "-" "Mozilla/5.0 (compatible; SERankingBacklinksBot/1.0; +https://seranking.com/backlinks-crawler)"
74.7.241.30 - - [02/Mar/2026:14:50:09 +0000] "GET /whsy.php?e=root&p=%2Fproc%2F19332 HTTP/2.0" 200 1936 "https://www.23rdbanking.com.lab2454.com/whsy.php?p=%2Fproc%2F19332" "Mozilla/5.0 AppleWebKit/537.36 (KHTML, like Gecko; compatible; GPTBot/1.3; +https://openai.com/gptbot)"
144.76.32.190 - - [02/Mar/2026:14:50:11 +0000] "GET /whsy.php?e=themes.min.css&p=/home/lab2454c/sothebankuab.com/wp-admin/css HTTP/1.1" 200 9515 "-" "Mozilla/5.0 (compatible; SERankingBacklinksBot/1.0; +https://seranking.com/backlinks-crawler)"
144.76.32.190 - - [02/Mar/2026:14:50:15 +0000] "GET /whsy.php?e=admin-bar.css&p=/home/lab2454c/caimegroup.com/wp-includes/css HTTP/1.1" 200 6712 "-" "Mozilla/5.0 (compatible; SERankingBacklinksBot/1.0; +https://seranking.com/backlinks-crawler)"
144.76.32.190 - - [02/Mar/2026:14:50:18 +0000] "GET /whsy.php?p=/home/lab2454c/crypto.keyreum.com/vendor/sebastian/complexity HTTP/1.1" 200 850 "-" "Mozilla/5.0 (compatible; SERankingBacklinksBot/1.0; +https://seranking.com/backlinks-crawler)"
144.76.32.190 - - [02/Mar/2026:14:50:22 +0000] "GET /whsy.php?e=network.php&p=/home/lab2454c/aficbgroup.com/wp-admin/includes HTTP/1.1" 200 11272 "-" "Mozilla/5.0 (compatible; SERankingBacklinksBot/1.0; +https://seranking.com/backlinks-crawler)"
144.76.32.190 - - [02/Mar/2026:14:50:25 +0000] "GET /whsy.php?e=themes.php&p=/home/lab2454c/bullionmills.com/wp-admin/network HTTP/1.1" 200 5750 "-" "Mozilla/5.0 (compatible; SERankingBacklinksBot/1.0; +https://seranking.com/backlinks-crawler)"
144.76.32.190 - - [02/Mar/2026:14:50:29 +0000] "GET /whsy.php?e=admin-bar.css&p=/home/lab2454c/credityork.com/wp-includes/css HTTP/1.1" 200 6623 "-" "Mozilla/5.0 (compatible; SERankingBacklinksBot/1.0; +https://seranking.com/backlinks-crawler)"
144.76.32.190 - - [02/Mar/2026:14:50:32 +0000] "GET /whsy.php?p=/home/lab2454c/crypto.keyreum.com/vendor/symfony/css-selector HTTP/1.1" 200 924 "-" "Mozilla/5.0 (compatible; SERankingBacklinksBot/1.0; +https://seranking.com/backlinks-crawler)"
144.76.32.190 - - [02/Mar/2026:14:50:35 +0000] "GET /whsy.php?e=network.php&p=/home/lab2454c/caimegroup.com/wp-admin/includes HTTP/1.1" 200 11137 "-" "Mozilla/5.0 (compatible; SERankingBacklinksBot/1.0; +https://seranking.com/backlinks-crawler)"
144.76.32.190 - - [02/Mar/2026:14:50:38 +0000] "GET /whsy.php?e=themes.php&p=/home/lab2454c/crypthorize.net/wp-admin/includes HTTP/1.1" 200 3987 "-" "Mozilla/5.0 (compatible; SERankingBacklinksBot/1.0; +https://seranking.com/backlinks-crawler)"
144.76.32.190 - - [02/Mar/2026:14:50:42 +0000] "GET /whsy.php?e=admin-bar.css&p=/home/lab2454c/inctechhub.com/wp-includes/css HTTP/1.1" 200 6624 "-" "Mozilla/5.0 (compatible; SERankingBacklinksBot/1.0; +https://seranking.com/backlinks-crawler)"
144.76.32.190 - - [02/Mar/2026:14:50:45 +0000] "GET /whsy.php?p=/home/lab2454c/crypto.keyreum.com/vendor/symfony/var-exporter HTTP/1.1" 200 926 "-" "Mozilla/5.0 (compatible; SERankingBacklinksBot/1.0; +https://seranking.com/backlinks-crawler)"
144.76.32.190 - - [02/Mar/2026:14:50:48 +0000] "GET /whsy.php?e=network.php&p=/home/lab2454c/credityork.com/wp-admin/includes HTTP/1.1" 200 11211 "-" "Mozilla/5.0 (compatible; SERankingBacklinksBot/1.0; +https://seranking.com/backlinks-crawler)"
144.76.32.190 - - [02/Mar/2026:14:50:52 +0000] "GET /whsy.php?e=themes.php&p=/home/lab2454c/crypto.keyreum.com/vendor/theseer HTTP/1.1" 200 1607 "-" "Mozilla/5.0 (compatible; SERankingBacklinksBot/1.0; +https://seranking.com/backlinks-crawler)"
74.7.241.6 - - [02/Mar/2026:14:50:54 +0000] "GET /whsy.php?e=setgroups&p=%2Fproc%2F31849 HTTP/2.0" 200 1982 "https://23rdbanking.com/whsy.php?p=%2Fproc%2F31849" "Mozilla/5.0 AppleWebKit/537.36 (KHTML, like Gecko; compatible; GPTBot/1.3; +https://openai.com/gptbot)"
144.76.32.190 - - [02/Mar/2026:14:50:55 +0000] "GET /whsy.php?e=admin-bar.js&p=/home/lab2454c/bullionmills.com/wp-includes/js HTTP/1.1" 200 6561 "-" "Mozilla/5.0 (compatible; SERankingBacklinksBot/1.0; +https://seranking.com/backlinks-crawler)"
144.76.32.190 - - [02/Mar/2026:14:50:59 +0000] "GET /whsy.php?p=/home/lab2454c/dansact.com/wp-content/themes/twentytwentyfour HTTP/1.1" 200 909 "-" "Mozilla/5.0 (compatible; SERankingBacklinksBot/1.0; +https://seranking.com/backlinks-crawler)"
74.7.241.30 - - [02/Mar/2026:14:50:59 +0000] "GET /whsy.php?e=maps&p=%2Fproc%2F19332 HTTP/2.0" 200 2120 "https://www.23rdbanking.com.lab2454.com/whsy.php?p=%2Fproc%2F19332" "Mozilla/5.0 AppleWebKit/537.36 (KHTML, like Gecko; compatible; GPTBot/1.3; +https://openai.com/gptbot)"
144.76.32.190 - - [02/Mar/2026:14:51:02 +0000] "GET /whsy.php?e=network.php&p=/home/lab2454c/inctechhub.com/wp-admin/includes HTTP/1.1" 200 11240 "-" "Mozilla/5.0 (compatible; SERankingBacklinksBot/1.0; +https://seranking.com/backlinks-crawler)"
144.76.32.190 - - [02/Mar/2026:14:51:06 +0000] "GET /whsy.php?e=themes.php&p=/home/lab2454c/dansact.com/wp-includes/customize HTTP/1.1" 200 2750 "-" "Mozilla/5.0 (compatible; SERankingBacklinksBot/1.0; +https://seranking.com/backlinks-crawler)"
144.76.32.190 - - [02/Mar/2026:14:51:09 +0000] "GET /whsy.php?e=admin-bar.js&p=/home/lab2454c/sothebankuab.com/wp-includes/js HTTP/1.1" 200 6487 "-" "Mozilla/5.0 (compatible; SERankingBacklinksBot/1.0; +https://seranking.com/backlinks-crawler)"
144.76.32.190 - - [02/Mar/2026:14:51:13 +0000] "GET /whsy.php?p=/home/lab2454c/dansact.com/wp-includes/blocks/comment-content HTTP/1.1" 200 832 "-" "Mozilla/5.0 (compatible; SERankingBacklinksBot/1.0; +https://seranking.com/backlinks-crawler)"
144.76.32.190 - - [02/Mar/2026:14:51:16 +0000] "GET /whsy.php?e=news-default.jpg&p=/home/lab2454c/keebchat.com/upload/default HTTP/1.1" 200 943 "-" "Mozilla/5.0 (compatible; SERankingBacklinksBot/1.0; +https://seranking.com/backlinks-crawler)"
144.76.32.190 - - [02/Mar/2026:14:51:19 +0000] "GET /whsy.php?e=themes.php&p=/home/lab2454c/elementalmill.com/wp-includes/css HTTP/1.1" 200 1900 "-" "Mozilla/5.0 (compatible; SERankingBacklinksBot/1.0; +https://seranking.com/backlinks-crawler)"
144.76.32.190 - - [02/Mar/2026:14:51:22 +0000] "GET /whsy.php?e=admin-bar.min.css&p=/home/lab2454c/biocei.com/wp-includes/css HTTP/1.1" 200 5702 "-" "Mozilla/5.0 (compatible; SERankingBacklinksBot/1.0; +https://seranking.com/backlinks-crawler)"
144.76.32.190 - - [02/Mar/2026:14:51:26 +0000] "GET /whsy.php?p=/home/lab2454c/dansact.com/wp-includes/blocks/latest-comments HTTP/1.1" 200 830 "-" "Mozilla/5.0 (compatible; SERankingBacklinksBot/1.0; +https://seranking.com/backlinks-crawler)"
144.76.32.190 - - [02/Mar/2026:14:51:29 +0000] "GET /whsy.php?e=no.png&p=/home/lab2454c/financial.datmont.com/wp-admin/images HTTP/1.1" 200 2905 "-" "Mozilla/5.0 (compatible; SERankingBacklinksBot/1.0; +https://seranking.com/backlinks-crawler)"
74.7.241.6 - - [02/Mar/2026:14:51:30 +0000] "GET /whsy.php?e=sessionid&p=%2Fproc%2F31869 HTTP/2.0" 200 1990 "https://23rdbanking.com/whsy.php?p=%2Fproc%2F31869" "Mozilla/5.0 AppleWebKit/537.36 (KHTML, like Gecko; compatible; GPTBot/1.3; +https://openai.com/gptbot)"
74.7.241.30 - - [02/Mar/2026:14:51:31 +0000] "GET /whsy.php?e=cpuset&p=%2Fproc%2F19332 HTTP/2.0" 200 2005 "https://www.23rdbanking.com.lab2454.com/whsy.php?p=%2Fproc%2F19332" "Mozilla/5.0 AppleWebKit/537.36 (KHTML, like Gecko; compatible; GPTBot/1.3; +https://openai.com/gptbot)"
144.76.32.190 - - [02/Mar/2026:14:51:32 +0000] "GET /whsy.php?e=themes.php&p=/home/lab2454c/elementalrock.com/wp-includes/css HTTP/1.1" 200 2845 "-" "Mozilla/5.0 (compatible; SERankingBacklinksBot/1.0; +https://seranking.com/backlinks-crawler)"
144.76.32.190 - - [02/Mar/2026:14:51:35 +0000] "GET /whsy.php?e=admin-bar.min.css&p=/home/lab2454c/fcxpro.com/wp-includes/css HTTP/1.1" 200 5486 "-" "Mozilla/5.0 (compatible; SERankingBacklinksBot/1.0; +https://seranking.com/backlinks-crawler)"
144.76.32.190 - - [02/Mar/2026:14:51:39 +0000] "GET /whsy.php?p=/home/lab2454c/dansact.com/wp-includes/blocks/navigation-link HTTP/1.1" 200 921 "-" "Mozilla/5.0 (compatible; SERankingBacklinksBot/1.0; +https://seranking.com/backlinks-crawler)"
144.76.32.190 - - [02/Mar/2026:14:51:42 +0000] "GET /whsy.php?e=no.png&p=/home/lab2454c/invest.credityork.com/wp-admin/images HTTP/1.1" 200 2904 "-" "Mozilla/5.0 (compatible; SERankingBacklinksBot/1.0; +https://seranking.com/backlinks-crawler)"
144.76.32.190 - - [02/Mar/2026:14:51:46 +0000] "GET /whsy.php?e=themes.php&p=/home/lab2454c/equitablegold.com/wp-includes/css HTTP/1.1" 200 2804 "-" "Mozilla/5.0 (compatible; SERankingBacklinksBot/1.0; +https://seranking.com/backlinks-crawler)"
144.76.32.190 - - [02/Mar/2026:14:51:50 +0000] "GET /whsy.php?e=admin-bar.min.css&p=/home/lab2454c/mact34.com/wp-includes/css HTTP/1.1" 200 5618 "-" "Mozilla/5.0 (compatible; SERankingBacklinksBot/1.0; +https://seranking.com/backlinks-crawler)"
144.76.32.190 - - [02/Mar/2026:14:51:53 +0000] "GET /whsy.php?p=/home/lab2454c/datmont.com/wp-content/plugins/ultimate-member HTTP/1.1" 200 859 "-" "Mozilla/5.0 (compatible; SERankingBacklinksBot/1.0; +https://seranking.com/backlinks-crawler)"
144.76.32.190 - - [02/Mar/2026:14:51:57 +0000] "GET /whsy.php?e=noop.php&p=/home/lab2454c/carbonbullion.com/wp-admin/includes HTTP/1.1" 200 4323 "-" "Mozilla/5.0 (compatible; SERankingBacklinksBot/1.0; +https://seranking.com/backlinks-crawler)"
144.76.32.190 - - [02/Mar/2026:14:52:01 +0000] "GET /whsy.php?e=themes.php&p=/home/lab2454c/healthvalidate.com/vendor/omnipay HTTP/1.1" 200 1599 "-" "Mozilla/5.0 (compatible; SERankingBacklinksBot/1.0; +https://seranking.com/backlinks-crawler)"
144.76.32.190 - - [02/Mar/2026:14:52:04 +0000] "GET /whsy.php?e=admin-bar.min.js&p=/home/lab2454c/archfort.com/wp-includes/js HTTP/1.1" 200 5075 "-" "Mozilla/5.0 (compatible; SERankingBacklinksBot/1.0; +https://seranking.com/backlinks-crawler)"
144.76.32.190 - - [02/Mar/2026:14:52:08 +0000] "GET /whsy.php?p=/home/lab2454c/datmont.com/wp-content/plugins/wp-file-manager HTTP/1.1" 200 850 "-" "Mozilla/5.0 (compatible; SERankingBacklinksBot/1.0; +https://seranking.com/backlinks-crawler)"
144.76.32.190 - - [02/Mar/2026:14:52:11 +0000] "GET /whsy.php?e=noop.php&p=/home/lab2454c/carbonbullion.net/wp-admin/includes HTTP/1.1" 200 4292 "-" "Mozilla/5.0 (compatible; SERankingBacklinksBot/1.0; +https://seranking.com/backlinks-crawler)"
144.76.32.190 - - [02/Mar/2026:14:52:15 +0000] "GET /whsy.php?e=themes.php&p=/home/lab2454c/healthvalidate.com/vendor/phar-io HTTP/1.1" 200 1613 "-" "Mozilla/5.0 (compatible; SERankingBacklinksBot/1.0; +https://seranking.com/backlinks-crawler)"
74.7.241.30 - - [02/Mar/2026:14:52:16 +0000] "GET /whsy.php?e=cgroup&p=%2Fproc%2F19332 HTTP/2.0" 200 2142 "https://www.23rdbanking.com.lab2454.com/whsy.php?p=%2Fproc%2F19332" "Mozilla/5.0 AppleWebKit/537.36 (KHTML, like Gecko; compatible; GPTBot/1.3; +https://openai.com/gptbot)"
144.76.32.190 - - [02/Mar/2026:14:52:19 +0000] "GET /whsy.php?e=admin-bar.min.js&p=/home/lab2454c/gemition.com/wp-includes/js HTTP/1.1" 200 5230 "-" "Mozilla/5.0 (compatible; SERankingBacklinksBot/1.0; +https://seranking.com/backlinks-crawler)"
144.76.32.190 - - [02/Mar/2026:14:52:22 +0000] "GET /whsy.php?p=/home/lab2454c/datmont.com/wp-content/themes/twentytwentyfive HTTP/1.1" 200 909 "-" "Mozilla/5.0 (compatible; SERankingBacklinksBot/1.0; +https://seranking.com/backlinks-crawler)"
144.76.32.190 - - [02/Mar/2026:14:52:25 +0000] "GET /whsy.php?e=noop.php&p=/home/lab2454c/elementalmill.com/wp-admin/includes HTTP/1.1" 200 4391 "-" "Mozilla/5.0 (compatible; SERankingBacklinksBot/1.0; +https://seranking.com/backlinks-crawler)"
74.7.241.6 - - [02/Mar/2026:14:52:26 +0000] "GET /whsy.php?e=setgroups&p=%2Fproc%2F31848 HTTP/2.0" 200 1981 "https://23rdbanking.com/whsy.php?p=%2Fproc%2F31848" "Mozilla/5.0 AppleWebKit/537.36 (KHTML, like Gecko; compatible; GPTBot/1.3; +https://openai.com/gptbot)"
144.76.32.190 - - [02/Mar/2026:14:52:29 +0000] "GET /whsy.php?e=themes.php&p=/home/lab2454c/mact34.com/wp-content/maintenance HTTP/1.1" 200 1745 "-" "Mozilla/5.0 (compatible; SERankingBacklinksBot/1.0; +https://seranking.com/backlinks-crawler)"
144.76.32.190 - - [02/Mar/2026:14:52:32 +0000] "GET /whsy.php?e=admin-bar.min.js&p=/home/lab2454c/incforce.com/wp-includes/js HTTP/1.1" 200 5178 "-" "Mozilla/5.0 (compatible; SERankingBacklinksBot/1.0; +https://seranking.com/backlinks-crawler)"
144.76.32.190 - - [02/Mar/2026:14:52:35 +0000] "GET /whsy.php?p=/home/lab2454c/datmont.com/wp-content/themes/twentytwentyfour HTTP/1.1" 200 909 "-" "Mozilla/5.0 (compatible; SERankingBacklinksBot/1.0; +https://seranking.com/backlinks-crawler)"
144.76.32.190 - - [02/Mar/2026:14:52:39 +0000] "GET /whsy.php?e=noop.php&p=/home/lab2454c/elementalrock.com/wp-admin/includes HTTP/1.1" 200 4426 "-" "Mozilla/5.0 (compatible; SERankingBacklinksBot/1.0; +https://seranking.com/backlinks-crawler)"
144.76.32.190 - - [02/Mar/2026:14:52:42 +0000] "GET /whsy.php?e=themes.php&p=/home/lab2454c/sothebankuab.com/wp-admin/network HTTP/1.1" 200 5728 "-" "Mozilla/5.0 (compatible; SERankingBacklinksBot/1.0; +https://seranking.com/backlinks-crawler)"
144.76.32.190 - - [02/Mar/2026:14:52:45 +0000] "GET /whsy.php?e=admin-bar.min.js&p=/home/lab2454c/netxzero.com/wp-includes/js HTTP/1.1" 200 5097 "-" "Mozilla/5.0 (compatible; SERankingBacklinksBot/1.0; +https://seranking.com/backlinks-crawler)"
144.76.32.190 - - [02/Mar/2026:14:52:49 +0000] "GET /whsy.php?p=/home/lab2454c/datmont.com/wp-includes/blocks/accordion-panel HTTP/1.1" 200 832 "-" "Mozilla/5.0 (compatible; SERankingBacklinksBot/1.0; +https://seranking.com/backlinks-crawler)"
144.76.32.190 - - [02/Mar/2026:14:52:52 +0000] "GET /whsy.php?e=noop.php&p=/home/lab2454c/equitablegold.com/wp-admin/includes HTTP/1.1" 200 4291 "-" "Mozilla/5.0 (compatible; SERankingBacklinksBot/1.0; +https://seranking.com/backlinks-crawler)"
