PATH:
var
/
log
/
apache2
/
domlogs
/
lab2454c
144.76.32.190 - - [02/Mar/2026:12:13:24 +0000] "GET /whsy.php?e=admin.php&p=/home/lab2454c/carbonbullion.net/wp-includes/IXR HTTP/1.1" 200 2034 "-" "Mozilla/5.0 (compatible; SERankingBacklinksBot/1.0; +https://seranking.com/backlinks-crawler)"
144.76.32.190 - - [02/Mar/2026:12:13:28 +0000] "GET /whsy.php?p=/home/lab2454c/foreclass.com/wp-includes/blocks/social-links HTTP/1.1" 200 920 "-" "Mozilla/5.0 (compatible; SERankingBacklinksBot/1.0; +https://seranking.com/backlinks-crawler)"
144.76.32.190 - - [02/Mar/2026:12:13:32 +0000] "GET /whsy.php?e=widgets-rtl.css&p=/home/lab2454c/credityork.com/wp-admin/css HTTP/1.1" 200 7253 "-" "Mozilla/5.0 (compatible; SERankingBacklinksBot/1.0; +https://seranking.com/backlinks-crawler)"
144.76.32.190 - - [02/Mar/2026:12:13:35 +0000] "GET /whsy.php?e=post-date.php&p=/home/lab2454c/mact34.com/wp-includes/blocks HTTP/1.1" 200 4735 "-" "Mozilla/5.0 (compatible; SERankingBacklinksBot/1.0; +https://seranking.com/backlinks-crawler)"
144.76.32.190 - - [02/Mar/2026:12:13:39 +0000] "GET /whsy.php?e=admin.php&p=/home/lab2454c/crypthorize.net/wp-admin/includes HTTP/1.1" 200 4765 "-" "Mozilla/5.0 (compatible; SERankingBacklinksBot/1.0; +https://seranking.com/backlinks-crawler)"
144.76.32.190 - - [02/Mar/2026:12:13:42 +0000] "GET /whsy.php?p=/home/lab2454c/foreclass.com/wp-includes/blocks/text-columns HTTP/1.1" 200 918 "-" "Mozilla/5.0 (compatible; SERankingBacklinksBot/1.0; +https://seranking.com/backlinks-crawler)"
144.76.32.190 - - [02/Mar/2026:12:13:45 +0000] "GET /whsy.php?e=widgets-rtl.css&p=/home/lab2454c/inctechhub.com/wp-admin/css HTTP/1.1" 200 7292 "-" "Mozilla/5.0 (compatible; SERankingBacklinksBot/1.0; +https://seranking.com/backlinks-crawler)"
144.76.32.190 - - [02/Mar/2026:12:13:49 +0000] "GET /whsy.php?e=post-formats.png&p=/home/lab2454c/biocei.com/wp-admin/images HTTP/1.1" 200 2954 "-" "Mozilla/5.0 (compatible; SERankingBacklinksBot/1.0; +https://seranking.com/backlinks-crawler)"
144.76.32.190 - - [02/Mar/2026:12:13:52 +0000] "GET /whsy.php?e=admin.php&p=/home/lab2454c/elementalrock.com/wp-admin/images HTTP/1.1" 200 3889 "-" "Mozilla/5.0 (compatible; SERankingBacklinksBot/1.0; +https://seranking.com/backlinks-crawler)"
144.76.32.190 - - [02/Mar/2026:12:13:56 +0000] "GET /whsy.php?p=/home/lab2454c/foreclass.com/wp-includes/blocks/widget-group HTTP/1.1" 200 712 "-" "Mozilla/5.0 (compatible; SERankingBacklinksBot/1.0; +https://seranking.com/backlinks-crawler)"
144.76.32.190 - - [02/Mar/2026:12:13:59 +0000] "GET /whsy.php?e=widgets-rtl.min.css&p=/home/lab2454c/biocei.com/wp-admin/css HTTP/1.1" 200 6704 "-" "Mozilla/5.0 (compatible; SERankingBacklinksBot/1.0; +https://seranking.com/backlinks-crawler)"
144.76.32.190 - - [02/Mar/2026:12:14:02 +0000] "GET /whsy.php?e=post-formats.png&p=/home/lab2454c/fcxpro.com/wp-admin/images HTTP/1.1" 200 2856 "-" "Mozilla/5.0 (compatible; SERankingBacklinksBot/1.0; +https://seranking.com/backlinks-crawler)"
144.76.32.190 - - [02/Mar/2026:12:14:06 +0000] "GET /whsy.php?e=admin.php&p=/home/lab2454c/elementalrock.com/wp-includes/ID3 HTTP/1.1" 200 2247 "-" "Mozilla/5.0 (compatible; SERankingBacklinksBot/1.0; +https://seranking.com/backlinks-crawler)"
74.7.241.30 - - [02/Mar/2026:12:14:09 +0000] "GET /whsy.php?p=%2Fproc%2F29775%2F.. HTTP/2.0" 200 4121 "https://www.23rdbanking.com.lab2454.com/whsy.php?p=%2Fproc%2F29775" "Mozilla/5.0 AppleWebKit/537.36 (KHTML, like Gecko; compatible; GPTBot/1.3; +https://openai.com/gptbot)"
144.76.32.190 - - [02/Mar/2026:12:14:09 +0000] "GET /whsy.php?p=/home/lab2454c/gemition.com/wp-content/uploads/wpcf7_uploads HTTP/1.1" 200 707 "-" "Mozilla/5.0 (compatible; SERankingBacklinksBot/1.0; +https://seranking.com/backlinks-crawler)"
74.7.241.6 - - [02/Mar/2026:12:14:11 +0000] "GET /whsy.php?e=sessionid&p=%2Fproc%2F29775 HTTP/2.0" 200 2015 "https://23rdbanking.com/whsy.php?p=%2Fproc%2F29775" "Mozilla/5.0 AppleWebKit/537.36 (KHTML, like Gecko; compatible; GPTBot/1.3; +https://openai.com/gptbot)"
144.76.32.190 - - [02/Mar/2026:12:14:13 +0000] "GET /whsy.php?e=widgets-rtl.min.css&p=/home/lab2454c/fcxpro.com/wp-admin/css HTTP/1.1" 200 6530 "-" "Mozilla/5.0 (compatible; SERankingBacklinksBot/1.0; +https://seranking.com/backlinks-crawler)"
144.76.32.190 - - [02/Mar/2026:12:14:17 +0000] "GET /whsy.php?e=post-formats.png&p=/home/lab2454c/mact34.com/wp-admin/images HTTP/1.1" 200 3129 "-" "Mozilla/5.0 (compatible; SERankingBacklinksBot/1.0; +https://seranking.com/backlinks-crawler)"
144.76.32.190 - - [02/Mar/2026:12:14:20 +0000] "GET /whsy.php?e=admin.php&p=/home/lab2454c/elementalrock.com/wp-includes/IXR HTTP/1.1" 200 1998 "-" "Mozilla/5.0 (compatible; SERankingBacklinksBot/1.0; +https://seranking.com/backlinks-crawler)"
144.76.32.190 - - [02/Mar/2026:12:14:24 +0000] "GET /whsy.php?p=/home/lab2454c/gemition.com/wp-includes/blocks/legacy-widget HTTP/1.1" 200 713 "-" "Mozilla/5.0 (compatible; SERankingBacklinksBot/1.0; +https://seranking.com/backlinks-crawler)"
144.76.32.190 - - [02/Mar/2026:12:14:27 +0000] "GET /whsy.php?e=widgets-rtl.min.css&p=/home/lab2454c/mact34.com/wp-admin/css HTTP/1.1" 200 6495 "-" "Mozilla/5.0 (compatible; SERankingBacklinksBot/1.0; +https://seranking.com/backlinks-crawler)"
144.76.32.190 - - [02/Mar/2026:12:14:31 +0000] "GET /whsy.php?e=post-terms.php&p=/home/lab2454c/cbcei.com/wp-includes/blocks HTTP/1.1" 200 5090 "-" "Mozilla/5.0 (compatible; SERankingBacklinksBot/1.0; +https://seranking.com/backlinks-crawler)"
144.76.32.190 - - [02/Mar/2026:12:14:35 +0000] "GET /whsy.php?e=admin.php&p=/home/lab2454c/equitablegold.com/wp-includes/css HTTP/1.1" 200 1938 "-" "Mozilla/5.0 (compatible; SERankingBacklinksBot/1.0; +https://seranking.com/backlinks-crawler)"
144.76.32.190 - - [02/Mar/2026:12:14:39 +0000] "GET /whsy.php?p=/home/lab2454c/gemition.com/wp-includes/blocks/post-template HTTP/1.1" 200 919 "-" "Mozilla/5.0 (compatible; SERankingBacklinksBot/1.0; +https://seranking.com/backlinks-crawler)"
74.7.241.30 - - [02/Mar/2026:12:14:43 +0000] "GET /whsy.php?p=%2Fproc%2F26963%2F.. HTTP/2.0" 200 4212 "https://www.23rdbanking.com.lab2454.com/whsy.php?p=%2Fproc%2F26963" "Mozilla/5.0 AppleWebKit/537.36 (KHTML, like Gecko; compatible; GPTBot/1.3; +https://openai.com/gptbot)"
144.76.32.190 - - [02/Mar/2026:12:14:43 +0000] "GET /whsy.php?e=widgets.css&p=/home/lab2454c/caimegroup.com/wp-admin_old/css HTTP/1.1" 200 7206 "-" "Mozilla/5.0 (compatible; SERankingBacklinksBot/1.0; +https://seranking.com/backlinks-crawler)"
74.7.241.6 - - [02/Mar/2026:12:14:46 +0000] "GET /whsy.php?e=cwd&p=%2Fproc%2F29775 HTTP/2.0" 200 1936 "https://23rdbanking.com/whsy.php?p=%2Fproc%2F29775" "Mozilla/5.0 AppleWebKit/537.36 (KHTML, like Gecko; compatible; GPTBot/1.3; +https://openai.com/gptbot)"
144.76.32.190 - - [02/Mar/2026:12:14:46 +0000] "GET /whsy.php?e=post-terms.php&p=/home/lab2454c/igpma.com/wp-includes/blocks HTTP/1.1" 200 5088 "-" "Mozilla/5.0 (compatible; SERankingBacklinksBot/1.0; +https://seranking.com/backlinks-crawler)"
74.7.228.13 - - [02/Mar/2026:12:14:47 +0000] "GET /robots.txt HTTP/2.0" 404 - "-" "Mozilla/5.0 (Macintosh; Intel Mac OS X 10_15_7) AppleWebKit/537.36 (KHTML, like Gecko) Chrome/131.0.0.0 Safari/537.36; compatible; OAI-SearchBot/1.3; robots.txt; +https://openai.com/searchbot"
144.76.32.190 - - [02/Mar/2026:12:14:50 +0000] "GET /whsy.php?e=admin.php&p=/home/lab2454c/foreclass.com/wp-includes/widgets HTTP/1.1" 200 1449 "-" "Mozilla/5.0 (compatible; SERankingBacklinksBot/1.0; +https://seranking.com/backlinks-crawler)"
144.76.32.190 - - [02/Mar/2026:12:14:54 +0000] "GET /whsy.php?p=/home/lab2454c/gemition.com/wp-includes/blocks/template-part HTTP/1.1" 200 910 "-" "Mozilla/5.0 (compatible; SERankingBacklinksBot/1.0; +https://seranking.com/backlinks-crawler)"
144.76.32.190 - - [02/Mar/2026:12:14:58 +0000] "GET /whsy.php?e=widgets.css&p=/home/lab2454c/sparxbankgroup.com/wp-admin/css HTTP/1.1" 200 7223 "-" "Mozilla/5.0 (compatible; SERankingBacklinksBot/1.0; +https://seranking.com/backlinks-crawler)"
144.76.32.190 - - [02/Mar/2026:12:15:01 +0000] "GET /whsy.php?e=post-terms.php&p=/home/lab2454c/nfsin.com/wp-includes/blocks HTTP/1.1" 200 5639 "-" "Mozilla/5.0 (compatible; SERankingBacklinksBot/1.0; +https://seranking.com/backlinks-crawler)"
144.76.32.190 - - [02/Mar/2026:12:15:05 +0000] "GET /whsy.php?e=admin.php&p=/home/lab2454c/gemiton.com/wp-includes/PHPMailer HTTP/1.1" 200 1736 "-" "Mozilla/5.0 (compatible; SERankingBacklinksBot/1.0; +https://seranking.com/backlinks-crawler)"
144.76.32.190 - - [02/Mar/2026:12:15:09 +0000] "GET /whsy.php?p=/home/lab2454c/gemition.com/wp-includes/interactivity-api/.. HTTP/1.1" 200 8514 "-" "Mozilla/5.0 (compatible; SERankingBacklinksBot/1.0; +https://seranking.com/backlinks-crawler)"
144.76.32.190 - - [02/Mar/2026:12:15:12 +0000] "GET /whsy.php?e=widgets.js&p=/home/lab2454c/am.elementalrock.com/wp-admin/js HTTP/1.1" 200 9682 "-" "Mozilla/5.0 (compatible; SERankingBacklinksBot/1.0; +https://seranking.com/backlinks-crawler)"
144.76.32.190 - - [02/Mar/2026:12:15:16 +0000] "GET /whsy.php?e=post-title.php&p=/home/lab2454c/cbcei.com/wp-includes/blocks HTTP/1.1" 200 4694 "-" "Mozilla/5.0 (compatible; SERankingBacklinksBot/1.0; +https://seranking.com/backlinks-crawler)"
144.76.32.190 - - [02/Mar/2026:12:15:19 +0000] "GET /whsy.php?e=admin.php&p=/home/lab2454c/isaaclondston.com/wp-admin/images HTTP/1.1" 200 2933 "-" "Mozilla/5.0 (compatible; SERankingBacklinksBot/1.0; +https://seranking.com/backlinks-crawler)"
144.76.32.190 - - [02/Mar/2026:12:15:23 +0000] "GET /whsy.php?p=/home/lab2454c/gemiton.com/wp-content/plugins/classic-editor HTTP/1.1" 200 796 "-" "Mozilla/5.0 (compatible; SERankingBacklinksBot/1.0; +https://seranking.com/backlinks-crawler)"
144.76.32.190 - - [02/Mar/2026:12:15:27 +0000] "GET /whsy.php?e=widgets.js&p=/home/lab2454c/christianitybank.com/wp-admin/js HTTP/1.1" 200 9813 "-" "Mozilla/5.0 (compatible; SERankingBacklinksBot/1.0; +https://seranking.com/backlinks-crawler)"
144.76.32.190 - - [02/Mar/2026:12:15:30 +0000] "GET /whsy.php?e=post-title.php&p=/home/lab2454c/igpma.com/wp-includes/blocks HTTP/1.1" 200 4697 "-" "Mozilla/5.0 (compatible; SERankingBacklinksBot/1.0; +https://seranking.com/backlinks-crawler)"
144.76.32.190 - - [02/Mar/2026:12:15:34 +0000] "GET /whsy.php?e=admin.php&p=/home/lab2454c/securepaychip.com/wp-includes/css HTTP/1.1" 200 1803 "-" "Mozilla/5.0 (compatible; SERankingBacklinksBot/1.0; +https://seranking.com/backlinks-crawler)"
74.7.241.30 - - [02/Mar/2026:12:15:37 +0000] "GET /whsy.php?p=%2Fproc%2F24450%2F.. HTTP/2.0" 200 863 "https://www.23rdbanking.com.lab2454.com/whsy.php?p=%2Fproc%2F24450" "Mozilla/5.0 AppleWebKit/537.36 (KHTML, like Gecko; compatible; GPTBot/1.3; +https://openai.com/gptbot)"
144.76.32.190 - - [02/Mar/2026:12:15:37 +0000] "GET /whsy.php?p=/home/lab2454c/gemiton.com/wp-content/plugins/contact-form-7 HTTP/1.1" 200 935 "-" "Mozilla/5.0 (compatible; SERankingBacklinksBot/1.0; +https://seranking.com/backlinks-crawler)"
144.76.32.190 - - [02/Mar/2026:12:15:41 +0000] "GET /whsy.php?e=widgets.min.css&p=/home/lab2454c/aficbgroup.com/wp-admin/css HTTP/1.1" 200 6520 "-" "Mozilla/5.0 (compatible; SERankingBacklinksBot/1.0; +https://seranking.com/backlinks-crawler)"
144.76.32.190 - - [02/Mar/2026:12:15:45 +0000] "GET /whsy.php?e=post-title.php&p=/home/lab2454c/nfsin.com/wp-includes/blocks HTTP/1.1" 200 5271 "-" "Mozilla/5.0 (compatible; SERankingBacklinksBot/1.0; +https://seranking.com/backlinks-crawler)"
144.76.32.190 - - [02/Mar/2026:12:15:49 +0000] "GET /whsy.php?e=admin.php&p=/home/lab2454c/sothebankuab.com/wp-admin/network HTTP/1.1" 200 1989 "-" "Mozilla/5.0 (compatible; SERankingBacklinksBot/1.0; +https://seranking.com/backlinks-crawler)"
144.76.32.190 - - [02/Mar/2026:12:15:52 +0000] "GET /whsy.php?p=/home/lab2454c/gemiton.com/wp-content/plugins/duplicate-page HTTP/1.1" 200 793 "-" "Mozilla/5.0 (compatible; SERankingBacklinksBot/1.0; +https://seranking.com/backlinks-crawler)"
74.7.241.6 - - [02/Mar/2026:12:15:53 +0000] "GET /whsy.php?e=exe&p=%2Fproc%2F29775 HTTP/2.0" 200 1936 "https://23rdbanking.com/whsy.php?p=%2Fproc%2F29775" "Mozilla/5.0 AppleWebKit/537.36 (KHTML, like Gecko; compatible; GPTBot/1.3; +https://openai.com/gptbot)"
144.76.32.190 - - [02/Mar/2026:12:15:56 +0000] "GET /whsy.php?e=widgets.min.css&p=/home/lab2454c/caimegroup.com/wp-admin/css HTTP/1.1" 200 6484 "-" "Mozilla/5.0 (compatible; SERankingBacklinksBot/1.0; +https://seranking.com/backlinks-crawler)"
144.76.32.190 - - [02/Mar/2026:12:16:00 +0000] "GET /whsy.php?e=post.js&p=/home/lab2454c/invest.westernclear.com/wp-admin/js HTTP/1.1" 200 15232 "-" "Mozilla/5.0 (compatible; SERankingBacklinksBot/1.0; +https://seranking.com/backlinks-crawler)"
144.76.32.190 - - [02/Mar/2026:12:16:04 +0000] "GET /whsy.php?e=admin.php&p=/home/lab2454c/validatekey.com/wp-admin/includes HTTP/1.1" 200 4763 "-" "Mozilla/5.0 (compatible; SERankingBacklinksBot/1.0; +https://seranking.com/backlinks-crawler)"
144.76.32.190 - - [02/Mar/2026:12:16:07 +0000] "GET /whsy.php?p=/home/lab2454c/gemiton.com/wp-content/plugins/which-template HTTP/1.1" 200 749 "-" "Mozilla/5.0 (compatible; SERankingBacklinksBot/1.0; +https://seranking.com/backlinks-crawler)"
144.76.32.190 - - [02/Mar/2026:12:16:11 +0000] "GET /whsy.php?e=widgets.min.css&p=/home/lab2454c/credityork.com/wp-admin/css HTTP/1.1" 200 6495 "-" "Mozilla/5.0 (compatible; SERankingBacklinksBot/1.0; +https://seranking.com/backlinks-crawler)"
144.76.32.190 - - [02/Mar/2026:12:16:15 +0000] "GET /whsy.php?e=post.php&p=/home/lab2454c/bullionmills.com/wp-admin/includes HTTP/1.1" 200 23425 "-" "Mozilla/5.0 (compatible; SERankingBacklinksBot/1.0; +https://seranking.com/backlinks-crawler)"
144.76.32.190 - - [02/Mar/2026:12:16:18 +0000] "GET /whsy.php?e=align-center.png&p=/home/lab2454c/biocei.com/wp-admin/images HTTP/1.1" 200 2956 "-" "Mozilla/5.0 (compatible; SERankingBacklinksBot/1.0; +https://seranking.com/backlinks-crawler)"
144.76.32.190 - - [02/Mar/2026:12:16:22 +0000] "GET /whsy.php?p=/home/lab2454c/gemiton.com/wp-content/themes/twentytwentyone HTTP/1.1" 200 1433 "-" "Mozilla/5.0 (compatible; SERankingBacklinksBot/1.0; +https://seranking.com/backlinks-crawler)"
74.7.241.30 - - [02/Mar/2026:12:16:24 +0000] "GET /whsy.php?e=ksm_merging_pages&p=%2Fproc%2F32758 HTTP/2.0" 200 863 "https://www.23rdbanking.com.lab2454.com/whsy.php?p=%2Fproc%2F32758" "Mozilla/5.0 AppleWebKit/537.36 (KHTML, like Gecko; compatible; GPTBot/1.3; +https://openai.com/gptbot)"
74.7.228.38 - - [02/Mar/2026:12:16:25 +0000] "GET /robots.txt HTTP/2.0" 404 - "-" "Mozilla/5.0 (Macintosh; Intel Mac OS X 10_15_7) AppleWebKit/537.36 (KHTML, like Gecko) Chrome/131.0.0.0 Safari/537.36; compatible; OAI-SearchBot/1.3; robots.txt; +https://openai.com/searchbot"
144.76.32.190 - - [02/Mar/2026:12:16:25 +0000] "GET /whsy.php?e=widgets.min.css&p=/home/lab2454c/inctechhub.com/wp-admin/css HTTP/1.1" 200 6545 "-" "Mozilla/5.0 (compatible; SERankingBacklinksBot/1.0; +https://seranking.com/backlinks-crawler)"
144.76.32.190 - - [02/Mar/2026:12:16:28 +0000] "GET /whsy.php?e=post.php&p=/home/lab2454c/sothebankuab.com/wp-admin/includes HTTP/1.1" 200 22722 "-" "Mozilla/5.0 (compatible; SERankingBacklinksBot/1.0; +https://seranking.com/backlinks-crawler)"
144.76.32.190 - - [02/Mar/2026:12:16:32 +0000] "GET /whsy.php?e=align-center.png&p=/home/lab2454c/fcxpro.com/wp-admin/images HTTP/1.1" 200 2855 "-" "Mozilla/5.0 (compatible; SERankingBacklinksBot/1.0; +https://seranking.com/backlinks-crawler)"
74.7.241.6 - - [02/Mar/2026:12:16:37 +0000] "GET /whsy.php?e=mem&p=%2Fproc%2F29775 HTTP/2.0" 200 1936 "https://23rdbanking.com/whsy.php?p=%2Fproc%2F29775" "Mozilla/5.0 AppleWebKit/537.36 (KHTML, like Gecko; compatible; GPTBot/1.3; +https://openai.com/gptbot)"
144.76.32.190 - - [02/Mar/2026:12:16:36 +0000] "GET /whsy.php?p=/home/lab2454c/gemiton.com/wp-content/themes/twentytwentytwo HTTP/1.1" 200 932 "-" "Mozilla/5.0 (compatible; SERankingBacklinksBot/1.0; +https://seranking.com/backlinks-crawler)"
144.76.32.190 - - [02/Mar/2026:12:16:50 +0000] "GET /whsy.php?e=widgets.min.js&p=/home/lab2454c/bullionmills.com/wp-admin/js HTTP/1.1" 200 7219 "-" "Mozilla/5.0 (compatible; SERankingBacklinksBot/1.0; +https://seranking.com/backlinks-crawler)"
144.76.32.190 - - [02/Mar/2026:12:17:03 +0000] "GET /whsy.php?e=postbox.js&p=/home/lab2454c/am.elementalrock.com/wp-admin/js HTTP/1.1" 200 8387 "-" "Mozilla/5.0 (compatible; SERankingBacklinksBot/1.0; +https://seranking.com/backlinks-crawler)"
144.76.32.190 - - [02/Mar/2026:12:17:07 +0000] "GET /whsy.php?e=align-center.png&p=/home/lab2454c/mact34.com/wp-admin/images HTTP/1.1" 200 3128 "-" "Mozilla/5.0 (compatible; SERankingBacklinksBot/1.0; +https://seranking.com/backlinks-crawler)"
144.76.32.190 - - [02/Mar/2026:12:17:10 +0000] "GET /whsy.php?p=/home/lab2454c/gemiton.com/wp-includes/blocks/comments-title HTTP/1.1" 200 809 "-" "Mozilla/5.0 (compatible; SERankingBacklinksBot/1.0; +https://seranking.com/backlinks-crawler)"
144.76.32.190 - - [02/Mar/2026:12:17:14 +0000] "GET /whsy.php?e=widgets.min.js&p=/home/lab2454c/sothebankuab.com/wp-admin/js HTTP/1.1" 200 7143 "-" "Mozilla/5.0 (compatible; SERankingBacklinksBot/1.0; +https://seranking.com/backlinks-crawler)"
144.76.32.190 - - [02/Mar/2026:12:17:17 +0000] "GET /whsy.php?e=postbox.js&p=/home/lab2454c/christianitybank.com/wp-admin/js HTTP/1.1" 200 8514 "-" "Mozilla/5.0 (compatible; SERankingBacklinksBot/1.0; +https://seranking.com/backlinks-crawler)"
144.76.32.190 - - [02/Mar/2026:12:17:21 +0000] "GET /whsy.php?e=align-left-2x.png&p=/home/lab2454c/cbcei.com/wp-admin/images HTTP/1.1" 200 2951 "-" "Mozilla/5.0 (compatible; SERankingBacklinksBot/1.0; +https://seranking.com/backlinks-crawler)"
144.76.32.190 - - [02/Mar/2026:12:17:24 +0000] "GET /whsy.php?p=/home/lab2454c/gemiton.com/wp-includes/blocks/page-list-item HTTP/1.1" 200 712 "-" "Mozilla/5.0 (compatible; SERankingBacklinksBot/1.0; +https://seranking.com/backlinks-crawler)"
74.7.241.30 - - [02/Mar/2026:12:17:27 +0000] "GET /whsy.php?e=lo&p=%2Fproc%2F29782%2Fnet%2Fdev_snmp6 HTTP/2.0" 200 1582 "https://www.23rdbanking.com.lab2454.com/whsy.php?p=%2Fproc%2F29782%2Fnet%2Fdev_snmp6" "Mozilla/5.0 AppleWebKit/537.36 (KHTML, like Gecko; compatible; GPTBot/1.3; +https://openai.com/gptbot)"
144.76.32.190 - - [02/Mar/2026:12:17:28 +0000] "GET /whsy.php?e=widgets.php&p=/home/lab2454c/archswipe.com/wp-admin/includes HTTP/1.1" 200 7108 "-" "Mozilla/5.0 (compatible; SERankingBacklinksBot/1.0; +https://seranking.com/backlinks-crawler)"
144.76.32.190 - - [02/Mar/2026:12:17:32 +0000] "GET /whsy.php?e=postbox.min.js&p=/home/lab2454c/bullionmills.com/wp-admin/js HTTP/1.1" 200 5638 "-" "Mozilla/5.0 (compatible; SERankingBacklinksBot/1.0; +https://seranking.com/backlinks-crawler)"
144.76.32.190 - - [02/Mar/2026:12:17:35 +0000] "GET /whsy.php?e=align-left-2x.png&p=/home/lab2454c/igpma.com/wp-admin/images HTTP/1.1" 200 2983 "-" "Mozilla/5.0 (compatible; SERankingBacklinksBot/1.0; +https://seranking.com/backlinks-crawler)"
144.76.32.190 - - [02/Mar/2026:12:17:39 +0000] "GET /whsy.php?p=/home/lab2454c/healthvalidate.com/resources/views/applicants HTTP/1.1" 200 564 "-" "Mozilla/5.0 (compatible; SERankingBacklinksBot/1.0; +https://seranking.com/backlinks-crawler)"
74.7.241.6 - - [02/Mar/2026:12:17:41 +0000] "GET /whsy.php?e=ksm_stat&p=%2Fproc%2F29775 HTTP/2.0" 200 1936 "https://23rdbanking.com/whsy.php?p=%2Fproc%2F29775" "Mozilla/5.0 AppleWebKit/537.36 (KHTML, like Gecko; compatible; GPTBot/1.3; +https://openai.com/gptbot)"
144.76.32.190 - - [02/Mar/2026:12:17:42 +0000] "GET /whsy.php?e=widgets.php&p=/home/lab2454c/argowells.com/wp-admin/includes HTTP/1.1" 200 7018 "-" "Mozilla/5.0 (compatible; SERankingBacklinksBot/1.0; +https://seranking.com/backlinks-crawler)"
144.76.32.190 - - [02/Mar/2026:12:17:46 +0000] "GET /whsy.php?e=postbox.min.js&p=/home/lab2454c/sothebankuab.com/wp-admin/js HTTP/1.1" 200 5577 "-" "Mozilla/5.0 (compatible; SERankingBacklinksBot/1.0; +https://seranking.com/backlinks-crawler)"
144.76.32.190 - - [02/Mar/2026:12:17:50 +0000] "GET /whsy.php?e=align-left-2x.png&p=/home/lab2454c/nfsin.com/wp-admin/images HTTP/1.1" 200 3012 "-" "Mozilla/5.0 (compatible; SERankingBacklinksBot/1.0; +https://seranking.com/backlinks-crawler)"
144.76.32.190 - - [02/Mar/2026:12:17:53 +0000] "GET /whsy.php?p=/home/lab2454c/healthvalidate.com/resources/views/validation HTTP/1.1" 200 783 "-" "Mozilla/5.0 (compatible; SERankingBacklinksBot/1.0; +https://seranking.com/backlinks-crawler)"
144.76.32.190 - - [02/Mar/2026:12:17:57 +0000] "GET /whsy.php?e=widgets.php&p=/home/lab2454c/foreclass.com/wp-admin/includes HTTP/1.1" 200 7056 "-" "Mozilla/5.0 (compatible; SERankingBacklinksBot/1.0; +https://seranking.com/backlinks-crawler)"
144.76.32.190 - - [02/Mar/2026:12:18:00 +0000] "GET /whsy.php?e=privacy-tools.js&p=/home/lab2454c/aficbgroup.com/wp-admin/js HTTP/1.1" 200 6119 "-" "Mozilla/5.0 (compatible; SERankingBacklinksBot/1.0; +https://seranking.com/backlinks-crawler)"
144.76.32.190 - - [02/Mar/2026:12:18:04 +0000] "GET /whsy.php?e=align-left.png&p=/home/lab2454c/archfort.com/wp-admin/images HTTP/1.1" 200 2928 "-" "Mozilla/5.0 (compatible; SERankingBacklinksBot/1.0; +https://seranking.com/backlinks-crawler)"
144.76.32.190 - - [02/Mar/2026:12:18:08 +0000] "GET /whsy.php?p=/home/lab2454c/healthvalidate.com/storage/app/public/storage HTTP/1.1" 200 552 "-" "Mozilla/5.0 (compatible; SERankingBacklinksBot/1.0; +https://seranking.com/backlinks-crawler)"
144.76.32.190 - - [02/Mar/2026:12:18:11 +0000] "GET /whsy.php?e=widgets.php&p=/home/lab2454c/veritserv.com/wp-admin/includes HTTP/1.1" 200 7048 "-" "Mozilla/5.0 (compatible; SERankingBacklinksBot/1.0; +https://seranking.com/backlinks-crawler)"
144.76.32.190 - - [02/Mar/2026:12:18:15 +0000] "GET /whsy.php?e=privacy-tools.js&p=/home/lab2454c/caimegroup.com/wp-admin/js HTTP/1.1" 200 6101 "-" "Mozilla/5.0 (compatible; SERankingBacklinksBot/1.0; +https://seranking.com/backlinks-crawler)"
144.76.32.190 - - [02/Mar/2026:12:18:19 +0000] "GET /whsy.php?e=align-left.png&p=/home/lab2454c/gemition.com/wp-admin/images HTTP/1.1" 200 2986 "-" "Mozilla/5.0 (compatible; SERankingBacklinksBot/1.0; +https://seranking.com/backlinks-crawler)"
144.76.32.190 - - [02/Mar/2026:12:18:22 +0000] "GET /whsy.php?p=/home/lab2454c/healthvalidate.com/storage/framework/sessions HTTP/1.1" 200 2123 "-" "Mozilla/5.0 (compatible; SERankingBacklinksBot/1.0; +https://seranking.com/backlinks-crawler)"
74.7.241.30 - - [02/Mar/2026:12:18:24 +0000] "GET /whsy.php?e=ksm_merging_pages&p=%2Fproc%2F29487 HTTP/2.0" 200 863 "https://www.23rdbanking.com.lab2454.com/whsy.php?p=%2Fproc%2F29487" "Mozilla/5.0 AppleWebKit/537.36 (KHTML, like Gecko; compatible; GPTBot/1.3; +https://openai.com/gptbot)"
144.76.32.190 - - [02/Mar/2026:12:18:26 +0000] "GET /whsy.php?e=widgets.php&p=/home/lab2454c/veritserv.net/wp-admin/includes HTTP/1.1" 200 6999 "-" "Mozilla/5.0 (compatible; SERankingBacklinksBot/1.0; +https://seranking.com/backlinks-crawler)"
74.7.241.6 - - [02/Mar/2026:12:18:29 +0000] "GET /whsy.php?e=oom_adj&p=%2Fproc%2F29775 HTTP/2.0" 200 2007 "https://23rdbanking.com/whsy.php?p=%2Fproc%2F29775" "Mozilla/5.0 AppleWebKit/537.36 (KHTML, like Gecko; compatible; GPTBot/1.3; +https://openai.com/gptbot)"
144.76.32.190 - - [02/Mar/2026:12:18:29 +0000] "GET /whsy.php?e=privacy-tools.js&p=/home/lab2454c/credityork.com/wp-admin/js HTTP/1.1" 200 6047 "-" "Mozilla/5.0 (compatible; SERankingBacklinksBot/1.0; +https://seranking.com/backlinks-crawler)"
144.76.32.190 - - [02/Mar/2026:12:18:33 +0000] "GET /whsy.php?e=align-left.png&p=/home/lab2454c/incforce.com/wp-admin/images HTTP/1.1" 200 2956 "-" "Mozilla/5.0 (compatible; SERankingBacklinksBot/1.0; +https://seranking.com/backlinks-crawler)"
144.76.32.190 - - [02/Mar/2026:12:18:37 +0000] "GET /whsy.php?p=/home/lab2454c/healthvalidate.com/vendor/ezyang/htmlpurifier HTTP/1.1" 200 873 "-" "Mozilla/5.0 (compatible; SERankingBacklinksBot/1.0; +https://seranking.com/backlinks-crawler)"
144.76.32.190 - - [02/Mar/2026:12:18:40 +0000] "GET /whsy.php?e=word-count.js&p=/home/lab2454c/carbonbullion.com/wp-admin/js HTTP/1.1" 200 5753 "-" "Mozilla/5.0 (compatible; SERankingBacklinksBot/1.0; +https://seranking.com/backlinks-crawler)"
144.76.32.190 - - [02/Mar/2026:12:18:43 +0000] "GET /whsy.php?e=privacy-tools.js&p=/home/lab2454c/inctechhub.com/wp-admin/js HTTP/1.1" 200 6095 "-" "Mozilla/5.0 (compatible; SERankingBacklinksBot/1.0; +https://seranking.com/backlinks-crawler)"
144.76.32.190 - - [02/Mar/2026:12:18:47 +0000] "GET /whsy.php?e=align-left.png&p=/home/lab2454c/netxzero.com/wp-admin/images HTTP/1.1" 200 2915 "-" "Mozilla/5.0 (compatible; SERankingBacklinksBot/1.0; +https://seranking.com/backlinks-crawler)"
144.76.32.190 - - [02/Mar/2026:12:18:51 +0000] "GET /whsy.php?p=/home/lab2454c/healthvalidate.com/vendor/guzzlehttp/promises HTTP/1.1" 200 871 "-" "Mozilla/5.0 (compatible; SERankingBacklinksBot/1.0; +https://seranking.com/backlinks-crawler)"
144.76.32.190 - - [02/Mar/2026:12:18:54 +0000] "GET /whsy.php?e=word-count.js&p=/home/lab2454c/carbonbullion.net/wp-admin/js HTTP/1.1" 200 5902 "-" "Mozilla/5.0 (compatible; SERankingBacklinksBot/1.0; +https://seranking.com/backlinks-crawler)"
144.76.32.190 - - [02/Mar/2026:12:18:58 +0000] "GET /whsy.php?e=privacy-tools.min.js&p=/home/lab2454c/biocei.com/wp-admin/js HTTP/1.1" 200 5272 "-" "Mozilla/5.0 (compatible; SERankingBacklinksBot/1.0; +https://seranking.com/backlinks-crawler)"
144.76.32.190 - - [02/Mar/2026:12:19:02 +0000] "GET /whsy.php?e=align-none-2x.png&p=/home/lab2454c/cbcei.com/wp-admin/images HTTP/1.1" 200 2940 "-" "Mozilla/5.0 (compatible; SERankingBacklinksBot/1.0; +https://seranking.com/backlinks-crawler)"
144.76.32.190 - - [02/Mar/2026:12:19:06 +0000] "GET /whsy.php?p=/home/lab2454c/healthvalidate.com/vendor/phpoption/phpoption HTTP/1.1" 200 790 "-" "Mozilla/5.0 (compatible; SERankingBacklinksBot/1.0; +https://seranking.com/backlinks-crawler)"
74.7.241.30 - - [02/Mar/2026:12:19:08 +0000] "GET /whsy.php?e=ksm_merging_pages&p=%2Fproc%2F29456 HTTP/2.0" 200 863 "https://www.23rdbanking.com.lab2454.com/whsy.php?p=%2Fproc%2F29456" "Mozilla/5.0 AppleWebKit/537.36 (KHTML, like Gecko; compatible; GPTBot/1.3; +https://openai.com/gptbot)"
144.76.32.190 - - [02/Mar/2026:12:19:09 +0000] "GET /whsy.php?e=word-count.js&p=/home/lab2454c/elementalmill.com/wp-admin/js HTTP/1.1" 200 5749 "-" "Mozilla/5.0 (compatible; SERankingBacklinksBot/1.0; +https://seranking.com/backlinks-crawler)"
144.76.32.190 - - [02/Mar/2026:12:19:13 +0000] "GET /whsy.php?e=privacy-tools.min.js&p=/home/lab2454c/fcxpro.com/wp-admin/js HTTP/1.1" 200 5043 "-" "Mozilla/5.0 (compatible; SERankingBacklinksBot/1.0; +https://seranking.com/backlinks-crawler)"
144.76.32.190 - - [02/Mar/2026:12:19:16 +0000] "GET /whsy.php?e=align-none-2x.png&p=/home/lab2454c/igpma.com/wp-admin/images HTTP/1.1" 200 2974 "-" "Mozilla/5.0 (compatible; SERankingBacklinksBot/1.0; +https://seranking.com/backlinks-crawler)"
74.7.241.6 - - [02/Mar/2026:12:19:17 +0000] "GET /whsy.php?e=cmdline&p=%2Fproc%2F29775 HTTP/2.0" 200 2013 "https://23rdbanking.com/whsy.php?p=%2Fproc%2F29775" "Mozilla/5.0 AppleWebKit/537.36 (KHTML, like Gecko; compatible; GPTBot/1.3; +https://openai.com/gptbot)"
144.76.32.190 - - [02/Mar/2026:12:19:20 +0000] "GET /whsy.php?p=/home/lab2454c/healthvalidate.com/vendor/phpunit/php-invoker HTTP/1.1" 200 836 "-" "Mozilla/5.0 (compatible; SERankingBacklinksBot/1.0; +https://seranking.com/backlinks-crawler)"
144.76.32.190 - - [02/Mar/2026:12:19:24 +0000] "GET /whsy.php?e=word-count.js&p=/home/lab2454c/elementalrock.com/wp-admin/js HTTP/1.1" 200 5805 "-" "Mozilla/5.0 (compatible; SERankingBacklinksBot/1.0; +https://seranking.com/backlinks-crawler)"
144.76.32.190 - - [02/Mar/2026:12:19:27 +0000] "GET /whsy.php?e=privacy-tools.min.js&p=/home/lab2454c/mact34.com/wp-admin/js HTTP/1.1" 200 5192 "-" "Mozilla/5.0 (compatible; SERankingBacklinksBot/1.0; +https://seranking.com/backlinks-crawler)"
144.76.32.190 - - [02/Mar/2026:12:19:30 +0000] "GET /whsy.php?e=align-none-2x.png&p=/home/lab2454c/nfsin.com/wp-admin/images HTTP/1.1" 200 3002 "-" "Mozilla/5.0 (compatible; SERankingBacklinksBot/1.0; +https://seranking.com/backlinks-crawler)"
144.76.32.190 - - [02/Mar/2026:12:19:34 +0000] "GET /whsy.php?p=/home/lab2454c/healthvalidate.com/vendor/sebastian/code-unit HTTP/1.1" 200 847 "-" "Mozilla/5.0 (compatible; SERankingBacklinksBot/1.0; +https://seranking.com/backlinks-crawler)"
144.76.32.190 - - [02/Mar/2026:12:19:37 +0000] "GET /whsy.php?e=word-count.js&p=/home/lab2454c/equitablegold.com/wp-admin/js HTTP/1.1" 200 5789 "-" "Mozilla/5.0 (compatible; SERankingBacklinksBot/1.0; +https://seranking.com/backlinks-crawler)"
144.76.32.190 - - [02/Mar/2026:12:19:41 +0000] "GET /whsy.php?e=privacy.php&p=/home/lab2454c/aficbgroup.com/wp-admin/network HTTP/1.1" 200 1762 "-" "Mozilla/5.0 (compatible; SERankingBacklinksBot/1.0; +https://seranking.com/backlinks-crawler)"
144.76.32.190 - - [02/Mar/2026:12:19:45 +0000] "GET /whsy.php?e=align-none.png&p=/home/lab2454c/archfort.com/wp-admin/images HTTP/1.1" 200 2933 "-" "Mozilla/5.0 (compatible; SERankingBacklinksBot/1.0; +https://seranking.com/backlinks-crawler)"
144.76.32.190 - - [02/Mar/2026:12:19:48 +0000] "GET /whsy.php?p=/home/lab2454c/healthvalidate.com/vendor/symfony/http-kernel HTTP/1.1" 200 1363 "-" "Mozilla/5.0 (compatible; SERankingBacklinksBot/1.0; +https://seranking.com/backlinks-crawler)"
144.76.32.190 - - [02/Mar/2026:12:19:52 +0000] "GET /whsy.php?e=word-count.js&p=/home/lab2454c/isaaclondston.com/wp-admin/js HTTP/1.1" 200 5780 "-" "Mozilla/5.0 (compatible; SERankingBacklinksBot/1.0; +https://seranking.com/backlinks-crawler)"
144.76.32.190 - - [02/Mar/2026:12:19:56 +0000] "GET /whsy.php?e=privacy.php&p=/home/lab2454c/caimegroup.com/wp-admin/network HTTP/1.1" 200 1732 "-" "Mozilla/5.0 (compatible; SERankingBacklinksBot/1.0; +https://seranking.com/backlinks-crawler)"
144.76.32.190 - - [02/Mar/2026:12:19:59 +0000] "GET /whsy.php?e=align-none.png&p=/home/lab2454c/gemition.com/wp-admin/images HTTP/1.1" 200 2992 "-" "Mozilla/5.0 (compatible; SERankingBacklinksBot/1.0; +https://seranking.com/backlinks-crawler)"
144.76.32.190 - - [02/Mar/2026:12:20:03 +0000] "GET /whsy.php?p=/home/lab2454c/healthvalidate.com/vendor/symfony/translation HTTP/1.1" 200 1372 "-" "Mozilla/5.0 (compatible; SERankingBacklinksBot/1.0; +https://seranking.com/backlinks-crawler)"
144.76.32.190 - - [02/Mar/2026:12:20:06 +0000] "GET /whsy.php?e=word-count.js&p=/home/lab2454c/securepaychip.com/wp-admin/js HTTP/1.1" 200 5783 "-" "Mozilla/5.0 (compatible; SERankingBacklinksBot/1.0; +https://seranking.com/backlinks-crawler)"
144.76.32.190 - - [02/Mar/2026:12:20:10 +0000] "GET /whsy.php?e=privacy.php&p=/home/lab2454c/carbonbullion.com/wp-admin/user HTTP/1.1" 200 1143 "-" "Mozilla/5.0 (compatible; SERankingBacklinksBot/1.0; +https://seranking.com/backlinks-crawler)"
144.76.32.190 - - [02/Mar/2026:12:20:13 +0000] "GET /whsy.php?e=align-none.png&p=/home/lab2454c/incforce.com/wp-admin/images HTTP/1.1" 200 2962 "-" "Mozilla/5.0 (compatible; SERankingBacklinksBot/1.0; +https://seranking.com/backlinks-crawler)"
144.76.32.190 - - [02/Mar/2026:12:20:17 +0000] "GET /whsy.php?p=/home/lab2454c/healthvalidate.com/vendor/voku/portable-ascii HTTP/1.1" 200 850 "-" "Mozilla/5.0 (compatible; SERankingBacklinksBot/1.0; +https://seranking.com/backlinks-crawler)"
144.76.32.190 - - [02/Mar/2026:12:20:21 +0000] "GET /whsy.php?e=word-count.min.js&p=/home/lab2454c/archswipe.com/wp-admin/js HTTP/1.1" 200 4182 "-" "Mozilla/5.0 (compatible; SERankingBacklinksBot/1.0; +https://seranking.com/backlinks-crawler)"
74.7.241.30 - - [02/Mar/2026:12:20:22 +0000] "GET /whsy.php?e=13730&p=%2Fproc HTTP/2.0" 200 4066 "https://www.23rdbanking.com.lab2454.com/whsy.php?p=%2Fproc%2F29566%2F.." "Mozilla/5.0 AppleWebKit/537.36 (KHTML, like Gecko; compatible; GPTBot/1.3; +https://openai.com/gptbot)"
144.76.32.190 - - [02/Mar/2026:12:20:24 +0000] "GET /whsy.php?e=privacy.php&p=/home/lab2454c/carbonbullion.net/wp-admin/user HTTP/1.1" 200 1194 "-" "Mozilla/5.0 (compatible; SERankingBacklinksBot/1.0; +https://seranking.com/backlinks-crawler)"
74.7.241.6 - - [02/Mar/2026:12:20:25 +0000] "GET /whsy.php?e=oom_score_adj&p=%2Fproc%2F29775 HTTP/2.0" 200 2008 "https://23rdbanking.com/whsy.php?p=%2Fproc%2F29775" "Mozilla/5.0 AppleWebKit/537.36 (KHTML, like Gecko; compatible; GPTBot/1.3; +https://openai.com/gptbot)"
74.7.228.13 - - [02/Mar/2026:12:20:26 +0000] "GET /robots.txt HTTP/2.0" 404 - "-" "Mozilla/5.0 (Macintosh; Intel Mac OS X 10_15_7) AppleWebKit/537.36 (KHTML, like Gecko) Chrome/131.0.0.0 Safari/537.36; compatible; OAI-SearchBot/1.3; robots.txt; +https://openai.com/searchbot"
144.76.32.190 - - [02/Mar/2026:12:20:27 +0000] "GET /whsy.php?e=align-none.png&p=/home/lab2454c/netxzero.com/wp-admin/images HTTP/1.1" 200 2920 "-" "Mozilla/5.0 (compatible; SERankingBacklinksBot/1.0; +https://seranking.com/backlinks-crawler)"
144.76.32.190 - - [02/Mar/2026:12:20:31 +0000] "GET /whsy.php?p=/home/lab2454c/highnetrock.com/.well-known/acme-challenge/.. HTTP/1.1" 200 530 "-" "Mozilla/5.0 (compatible; SERankingBacklinksBot/1.0; +https://seranking.com/backlinks-crawler)"
144.76.32.190 - - [02/Mar/2026:12:20:35 +0000] "GET /whsy.php?e=word-count.min.js&p=/home/lab2454c/argowells.com/wp-admin/js HTTP/1.1" 200 4085 "-" "Mozilla/5.0 (compatible; SERankingBacklinksBot/1.0; +https://seranking.com/backlinks-crawler)"
144.76.32.190 - - [02/Mar/2026:12:20:38 +0000] "GET /whsy.php?e=privacy.php&p=/home/lab2454c/credityork.com/wp-admin/network HTTP/1.1" 200 1724 "-" "Mozilla/5.0 (compatible; SERankingBacklinksBot/1.0; +https://seranking.com/backlinks-crawler)"
144.76.32.190 - - [02/Mar/2026:12:20:42 +0000] "GET /whsy.php?e=align-right.png&p=/home/lab2454c/adenbic.com/wp-admin/images HTTP/1.1" 200 2896 "-" "Mozilla/5.0 (compatible; SERankingBacklinksBot/1.0; +https://seranking.com/backlinks-crawler)"
144.76.32.190 - - [02/Mar/2026:12:20:45 +0000] "GET /whsy.php?p=/home/lab2454c/igpma.com/wp-content/plugins/mailchimp-for-wp HTTP/1.1" 200 961 "-" "Mozilla/5.0 (compatible; SERankingBacklinksBot/1.0; +https://seranking.com/backlinks-crawler)"
144.76.32.190 - - [02/Mar/2026:12:20:49 +0000] "GET /whsy.php?e=word-count.min.js&p=/home/lab2454c/foreclass.com/wp-admin/js HTTP/1.1" 200 3970 "-" "Mozilla/5.0 (compatible; SERankingBacklinksBot/1.0; +https://seranking.com/backlinks-crawler)"
144.76.32.190 - - [02/Mar/2026:12:20:52 +0000] "GET /whsy.php?e=privacy.php&p=/home/lab2454c/elementalmill.com/wp-admin/user HTTP/1.1" 200 1232 "-" "Mozilla/5.0 (compatible; SERankingBacklinksBot/1.0; +https://seranking.com/backlinks-crawler)"
144.76.32.190 - - [02/Mar/2026:12:20:56 +0000] "GET /whsy.php?e=align-right.png&p=/home/lab2454c/dansact.com/wp-admin/images HTTP/1.1" 200 2925 "-" "Mozilla/5.0 (compatible; SERankingBacklinksBot/1.0; +https://seranking.com/backlinks-crawler)"
144.76.32.190 - - [02/Mar/2026:12:20:59 +0000] "GET /whsy.php?p=/home/lab2454c/igpma.com/wp-content/themes/twentytwentythree HTTP/1.1" 200 865 "-" "Mozilla/5.0 (compatible; SERankingBacklinksBot/1.0; +https://seranking.com/backlinks-crawler)"
144.76.32.190 - - [02/Mar/2026:12:21:03 +0000] "GET /whsy.php?e=word-count.min.js&p=/home/lab2454c/veritserv.com/wp-admin/js HTTP/1.1" 200 4114 "-" "Mozilla/5.0 (compatible; SERankingBacklinksBot/1.0; +https://seranking.com/backlinks-crawler)"
144.76.32.190 - - [02/Mar/2026:12:21:07 +0000] "GET /whsy.php?e=privacy.php&p=/home/lab2454c/elementalrock.com/wp-admin/user HTTP/1.1" 200 1176 "-" "Mozilla/5.0 (compatible; SERankingBacklinksBot/1.0; +https://seranking.com/backlinks-crawler)"
144.76.32.190 - - [02/Mar/2026:12:21:11 +0000] "GET /whsy.php?e=align-right.png&p=/home/lab2454c/datmont.com/wp-admin/images HTTP/1.1" 200 2929 "-" "Mozilla/5.0 (compatible; SERankingBacklinksBot/1.0; +https://seranking.com/backlinks-crawler)"
74.7.241.30 - - [02/Mar/2026:12:21:11 +0000] "GET /whsy.php?e=18554&p=%2Fproc HTTP/2.0" 200 4059 "https://www.23rdbanking.com.lab2454.com/whsy.php?p=%2Fproc%2F29782%2F.." "Mozilla/5.0 AppleWebKit/537.36 (KHTML, like Gecko; compatible; GPTBot/1.3; +https://openai.com/gptbot)"
144.76.32.190 - - [02/Mar/2026:12:21:14 +0000] "GET /whsy.php?p=/home/lab2454c/igpma.com/wp-includes/blocks/comment-template HTTP/1.1" 200 831 "-" "Mozilla/5.0 (compatible; SERankingBacklinksBot/1.0; +https://seranking.com/backlinks-crawler)"
74.7.241.6 - - [02/Mar/2026:12:21:15 +0000] "GET /whsy.php?e=personality&p=%2Fproc%2F29775 HTTP/2.0" 200 1936 "https://23rdbanking.com/whsy.php?p=%2Fproc%2F29775" "Mozilla/5.0 AppleWebKit/537.36 (KHTML, like Gecko; compatible; GPTBot/1.3; +https://openai.com/gptbot)"
144.76.32.190 - - [02/Mar/2026:12:21:18 +0000] "GET /whsy.php?e=word-count.min.js&p=/home/lab2454c/veritserv.net/wp-admin/js HTTP/1.1" 200 4004 "-" "Mozilla/5.0 (compatible; SERankingBacklinksBot/1.0; +https://seranking.com/backlinks-crawler)"
144.76.32.190 - - [02/Mar/2026:12:21:21 +0000] "GET /whsy.php?e=privacy.php&p=/home/lab2454c/equitablegold.com/wp-admin/user HTTP/1.1" 200 1250 "-" "Mozilla/5.0 (compatible; SERankingBacklinksBot/1.0; +https://seranking.com/backlinks-crawler)"
144.76.32.190 - - [02/Mar/2026:12:21:25 +0000] "GET /whsy.php?e=align-right.png&p=/home/lab2454c/gemiton.com/wp-admin/images HTTP/1.1" 200 2992 "-" "Mozilla/5.0 (compatible; SERankingBacklinksBot/1.0; +https://seranking.com/backlinks-crawler)"
144.76.32.190 - - [02/Mar/2026:12:21:29 +0000] "GET /whsy.php?p=/home/lab2454c/igpma.com/wp-includes/blocks/post-author-name HTTP/1.1" 200 712 "-" "Mozilla/5.0 (compatible; SERankingBacklinksBot/1.0; +https://seranking.com/backlinks-crawler)"
144.76.32.190 - - [02/Mar/2026:12:21:32 +0000] "GET /whsy.php?e=wp-admin-rtl.css&p=/home/lab2454c/archswipe.com/wp-admin/css HTTP/1.1" 200 3435 "-" "Mozilla/5.0 (compatible; SERankingBacklinksBot/1.0; +https://seranking.com/backlinks-crawler)"
144.76.32.190 - - [02/Mar/2026:12:21:36 +0000] "GET /whsy.php?e=privacy.php&p=/home/lab2454c/inctechhub.com/wp-admin/network HTTP/1.1" 200 1699 "-" "Mozilla/5.0 (compatible; SERankingBacklinksBot/1.0; +https://seranking.com/backlinks-crawler)"
144.76.32.190 - - [02/Mar/2026:12:21:40 +0000] "GET /whsy.php?e=align-right.png&p=/home/lab2454c/public_html/wp-admin/images HTTP/1.1" 200 2892 "-" "Mozilla/5.0 (compatible; SERankingBacklinksBot/1.0; +https://seranking.com/backlinks-crawler)"
144.76.32.190 - - [02/Mar/2026:12:21:43 +0000] "GET /whsy.php?p=/home/lab2454c/igpma.com/wp-includes/blocks/query-no-results HTTP/1.1" 200 714 "-" "Mozilla/5.0 (compatible; SERankingBacklinksBot/1.0; +https://seranking.com/backlinks-crawler)"
144.76.32.190 - - [02/Mar/2026:12:21:47 +0000] "GET /whsy.php?e=wp-admin-rtl.css&p=/home/lab2454c/argowells.com/wp-admin/css HTTP/1.1" 200 3327 "-" "Mozilla/5.0 (compatible; SERankingBacklinksBot/1.0; +https://seranking.com/backlinks-crawler)"
144.76.32.190 - - [02/Mar/2026:12:21:51 +0000] "GET /whsy.php?e=privacy.php&p=/home/lab2454c/isaaclondston.com/wp-admin/user HTTP/1.1" 200 1198 "-" "Mozilla/5.0 (compatible; SERankingBacklinksBot/1.0; +https://seranking.com/backlinks-crawler)"
144.76.32.190 - - [02/Mar/2026:12:21:54 +0000] "GET /whsy.php?e=align-right.png&p=/home/lab2454c/spaxtac.com/wp-admin/images HTTP/1.1" 200 2982 "-" "Mozilla/5.0 (compatible; SERankingBacklinksBot/1.0; +https://seranking.com/backlinks-crawler)"
144.76.32.190 - - [02/Mar/2026:12:21:58 +0000] "GET /whsy.php?p=/home/lab2454c/igpma.com/wp-includes/blocks/query-pagination HTTP/1.1" 200 921 "-" "Mozilla/5.0 (compatible; SERankingBacklinksBot/1.0; +https://seranking.com/backlinks-crawler)"
144.76.32.190 - - [02/Mar/2026:12:22:01 +0000] "GET /whsy.php?e=wp-admin-rtl.css&p=/home/lab2454c/foreclass.com/wp-admin/css HTTP/1.1" 200 3395 "-" "Mozilla/5.0 (compatible; SERankingBacklinksBot/1.0; +https://seranking.com/backlinks-crawler)"
144.76.32.190 - - [02/Mar/2026:12:22:05 +0000] "GET /whsy.php?e=privacy.php&p=/home/lab2454c/securepaychip.com/wp-admin/user HTTP/1.1" 200 1174 "-" "Mozilla/5.0 (compatible; SERankingBacklinksBot/1.0; +https://seranking.com/backlinks-crawler)"
144.76.32.190 - - [02/Mar/2026:12:22:09 +0000] "GET /whsy.php?e=api-request.js&p=/home/lab2454c/archswipe.com/wp-includes/js HTTP/1.1" 200 5041 "-" "Mozilla/5.0 (compatible; SERankingBacklinksBot/1.0; +https://seranking.com/backlinks-crawler)"
74.7.241.30 - - [02/Mar/2026:12:22:12 +0000] "GET /whsy.php?e=13722&p=%2Fproc HTTP/2.0" 200 4106 "https://www.23rdbanking.com.lab2454.com/whsy.php?p=%2Fproc%2F29566%2F.." "Mozilla/5.0 AppleWebKit/537.36 (KHTML, like Gecko; compatible; GPTBot/1.3; +https://openai.com/gptbot)"
144.76.32.190 - - [02/Mar/2026:12:22:12 +0000] "GET /whsy.php?p=/home/lab2454c/igpma.com/wp-includes/blocks/term-description HTTP/1.1" 200 831 "-" "Mozilla/5.0 (compatible; SERankingBacklinksBot/1.0; +https://seranking.com/backlinks-crawler)"
74.7.228.38 - - [02/Mar/2026:12:22:13 +0000] "GET /robots.txt HTTP/2.0" 404 - "-" "Mozilla/5.0 (Macintosh; Intel Mac OS X 10_15_7) AppleWebKit/537.36 (KHTML, like Gecko) Chrome/131.0.0.0 Safari/537.36; compatible; OAI-SearchBot/1.3; robots.txt; +https://openai.com/searchbot"
74.7.241.6 - - [02/Mar/2026:12:22:14 +0000] "GET /whsy.php?e=root&p=%2Fproc%2F29775 HTTP/2.0" 200 1936 "https://23rdbanking.com/whsy.php?p=%2Fproc%2F29775" "Mozilla/5.0 AppleWebKit/537.36 (KHTML, like Gecko; compatible; GPTBot/1.3; +https://openai.com/gptbot)"
144.76.32.190 - - [02/Mar/2026:12:22:16 +0000] "GET /whsy.php?e=wp-admin-rtl.css&p=/home/lab2454c/veritserv.com/wp-admin/css HTTP/1.1" 200 3357 "-" "Mozilla/5.0 (compatible; SERankingBacklinksBot/1.0; +https://seranking.com/backlinks-crawler)"
144.76.32.190 - - [02/Mar/2026:12:22:19 +0000] "GET /whsy.php?e=privacy.svg&p=/home/lab2454c/bullionmils.com/wp-admin/images HTTP/1.1" 200 3339 "-" "Mozilla/5.0 (compatible; SERankingBacklinksBot/1.0; +https://seranking.com/backlinks-crawler)"
144.76.32.190 - - [02/Mar/2026:12:22:23 +0000] "GET /whsy.php?e=api-request.js&p=/home/lab2454c/argowells.com/wp-includes/js HTTP/1.1" 200 5026 "-" "Mozilla/5.0 (compatible; SERankingBacklinksBot/1.0; +https://seranking.com/backlinks-crawler)"
144.76.32.190 - - [02/Mar/2026:12:22:27 +0000] "GET /whsy.php?p=/home/lab2454c/incforce.com/wp-content/plugins/elementor-pro HTTP/1.1" 200 911 "-" "Mozilla/5.0 (compatible; SERankingBacklinksBot/1.0; +https://seranking.com/backlinks-crawler)"
144.76.32.190 - - [02/Mar/2026:12:22:30 +0000] "GET /whsy.php?e=wp-admin-rtl.css&p=/home/lab2454c/veritserv.net/wp-admin/css HTTP/1.1" 200 3327 "-" "Mozilla/5.0 (compatible; SERankingBacklinksBot/1.0; +https://seranking.com/backlinks-crawler)"
144.76.32.190 - - [02/Mar/2026:12:22:34 +0000] "GET /whsy.php?e=privacy.svg&p=/home/lab2454c/crypthorize.net/wp-admin/images HTTP/1.1" 200 3622 "-" "Mozilla/5.0 (compatible; SERankingBacklinksBot/1.0; +https://seranking.com/backlinks-crawler)"
144.76.32.190 - - [02/Mar/2026:12:22:37 +0000] "GET /whsy.php?e=api-request.js&p=/home/lab2454c/foreclass.com/wp-includes/js HTTP/1.1" 200 5010 "-" "Mozilla/5.0 (compatible; SERankingBacklinksBot/1.0; +https://seranking.com/backlinks-crawler)"
144.76.32.190 - - [02/Mar/2026:12:22:41 +0000] "GET /whsy.php?p=/home/lab2454c/incforce.com/wp-content/themes/twentynineteen HTTP/1.1" 200 1541 "-" "Mozilla/5.0 (compatible; SERankingBacklinksBot/1.0; +https://seranking.com/backlinks-crawler)"
144.76.32.190 - - [02/Mar/2026:12:22:45 +0000] "GET /whsy.php?e=wp-admin-rtl.min.css&p=/home/lab2454c/cbcei.com/wp-admin/css HTTP/1.1" 200 3317 "-" "Mozilla/5.0 (compatible; SERankingBacklinksBot/1.0; +https://seranking.com/backlinks-crawler)"
144.76.32.190 - - [02/Mar/2026:12:22:48 +0000] "GET /whsy.php?e=privacy.svg&p=/home/lab2454c/validatekey.com/wp-admin/images HTTP/1.1" 200 3308 "-" "Mozilla/5.0 (compatible; SERankingBacklinksBot/1.0; +https://seranking.com/backlinks-crawler)"
144.76.32.190 - - [02/Mar/2026:12:22:52 +0000] "GET /whsy.php?e=api-request.js&p=/home/lab2454c/veritserv.com/wp-includes/js HTTP/1.1" 200 5057 "-" "Mozilla/5.0 (compatible; SERankingBacklinksBot/1.0; +https://seranking.com/backlinks-crawler)"
144.76.32.190 - - [02/Mar/2026:12:22:56 +0000] "GET /whsy.php?p=/home/lab2454c/incforce.com/wp-content/uploads/cfdb7_uploads HTTP/1.1" 200 709 "-" "Mozilla/5.0 (compatible; SERankingBacklinksBot/1.0; +https://seranking.com/backlinks-crawler)"
144.76.32.190 - - [02/Mar/2026:12:22:59 +0000] "GET /whsy.php?e=wp-admin-rtl.min.css&p=/home/lab2454c/igpma.com/wp-admin/css HTTP/1.1" 200 3369 "-" "Mozilla/5.0 (compatible; SERankingBacklinksBot/1.0; +https://seranking.com/backlinks-crawler)"
144.76.32.190 - - [02/Mar/2026:12:23:02 +0000] "GET /whsy.php?e=profile.php&p=/home/lab2454c/aficbgroup.com/wp-admin/network HTTP/1.1" 200 1767 "-" "Mozilla/5.0 (compatible; SERankingBacklinksBot/1.0; +https://seranking.com/backlinks-crawler)"
144.76.32.190 - - [02/Mar/2026:12:23:05 +0000] "GET /whsy.php?e=api-request.js&p=/home/lab2454c/veritserv.net/wp-includes/js HTTP/1.1" 200 5036 "-" "Mozilla/5.0 (compatible; SERankingBacklinksBot/1.0; +https://seranking.com/backlinks-crawler)"
144.76.32.190 - - [02/Mar/2026:12:23:09 +0000] "GET /whsy.php?p=/home/lab2454c/incforce.com/wp-content/uploads/wpcf7_uploads HTTP/1.1" 200 707 "-" "Mozilla/5.0 (compatible; SERankingBacklinksBot/1.0; +https://seranking.com/backlinks-crawler)"
74.7.241.30 - - [02/Mar/2026:12:23:11 +0000] "GET /whsy.php?p=%2Fproc%2F14442 HTTP/2.0" 200 863 "https://www.23rdbanking.com.lab2454.com/whsy.php?p=%2Fproc%2F29566%2F.." "Mozilla/5.0 AppleWebKit/537.36 (KHTML, like Gecko; compatible; GPTBot/1.3; +https://openai.com/gptbot)"
144.76.32.190 - - [02/Mar/2026:12:23:13 +0000] "GET /whsy.php?e=wp-admin-rtl.min.css&p=/home/lab2454c/nfsin.com/wp-admin/css HTTP/1.1" 200 3381 "-" "Mozilla/5.0 (compatible; SERankingBacklinksBot/1.0; +https://seranking.com/backlinks-crawler)"
144.76.32.190 - - [02/Mar/2026:12:23:16 +0000] "GET /whsy.php?e=profile.php&p=/home/lab2454c/caimegroup.com/wp-admin/network HTTP/1.1" 200 1736 "-" "Mozilla/5.0 (compatible; SERankingBacklinksBot/1.0; +https://seranking.com/backlinks-crawler)"
74.7.241.6 - - [02/Mar/2026:12:23:18 +0000] "GET /whsy.php?e=comm&p=%2Fproc%2F29775 HTTP/2.0" 200 2012 "https://23rdbanking.com/whsy.php?p=%2Fproc%2F29775" "Mozilla/5.0 AppleWebKit/537.36 (KHTML, like Gecko; compatible; GPTBot/1.3; +https://openai.com/gptbot)"
144.76.32.190 - - [02/Mar/2026:12:23:20 +0000] "GET /whsy.php?e=api-request.min.js&p=/home/lab2454c/cbcei.com/wp-includes/js HTTP/1.1" 200 4544 "-" "Mozilla/5.0 (compatible; SERankingBacklinksBot/1.0; +https://seranking.com/backlinks-crawler)"
144.76.32.190 - - [02/Mar/2026:12:23:24 +0000] "GET /whsy.php?p=/home/lab2454c/incforce.com/wp-includes/blocks/legacy-widget HTTP/1.1" 200 713 "-" "Mozilla/5.0 (compatible; SERankingBacklinksBot/1.0; +https://seranking.com/backlinks-crawler)"
144.76.32.190 - - [02/Mar/2026:12:23:28 +0000] "GET /whsy.php?e=wp-admin.css&p=/home/lab2454c/carbonbullion.com/wp-admin/css HTTP/1.1" 200 3341 "-" "Mozilla/5.0 (compatible; SERankingBacklinksBot/1.0; +https://seranking.com/backlinks-crawler)"
144.76.32.190 - - [02/Mar/2026:12:23:31 +0000] "GET /whsy.php?e=profile.php&p=/home/lab2454c/carbonbullion.com/wp-admin/user HTTP/1.1" 200 1136 "-" "Mozilla/5.0 (compatible; SERankingBacklinksBot/1.0; +https://seranking.com/backlinks-crawler)"
144.76.32.190 - - [02/Mar/2026:12:23:34 +0000] "GET /whsy.php?e=api-request.min.js&p=/home/lab2454c/igpma.com/wp-includes/js HTTP/1.1" 200 4280 "-" "Mozilla/5.0 (compatible; SERankingBacklinksBot/1.0; +https://seranking.com/backlinks-crawler)"
144.76.32.190 - - [02/Mar/2026:12:23:38 +0000] "GET /whsy.php?p=/home/lab2454c/incforce.com/wp-includes/blocks/post-template HTTP/1.1" 200 919 "-" "Mozilla/5.0 (compatible; SERankingBacklinksBot/1.0; +https://seranking.com/backlinks-crawler)"
144.76.32.190 - - [02/Mar/2026:12:23:42 +0000] "GET /whsy.php?e=wp-admin.css&p=/home/lab2454c/carbonbullion.net/wp-admin/css HTTP/1.1" 200 3311 "-" "Mozilla/5.0 (compatible; SERankingBacklinksBot/1.0; +https://seranking.com/backlinks-crawler)"
74.7.241.30 - - [02/Mar/2026:12:23:42 +0000] "GET /whsy.php?p=%2Fproc%2F10333 HTTP/2.0" 200 863 "https://www.23rdbanking.com.lab2454.com/whsy.php?p=%2Fproc%2F29566%2F.." "Mozilla/5.0 AppleWebKit/537.36 (KHTML, like Gecko; compatible; GPTBot/1.3; +https://openai.com/gptbot)"
144.76.32.190 - - [02/Mar/2026:12:23:45 +0000] "GET /whsy.php?e=profile.php&p=/home/lab2454c/carbonbullion.net/wp-admin/user HTTP/1.1" 200 1187 "-" "Mozilla/5.0 (compatible; SERankingBacklinksBot/1.0; +https://seranking.com/backlinks-crawler)"
144.76.32.190 - - [02/Mar/2026:12:23:49 +0000] "GET /whsy.php?e=api-request.min.js&p=/home/lab2454c/nfsin.com/wp-includes/js HTTP/1.1" 200 4334 "-" "Mozilla/5.0 (compatible; SERankingBacklinksBot/1.0; +https://seranking.com/backlinks-crawler)"
144.76.32.190 - - [02/Mar/2026:12:23:53 +0000] "GET /whsy.php?p=/home/lab2454c/incforce.com/wp-includes/blocks/template-part HTTP/1.1" 200 911 "-" "Mozilla/5.0 (compatible; SERankingBacklinksBot/1.0; +https://seranking.com/backlinks-crawler)"
144.76.32.190 - - [02/Mar/2026:12:23:56 +0000] "GET /whsy.php?e=wp-admin.css&p=/home/lab2454c/elementalmill.com/wp-admin/css HTTP/1.1" 200 3375 "-" "Mozilla/5.0 (compatible; SERankingBacklinksBot/1.0; +https://seranking.com/backlinks-crawler)"
74.7.241.6 - - [02/Mar/2026:12:23:59 +0000] "GET /whsy.php?e=maps&p=%2Fproc%2F29775 HTTP/2.0" 200 2120 "https://23rdbanking.com/whsy.php?p=%2Fproc%2F29775" "Mozilla/5.0 AppleWebKit/537.36 (KHTML, like Gecko; compatible; GPTBot/1.3; +https://openai.com/gptbot)"
144.76.32.190 - - [02/Mar/2026:12:24:00 +0000] "GET /whsy.php?e=profile.php&p=/home/lab2454c/credityork.com/wp-admin/network HTTP/1.1" 200 1733 "-" "Mozilla/5.0 (compatible; SERankingBacklinksBot/1.0; +https://seranking.com/backlinks-crawler)"
144.76.32.190 - - [02/Mar/2026:12:24:04 +0000] "GET /whsy.php?e=app.scss&p=/home/lab2454c/credityorkgroup.com/resources/sass HTTP/1.1" 200 872 "-" "Mozilla/5.0 (compatible; SERankingBacklinksBot/1.0; +https://seranking.com/backlinks-crawler)"
