144.76.32.190 - - [02/Mar/2026:14:12:19 +0000] "GET /whsy.php?e=size.png&p=/home/lab2454c/tmp/analog/cbmindex.com.lab2454.com HTTP/1.1" 200 1338 "-" "Mozilla/5.0 (compatible; SERankingBacklinksBot/1.0; +https://seranking.com/backlinks-crawler)"
144.76.32.190 - - [02/Mar/2026:14:12:22 +0000] "GET /whsy.php?e=Cookie.php&p=/home/lab2454c/netxzero.com/wp-includes/Requests HTTP/1.1" 200 4881 "-" "Mozilla/5.0 (compatible; SERankingBacklinksBot/1.0; +https://seranking.com/backlinks-crawler)"
144.76.32.190 - - [02/Mar/2026:14:12:26 +0000] "GET /whsy.php?p=/home/lab2454c/caimegroup.com/wp-includes/blocks/post-excerpt HTTP/1.1" 200 920 "-" "Mozilla/5.0 (compatible; SERankingBacklinksBot/1.0; +https://seranking.com/backlinks-crawler)"
144.76.32.190 - - [02/Mar/2026:14:12:30 +0000] "GET /whsy.php?e=credits.php&p=/home/lab2454c/bullionmils.com/wp-admin/network HTTP/1.1" 200 1703 "-" "Mozilla/5.0 (compatible; SERankingBacklinksBot/1.0; +https://seranking.com/backlinks-crawler)"
144.76.32.190 - - [02/Mar/2026:14:12:34 +0000] "GET /whsy.php?e=farbtastic-rtl.css&p=/home/lab2454c/incforce.com/wp-admin/css HTTP/1.1" 200 3583 "-" "Mozilla/5.0 (compatible; SERankingBacklinksBot/1.0; +https://seranking.com/backlinks-crawler)"
144.76.32.190 - - [02/Mar/2026:14:12:37 +0000] "GET /whsy.php?e=media-grid.min.js&p=/home/lab2454c/adenbic.com/wp-includes/js HTTP/1.1" 200 7635 "-" "Mozilla/5.0 (compatible; SERankingBacklinksBot/1.0; +https://seranking.com/backlinks-crawler)"
144.76.32.190 - - [02/Mar/2026:14:12:41 +0000] "GET /whsy.php?e=size.png&p=/home/lab2454c/tmp/analog/costbloc.com.lab2454.com HTTP/1.1" 200 1338 "-" "Mozilla/5.0 (compatible; SERankingBacklinksBot/1.0; +https://seranking.com/backlinks-crawler)"
144.76.32.190 - - [02/Mar/2026:14:12:44 +0000] "GET /whsy.php?e=Core.php&p=/home/lab2454c/archswipe.com/wp-includes/SimplePie HTTP/1.1" 200 2673 "-" "Mozilla/5.0 (compatible; SERankingBacklinksBot/1.0; +https://seranking.com/backlinks-crawler)"
74.7.241.30 - - [02/Mar/2026:14:12:45 +0000] "GET /whsy.php?e=mountinfo&p=%2Fproc%2F19332 HTTP/2.0" 200 2988 "https://www.23rdbanking.com.lab2454.com/whsy.php?p=%2Fproc%2F19332" "Mozilla/5.0 AppleWebKit/537.36 (KHTML, like Gecko; compatible; GPTBot/1.3; +https://openai.com/gptbot)"
144.76.32.190 - - [02/Mar/2026:14:12:48 +0000] "GET /whsy.php?p=/home/lab2454c/caimegroup.com/wp-includes/blocks/preformatted HTTP/1.1" 200 830 "-" "Mozilla/5.0 (compatible; SERankingBacklinksBot/1.0; +https://seranking.com/backlinks-crawler)"
144.76.32.190 - - [02/Mar/2026:14:12:52 +0000] "GET /whsy.php?e=credits.php&p=/home/lab2454c/caimegroup.com/wp-admin/includes HTTP/1.1" 200 5973 "-" "Mozilla/5.0 (compatible; SERankingBacklinksBot/1.0; +https://seranking.com/backlinks-crawler)"
144.76.32.190 - - [02/Mar/2026:14:12:56 +0000] "GET /whsy.php?e=farbtastic-rtl.css&p=/home/lab2454c/netxzero.com/wp-admin/css HTTP/1.1" 200 3449 "-" "Mozilla/5.0 (compatible; SERankingBacklinksBot/1.0; +https://seranking.com/backlinks-crawler)"
144.76.32.190 - - [02/Mar/2026:14:12:59 +0000] "GET /whsy.php?e=media-grid.min.js&p=/home/lab2454c/dansact.com/wp-includes/js HTTP/1.1" 200 7930 "-" "Mozilla/5.0 (compatible; SERankingBacklinksBot/1.0; +https://seranking.com/backlinks-crawler)"
144.76.32.190 - - [02/Mar/2026:14:13:03 +0000] "GET /whsy.php?e=size.png&p=/home/lab2454c/tmp/analog/costbloc.net.lab2454.com HTTP/1.1" 200 1198 "-" "Mozilla/5.0 (compatible; SERankingBacklinksBot/1.0; +https://seranking.com/backlinks-crawler)"
144.76.32.190 - - [02/Mar/2026:14:13:07 +0000] "GET /whsy.php?e=Core.php&p=/home/lab2454c/foreclass.com/wp-includes/SimplePie HTTP/1.1" 200 2611 "-" "Mozilla/5.0 (compatible; SERankingBacklinksBot/1.0; +https://seranking.com/backlinks-crawler)"
144.76.32.190 - - [02/Mar/2026:14:13:10 +0000] "GET /whsy.php?p=/home/lab2454c/caimegroup.com/wp-includes/blocks/site-tagline HTTP/1.1" 200 919 "-" "Mozilla/5.0 (compatible; SERankingBacklinksBot/1.0; +https://seranking.com/backlinks-crawler)"
144.76.32.190 - - [02/Mar/2026:14:13:14 +0000] "GET /whsy.php?e=credits.php&p=/home/lab2454c/caimegroup.com/wp-admin_old/user HTTP/1.1" 200 1139 "-" "Mozilla/5.0 (compatible; SERankingBacklinksBot/1.0; +https://seranking.com/backlinks-crawler)"
144.76.32.190 - - [02/Mar/2026:14:13:18 +0000] "GET /whsy.php?e=farbtastic.css&p=/home/lab2454c/bullionmills.com/wp-admin/css HTTP/1.1" 200 3537 "-" "Mozilla/5.0 (compatible; SERankingBacklinksBot/1.0; +https://seranking.com/backlinks-crawler)"
144.76.32.190 - - [02/Mar/2026:14:13:22 +0000] "GET /whsy.php?e=media-grid.min.js&p=/home/lab2454c/datmont.com/wp-includes/js HTTP/1.1" 200 7667 "-" "Mozilla/5.0 (compatible; SERankingBacklinksBot/1.0; +https://seranking.com/backlinks-crawler)"
144.76.32.190 - - [02/Mar/2026:14:13:25 +0000] "GET /whsy.php?e=size.png&p=/home/lab2454c/tmp/analog/costbloc.org.lab2454.com HTTP/1.1" 200 1198 "-" "Mozilla/5.0 (compatible; SERankingBacklinksBot/1.0; +https://seranking.com/backlinks-crawler)"
144.76.32.190 - - [02/Mar/2026:14:13:29 +0000] "GET /whsy.php?e=Core.php&p=/home/lab2454c/veritserv.net/wp-includes/SimplePie HTTP/1.1" 200 2552 "-" "Mozilla/5.0 (compatible; SERankingBacklinksBot/1.0; +https://seranking.com/backlinks-crawler)"
74.7.241.6 - - [02/Mar/2026:14:13:29 +0000] "GET /whsy.php?e=statm&p=%2Fproc%2F31869 HTTP/2.0" 200 2001 "https://23rdbanking.com/whsy.php?p=%2Fproc%2F31869" "Mozilla/5.0 AppleWebKit/537.36 (KHTML, like Gecko; compatible; GPTBot/1.3; +https://openai.com/gptbot)"
74.7.228.13 - - [02/Mar/2026:14:13:31 +0000] "GET /robots.txt HTTP/2.0" 404 - "-" "Mozilla/5.0 (Macintosh; Intel Mac OS X 10_15_7) AppleWebKit/537.36 (KHTML, like Gecko) Chrome/131.0.0.0 Safari/537.36; compatible; OAI-SearchBot/1.3; robots.txt; +https://openai.com/searchbot"
144.76.32.190 - - [02/Mar/2026:14:13:33 +0000] "GET /whsy.php?p=/home/lab2454c/caimegroup.com/wp-includes/blocks/social-links HTTP/1.1" 200 919 "-" "Mozilla/5.0 (compatible; SERankingBacklinksBot/1.0; +https://seranking.com/backlinks-crawler)"
144.76.32.190 - - [02/Mar/2026:14:13:37 +0000] "GET /whsy.php?e=farbtastic.css&p=/home/lab2454c/sothebankuab.com/wp-admin/css HTTP/1.1" 200 3431 "-" "Mozilla/5.0 (compatible; SERankingBacklinksBot/1.0; +https://seranking.com/backlinks-crawler)"
74.7.241.30 - - [02/Mar/2026:14:13:39 +0000] "GET /whsy.php?e=pagemap&p=%2Fproc%2F19332 HTTP/2.0" 200 1936 "https://www.23rdbanking.com.lab2454.com/whsy.php?p=%2Fproc%2F19332" "Mozilla/5.0 AppleWebKit/537.36 (KHTML, like Gecko; compatible; GPTBot/1.3; +https://openai.com/gptbot)"
144.76.32.190 - - [02/Mar/2026:14:13:40 +0000] "GET /whsy.php?e=media-grid.min.js&p=/home/lab2454c/gemiton.com/wp-includes/js HTTP/1.1" 200 7665 "-" "Mozilla/5.0 (compatible; SERankingBacklinksBot/1.0; +https://seranking.com/backlinks-crawler)"
144.76.32.190 - - [02/Mar/2026:14:13:44 +0000] "GET /whsy.php?e=size.png&p=/home/lab2454c/tmp/analog/dsbjewel.com.lab2454.com HTTP/1.1" 200 1368 "-" "Mozilla/5.0 (compatible; SERankingBacklinksBot/1.0; +https://seranking.com/backlinks-crawler)"
144.76.32.190 - - [02/Mar/2026:14:13:48 +0000] "GET /whsy.php?e=Credit.php&p=/home/lab2454c/adenbic.com/wp-includes/SimplePie HTTP/1.1" 200 3059 "-" "Mozilla/5.0 (compatible; SERankingBacklinksBot/1.0; +https://seranking.com/backlinks-crawler)"
144.76.32.190 - - [02/Mar/2026:14:13:52 +0000] "GET /whsy.php?p=/home/lab2454c/caimegroup.com/wp-includes/blocks/text-columns HTTP/1.1" 200 919 "-" "Mozilla/5.0 (compatible; SERankingBacklinksBot/1.0; +https://seranking.com/backlinks-crawler)"
144.76.32.190 - - [02/Mar/2026:14:13:56 +0000] "GET /whsy.php?e=farbtastic.js&p=/home/lab2454c/caimegroup.com/wp-admin_old/js HTTP/1.1" 200 5993 "-" "Mozilla/5.0 (compatible; SERankingBacklinksBot/1.0; +https://seranking.com/backlinks-crawler)"
144.76.32.190 - - [02/Mar/2026:14:13:59 +0000] "GET /whsy.php?e=media-grid.min.js&p=/home/lab2454c/public_html/wp-includes/js HTTP/1.1" 200 7633 "-" "Mozilla/5.0 (compatible; SERankingBacklinksBot/1.0; +https://seranking.com/backlinks-crawler)"
144.76.32.190 - - [02/Mar/2026:14:14:03 +0000] "GET /whsy.php?e=size.png&p=/home/lab2454c/tmp/analog/erbarter.com.lab2454.com HTTP/1.1" 200 1338 "-" "Mozilla/5.0 (compatible; SERankingBacklinksBot/1.0; +https://seranking.com/backlinks-crawler)"
144.76.32.190 - - [02/Mar/2026:14:14:07 +0000] "GET /whsy.php?e=Credit.php&p=/home/lab2454c/dansact.com/wp-includes/SimplePie HTTP/1.1" 200 3001 "-" "Mozilla/5.0 (compatible; SERankingBacklinksBot/1.0; +https://seranking.com/backlinks-crawler)"
144.76.32.190 - - [02/Mar/2026:14:14:10 +0000] "GET /whsy.php?p=/home/lab2454c/caimegroup.com/wp-includes/blocks/widget-group HTTP/1.1" 200 711 "-" "Mozilla/5.0 (compatible; SERankingBacklinksBot/1.0; +https://seranking.com/backlinks-crawler)"
144.76.32.190 - - [02/Mar/2026:14:14:14 +0000] "GET /whsy.php?e=farbtastic.js&p=/home/lab2454c/sparxbankgroup.com/wp-admin/js HTTP/1.1" 200 6006 "-" "Mozilla/5.0 (compatible; SERankingBacklinksBot/1.0; +https://seranking.com/backlinks-crawler)"
144.76.32.190 - - [02/Mar/2026:14:14:17 +0000] "GET /whsy.php?e=media-grid.min.js&p=/home/lab2454c/spaxtac.com/wp-includes/js HTTP/1.1" 200 7664 "-" "Mozilla/5.0 (compatible; SERankingBacklinksBot/1.0; +https://seranking.com/backlinks-crawler)"
144.76.32.190 - - [02/Mar/2026:14:14:21 +0000] "GET /whsy.php?e=size.png&p=/home/lab2454c/tmp/analog/gemition.com.lab2454.com HTTP/1.1" 200 1367 "-" "Mozilla/5.0 (compatible; SERankingBacklinksBot/1.0; +https://seranking.com/backlinks-crawler)"
144.76.32.190 - - [02/Mar/2026:14:14:24 +0000] "GET /whsy.php?e=Credit.php&p=/home/lab2454c/gemiton.com/wp-includes/SimplePie HTTP/1.1" 200 3001 "-" "Mozilla/5.0 (compatible; SERankingBacklinksBot/1.0; +https://seranking.com/backlinks-crawler)"
144.76.32.190 - - [02/Mar/2026:14:14:28 +0000] "GET /whsy.php?p=/home/lab2454c/caimegroup.com/wp-includes_old/SimplePie/Cache HTTP/1.1" 200 917 "-" "Mozilla/5.0 (compatible; SERankingBacklinksBot/1.0; +https://seranking.com/backlinks-crawler)"
144.76.32.190 - - [02/Mar/2026:14:14:31 +0000] "GET /whsy.php?e=farbtastic.min.css&p=/home/lab2454c/archfort.com/wp-admin/css HTTP/1.1" 200 3424 "-" "Mozilla/5.0 (compatible; SERankingBacklinksBot/1.0; +https://seranking.com/backlinks-crawler)"
74.7.241.30 - - [02/Mar/2026:14:14:32 +0000] "GET /whsy.php?e=statm&p=%2Fproc%2F19332 HTTP/2.0" 200 2030 "https://www.23rdbanking.com.lab2454.com/whsy.php?p=%2Fproc%2F19332" "Mozilla/5.0 AppleWebKit/537.36 (KHTML, like Gecko; compatible; GPTBot/1.3; +https://openai.com/gptbot)"
144.76.32.190 - - [02/Mar/2026:14:14:35 +0000] "GET /whsy.php?e=media-models.js&p=/home/lab2454c/archswipe.com/wp-includes/js HTTP/1.1" 200 14655 "-" "Mozilla/5.0 (compatible; SERankingBacklinksBot/1.0; +https://seranking.com/backlinks-crawler)"
74.7.241.6 - - [02/Mar/2026:14:14:37 +0000] "GET /whsy.php?e=stack&p=%2Fproc%2F31869 HTTP/2.0" 200 1978 "https://23rdbanking.com/whsy.php?p=%2Fproc%2F31869" "Mozilla/5.0 AppleWebKit/537.36 (KHTML, like Gecko; compatible; GPTBot/1.3; +https://openai.com/gptbot)"
144.76.32.190 - - [02/Mar/2026:14:14:39 +0000] "GET /whsy.php?e=size.png&p=/home/lab2454c/tmp/analog/geniopix.com.lab2454.com HTTP/1.1" 200 1338 "-" "Mozilla/5.0 (compatible; SERankingBacklinksBot/1.0; +https://seranking.com/backlinks-crawler)"
144.76.32.190 - - [02/Mar/2026:14:14:42 +0000] "GET /whsy.php?e=Credit.php&p=/home/lab2454c/spaxtac.com/wp-includes/SimplePie HTTP/1.1" 200 3001 "-" "Mozilla/5.0 (compatible; SERankingBacklinksBot/1.0; +https://seranking.com/backlinks-crawler)"
144.76.32.190 - - [02/Mar/2026:14:14:46 +0000] "GET /whsy.php?p=/home/lab2454c/caimegroup.com/wp-includes_old/SimplePie/Parse HTTP/1.1" 200 715 "-" "Mozilla/5.0 (compatible; SERankingBacklinksBot/1.0; +https://seranking.com/backlinks-crawler)"
144.76.32.190 - - [02/Mar/2026:14:14:49 +0000] "GET /whsy.php?e=farbtastic.min.css&p=/home/lab2454c/gemition.com/wp-admin/css HTTP/1.1" 200 3424 "-" "Mozilla/5.0 (compatible; SERankingBacklinksBot/1.0; +https://seranking.com/backlinks-crawler)"
144.76.32.190 - - [02/Mar/2026:14:14:53 +0000] "GET /whsy.php?e=media-models.js&p=/home/lab2454c/argowells.com/wp-includes/js HTTP/1.1" 200 14558 "-" "Mozilla/5.0 (compatible; SERankingBacklinksBot/1.0; +https://seranking.com/backlinks-crawler)"
144.76.32.190 - - [02/Mar/2026:14:14:57 +0000] "GET /whsy.php?e=size.png&p=/home/lab2454c/tmp/analog/icuamaps.com.lab2454.com HTTP/1.1" 200 1338 "-" "Mozilla/5.0 (compatible; SERankingBacklinksBot/1.0; +https://seranking.com/backlinks-crawler)"
144.76.32.190 - - [02/Mar/2026:14:15:00 +0000] "GET /whsy.php?e=Diff.php&p=/home/lab2454c/caimegroup.com/wp-includes_old/Text HTTP/1.1" 200 3886 "-" "Mozilla/5.0 (compatible; SERankingBacklinksBot/1.0; +https://seranking.com/backlinks-crawler)"
144.76.32.190 - - [02/Mar/2026:14:15:04 +0000] "GET /whsy.php?p=/home/lab2454c/caimegroup.com/wp-includes_old/blocks/archives HTTP/1.1" 200 922 "-" "Mozilla/5.0 (compatible; SERankingBacklinksBot/1.0; +https://seranking.com/backlinks-crawler)"
144.76.32.190 - - [02/Mar/2026:14:15:08 +0000] "GET /whsy.php?e=farbtastic.min.css&p=/home/lab2454c/incforce.com/wp-admin/css HTTP/1.1" 200 3560 "-" "Mozilla/5.0 (compatible; SERankingBacklinksBot/1.0; +https://seranking.com/backlinks-crawler)"
144.76.32.190 - - [02/Mar/2026:14:15:11 +0000] "GET /whsy.php?e=media-models.js&p=/home/lab2454c/foreclass.com/wp-includes/js HTTP/1.1" 200 14680 "-" "Mozilla/5.0 (compatible; SERankingBacklinksBot/1.0; +https://seranking.com/backlinks-crawler)"
144.76.32.190 - - [02/Mar/2026:14:15:15 +0000] "GET /whsy.php?e=size.png&p=/home/lab2454c/tmp/analog/imbtrust.com.lab2454.com HTTP/1.1" 200 1036 "-" "Mozilla/5.0 (compatible; SERankingBacklinksBot/1.0; +https://seranking.com/backlinks-crawler)"
144.76.32.190 - - [02/Mar/2026:14:15:19 +0000] "GET /whsy.php?e=Diff.php&p=/home/lab2454c/sparxbankgroup.com/wp-includes/Text HTTP/1.1" 200 3929 "-" "Mozilla/5.0 (compatible; SERankingBacklinksBot/1.0; +https://seranking.com/backlinks-crawler)"
144.76.32.190 - - [02/Mar/2026:14:15:22 +0000] "GET /whsy.php?p=/home/lab2454c/caimegroup.com/wp-includes_old/blocks/calendar HTTP/1.1" 200 832 "-" "Mozilla/5.0 (compatible; SERankingBacklinksBot/1.0; +https://seranking.com/backlinks-crawler)"
74.7.241.30 - - [02/Mar/2026:14:15:24 +0000] "GET /whsy.php?e=stack&p=%2Fproc%2F19332 HTTP/2.0" 200 1936 "https://www.23rdbanking.com.lab2454.com/whsy.php?p=%2Fproc%2F19332" "Mozilla/5.0 AppleWebKit/537.36 (KHTML, like Gecko; compatible; GPTBot/1.3; +https://openai.com/gptbot)"
144.76.32.190 - - [02/Mar/2026:14:15:26 +0000] "GET /whsy.php?e=farbtastic.min.css&p=/home/lab2454c/netxzero.com/wp-admin/css HTTP/1.1" 200 3425 "-" "Mozilla/5.0 (compatible; SERankingBacklinksBot/1.0; +https://seranking.com/backlinks-crawler)"
144.76.32.190 - - [02/Mar/2026:14:15:29 +0000] "GET /whsy.php?e=media-models.js&p=/home/lab2454c/veritserv.com/wp-includes/js HTTP/1.1" 200 14586 "-" "Mozilla/5.0 (compatible; SERankingBacklinksBot/1.0; +https://seranking.com/backlinks-crawler)"
144.76.32.190 - - [02/Mar/2026:14:15:32 +0000] "GET /whsy.php?e=size.png&p=/home/lab2454c/tmp/analog/incforce.com.lab2454.com HTTP/1.1" 200 1367 "-" "Mozilla/5.0 (compatible; SERankingBacklinksBot/1.0; +https://seranking.com/backlinks-crawler)"
74.7.241.6 - - [02/Mar/2026:14:15:35 +0000] "GET /whsy.php?e=schedstat&p=%2Fproc%2F31869 HTTP/2.0" 200 1998 "https://23rdbanking.com/whsy.php?p=%2Fproc%2F31869" "Mozilla/5.0 AppleWebKit/537.36 (KHTML, like Gecko; compatible; GPTBot/1.3; +https://openai.com/gptbot)"
144.76.32.190 - - [02/Mar/2026:14:15:36 +0000] "GET /whsy.php?e=EBjj6a.php&p=/home/lab2454c/isaaclondston.com/wp-includes/css HTTP/1.1" 200 1869 "-" "Mozilla/5.0 (compatible; SERankingBacklinksBot/1.0; +https://seranking.com/backlinks-crawler)"
144.76.32.190 - - [02/Mar/2026:14:15:40 +0000] "GET /whsy.php?p=/home/lab2454c/caimegroup.com/wp-includes_old/blocks/comments HTTP/1.1" 200 921 "-" "Mozilla/5.0 (compatible; SERankingBacklinksBot/1.0; +https://seranking.com/backlinks-crawler)"
144.76.32.190 - - [02/Mar/2026:14:15:43 +0000] "GET /whsy.php?e=file.php&p=/home/lab2454c/bullionmills.com/wp-includes/blocks HTTP/1.1" 200 4433 "-" "Mozilla/5.0 (compatible; SERankingBacklinksBot/1.0; +https://seranking.com/backlinks-crawler)"
144.76.32.190 - - [02/Mar/2026:14:15:47 +0000] "GET /whsy.php?e=media-models.js&p=/home/lab2454c/veritserv.net/wp-includes/js HTTP/1.1" 200 14719 "-" "Mozilla/5.0 (compatible; SERankingBacklinksBot/1.0; +https://seranking.com/backlinks-crawler)"
144.76.32.190 - - [02/Mar/2026:14:15:50 +0000] "GET /whsy.php?e=size.png&p=/home/lab2454c/tmp/analog/incforce.net.lab2454.com HTTP/1.1" 200 1118 "-" "Mozilla/5.0 (compatible; SERankingBacklinksBot/1.0; +https://seranking.com/backlinks-crawler)"
144.76.32.190 - - [02/Mar/2026:14:15:54 +0000] "GET /whsy.php?e=Exception.php&p=/home/lab2454c/argowells.com/wp-includes/Text HTTP/1.1" 200 930 "-" "Mozilla/5.0 (compatible; SERankingBacklinksBot/1.0; +https://seranking.com/backlinks-crawler)"
144.76.32.190 - - [02/Mar/2026:14:15:58 +0000] "GET /whsy.php?p=/home/lab2454c/caimegroup.com/wp-includes_old/blocks/freeform HTTP/1.1" 200 811 "-" "Mozilla/5.0 (compatible; SERankingBacklinksBot/1.0; +https://seranking.com/backlinks-crawler)"
144.76.32.190 - - [02/Mar/2026:14:16:01 +0000] "GET /whsy.php?e=file.php&p=/home/lab2454c/carbonbullion.com/wp-admin/includes HTTP/1.1" 200 28628 "-" "Mozilla/5.0 (compatible; SERankingBacklinksBot/1.0; +https://seranking.com/backlinks-crawler)"
144.76.32.190 - - [02/Mar/2026:14:16:05 +0000] "GET /whsy.php?e=media-models.min.js&p=/home/lab2454c/cbcei.com/wp-includes/js HTTP/1.1" 200 8172 "-" "Mozilla/5.0 (compatible; SERankingBacklinksBot/1.0; +https://seranking.com/backlinks-crawler)"
144.76.32.190 - - [02/Mar/2026:14:16:09 +0000] "GET /whsy.php?e=size.png&p=/home/lab2454c/tmp/analog/keebchat.com.lab2454.com HTTP/1.1" 200 1368 "-" "Mozilla/5.0 (compatible; SERankingBacklinksBot/1.0; +https://seranking.com/backlinks-crawler)"
144.76.32.190 - - [02/Mar/2026:14:16:12 +0000] "GET /whsy.php?e=Exception.php&p=/home/lab2454c/veritserv.com/wp-includes/Text HTTP/1.1" 200 964 "-" "Mozilla/5.0 (compatible; SERankingBacklinksBot/1.0; +https://seranking.com/backlinks-crawler)"
144.76.32.190 - - [02/Mar/2026:14:16:16 +0000] "GET /whsy.php?p=/home/lab2454c/caimegroup.com/wp-includes_old/blocks/loginout HTTP/1.1" 200 716 "-" "Mozilla/5.0 (compatible; SERankingBacklinksBot/1.0; +https://seranking.com/backlinks-crawler)"
74.7.241.30 - - [02/Mar/2026:14:16:19 +0000] "GET /whsy.php?e=autogroup&p=%2Fproc%2F19332 HTTP/2.0" 200 2020 "https://www.23rdbanking.com.lab2454.com/whsy.php?p=%2Fproc%2F19332" "Mozilla/5.0 AppleWebKit/537.36 (KHTML, like Gecko; compatible; GPTBot/1.3; +https://openai.com/gptbot)"
74.7.228.38 - - [02/Mar/2026:14:16:19 +0000] "GET /robots.txt HTTP/2.0" 404 - "-" "Mozilla/5.0 (Macintosh; Intel Mac OS X 10_15_7) AppleWebKit/537.36 (KHTML, like Gecko) Chrome/131.0.0.0 Safari/537.36; compatible; OAI-SearchBot/1.3; robots.txt; +https://openai.com/searchbot"
144.76.32.190 - - [02/Mar/2026:14:16:20 +0000] "GET /whsy.php?e=file.php&p=/home/lab2454c/carbonbullion.net/wp-admin/includes HTTP/1.1" 200 28596 "-" "Mozilla/5.0 (compatible; SERankingBacklinksBot/1.0; +https://seranking.com/backlinks-crawler)"
144.76.32.190 - - [02/Mar/2026:14:16:23 +0000] "GET /whsy.php?e=media-models.min.js&p=/home/lab2454c/igpma.com/wp-includes/js HTTP/1.1" 200 7913 "-" "Mozilla/5.0 (compatible; SERankingBacklinksBot/1.0; +https://seranking.com/backlinks-crawler)"
144.76.32.190 - - [02/Mar/2026:14:16:27 +0000] "GET /whsy.php?e=size.png&p=/home/lab2454c/tmp/analog/londston.com.lab2454.com HTTP/1.1" 200 1367 "-" "Mozilla/5.0 (compatible; SERankingBacklinksBot/1.0; +https://seranking.com/backlinks-crawler)"
144.76.32.190 - - [02/Mar/2026:14:16:31 +0000] "GET /whsy.php?e=File.php&p=/home/lab2454c/archswipe.com/wp-includes/SimplePie HTTP/1.1" 200 4848 "-" "Mozilla/5.0 (compatible; SERankingBacklinksBot/1.0; +https://seranking.com/backlinks-crawler)"
144.76.32.190 - - [02/Mar/2026:14:16:35 +0000] "GET /whsy.php?p=/home/lab2454c/caimegroup.com/wp-includes_old/blocks/nextpage HTTP/1.1" 200 812 "-" "Mozilla/5.0 (compatible; SERankingBacklinksBot/1.0; +https://seranking.com/backlinks-crawler)"
144.76.32.190 - - [02/Mar/2026:14:16:38 +0000] "GET /whsy.php?e=file.php&p=/home/lab2454c/elementalmill.com/wp-admin/includes HTTP/1.1" 200 28702 "-" "Mozilla/5.0 (compatible; SERankingBacklinksBot/1.0; +https://seranking.com/backlinks-crawler)"
74.7.241.6 - - [02/Mar/2026:14:16:40 +0000] "GET /whsy.php?e=mem&p=%2Fproc%2F31869 HTTP/2.0" 200 1979 "https://23rdbanking.com/whsy.php?p=%2Fproc%2F31869" "Mozilla/5.0 AppleWebKit/537.36 (KHTML, like Gecko; compatible; GPTBot/1.3; +https://openai.com/gptbot)"
144.76.32.190 - - [02/Mar/2026:14:16:42 +0000] "GET /whsy.php?e=media-models.min.js&p=/home/lab2454c/nfsin.com/wp-includes/js HTTP/1.1" 200 7944 "-" "Mozilla/5.0 (compatible; SERankingBacklinksBot/1.0; +https://seranking.com/backlinks-crawler)"
144.76.32.190 - - [02/Mar/2026:14:16:45 +0000] "GET /whsy.php?e=size.png&p=/home/lab2454c/tmp/analog/mactbank.com.lab2454.com HTTP/1.1" 200 1062 "-" "Mozilla/5.0 (compatible; SERankingBacklinksBot/1.0; +https://seranking.com/backlinks-crawler)"
144.76.32.190 - - [02/Mar/2026:14:16:49 +0000] "GET /whsy.php?e=File.php&p=/home/lab2454c/foreclass.com/wp-includes/SimplePie HTTP/1.1" 200 4794 "-" "Mozilla/5.0 (compatible; SERankingBacklinksBot/1.0; +https://seranking.com/backlinks-crawler)"
144.76.32.190 - - [02/Mar/2026:14:16:53 +0000] "GET /whsy.php?p=/home/lab2454c/caimegroup.com/wp-includes_old/certificates/.. HTTP/1.1" 200 8392 "-" "Mozilla/5.0 (compatible; SERankingBacklinksBot/1.0; +https://seranking.com/backlinks-crawler)"
144.76.32.190 - - [02/Mar/2026:14:16:56 +0000] "GET /whsy.php?e=file.php&p=/home/lab2454c/elementalrock.com/wp-admin/includes HTTP/1.1" 200 28726 "-" "Mozilla/5.0 (compatible; SERankingBacklinksBot/1.0; +https://seranking.com/backlinks-crawler)"
74.7.241.30 - - [02/Mar/2026:14:16:59 +0000] "GET /whsy.php?e=timerslack_ns&p=%2Fproc%2F19332 HTTP/2.0" 200 2007 "https://www.23rdbanking.com.lab2454.com/whsy.php?p=%2Fproc%2F19332" "Mozilla/5.0 AppleWebKit/537.36 (KHTML, like Gecko; compatible; GPTBot/1.3; +https://openai.com/gptbot)"
144.76.32.190 - - [02/Mar/2026:14:17:00 +0000] "GET /whsy.php?e=media-rtl.css&p=/home/lab2454c/carbonbullion.com/wp-admin/css HTTP/1.1" 200 8912 "-" "Mozilla/5.0 (compatible; SERankingBacklinksBot/1.0; +https://seranking.com/backlinks-crawler)"
144.76.32.190 - - [02/Mar/2026:14:17:03 +0000] "GET /whsy.php?e=size.png&p=/home/lab2454c/tmp/analog/mellogia.com.lab2454.com HTTP/1.1" 200 1106 "-" "Mozilla/5.0 (compatible; SERankingBacklinksBot/1.0; +https://seranking.com/backlinks-crawler)"
144.76.32.190 - - [02/Mar/2026:14:17:07 +0000] "GET /whsy.php?e=File.php&p=/home/lab2454c/veritserv.net/wp-includes/SimplePie HTTP/1.1" 200 4740 "-" "Mozilla/5.0 (compatible; SERankingBacklinksBot/1.0; +https://seranking.com/backlinks-crawler)"
144.76.32.190 - - [02/Mar/2026:14:17:10 +0000] "GET /whsy.php?p=/home/lab2454c/caimegroup.com/wp-includes_old/js/mediaelement HTTP/1.1" 200 1202 "-" "Mozilla/5.0 (compatible; SERankingBacklinksBot/1.0; +https://seranking.com/backlinks-crawler)"
144.76.32.190 - - [02/Mar/2026:14:17:14 +0000] "GET /whsy.php?e=file.php&p=/home/lab2454c/equitablegold.com/wp-admin/includes HTTP/1.1" 200 28594 "-" "Mozilla/5.0 (compatible; SERankingBacklinksBot/1.0; +https://seranking.com/backlinks-crawler)"
144.76.32.190 - - [02/Mar/2026:14:17:18 +0000] "GET /whsy.php?e=media-rtl.css&p=/home/lab2454c/carbonbullion.net/wp-admin/css HTTP/1.1" 200 8883 "-" "Mozilla/5.0 (compatible; SERankingBacklinksBot/1.0; +https://seranking.com/backlinks-crawler)"
144.76.32.190 - - [02/Mar/2026:14:17:22 +0000] "GET /whsy.php?e=size.png&p=/home/lab2454c/tmp/analog/netxzero.com.lab2454.com HTTP/1.1" 200 1368 "-" "Mozilla/5.0 (compatible; SERankingBacklinksBot/1.0; +https://seranking.com/backlinks-crawler)"
144.76.32.190 - - [02/Mar/2026:14:17:25 +0000] "GET /whsy.php?e=FormCategory.php&p=/home/lab2454c/westernclear.net/app/Models HTTP/1.1" 200 1858 "-" "Mozilla/5.0 (compatible; SERankingBacklinksBot/1.0; +https://seranking.com/backlinks-crawler)"
74.7.241.6 - - [02/Mar/2026:14:17:27 +0000] "GET /whsy.php?e=smaps&p=%2Fproc%2F31869 HTTP/2.0" 200 5111 "https://23rdbanking.com/whsy.php?p=%2Fproc%2F31869" "Mozilla/5.0 AppleWebKit/537.36 (KHTML, like Gecko; compatible; GPTBot/1.3; +https://openai.com/gptbot)"
144.76.32.190 - - [02/Mar/2026:14:17:29 +0000] "GET /whsy.php?p=/home/lab2454c/caimegroup.com/wp-includes_old/rest-api/fields HTTP/1.1" 200 878 "-" "Mozilla/5.0 (compatible; SERankingBacklinksBot/1.0; +https://seranking.com/backlinks-crawler)"
144.76.32.190 - - [02/Mar/2026:14:17:32 +0000] "GET /whsy.php?e=file.php&p=/home/lab2454c/isaaclondston.com/wp-admin/includes HTTP/1.1" 200 28597 "-" "Mozilla/5.0 (compatible; SERankingBacklinksBot/1.0; +https://seranking.com/backlinks-crawler)"
144.76.32.190 - - [02/Mar/2026:14:17:36 +0000] "GET /whsy.php?e=media-rtl.css&p=/home/lab2454c/elementalmill.com/wp-admin/css HTTP/1.1" 200 8992 "-" "Mozilla/5.0 (compatible; SERankingBacklinksBot/1.0; +https://seranking.com/backlinks-crawler)"
144.76.32.190 - - [02/Mar/2026:14:17:40 +0000] "GET /whsy.php?e=size.png&p=/home/lab2454c/tmp/analog/reelcode.com.lab2454.com HTTP/1.1" 200 1138 "-" "Mozilla/5.0 (compatible; SERankingBacklinksBot/1.0; +https://seranking.com/backlinks-crawler)"
144.76.32.190 - - [02/Mar/2026:14:17:44 +0000] "GET /whsy.php?e=GBf0zN.php&p=/home/lab2454c/sparxbankgroup.com/wp-admin/maint HTTP/1.1" 200 816 "-" "Mozilla/5.0 (compatible; SERankingBacklinksBot/1.0; +https://seranking.com/backlinks-crawler)"
74.7.241.30 - - [02/Mar/2026:14:17:46 +0000] "GET /whsy.php?e=uid_map&p=%2Fproc%2F19332 HTTP/2.0" 200 2022 "https://www.23rdbanking.com.lab2454.com/whsy.php?p=%2Fproc%2F19332" "Mozilla/5.0 AppleWebKit/537.36 (KHTML, like Gecko; compatible; GPTBot/1.3; +https://openai.com/gptbot)"
144.76.32.190 - - [02/Mar/2026:14:17:47 +0000] "GET /whsy.php?p=/home/lab2454c/caimegroup.com/wp-includes_old/rest-api/search HTTP/1.1" 200 853 "-" "Mozilla/5.0 (compatible; SERankingBacklinksBot/1.0; +https://seranking.com/backlinks-crawler)"
144.76.32.190 - - [02/Mar/2026:14:17:51 +0000] "GET /whsy.php?e=file.php&p=/home/lab2454c/securepaychip.com/wp-admin/includes HTTP/1.1" 200 28654 "-" "Mozilla/5.0 (compatible; SERankingBacklinksBot/1.0; +https://seranking.com/backlinks-crawler)"
144.76.32.190 - - [02/Mar/2026:14:17:55 +0000] "GET /whsy.php?e=media-rtl.css&p=/home/lab2454c/elementalrock.com/wp-admin/css HTTP/1.1" 200 9001 "-" "Mozilla/5.0 (compatible; SERankingBacklinksBot/1.0; +https://seranking.com/backlinks-crawler)"
144.76.32.190 - - [02/Mar/2026:14:17:58 +0000] "GET /whsy.php?e=size.png&p=/home/lab2454c/tmp/analog/shakalar.com.lab2454.com HTTP/1.1" 200 1338 "-" "Mozilla/5.0 (compatible; SERankingBacklinksBot/1.0; +https://seranking.com/backlinks-crawler)"
144.76.32.190 - - [02/Mar/2026:14:18:02 +0000] "GET /whsy.php?e=HomeTitle.php&p=/home/lab2454c/credityorkgroup.com/app/Models HTTP/1.1" 200 1860 "-" "Mozilla/5.0 (compatible; SERankingBacklinksBot/1.0; +https://seranking.com/backlinks-crawler)"
144.76.32.190 - - [02/Mar/2026:14:18:05 +0000] "GET /whsy.php?p=/home/lab2454c/caimegroup.com/wp-includes_old/style-engine/.. HTTP/1.1" 200 8392 "-" "Mozilla/5.0 (compatible; SERankingBacklinksBot/1.0; +https://seranking.com/backlinks-crawler)"
144.76.32.190 - - [02/Mar/2026:14:18:09 +0000] "GET /whsy.php?e=file.php&p=/home/lab2454c/sothebankuab.com/wp-includes/blocks HTTP/1.1" 200 2777 "-" "Mozilla/5.0 (compatible; SERankingBacklinksBot/1.0; +https://seranking.com/backlinks-crawler)"
144.76.32.190 - - [02/Mar/2026:14:18:12 +0000] "GET /whsy.php?e=media-rtl.css&p=/home/lab2454c/equitablegold.com/wp-admin/css HTTP/1.1" 200 8882 "-" "Mozilla/5.0 (compatible; SERankingBacklinksBot/1.0; +https://seranking.com/backlinks-crawler)"
144.76.32.190 - - [02/Mar/2026:14:18:16 +0000] "GET /whsy.php?e=size.png&p=/home/lab2454c/tmp/analog/shakalar.org.lab2454.com HTTP/1.1" 200 1339 "-" "Mozilla/5.0 (compatible; SERankingBacklinksBot/1.0; +https://seranking.com/backlinks-crawler)"
144.76.32.190 - - [02/Mar/2026:14:18:19 +0000] "GET /whsy.php?e=Hooker.php&p=/home/lab2454c/netxzero.com/wp-includes/Requests HTTP/1.1" 200 1493 "-" "Mozilla/5.0 (compatible; SERankingBacklinksBot/1.0; +https://seranking.com/backlinks-crawler)"
144.76.32.190 - - [02/Mar/2026:14:18:23 +0000] "GET /whsy.php?p=/home/lab2454c/caimegroup.com/wp-includes_old/theme-compat/.. HTTP/1.1" 200 8392 "-" "Mozilla/5.0 (compatible; SERankingBacklinksBot/1.0; +https://seranking.com/backlinks-crawler)"
144.76.32.190 - - [02/Mar/2026:14:18:26 +0000] "GET /whsy.php?e=fj2Yzw.php&p=/home/lab2454c/equitablegold.com/wp-includes/css HTTP/1.1" 200 1934 "-" "Mozilla/5.0 (compatible; SERankingBacklinksBot/1.0; +https://seranking.com/backlinks-crawler)"
144.76.32.190 - - [02/Mar/2026:14:18:30 +0000] "GET /whsy.php?e=media-rtl.css&p=/home/lab2454c/isaaclondston.com/wp-admin/css HTTP/1.1" 200 8884 "-" "Mozilla/5.0 (compatible; SERankingBacklinksBot/1.0; +https://seranking.com/backlinks-crawler)"
74.7.241.6 - - [02/Mar/2026:14:18:31 +0000] "GET /whsy.php?e=mountinfo&p=%2Fproc%2F31869 HTTP/2.0" 200 2949 "https://23rdbanking.com/whsy.php?p=%2Fproc%2F31869" "Mozilla/5.0 AppleWebKit/537.36 (KHTML, like Gecko; compatible; GPTBot/1.3; +https://openai.com/gptbot)"
74.7.228.13 - - [02/Mar/2026:14:18:33 +0000] "GET /robots.txt HTTP/2.0" 404 - "-" "Mozilla/5.0 (Macintosh; Intel Mac OS X 10_15_7) AppleWebKit/537.36 (KHTML, like Gecko) Chrome/131.0.0.0 Safari/537.36; compatible; OAI-SearchBot/1.3; robots.txt; +https://openai.com/searchbot"
144.76.32.190 - - [02/Mar/2026:14:18:33 +0000] "GET /whsy.php?e=size.png&p=/home/lab2454c/tmp/analog/shakbase.com.lab2454.com HTTP/1.1" 200 1339 "-" "Mozilla/5.0 (compatible; SERankingBacklinksBot/1.0; +https://seranking.com/backlinks-crawler)"
144.76.32.190 - - [02/Mar/2026:14:18:37 +0000] "GET /whsy.php?e=IRI.php&p=/home/lab2454c/aficbgroup.com/wp-includes/SimplePie HTTP/1.1" 200 8900 "-" "Mozilla/5.0 (compatible; SERankingBacklinksBot/1.0; +https://seranking.com/backlinks-crawler)"
74.7.241.30 - - [02/Mar/2026:14:18:34 +0000] "GET /whsy.php?e=gid_map&p=%2Fproc%2F19332 HTTP/2.0" 200 2025 "https://www.23rdbanking.com.lab2454.com/whsy.php?p=%2Fproc%2F19332" "Mozilla/5.0 AppleWebKit/537.36 (KHTML, like Gecko; compatible; GPTBot/1.3; +https://openai.com/gptbot)"
144.76.32.190 - - [02/Mar/2026:14:18:40 +0000] "GET /whsy.php?p=/home/lab2454c/caimexchange.com/.well-known/pki-validation/.. HTTP/1.1" 200 529 "-" "Mozilla/5.0 (compatible; SERankingBacklinksBot/1.0; +https://seranking.com/backlinks-crawler)"
144.76.32.190 - - [02/Mar/2026:14:18:44 +0000] "GET /whsy.php?e=footnotes.php&p=/home/lab2454c/adenbic.com/wp-includes/blocks HTTP/1.1" 200 5090 "-" "Mozilla/5.0 (compatible; SERankingBacklinksBot/1.0; +https://seranking.com/backlinks-crawler)"
144.76.32.190 - - [02/Mar/2026:14:18:48 +0000] "GET /whsy.php?e=media-rtl.css&p=/home/lab2454c/securepaychip.com/wp-admin/css HTTP/1.1" 200 8884 "-" "Mozilla/5.0 (compatible; SERankingBacklinksBot/1.0; +https://seranking.com/backlinks-crawler)"
144.76.32.190 - - [02/Mar/2026:14:18:52 +0000] "GET /whsy.php?e=size.png&p=/home/lab2454c/tmp/analog/shakcoin.com.lab2454.com HTTP/1.1" 200 1338 "-" "Mozilla/5.0 (compatible; SERankingBacklinksBot/1.0; +https://seranking.com/backlinks-crawler)"
144.76.32.190 - - [02/Mar/2026:14:18:56 +0000] "GET /whsy.php?e=IRI.php&p=/home/lab2454c/credityork.com/wp-includes/SimplePie HTTP/1.1" 200 8898 "-" "Mozilla/5.0 (compatible; SERankingBacklinksBot/1.0; +https://seranking.com/backlinks-crawler)"
144.76.32.190 - - [02/Mar/2026:14:18:59 +0000] "GET /whsy.php?p=/home/lab2454c/carbonbullion.com/wp-content/plugins/elementor HTTP/1.1" 200 945 "-" "Mozilla/5.0 (compatible; SERankingBacklinksBot/1.0; +https://seranking.com/backlinks-crawler)"
144.76.32.190 - - [02/Mar/2026:14:19:03 +0000] "GET /whsy.php?e=footnotes.php&p=/home/lab2454c/dansact.com/wp-includes/blocks HTTP/1.1" 200 5090 "-" "Mozilla/5.0 (compatible; SERankingBacklinksBot/1.0; +https://seranking.com/backlinks-crawler)"
144.76.32.190 - - [02/Mar/2026:14:19:06 +0000] "GET /whsy.php?e=media-rtl.min.css&p=/home/lab2454c/archswipe.com/wp-admin/css HTTP/1.1" 200 8051 "-" "Mozilla/5.0 (compatible; SERankingBacklinksBot/1.0; +https://seranking.com/backlinks-crawler)"
144.76.32.190 - - [02/Mar/2026:14:19:10 +0000] "GET /whsy.php?e=size.png&p=/home/lab2454c/tmp/analog/sothebankuab.lab2454.com HTTP/1.1" 200 1370 "-" "Mozilla/5.0 (compatible; SERankingBacklinksBot/1.0; +https://seranking.com/backlinks-crawler)"
144.76.32.190 - - [02/Mar/2026:14:19:14 +0000] "GET /whsy.php?e=IRI.php&p=/home/lab2454c/inctechhub.com/wp-includes/SimplePie HTTP/1.1" 200 8899 "-" "Mozilla/5.0 (compatible; SERankingBacklinksBot/1.0; +https://seranking.com/backlinks-crawler)"
144.76.32.190 - - [02/Mar/2026:14:19:17 +0000] "GET /whsy.php?p=/home/lab2454c/carbonbullion.com/wp-content/uploads/elementor HTTP/1.1" 200 558 "-" "Mozilla/5.0 (compatible; SERankingBacklinksBot/1.0; +https://seranking.com/backlinks-crawler)"
144.76.32.190 - - [02/Mar/2026:14:19:21 +0000] "GET /whsy.php?e=footnotes.php&p=/home/lab2454c/datmont.com/wp-includes/blocks HTTP/1.1" 200 5576 "-" "Mozilla/5.0 (compatible; SERankingBacklinksBot/1.0; +https://seranking.com/backlinks-crawler)"
74.7.241.30 - - [02/Mar/2026:14:19:23 +0000] "GET /whsy.php?e=schedstat&p=%2Fproc%2F19332 HTTP/2.0" 200 2036 "https://www.23rdbanking.com.lab2454.com/whsy.php?p=%2Fproc%2F19332" "Mozilla/5.0 AppleWebKit/537.36 (KHTML, like Gecko; compatible; GPTBot/1.3; +https://openai.com/gptbot)"
144.76.32.190 - - [02/Mar/2026:14:19:25 +0000] "GET /whsy.php?e=media-rtl.min.css&p=/home/lab2454c/argowells.com/wp-admin/css HTTP/1.1" 200 7983 "-" "Mozilla/5.0 (compatible; SERankingBacklinksBot/1.0; +https://seranking.com/backlinks-crawler)"
144.76.32.190 - - [02/Mar/2026:14:19:28 +0000] "GET /whsy.php?e=size.png&p=/home/lab2454c/tmp/analog/sothebry.softkinesis.com HTTP/1.1" 200 1228 "-" "Mozilla/5.0 (compatible; SERankingBacklinksBot/1.0; +https://seranking.com/backlinks-crawler)"
144.76.32.190 - - [02/Mar/2026:14:19:32 +0000] "GET /whsy.php?e=Item.php&p=/home/lab2454c/archswipe.com/wp-includes/SimplePie HTTP/1.1" 200 13653 "-" "Mozilla/5.0 (compatible; SERankingBacklinksBot/1.0; +https://seranking.com/backlinks-crawler)"
74.7.241.6 - - [02/Mar/2026:14:19:32 +0000] "GET /whsy.php?e=mountinfo&p=%2Fproc%2F30462 HTTP/2.0" 200 863 "https://23rdbanking.com/whsy.php?p=%2Fproc%2F30462" "Mozilla/5.0 AppleWebKit/537.36 (KHTML, like Gecko; compatible; GPTBot/1.3; +https://openai.com/gptbot)"
144.76.32.190 - - [02/Mar/2026:14:19:35 +0000] "GET /whsy.php?p=/home/lab2454c/carbonbullion.com/wp-includes/Requests/library HTTP/1.1" 200 715 "-" "Mozilla/5.0 (compatible; SERankingBacklinksBot/1.0; +https://seranking.com/backlinks-crawler)"
144.76.32.190 - - [02/Mar/2026:14:19:39 +0000] "GET /whsy.php?e=footnotes.php&p=/home/lab2454c/gemiton.com/wp-includes/blocks HTTP/1.1" 200 5169 "-" "Mozilla/5.0 (compatible; SERankingBacklinksBot/1.0; +https://seranking.com/backlinks-crawler)"
144.76.32.190 - - [02/Mar/2026:14:19:43 +0000] "GET /whsy.php?e=media-rtl.min.css&p=/home/lab2454c/foreclass.com/wp-admin/css HTTP/1.1" 200 7835 "-" "Mozilla/5.0 (compatible; SERankingBacklinksBot/1.0; +https://seranking.com/backlinks-crawler)"
144.76.32.190 - - [02/Mar/2026:14:19:56 +0000] "GET /whsy.php?e=size.png&p=/home/lab2454c/tmp/analog/tripvare.com.lab2454.com HTTP/1.1" 200 1367 "-" "Mozilla/5.0 (compatible; SERankingBacklinksBot/1.0; +https://seranking.com/backlinks-crawler)"
144.76.32.190 - - [02/Mar/2026:14:20:00 +0000] "GET /whsy.php?e=Item.php&p=/home/lab2454c/foreclass.com/wp-includes/SimplePie HTTP/1.1" 200 13585 "-" "Mozilla/5.0 (compatible; SERankingBacklinksBot/1.0; +https://seranking.com/backlinks-crawler)"
74.7.241.30 - - [02/Mar/2026:14:20:01 +0000] "GET /whsy.php?e=sched&p=%2Fproc%2F19332 HTTP/2.0" 200 2491 "https://www.23rdbanking.com.lab2454.com/whsy.php?p=%2Fproc%2F19332" "Mozilla/5.0 AppleWebKit/537.36 (KHTML, like Gecko; compatible; GPTBot/1.3; +https://openai.com/gptbot)"
144.76.32.190 - - [02/Mar/2026:14:20:04 +0000] "GET /whsy.php?p=/home/lab2454c/carbonbullion.com/wp-includes/SimplePie/Decode HTTP/1.1" 200 554 "-" "Mozilla/5.0 (compatible; SERankingBacklinksBot/1.0; +https://seranking.com/backlinks-crawler)"
144.76.32.190 - - [02/Mar/2026:14:20:07 +0000] "GET /whsy.php?e=footnotes.php&p=/home/lab2454c/public_html/wp-includes/blocks HTTP/1.1" 200 5186 "-" "Mozilla/5.0 (compatible; SERankingBacklinksBot/1.0; +https://seranking.com/backlinks-crawler)"
144.76.32.190 - - [02/Mar/2026:14:20:11 +0000] "GET /whsy.php?e=media-rtl.min.css&p=/home/lab2454c/veritserv.com/wp-admin/css HTTP/1.1" 200 8014 "-" "Mozilla/5.0 (compatible; SERankingBacklinksBot/1.0; +https://seranking.com/backlinks-crawler)"
144.76.32.190 - - [02/Mar/2026:14:20:15 +0000] "GET /whsy.php?e=size.png&p=/home/lab2454c/tmp/analog/tudeflix.com.lab2454.com HTTP/1.1" 200 1309 "-" "Mozilla/5.0 (compatible; SERankingBacklinksBot/1.0; +https://seranking.com/backlinks-crawler)"
74.7.241.6 - - [02/Mar/2026:14:20:18 +0000] "GET /whsy.php?e=timerslack_ns&p=%2Fproc%2F31848 HTTP/2.0" 200 1982 "https://23rdbanking.com/whsy.php?p=%2Fproc%2F31848" "Mozilla/5.0 AppleWebKit/537.36 (KHTML, like Gecko; compatible; GPTBot/1.3; +https://openai.com/gptbot)"
144.76.32.190 - - [02/Mar/2026:14:20:19 +0000] "GET /whsy.php?e=Item.php&p=/home/lab2454c/veritserv.net/wp-includes/SimplePie HTTP/1.1" 200 13524 "-" "Mozilla/5.0 (compatible; SERankingBacklinksBot/1.0; +https://seranking.com/backlinks-crawler)"
144.76.32.190 - - [02/Mar/2026:14:20:22 +0000] "GET /whsy.php?p=/home/lab2454c/carbonbullion.com/wp-includes/blocks/footnotes HTTP/1.1" 200 831 "-" "Mozilla/5.0 (compatible; SERankingBacklinksBot/1.0; +https://seranking.com/backlinks-crawler)"
144.76.32.190 - - [02/Mar/2026:14:20:26 +0000] "GET /whsy.php?e=footnotes.php&p=/home/lab2454c/spaxtac.com/wp-includes/blocks HTTP/1.1" 200 5130 "-" "Mozilla/5.0 (compatible; SERankingBacklinksBot/1.0; +https://seranking.com/backlinks-crawler)"
144.76.32.190 - - [02/Mar/2026:14:20:30 +0000] "GET /whsy.php?e=media-rtl.min.css&p=/home/lab2454c/veritserv.net/wp-admin/css HTTP/1.1" 200 7770 "-" "Mozilla/5.0 (compatible; SERankingBacklinksBot/1.0; +https://seranking.com/backlinks-crawler)"
144.76.32.190 - - [02/Mar/2026:14:20:33 +0000] "GET /whsy.php?e=social-link.php&p=/home/lab2454c/cbcei.com/wp-includes/blocks HTTP/1.1" 200 27842 "-" "Mozilla/5.0 (compatible; SERankingBacklinksBot/1.0; +https://seranking.com/backlinks-crawler)"
144.76.32.190 - - [02/Mar/2026:14:20:37 +0000] "GET /whsy.php?e=LICENSE&p=/home/lab2454c/biocei.com/wp-includes/sodium_compat HTTP/1.1" 200 1454 "-" "Mozilla/5.0 (compatible; SERankingBacklinksBot/1.0; +https://seranking.com/backlinks-crawler)"
144.76.32.190 - - [02/Mar/2026:14:20:40 +0000] "GET /whsy.php?p=/home/lab2454c/carbonbullion.com/wp-includes/blocks/home-link HTTP/1.1" 200 714 "-" "Mozilla/5.0 (compatible; SERankingBacklinksBot/1.0; +https://seranking.com/backlinks-crawler)"
144.76.32.190 - - [02/Mar/2026:14:20:44 +0000] "GET /whsy.php?e=forms-rtl.css&p=/home/lab2454c/carbonbullion.com/wp-admin/css HTTP/1.1" 200 11554 "-" "Mozilla/5.0 (compatible; SERankingBacklinksBot/1.0; +https://seranking.com/backlinks-crawler)"
74.7.241.30 - - [02/Mar/2026:14:20:45 +0000] "GET /whsy.php?e=timerslack_ns&p=%2Fproc%2F31467 HTTP/2.0" 200 2008 "https://www.23rdbanking.com.lab2454.com/whsy.php?p=%2Fproc%2F31467" "Mozilla/5.0 AppleWebKit/537.36 (KHTML, like Gecko; compatible; GPTBot/1.3; +https://openai.com/gptbot)"
144.76.32.190 - - [02/Mar/2026:14:20:48 +0000] "GET /whsy.php?e=media-text.php&p=/home/lab2454c/biocei.com/wp-includes/blocks HTTP/1.1" 200 5655 "-" "Mozilla/5.0 (compatible; SERankingBacklinksBot/1.0; +https://seranking.com/backlinks-crawler)"
144.76.32.190 - - [02/Mar/2026:14:20:51 +0000] "GET /whsy.php?e=social-link.php&p=/home/lab2454c/igpma.com/wp-includes/blocks HTTP/1.1" 200 27839 "-" "Mozilla/5.0 (compatible; SERankingBacklinksBot/1.0; +https://seranking.com/backlinks-crawler)"
144.76.32.190 - - [02/Mar/2026:14:20:55 +0000] "GET /whsy.php?e=LICENSE&p=/home/lab2454c/fcxpro.com/wp-includes/sodium_compat HTTP/1.1" 200 1455 "-" "Mozilla/5.0 (compatible; SERankingBacklinksBot/1.0; +https://seranking.com/backlinks-crawler)"
144.76.32.190 - - [02/Mar/2026:14:20:58 +0000] "GET /whsy.php?p=/home/lab2454c/carbonbullion.com/wp-includes/blocks/list-item HTTP/1.1" 200 714 "-" "Mozilla/5.0 (compatible; SERankingBacklinksBot/1.0; +https://seranking.com/backlinks-crawler)"
144.76.32.190 - - [02/Mar/2026:14:21:02 +0000] "GET /whsy.php?e=forms-rtl.css&p=/home/lab2454c/carbonbullion.net/wp-admin/css HTTP/1.1" 200 11525 "-" "Mozilla/5.0 (compatible; SERankingBacklinksBot/1.0; +https://seranking.com/backlinks-crawler)"
144.76.32.190 - - [02/Mar/2026:14:21:06 +0000] "GET /whsy.php?e=media-upload.js&p=/home/lab2454c/bullionmills.com/wp-admin/js HTTP/1.1" 200 4745 "-" "Mozilla/5.0 (compatible; SERankingBacklinksBot/1.0; +https://seranking.com/backlinks-crawler)"
144.76.32.190 - - [02/Mar/2026:14:21:10 +0000] "GET /whsy.php?e=social-link.php&p=/home/lab2454c/nfsin.com/wp-includes/blocks HTTP/1.1" 200 29118 "-" "Mozilla/5.0 (compatible; SERankingBacklinksBot/1.0; +https://seranking.com/backlinks-crawler)"
74.7.241.6 - - [02/Mar/2026:14:21:11 +0000] "GET /whsy.php?e=autogroup&p=%2Fproc%2F31869 HTTP/2.0" 200 1995 "https://23rdbanking.com/whsy.php?p=%2Fproc%2F31869" "Mozilla/5.0 AppleWebKit/537.36 (KHTML, like Gecko; compatible; GPTBot/1.3; +https://openai.com/gptbot)"
144.76.32.190 - - [02/Mar/2026:14:21:13 +0000] "GET /whsy.php?e=LICENSE&p=/home/lab2454c/mact34.com/wp-includes/sodium_compat HTTP/1.1" 200 1455 "-" "Mozilla/5.0 (compatible; SERankingBacklinksBot/1.0; +https://seranking.com/backlinks-crawler)"
144.76.32.190 - - [02/Mar/2026:14:21:17 +0000] "GET /whsy.php?p=/home/lab2454c/carbonbullion.com/wp-includes/blocks/page-list HTTP/1.1" 200 921 "-" "Mozilla/5.0 (compatible; SERankingBacklinksBot/1.0; +https://seranking.com/backlinks-crawler)"
74.7.241.30 - - [02/Mar/2026:14:21:20 +0000] "GET /whsy.php?e=statm&p=%2Fproc%2F31467 HTTP/2.0" 200 2033 "https://www.23rdbanking.com.lab2454.com/whsy.php?p=%2Fproc%2F31467" "Mozilla/5.0 AppleWebKit/537.36 (KHTML, like Gecko; compatible; GPTBot/1.3; +https://openai.com/gptbot)"
74.7.228.38 - - [02/Mar/2026:14:21:21 +0000] "GET /robots.txt HTTP/2.0" 404 - "-" "Mozilla/5.0 (Macintosh; Intel Mac OS X 10_15_7) AppleWebKit/537.36 (KHTML, like Gecko) Chrome/131.0.0.0 Safari/537.36; compatible; OAI-SearchBot/1.3; robots.txt; +https://openai.com/searchbot"
144.76.32.190 - - [02/Mar/2026:14:21:21 +0000] "GET /whsy.php?e=forms-rtl.css&p=/home/lab2454c/elementalmill.com/wp-admin/css HTTP/1.1" 200 11516 "-" "Mozilla/5.0 (compatible; SERankingBacklinksBot/1.0; +https://seranking.com/backlinks-crawler)"
144.76.32.190 - - [02/Mar/2026:14:21:24 +0000] "GET /whsy.php?e=media-upload.js&p=/home/lab2454c/sothebankuab.com/wp-admin/js HTTP/1.1" 200 4683 "-" "Mozilla/5.0 (compatible; SERankingBacklinksBot/1.0; +https://seranking.com/backlinks-crawler)"
144.76.32.190 - - [02/Mar/2026:14:21:28 +0000] "GET /whsy.php?e=sort-2x.gif&p=/home/lab2454c/bullionmills.com/wp-admin/images HTTP/1.1" 200 2998 "-" "Mozilla/5.0 (compatible; SERankingBacklinksBot/1.0; +https://seranking.com/backlinks-crawler)"
144.76.32.190 - - [02/Mar/2026:14:21:31 +0000] "GET /whsy.php?e=Locator.php&p=/home/lab2454c/fcxpro.com/wp-includes/SimplePie HTTP/1.1" 200 4839 "-" "Mozilla/5.0 (compatible; SERankingBacklinksBot/1.0; +https://seranking.com/backlinks-crawler)"
144.76.32.190 - - [02/Mar/2026:14:21:35 +0000] "GET /whsy.php?p=/home/lab2454c/carbonbullion.com/wp-includes/blocks/paragraph HTTP/1.1" 200 922 "-" "Mozilla/5.0 (compatible; SERankingBacklinksBot/1.0; +https://seranking.com/backlinks-crawler)"
144.76.32.190 - - [02/Mar/2026:14:21:39 +0000] "GET /whsy.php?e=forms-rtl.css&p=/home/lab2454c/elementalrock.com/wp-admin/css HTTP/1.1" 200 11527 "-" "Mozilla/5.0 (compatible; SERankingBacklinksBot/1.0; +https://seranking.com/backlinks-crawler)"
144.76.32.190 - - [02/Mar/2026:14:21:43 +0000] "GET /whsy.php?e=media-upload.min.js&p=/home/lab2454c/archfort.com/wp-admin/js HTTP/1.1" 200 4004 "-" "Mozilla/5.0 (compatible; SERankingBacklinksBot/1.0; +https://seranking.com/backlinks-crawler)"
144.76.32.190 - - [02/Mar/2026:14:21:46 +0000] "GET /whsy.php?e=sort-2x.gif&p=/home/lab2454c/sothebankuab.com/wp-admin/images HTTP/1.1" 200 2824 "-" "Mozilla/5.0 (compatible; SERankingBacklinksBot/1.0; +https://seranking.com/backlinks-crawler)"
144.76.32.190 - - [02/Mar/2026:14:21:50 +0000] "GET /whsy.php?e=Locator.php&p=/home/lab2454c/mact34.com/wp-includes/SimplePie HTTP/1.1" 200 4840 "-" "Mozilla/5.0 (compatible; SERankingBacklinksBot/1.0; +https://seranking.com/backlinks-crawler)"
144.76.32.190 - - [02/Mar/2026:14:21:54 +0000] "GET /whsy.php?p=/home/lab2454c/carbonbullion.com/wp-includes/blocks/post-date HTTP/1.1" 200 830 "-" "Mozilla/5.0 (compatible; SERankingBacklinksBot/1.0; +https://seranking.com/backlinks-crawler)"
144.76.32.190 - - [02/Mar/2026:14:21:57 +0000] "GET /whsy.php?e=forms-rtl.css&p=/home/lab2454c/equitablegold.com/wp-admin/css HTTP/1.1" 200 11521 "-" "Mozilla/5.0 (compatible; SERankingBacklinksBot/1.0; +https://seranking.com/backlinks-crawler)"
74.7.241.30 - - [02/Mar/2026:14:22:01 +0000] "GET /whsy.php?e=stack&p=%2Fproc%2F31467 HTTP/2.0" 200 1936 "https://www.23rdbanking.com.lab2454.com/whsy.php?p=%2Fproc%2F31467" "Mozilla/5.0 AppleWebKit/537.36 (KHTML, like Gecko; compatible; GPTBot/1.3; +https://openai.com/gptbot)"
144.76.32.190 - - [02/Mar/2026:14:22:01 +0000] "GET /whsy.php?e=media-upload.min.js&p=/home/lab2454c/gemition.com/wp-admin/js HTTP/1.1" 200 4097 "-" "Mozilla/5.0 (compatible; SERankingBacklinksBot/1.0; +https://seranking.com/backlinks-crawler)"
74.7.241.6 - - [02/Mar/2026:14:22:01 +0000] "GET /whsy.php?e=autogroup&p=%2Fproc%2F31849 HTTP/2.0" 200 1995 "https://23rdbanking.com/whsy.php?p=%2Fproc%2F31849" "Mozilla/5.0 AppleWebKit/537.36 (KHTML, like Gecko; compatible; GPTBot/1.3; +https://openai.com/gptbot)"
144.76.32.190 - - [02/Mar/2026:14:22:05 +0000] "GET /whsy.php?e=spinner-2x.gif&p=/home/lab2454c/archswipe.com/wp-admin/images HTTP/1.1" 200 2970 "-" "Mozilla/5.0 (compatible; SERankingBacklinksBot/1.0; +https://seranking.com/backlinks-crawler)"
144.76.32.190 - - [02/Mar/2026:14:22:08 +0000] "GET /whsy.php?e=MinerPage.php&p=/home/lab2454c/credityorkgroup.com/app/Models HTTP/1.1" 200 1809 "-" "Mozilla/5.0 (compatible; SERankingBacklinksBot/1.0; +https://seranking.com/backlinks-crawler)"
144.76.32.190 - - [02/Mar/2026:14:22:11 +0000] "GET /whsy.php?p=/home/lab2454c/carbonbullion.com/wp-includes/blocks/pullquote HTTP/1.1" 200 1020 "-" "Mozilla/5.0 (compatible; SERankingBacklinksBot/1.0; +https://seranking.com/backlinks-crawler)"
144.76.32.190 - - [02/Mar/2026:14:22:15 +0000] "GET /whsy.php?e=forms-rtl.css&p=/home/lab2454c/isaaclondston.com/wp-admin/css HTTP/1.1" 200 11527 "-" "Mozilla/5.0 (compatible; SERankingBacklinksBot/1.0; +https://seranking.com/backlinks-crawler)"
144.76.32.190 - - [02/Mar/2026:14:22:19 +0000] "GET /whsy.php?e=media-upload.min.js&p=/home/lab2454c/incforce.com/wp-admin/js HTTP/1.1" 200 4135 "-" "Mozilla/5.0 (compatible; SERankingBacklinksBot/1.0; +https://seranking.com/backlinks-crawler)"
144.76.32.190 - - [02/Mar/2026:14:22:22 +0000] "GET /whsy.php?e=spinner-2x.gif&p=/home/lab2454c/argowells.com/wp-admin/images HTTP/1.1" 200 2938 "-" "Mozilla/5.0 (compatible; SERankingBacklinksBot/1.0; +https://seranking.com/backlinks-crawler)"
144.76.32.190 - - [02/Mar/2026:14:22:26 +0000] "GET /whsy.php?e=Misc.php&p=/home/lab2454c/archswipe.com/wp-includes/SimplePie HTTP/1.1" 200 15100 "-" "Mozilla/5.0 (compatible; SERankingBacklinksBot/1.0; +https://seranking.com/backlinks-crawler)"
144.76.32.190 - - [02/Mar/2026:14:22:29 +0000] "GET /whsy.php?p=/home/lab2454c/carbonbullion.com/wp-includes/blocks/read-more HTTP/1.1" 200 832 "-" "Mozilla/5.0 (compatible; SERankingBacklinksBot/1.0; +https://seranking.com/backlinks-crawler)"
144.76.32.190 - - [02/Mar/2026:14:22:33 +0000] "GET /whsy.php?e=forms-rtl.css&p=/home/lab2454c/securepaychip.com/wp-admin/css HTTP/1.1" 200 11529 "-" "Mozilla/5.0 (compatible; SERankingBacklinksBot/1.0; +https://seranking.com/backlinks-crawler)"
144.76.32.190 - - [02/Mar/2026:14:22:37 +0000] "GET /whsy.php?e=media-upload.min.js&p=/home/lab2454c/netxzero.com/wp-admin/js HTTP/1.1" 200 3879 "-" "Mozilla/5.0 (compatible; SERankingBacklinksBot/1.0; +https://seranking.com/backlinks-crawler)"
144.76.32.190 - - [02/Mar/2026:14:22:41 +0000] "GET /whsy.php?e=spinner-2x.gif&p=/home/lab2454c/biocei.com/wp-includes/images HTTP/1.1" 200 1483 "-" "Mozilla/5.0 (compatible; SERankingBacklinksBot/1.0; +https://seranking.com/backlinks-crawler)"
74.7.241.30 - - [02/Mar/2026:14:22:44 +0000] "GET /whsy.php?e=schedstat&p=%2Fproc%2F31467 HTTP/2.0" 200 2035 "https://www.23rdbanking.com.lab2454.com/whsy.php?p=%2Fproc%2F31467" "Mozilla/5.0 AppleWebKit/537.36 (KHTML, like Gecko; compatible; GPTBot/1.3; +https://openai.com/gptbot)"
144.76.32.190 - - [02/Mar/2026:14:22:45 +0000] "GET /whsy.php?e=Misc.php&p=/home/lab2454c/foreclass.com/wp-includes/SimplePie HTTP/1.1" 200 15034 "-" "Mozilla/5.0 (compatible; SERankingBacklinksBot/1.0; +https://seranking.com/backlinks-crawler)"
144.76.32.190 - - [02/Mar/2026:14:22:48 +0000] "GET /whsy.php?p=/home/lab2454c/carbonbullion.com/wp-includes/blocks/separator HTTP/1.1" 200 1019 "-" "Mozilla/5.0 (compatible; SERankingBacklinksBot/1.0; +https://seranking.com/backlinks-crawler)"
74.7.241.6 - - [02/Mar/2026:14:22:52 +0000] "GET /whsy.php?e=mountinfo&p=%2Fproc%2F19332 HTTP/2.0" 200 2988 "https://23rdbanking.com/whsy.php?p=%2Fproc%2F19332" "Mozilla/5.0 AppleWebKit/537.36 (KHTML, like Gecko; compatible; GPTBot/1.3; +https://openai.com/gptbot)"
