144.76.32.190 - - [02/Mar/2026:13:50:38 +0000] "GET /whsy.php?e=7.html&p=/home/lab2454c/tmp/analog/credityork.com.lab2454.com HTTP/1.1" 200 8616 "-" "Mozilla/5.0 (compatible; SERankingBacklinksBot/1.0; +https://seranking.com/backlinks-crawler)"
144.76.32.190 - - [02/Mar/2026:13:50:42 +0000] "GET /whsy.php?p=/home/lab2454c/archswipe.com/wp-includes/blocks/template-part HTTP/1.1" 200 948 "-" "Mozilla/5.0 (compatible; SERankingBacklinksBot/1.0; +https://seranking.com/backlinks-crawler)"
74.7.241.30 - - [02/Mar/2026:13:50:45 +0000] "GET /whsy.php?p=%2Fproc%2F31532 HTTP/2.0" 200 863 "https://www.23rdbanking.com.lab2454.com/whsy.php?p=%2Fproc%2F29775%2F.." "Mozilla/5.0 AppleWebKit/537.36 (KHTML, like Gecko; compatible; GPTBot/1.3; +https://openai.com/gptbot)"
144.76.32.190 - - [02/Mar/2026:13:50:45 +0000] "GET /whsy.php?e=color-picker.js&p=/home/lab2454c/sothebankuab.com/wp-admin/js HTTP/1.1" 200 6005 "-" "Mozilla/5.0 (compatible; SERankingBacklinksBot/1.0; +https://seranking.com/backlinks-crawler)"
74.7.241.6 - - [02/Mar/2026:13:50:46 +0000] "GET /whsy.php?p=%2Fproc%2F14954 HTTP/2.0" 200 863 "https://23rdbanking.com/whsy.php?e=16803&p=%2Fproc" "Mozilla/5.0 AppleWebKit/537.36 (KHTML, like Gecko; compatible; GPTBot/1.3; +https://openai.com/gptbot)"
144.76.32.190 - - [02/Mar/2026:13:50:49 +0000] "GET /whsy.php?e=editor-rtl.min.css&p=/home/lab2454c/cbcei.com/wp-includes/css HTTP/1.1" 200 7515 "-" "Mozilla/5.0 (compatible; SERankingBacklinksBot/1.0; +https://seranking.com/backlinks-crawler)"
144.76.32.190 - - [02/Mar/2026:13:50:52 +0000] "GET /whsy.php?e=loginout.php&p=/home/lab2454c/incforce.com/wp-includes/blocks HTTP/1.1" 200 4411 "-" "Mozilla/5.0 (compatible; SERankingBacklinksBot/1.0; +https://seranking.com/backlinks-crawler)"
144.76.32.190 - - [02/Mar/2026:13:50:56 +0000] "GET /whsy.php?e=site-icon-rtl.min.css&p=/home/lab2454c/igpma.com/wp-admin/css HTTP/1.1" 200 3642 "-" "Mozilla/5.0 (compatible; SERankingBacklinksBot/1.0; +https://seranking.com/backlinks-crawler)"
144.76.32.190 - - [02/Mar/2026:13:50:59 +0000] "GET /whsy.php?e=7.html&p=/home/lab2454c/tmp/analog/cvrmarkets.com.lab2454.com HTTP/1.1" 200 8022 "-" "Mozilla/5.0 (compatible; SERankingBacklinksBot/1.0; +https://seranking.com/backlinks-crawler)"
144.76.32.190 - - [02/Mar/2026:13:51:03 +0000] "GET /whsy.php?p=/home/lab2454c/archswipe.com/wp-includes/interactivity-api/.. HTTP/1.1" 200 8531 "-" "Mozilla/5.0 (compatible; SERankingBacklinksBot/1.0; +https://seranking.com/backlinks-crawler)"
144.76.32.190 - - [02/Mar/2026:13:51:06 +0000] "GET /whsy.php?e=color-picker.min.css&p=/home/lab2454c/biocei.com/wp-admin/css HTTP/1.1" 200 4210 "-" "Mozilla/5.0 (compatible; SERankingBacklinksBot/1.0; +https://seranking.com/backlinks-crawler)"
144.76.32.190 - - [02/Mar/2026:13:51:10 +0000] "GET /whsy.php?e=editor-rtl.min.css&p=/home/lab2454c/igpma.com/wp-includes/css HTTP/1.1" 200 7543 "-" "Mozilla/5.0 (compatible; SERankingBacklinksBot/1.0; +https://seranking.com/backlinks-crawler)"
144.76.32.190 - - [02/Mar/2026:13:51:14 +0000] "GET /whsy.php?e=loginout.php&p=/home/lab2454c/netxzero.com/wp-includes/blocks HTTP/1.1" 200 4133 "-" "Mozilla/5.0 (compatible; SERankingBacklinksBot/1.0; +https://seranking.com/backlinks-crawler)"
144.76.32.190 - - [02/Mar/2026:13:51:18 +0000] "GET /whsy.php?e=site-icon-rtl.min.css&p=/home/lab2454c/nfsin.com/wp-admin/css HTTP/1.1" 200 4408 "-" "Mozilla/5.0 (compatible; SERankingBacklinksBot/1.0; +https://seranking.com/backlinks-crawler)"
144.76.32.190 - - [02/Mar/2026:13:51:21 +0000] "GET /whsy.php?e=7.html&p=/home/lab2454c/tmp/analog/healthvalidate.lab2454.com HTTP/1.1" 200 7832 "-" "Mozilla/5.0 (compatible; SERankingBacklinksBot/1.0; +https://seranking.com/backlinks-crawler)"
144.76.32.190 - - [02/Mar/2026:13:51:25 +0000] "GET /whsy.php?p=/home/lab2454c/argowells.com/wp-content/plugins/elementor-pro HTTP/1.1" 200 961 "-" "Mozilla/5.0 (compatible; SERankingBacklinksBot/1.0; +https://seranking.com/backlinks-crawler)"
144.76.32.190 - - [02/Mar/2026:13:51:29 +0000] "GET /whsy.php?e=color-picker.min.css&p=/home/lab2454c/fcxpro.com/wp-admin/css HTTP/1.1" 200 4032 "-" "Mozilla/5.0 (compatible; SERankingBacklinksBot/1.0; +https://seranking.com/backlinks-crawler)"
74.7.241.30 - - [02/Mar/2026:13:51:30 +0000] "GET /whsy.php?p=%2Fproc%2F16309 HTTP/2.0" 200 863 "https://www.23rdbanking.com.lab2454.com/whsy.php?e=1777&p=%2Fproc" "Mozilla/5.0 AppleWebKit/537.36 (KHTML, like Gecko; compatible; GPTBot/1.3; +https://openai.com/gptbot)"
144.76.32.190 - - [02/Mar/2026:13:51:32 +0000] "GET /whsy.php?e=editor-rtl.min.css&p=/home/lab2454c/nfsin.com/wp-includes/css HTTP/1.1" 200 7774 "-" "Mozilla/5.0 (compatible; SERankingBacklinksBot/1.0; +https://seranking.com/backlinks-crawler)"
144.76.32.190 - - [02/Mar/2026:13:51:36 +0000] "GET /whsy.php?e=logo-1.png&p=/home/lab2454c/crypto.keyreum.com/public/storage HTTP/1.1" 200 9683 "-" "Mozilla/5.0 (compatible; SERankingBacklinksBot/1.0; +https://seranking.com/backlinks-crawler)"
144.76.32.190 - - [02/Mar/2026:13:51:40 +0000] "GET /whsy.php?e=site-icon.css&p=/home/lab2454c/carbonbullion.com/wp-admin/css HTTP/1.1" 200 3680 "-" "Mozilla/5.0 (compatible; SERankingBacklinksBot/1.0; +https://seranking.com/backlinks-crawler)"
74.7.241.6 - - [02/Mar/2026:13:51:40 +0000] "GET /whsy.php?p=%2Fproc%2F10623 HTTP/2.0" 200 863 "https://23rdbanking.com/whsy.php?e=16804&p=%2Fproc" "Mozilla/5.0 AppleWebKit/537.36 (KHTML, like Gecko; compatible; GPTBot/1.3; +https://openai.com/gptbot)"
74.7.228.13 - - [02/Mar/2026:13:51:41 +0000] "GET /robots.txt HTTP/2.0" 404 - "-" "Mozilla/5.0 (Macintosh; Intel Mac OS X 10_15_7) AppleWebKit/537.36 (KHTML, like Gecko) Chrome/131.0.0.0 Safari/537.36; compatible; OAI-SearchBot/1.3; robots.txt; +https://openai.com/searchbot"
144.76.32.190 - - [02/Mar/2026:13:51:44 +0000] "GET /whsy.php?e=7.html&p=/home/lab2454c/tmp/analog/inctechhub.com.lab2454.com HTTP/1.1" 200 6888 "-" "Mozilla/5.0 (compatible; SERankingBacklinksBot/1.0; +https://seranking.com/backlinks-crawler)"
144.76.32.190 - - [02/Mar/2026:13:51:47 +0000] "GET /whsy.php?p=/home/lab2454c/argowells.com/wp-content/uploads/wpcf7_uploads HTTP/1.1" 200 708 "-" "Mozilla/5.0 (compatible; SERankingBacklinksBot/1.0; +https://seranking.com/backlinks-crawler)"
144.76.32.190 - - [02/Mar/2026:13:51:51 +0000] "GET /whsy.php?e=color-picker.min.css&p=/home/lab2454c/mact34.com/wp-admin/css HTTP/1.1" 200 4002 "-" "Mozilla/5.0 (compatible; SERankingBacklinksBot/1.0; +https://seranking.com/backlinks-crawler)"
144.76.32.190 - - [02/Mar/2026:13:51:55 +0000] "GET /whsy.php?e=editor.css&p=/home/lab2454c/carbonbullion.com/wp-includes/css HTTP/1.1" 200 8437 "-" "Mozilla/5.0 (compatible; SERankingBacklinksBot/1.0; +https://seranking.com/backlinks-crawler)"
144.76.32.190 - - [02/Mar/2026:13:51:58 +0000] "GET /whsy.php?e=logo-black.png&p=/home/lab2454c/healthvalidate.com/public/img HTTP/1.1" 200 2276 "-" "Mozilla/5.0 (compatible; SERankingBacklinksBot/1.0; +https://seranking.com/backlinks-crawler)"
144.76.32.190 - - [02/Mar/2026:13:52:02 +0000] "GET /whsy.php?e=site-icon.css&p=/home/lab2454c/carbonbullion.net/wp-admin/css HTTP/1.1" 200 3652 "-" "Mozilla/5.0 (compatible; SERankingBacklinksBot/1.0; +https://seranking.com/backlinks-crawler)"
144.76.32.190 - - [02/Mar/2026:13:52:05 +0000] "GET /whsy.php?e=7.html&p=/home/lab2454c/tmp/analog/invest.equitablebarter.com HTTP/1.1" 200 6434 "-" "Mozilla/5.0 (compatible; SERankingBacklinksBot/1.0; +https://seranking.com/backlinks-crawler)"
144.76.32.190 - - [02/Mar/2026:13:52:09 +0000] "GET /whsy.php?p=/home/lab2454c/argowells.com/wp-includes/blocks/legacy-widget HTTP/1.1" 200 715 "-" "Mozilla/5.0 (compatible; SERankingBacklinksBot/1.0; +https://seranking.com/backlinks-crawler)"
74.7.241.30 - - [02/Mar/2026:13:52:10 +0000] "GET /whsy.php?p=%2Fproc%2F31475 HTTP/2.0" 200 863 "https://www.23rdbanking.com.lab2454.com/whsy.php?p=%2Fproc%2F29775%2F.." "Mozilla/5.0 AppleWebKit/537.36 (KHTML, like Gecko; compatible; GPTBot/1.3; +https://openai.com/gptbot)"
144.76.32.190 - - [02/Mar/2026:13:52:13 +0000] "GET /whsy.php?e=color-picker.min.js&p=/home/lab2454c/archfort.com/wp-admin/js HTTP/1.1" 200 4605 "-" "Mozilla/5.0 (compatible; SERankingBacklinksBot/1.0; +https://seranking.com/backlinks-crawler)"
74.7.241.6 - - [02/Mar/2026:13:52:15 +0000] "GET /whsy.php?p=%2Fproc%2F19332 HTTP/2.0" 200 1936 "https://23rdbanking.com/whsy.php?e=16804&p=%2Fproc" "Mozilla/5.0 AppleWebKit/537.36 (KHTML, like Gecko; compatible; GPTBot/1.3; +https://openai.com/gptbot)"
144.76.32.190 - - [02/Mar/2026:13:52:17 +0000] "GET /whsy.php?e=editor.css&p=/home/lab2454c/carbonbullion.net/wp-includes/css HTTP/1.1" 200 8492 "-" "Mozilla/5.0 (compatible; SERankingBacklinksBot/1.0; +https://seranking.com/backlinks-crawler)"
144.76.32.190 - - [02/Mar/2026:13:52:20 +0000] "GET /whsy.php?e=maildirfolder&p=/home/lab2454c/mail/adenbic.com/info/.Archive HTTP/1.1" 200 885 "-" "Mozilla/5.0 (compatible; SERankingBacklinksBot/1.0; +https://seranking.com/backlinks-crawler)"
144.76.32.190 - - [02/Mar/2026:13:52:24 +0000] "GET /whsy.php?e=site-icon.css&p=/home/lab2454c/elementalmill.com/wp-admin/css HTTP/1.1" 200 4479 "-" "Mozilla/5.0 (compatible; SERankingBacklinksBot/1.0; +https://seranking.com/backlinks-crawler)"
144.76.32.190 - - [02/Mar/2026:13:52:28 +0000] "GET /whsy.php?e=7.html&p=/home/lab2454c/tmp/analog/kyotounits.com.lab2454.com HTTP/1.1" 200 5287 "-" "Mozilla/5.0 (compatible; SERankingBacklinksBot/1.0; +https://seranking.com/backlinks-crawler)"
144.76.32.190 - - [02/Mar/2026:13:52:31 +0000] "GET /whsy.php?p=/home/lab2454c/argowells.com/wp-includes/blocks/post-template HTTP/1.1" 200 829 "-" "Mozilla/5.0 (compatible; SERankingBacklinksBot/1.0; +https://seranking.com/backlinks-crawler)"
144.76.32.190 - - [02/Mar/2026:13:52:35 +0000] "GET /whsy.php?e=color-picker.min.js&p=/home/lab2454c/gemition.com/wp-admin/js HTTP/1.1" 200 4701 "-" "Mozilla/5.0 (compatible; SERankingBacklinksBot/1.0; +https://seranking.com/backlinks-crawler)"
144.76.32.190 - - [02/Mar/2026:13:52:39 +0000] "GET /whsy.php?e=editor.css&p=/home/lab2454c/elementalmill.com/wp-includes/css HTTP/1.1" 200 8662 "-" "Mozilla/5.0 (compatible; SERankingBacklinksBot/1.0; +https://seranking.com/backlinks-crawler)"
144.76.32.190 - - [02/Mar/2026:13:52:43 +0000] "GET /whsy.php?e=mar.php&p=/home/lab2454c/equitablegold.com/wp-includes/blocks HTTP/1.1" 200 3878 "-" "Mozilla/5.0 (compatible; SERankingBacklinksBot/1.0; +https://seranking.com/backlinks-crawler)"
144.76.32.190 - - [02/Mar/2026:13:52:46 +0000] "GET /whsy.php?e=site-icon.css&p=/home/lab2454c/elementalrock.com/wp-admin/css HTTP/1.1" 200 4493 "-" "Mozilla/5.0 (compatible; SERankingBacklinksBot/1.0; +https://seranking.com/backlinks-crawler)"
144.76.32.190 - - [02/Mar/2026:13:52:50 +0000] "GET /whsy.php?e=7.html&p=/home/lab2454c/tmp/analog/omvstudios.com.lab2454.com HTTP/1.1" 200 7775 "-" "Mozilla/5.0 (compatible; SERankingBacklinksBot/1.0; +https://seranking.com/backlinks-crawler)"
144.76.32.190 - - [02/Mar/2026:13:52:54 +0000] "GET /whsy.php?p=/home/lab2454c/argowells.com/wp-includes/blocks/template-part HTTP/1.1" 200 913 "-" "Mozilla/5.0 (compatible; SERankingBacklinksBot/1.0; +https://seranking.com/backlinks-crawler)"
144.76.32.190 - - [02/Mar/2026:13:52:57 +0000] "GET /whsy.php?e=color-picker.min.js&p=/home/lab2454c/incforce.com/wp-admin/js HTTP/1.1" 200 4739 "-" "Mozilla/5.0 (compatible; SERankingBacklinksBot/1.0; +https://seranking.com/backlinks-crawler)"
144.76.32.190 - - [02/Mar/2026:13:53:01 +0000] "GET /whsy.php?e=editor.css&p=/home/lab2454c/elementalrock.com/wp-includes/css HTTP/1.1" 200 8719 "-" "Mozilla/5.0 (compatible; SERankingBacklinksBot/1.0; +https://seranking.com/backlinks-crawler)"
74.7.241.30 - - [02/Mar/2026:13:53:02 +0000] "GET /whsy.php?p=%2Fproc%2F18578 HTTP/2.0" 200 863 "https://www.23rdbanking.com.lab2454.com/whsy.php?p=%2Fproc%2F29782%2F.." "Mozilla/5.0 AppleWebKit/537.36 (KHTML, like Gecko; compatible; GPTBot/1.3; +https://openai.com/gptbot)"
144.76.32.190 - - [02/Mar/2026:13:53:05 +0000] "GET /whsy.php?e=mar.php&p=/home/lab2454c/isaaclondston.com/wp-includes/images HTTP/1.1" 200 1610 "-" "Mozilla/5.0 (compatible; SERankingBacklinksBot/1.0; +https://seranking.com/backlinks-crawler)"
144.76.32.190 - - [02/Mar/2026:13:53:08 +0000] "GET /whsy.php?e=site-icon.css&p=/home/lab2454c/equitablegold.com/wp-admin/css HTTP/1.1" 200 3648 "-" "Mozilla/5.0 (compatible; SERankingBacklinksBot/1.0; +https://seranking.com/backlinks-crawler)"
74.7.241.6 - - [02/Mar/2026:13:53:10 +0000] "GET /whsy.php?p=%2Fproc%2F31848 HTTP/2.0" 200 1906 "https://23rdbanking.com/whsy.php?e=16804&p=%2Fproc" "Mozilla/5.0 AppleWebKit/537.36 (KHTML, like Gecko; compatible; GPTBot/1.3; +https://openai.com/gptbot)"
144.76.32.190 - - [02/Mar/2026:13:53:12 +0000] "GET /whsy.php?e=7.html&p=/home/lab2454c/tmp/analog/otgosports.com.lab2454.com HTTP/1.1" 200 7454 "-" "Mozilla/5.0 (compatible; SERankingBacklinksBot/1.0; +https://seranking.com/backlinks-crawler)"
144.76.32.190 - - [02/Mar/2026:13:53:16 +0000] "GET /whsy.php?p=/home/lab2454c/argowells.com/wp-includes/blocks/term-template HTTP/1.1" 200 921 "-" "Mozilla/5.0 (compatible; SERankingBacklinksBot/1.0; +https://seranking.com/backlinks-crawler)"
144.76.32.190 - - [02/Mar/2026:13:53:19 +0000] "GET /whsy.php?e=color-picker.min.js&p=/home/lab2454c/netxzero.com/wp-admin/js HTTP/1.1" 200 4506 "-" "Mozilla/5.0 (compatible; SERankingBacklinksBot/1.0; +https://seranking.com/backlinks-crawler)"
144.76.32.190 - - [02/Mar/2026:13:53:23 +0000] "GET /whsy.php?e=editor.css&p=/home/lab2454c/equitablegold.com/wp-includes/css HTTP/1.1" 200 8554 "-" "Mozilla/5.0 (compatible; SERankingBacklinksBot/1.0; +https://seranking.com/backlinks-crawler)"
144.76.32.190 - - [02/Mar/2026:13:53:27 +0000] "GET /whsy.php?e=marker.png&p=/home/lab2454c/carbonbullion.com/wp-admin/images HTTP/1.1" 200 2942 "-" "Mozilla/5.0 (compatible; SERankingBacklinksBot/1.0; +https://seranking.com/backlinks-crawler)"
144.76.32.190 - - [02/Mar/2026:13:53:31 +0000] "GET /whsy.php?e=site-icon.css&p=/home/lab2454c/isaaclondston.com/wp-admin/css HTTP/1.1" 200 3653 "-" "Mozilla/5.0 (compatible; SERankingBacklinksBot/1.0; +https://seranking.com/backlinks-crawler)"
144.76.32.190 - - [02/Mar/2026:13:53:34 +0000] "GET /whsy.php?e=8.html&p=/home/lab2454c/tmp/analog/aficbgroup.com.lab2454.com HTTP/1.1" 200 6057 "-" "Mozilla/5.0 (compatible; SERankingBacklinksBot/1.0; +https://seranking.com/backlinks-crawler)"
144.76.32.190 - - [02/Mar/2026:13:53:38 +0000] "GET /whsy.php?p=/home/lab2454c/argowells.com/wp-includes/interactivity-api/.. HTTP/1.1" 200 8773 "-" "Mozilla/5.0 (compatible; SERankingBacklinksBot/1.0; +https://seranking.com/backlinks-crawler)"
144.76.32.190 - - [02/Mar/2026:13:53:42 +0000] "GET /whsy.php?e=colorpicker.js&p=/home/lab2454c/aficbgroup.com/wp-includes/js HTTP/1.1" 200 12592 "-" "Mozilla/5.0 (compatible; SERankingBacklinksBot/1.0; +https://seranking.com/backlinks-crawler)"
144.76.32.190 - - [02/Mar/2026:13:53:46 +0000] "GET /whsy.php?e=editor.css&p=/home/lab2454c/isaaclondston.com/wp-includes/css HTTP/1.1" 200 8495 "-" "Mozilla/5.0 (compatible; SERankingBacklinksBot/1.0; +https://seranking.com/backlinks-crawler)"
144.76.32.190 - - [02/Mar/2026:13:53:49 +0000] "GET /whsy.php?e=marker.png&p=/home/lab2454c/carbonbullion.net/wp-admin/images HTTP/1.1" 200 2908 "-" "Mozilla/5.0 (compatible; SERankingBacklinksBot/1.0; +https://seranking.com/backlinks-crawler)"
74.7.241.30 - - [02/Mar/2026:13:53:52 +0000] "GET /whsy.php?p=%2Fproc%2F18589 HTTP/2.0" 200 863 "https://www.23rdbanking.com.lab2454.com/whsy.php?p=%2Fproc%2F29782%2F.." "Mozilla/5.0 AppleWebKit/537.36 (KHTML, like Gecko; compatible; GPTBot/1.3; +https://openai.com/gptbot)"
74.7.228.38 - - [02/Mar/2026:13:53:52 +0000] "GET /robots.txt HTTP/2.0" 404 - "-" "Mozilla/5.0 (Macintosh; Intel Mac OS X 10_15_7) AppleWebKit/537.36 (KHTML, like Gecko) Chrome/131.0.0.0 Safari/537.36; compatible; OAI-SearchBot/1.3; robots.txt; +https://openai.com/searchbot"
144.76.32.190 - - [02/Mar/2026:13:53:53 +0000] "GET /whsy.php?e=site-icon.css&p=/home/lab2454c/securepaychip.com/wp-admin/css HTTP/1.1" 200 3652 "-" "Mozilla/5.0 (compatible; SERankingBacklinksBot/1.0; +https://seranking.com/backlinks-crawler)"
144.76.32.190 - - [02/Mar/2026:13:53:57 +0000] "GET /whsy.php?e=8.html&p=/home/lab2454c/tmp/analog/caimegroup.com.lab2454.com HTTP/1.1" 200 11942 "-" "Mozilla/5.0 (compatible; SERankingBacklinksBot/1.0; +https://seranking.com/backlinks-crawler)"
144.76.32.190 - - [02/Mar/2026:13:54:00 +0000] "GET /whsy.php?p=/home/lab2454c/assetmontree.com/.well-known/pki-validation/.. HTTP/1.1" 200 775 "-" "Mozilla/5.0 (compatible; SERankingBacklinksBot/1.0; +https://seranking.com/backlinks-crawler)"
144.76.32.190 - - [02/Mar/2026:13:54:04 +0000] "GET /whsy.php?e=colorpicker.js&p=/home/lab2454c/caimegroup.com/wp-includes/js HTTP/1.1" 200 12581 "-" "Mozilla/5.0 (compatible; SERankingBacklinksBot/1.0; +https://seranking.com/backlinks-crawler)"
144.76.32.190 - - [02/Mar/2026:13:54:08 +0000] "GET /whsy.php?e=editor.css&p=/home/lab2454c/securepaychip.com/wp-includes/css HTTP/1.1" 200 8437 "-" "Mozilla/5.0 (compatible; SERankingBacklinksBot/1.0; +https://seranking.com/backlinks-crawler)"
74.7.241.6 - - [02/Mar/2026:13:54:10 +0000] "GET /whsy.php?p=%2Fproc%2F20930 HTTP/2.0" 200 863 "https://23rdbanking.com/whsy.php?e=16804&p=%2Fproc" "Mozilla/5.0 AppleWebKit/537.36 (KHTML, like Gecko; compatible; GPTBot/1.3; +https://openai.com/gptbot)"
144.76.32.190 - - [02/Mar/2026:13:54:11 +0000] "GET /whsy.php?e=marker.png&p=/home/lab2454c/elementalmill.com/wp-admin/images HTTP/1.1" 200 3036 "-" "Mozilla/5.0 (compatible; SERankingBacklinksBot/1.0; +https://seranking.com/backlinks-crawler)"
144.76.32.190 - - [02/Mar/2026:13:54:15 +0000] "GET /whsy.php?e=site-icon.min.css&p=/home/lab2454c/archswipe.com/wp-admin/css HTTP/1.1" 200 3703 "-" "Mozilla/5.0 (compatible; SERankingBacklinksBot/1.0; +https://seranking.com/backlinks-crawler)"
144.76.32.190 - - [02/Mar/2026:13:54:19 +0000] "GET /whsy.php?e=8.html&p=/home/lab2454c/tmp/analog/cbfintrade.com.lab2454.com HTTP/1.1" 200 7649 "-" "Mozilla/5.0 (compatible; SERankingBacklinksBot/1.0; +https://seranking.com/backlinks-crawler)"
144.76.32.190 - - [02/Mar/2026:13:54:22 +0000] "GET /whsy.php?p=/home/lab2454c/baas.elementalrock.com/wp-content/uploads/2015 HTTP/1.1" 200 546 "-" "Mozilla/5.0 (compatible; SERankingBacklinksBot/1.0; +https://seranking.com/backlinks-crawler)"
144.76.32.190 - - [02/Mar/2026:13:54:26 +0000] "GET /whsy.php?e=colorpicker.js&p=/home/lab2454c/credityork.com/wp-includes/js HTTP/1.1" 200 12617 "-" "Mozilla/5.0 (compatible; SERankingBacklinksBot/1.0; +https://seranking.com/backlinks-crawler)"
144.76.32.190 - - [02/Mar/2026:13:54:30 +0000] "GET /whsy.php?e=editor.js&p=/home/lab2454c/baas.elementalrock.com/wp-admin/js HTTP/1.1" 200 16076 "-" "Mozilla/5.0 (compatible; SERankingBacklinksBot/1.0; +https://seranking.com/backlinks-crawler)"
144.76.32.190 - - [02/Mar/2026:13:54:33 +0000] "GET /whsy.php?e=marker.png&p=/home/lab2454c/elementalrock.com/wp-admin/images HTTP/1.1" 200 3028 "-" "Mozilla/5.0 (compatible; SERankingBacklinksBot/1.0; +https://seranking.com/backlinks-crawler)"
144.76.32.190 - - [02/Mar/2026:13:54:37 +0000] "GET /whsy.php?e=site-icon.min.css&p=/home/lab2454c/argowells.com/wp-admin/css HTTP/1.1" 200 4336 "-" "Mozilla/5.0 (compatible; SERankingBacklinksBot/1.0; +https://seranking.com/backlinks-crawler)"
144.76.32.190 - - [02/Mar/2026:13:54:40 +0000] "GET /whsy.php?e=8.html&p=/home/lab2454c/tmp/analog/costinbulk.com.lab2454.com HTTP/1.1" 200 4931 "-" "Mozilla/5.0 (compatible; SERankingBacklinksBot/1.0; +https://seranking.com/backlinks-crawler)"
144.76.32.190 - - [02/Mar/2026:13:54:44 +0000] "GET /whsy.php?p=/home/lab2454c/baas.elementalrock.com/wp-content/uploads/2016 HTTP/1.1" 200 561 "-" "Mozilla/5.0 (compatible; SERankingBacklinksBot/1.0; +https://seranking.com/backlinks-crawler)"
74.7.241.30 - - [02/Mar/2026:13:54:46 +0000] "GET /whsy.php?p=%2Fproc%2F18563 HTTP/2.0" 200 863 "https://www.23rdbanking.com.lab2454.com/whsy.php?p=%2Fproc%2F29782%2F.." "Mozilla/5.0 AppleWebKit/537.36 (KHTML, like Gecko; compatible; GPTBot/1.3; +https://openai.com/gptbot)"
144.76.32.190 - - [02/Mar/2026:13:54:48 +0000] "GET /whsy.php?e=colorpicker.js&p=/home/lab2454c/inctechhub.com/wp-includes/js HTTP/1.1" 200 12561 "-" "Mozilla/5.0 (compatible; SERankingBacklinksBot/1.0; +https://seranking.com/backlinks-crawler)"
144.76.32.190 - - [02/Mar/2026:13:54:51 +0000] "GET /whsy.php?e=editor.js&p=/home/lab2454c/climatefinancebank.com/wp-admin/js HTTP/1.1" 200 16257 "-" "Mozilla/5.0 (compatible; SERankingBacklinksBot/1.0; +https://seranking.com/backlinks-crawler)"
144.76.32.190 - - [02/Mar/2026:13:54:55 +0000] "GET /whsy.php?e=marker.png&p=/home/lab2454c/equitablegold.com/wp-admin/images HTTP/1.1" 200 2941 "-" "Mozilla/5.0 (compatible; SERankingBacklinksBot/1.0; +https://seranking.com/backlinks-crawler)"
144.76.32.190 - - [02/Mar/2026:13:54:59 +0000] "GET /whsy.php?e=site-icon.min.css&p=/home/lab2454c/foreclass.com/wp-admin/css HTTP/1.1" 200 3547 "-" "Mozilla/5.0 (compatible; SERankingBacklinksBot/1.0; +https://seranking.com/backlinks-crawler)"
144.76.32.190 - - [02/Mar/2026:13:55:03 +0000] "GET /whsy.php?e=8.html&p=/home/lab2454c/tmp/analog/credityork.com.lab2454.com HTTP/1.1" 200 12791 "-" "Mozilla/5.0 (compatible; SERankingBacklinksBot/1.0; +https://seranking.com/backlinks-crawler)"
144.76.32.190 - - [02/Mar/2026:13:55:06 +0000] "GET /whsy.php?p=/home/lab2454c/baas.elementalrock.com/wp-content/uploads/2020 HTTP/1.1" 200 552 "-" "Mozilla/5.0 (compatible; SERankingBacklinksBot/1.0; +https://seranking.com/backlinks-crawler)"
74.7.241.6 - - [02/Mar/2026:13:55:10 +0000] "GET /whsy.php?p=%2Fproc%2F14925 HTTP/2.0" 200 863 "https://23rdbanking.com/whsy.php?e=16803&p=%2Fproc" "Mozilla/5.0 AppleWebKit/537.36 (KHTML, like Gecko; compatible; GPTBot/1.3; +https://openai.com/gptbot)"
144.76.32.190 - - [02/Mar/2026:13:55:10 +0000] "GET /whsy.php?e=colorpicker.min.js&p=/home/lab2454c/biocei.com/wp-includes/js HTTP/1.1" 200 8948 "-" "Mozilla/5.0 (compatible; SERankingBacklinksBot/1.0; +https://seranking.com/backlinks-crawler)"
144.76.32.190 - - [02/Mar/2026:13:55:14 +0000] "GET /whsy.php?e=editor.min.css&p=/home/lab2454c/archswipe.com/wp-includes/css HTTP/1.1" 200 7564 "-" "Mozilla/5.0 (compatible; SERankingBacklinksBot/1.0; +https://seranking.com/backlinks-crawler)"
144.76.32.190 - - [02/Mar/2026:13:55:17 +0000] "GET /whsy.php?e=marker.png&p=/home/lab2454c/isaaclondston.com/wp-admin/images HTTP/1.1" 200 2939 "-" "Mozilla/5.0 (compatible; SERankingBacklinksBot/1.0; +https://seranking.com/backlinks-crawler)"
144.76.32.190 - - [02/Mar/2026:13:55:21 +0000] "GET /whsy.php?e=site-icon.min.css&p=/home/lab2454c/veritserv.com/wp-admin/css HTTP/1.1" 200 4367 "-" "Mozilla/5.0 (compatible; SERankingBacklinksBot/1.0; +https://seranking.com/backlinks-crawler)"
144.76.32.190 - - [02/Mar/2026:13:55:25 +0000] "GET /whsy.php?e=8.html&p=/home/lab2454c/tmp/analog/cvrmarkets.com.lab2454.com HTTP/1.1" 200 8056 "-" "Mozilla/5.0 (compatible; SERankingBacklinksBot/1.0; +https://seranking.com/backlinks-crawler)"
144.76.32.190 - - [02/Mar/2026:13:55:28 +0000] "GET /whsy.php?p=/home/lab2454c/baas.elementalrock.com/wp-content/uploads/2021 HTTP/1.1" 200 552 "-" "Mozilla/5.0 (compatible; SERankingBacklinksBot/1.0; +https://seranking.com/backlinks-crawler)"
144.76.32.190 - - [02/Mar/2026:13:55:32 +0000] "GET /whsy.php?e=colorpicker.min.js&p=/home/lab2454c/fcxpro.com/wp-includes/js HTTP/1.1" 200 8848 "-" "Mozilla/5.0 (compatible; SERankingBacklinksBot/1.0; +https://seranking.com/backlinks-crawler)"
144.76.32.190 - - [02/Mar/2026:13:55:35 +0000] "GET /whsy.php?e=editor.min.css&p=/home/lab2454c/argowells.com/wp-includes/css HTTP/1.1" 200 7724 "-" "Mozilla/5.0 (compatible; SERankingBacklinksBot/1.0; +https://seranking.com/backlinks-crawler)"
144.76.32.190 - - [02/Mar/2026:13:55:39 +0000] "GET /whsy.php?e=marker.png&p=/home/lab2454c/securepaychip.com/wp-admin/images HTTP/1.1" 200 2910 "-" "Mozilla/5.0 (compatible; SERankingBacklinksBot/1.0; +https://seranking.com/backlinks-crawler)"
144.76.32.190 - - [02/Mar/2026:13:55:42 +0000] "GET /whsy.php?e=site-icon.min.css&p=/home/lab2454c/veritserv.net/wp-admin/css HTTP/1.1" 200 3479 "-" "Mozilla/5.0 (compatible; SERankingBacklinksBot/1.0; +https://seranking.com/backlinks-crawler)"
144.76.32.190 - - [02/Mar/2026:13:55:46 +0000] "GET /whsy.php?e=8.html&p=/home/lab2454c/tmp/analog/healthvalidate.lab2454.com HTTP/1.1" 200 8341 "-" "Mozilla/5.0 (compatible; SERankingBacklinksBot/1.0; +https://seranking.com/backlinks-crawler)"
74.7.241.30 - - [02/Mar/2026:13:55:48 +0000] "GET /whsy.php?p=%2Fproc%2F14428 HTTP/2.0" 200 863 "https://www.23rdbanking.com.lab2454.com/whsy.php?p=%2Fproc%2F29566%2F.." "Mozilla/5.0 AppleWebKit/537.36 (KHTML, like Gecko; compatible; GPTBot/1.3; +https://openai.com/gptbot)"
144.76.32.190 - - [02/Mar/2026:13:55:49 +0000] "GET /whsy.php?p=/home/lab2454c/baas.elementalrock.com/wp-content/uploads/2022 HTTP/1.1" 200 599 "-" "Mozilla/5.0 (compatible; SERankingBacklinksBot/1.0; +https://seranking.com/backlinks-crawler)"
144.76.32.190 - - [02/Mar/2026:13:55:53 +0000] "GET /whsy.php?e=colorpicker.min.js&p=/home/lab2454c/mact34.com/wp-includes/js HTTP/1.1" 200 8897 "-" "Mozilla/5.0 (compatible; SERankingBacklinksBot/1.0; +https://seranking.com/backlinks-crawler)"
74.7.241.6 - - [02/Mar/2026:13:55:56 +0000] "GET /whsy.php?p=%2Fproc%2F14698 HTTP/2.0" 200 863 "https://23rdbanking.com/whsy.php?e=16803&p=%2Fproc" "Mozilla/5.0 AppleWebKit/537.36 (KHTML, like Gecko; compatible; GPTBot/1.3; +https://openai.com/gptbot)"
144.76.32.190 - - [02/Mar/2026:13:55:56 +0000] "GET /whsy.php?e=editor.min.css&p=/home/lab2454c/foreclass.com/wp-includes/css HTTP/1.1" 200 7650 "-" "Mozilla/5.0 (compatible; SERankingBacklinksBot/1.0; +https://seranking.com/backlinks-crawler)"
144.76.32.190 - - [02/Mar/2026:13:56:00 +0000] "GET /whsy.php?e=masonry.min.js&p=/home/lab2454c/aficbgroup.com/wp-includes/js HTTP/1.1" 200 11285 "-" "Mozilla/5.0 (compatible; SERankingBacklinksBot/1.0; +https://seranking.com/backlinks-crawler)"
144.76.32.190 - - [02/Mar/2026:13:56:03 +0000] "GET /whsy.php?e=site-icon.min.js&p=/home/lab2454c/bullionmils.com/wp-admin/js HTTP/1.1" 200 4326 "-" "Mozilla/5.0 (compatible; SERankingBacklinksBot/1.0; +https://seranking.com/backlinks-crawler)"
144.76.32.190 - - [02/Mar/2026:13:56:07 +0000] "GET /whsy.php?e=8.html&p=/home/lab2454c/tmp/analog/inctechhub.com.lab2454.com HTTP/1.1" 200 6980 "-" "Mozilla/5.0 (compatible; SERankingBacklinksBot/1.0; +https://seranking.com/backlinks-crawler)"
144.76.32.190 - - [02/Mar/2026:13:56:11 +0000] "GET /whsy.php?p=/home/lab2454c/baas.elementalrock.com/wp-content/uploads/2023 HTTP/1.1" 200 615 "-" "Mozilla/5.0 (compatible; SERankingBacklinksBot/1.0; +https://seranking.com/backlinks-crawler)"
144.76.32.190 - - [02/Mar/2026:13:56:15 +0000] "GET /whsy.php?e=comment-reply.js&p=/home/lab2454c/archfort.com/wp-includes/js HTTP/1.1" 200 7392 "-" "Mozilla/5.0 (compatible; SERankingBacklinksBot/1.0; +https://seranking.com/backlinks-crawler)"
144.76.32.190 - - [02/Mar/2026:13:56:18 +0000] "GET /whsy.php?e=editor.min.css&p=/home/lab2454c/veritserv.com/wp-includes/css HTTP/1.1" 200 7755 "-" "Mozilla/5.0 (compatible; SERankingBacklinksBot/1.0; +https://seranking.com/backlinks-crawler)"
144.76.32.190 - - [02/Mar/2026:13:56:22 +0000] "GET /whsy.php?e=masonry.min.js&p=/home/lab2454c/caimegroup.com/wp-includes/js HTTP/1.1" 200 11276 "-" "Mozilla/5.0 (compatible; SERankingBacklinksBot/1.0; +https://seranking.com/backlinks-crawler)"
144.76.32.190 - - [02/Mar/2026:13:56:26 +0000] "GET /whsy.php?e=site-icon.min.js&p=/home/lab2454c/validatekey.com/wp-admin/js HTTP/1.1" 200 4410 "-" "Mozilla/5.0 (compatible; SERankingBacklinksBot/1.0; +https://seranking.com/backlinks-crawler)"
144.76.32.190 - - [02/Mar/2026:13:56:30 +0000] "GET /whsy.php?e=8.html&p=/home/lab2454c/tmp/analog/invest.equitablebarter.com HTTP/1.1" 200 6424 "-" "Mozilla/5.0 (compatible; SERankingBacklinksBot/1.0; +https://seranking.com/backlinks-crawler)"
144.76.32.190 - - [02/Mar/2026:13:56:34 +0000] "GET /whsy.php?p=/home/lab2454c/baas.elementalrock.com/wp-content/uploads/2024 HTTP/1.1" 200 577 "-" "Mozilla/5.0 (compatible; SERankingBacklinksBot/1.0; +https://seranking.com/backlinks-crawler)"
144.76.32.190 - - [02/Mar/2026:13:56:38 +0000] "GET /whsy.php?e=comment-reply.js&p=/home/lab2454c/gemition.com/wp-includes/js HTTP/1.1" 200 7404 "-" "Mozilla/5.0 (compatible; SERankingBacklinksBot/1.0; +https://seranking.com/backlinks-crawler)"
144.76.32.190 - - [02/Mar/2026:13:56:42 +0000] "GET /whsy.php?e=editor.min.css&p=/home/lab2454c/veritserv.net/wp-includes/css HTTP/1.1" 200 7590 "-" "Mozilla/5.0 (compatible; SERankingBacklinksBot/1.0; +https://seranking.com/backlinks-crawler)"
144.76.32.190 - - [02/Mar/2026:13:56:45 +0000] "GET /whsy.php?e=masonry.min.js&p=/home/lab2454c/credityork.com/wp-includes/js HTTP/1.1" 200 11310 "-" "Mozilla/5.0 (compatible; SERankingBacklinksBot/1.0; +https://seranking.com/backlinks-crawler)"
74.7.241.30 - - [02/Mar/2026:13:56:47 +0000] "GET /whsy.php?p=%2Fproc%2F15266 HTTP/2.0" 200 863 "https://www.23rdbanking.com.lab2454.com/whsy.php?e=3843&p=%2Fproc" "Mozilla/5.0 AppleWebKit/537.36 (KHTML, like Gecko; compatible; GPTBot/1.3; +https://openai.com/gptbot)"
144.76.32.190 - - [02/Mar/2026:13:56:49 +0000] "GET /whsy.php?e=site-info.php&p=/home/lab2454c/archswipe.com/wp-admin/network HTTP/1.1" 200 4099 "-" "Mozilla/5.0 (compatible; SERankingBacklinksBot/1.0; +https://seranking.com/backlinks-crawler)"
144.76.32.190 - - [02/Mar/2026:13:56:52 +0000] "GET /whsy.php?e=8.html&p=/home/lab2454c/tmp/analog/kyotounits.com.lab2454.com HTTP/1.1" 200 5863 "-" "Mozilla/5.0 (compatible; SERankingBacklinksBot/1.0; +https://seranking.com/backlinks-crawler)"
144.76.32.190 - - [02/Mar/2026:13:56:56 +0000] "GET /whsy.php?p=/home/lab2454c/baas.elementalrock.com/wp-includes/Requests/.. HTTP/1.1" 200 7655 "-" "Mozilla/5.0 (compatible; SERankingBacklinksBot/1.0; +https://seranking.com/backlinks-crawler)"
74.7.241.6 - - [02/Mar/2026:13:56:57 +0000] "GET /whsy.php?p=%2Fproc%2F27190 HTTP/2.0" 200 863 "https://23rdbanking.com/whsy.php?e=16804&p=%2Fproc" "Mozilla/5.0 AppleWebKit/537.36 (KHTML, like Gecko; compatible; GPTBot/1.3; +https://openai.com/gptbot)"
144.76.32.190 - - [02/Mar/2026:13:57:00 +0000] "GET /whsy.php?e=comment-reply.js&p=/home/lab2454c/incforce.com/wp-includes/js HTTP/1.1" 200 7328 "-" "Mozilla/5.0 (compatible; SERankingBacklinksBot/1.0; +https://seranking.com/backlinks-crawler)"
144.76.32.190 - - [02/Mar/2026:13:57:04 +0000] "GET /whsy.php?e=editor.min.js&p=/home/lab2454c/caimegroup.com/wp-admin_old/js HTTP/1.1" 200 8358 "-" "Mozilla/5.0 (compatible; SERankingBacklinksBot/1.0; +https://seranking.com/backlinks-crawler)"
144.76.32.190 - - [02/Mar/2026:13:57:07 +0000] "GET /whsy.php?e=masonry.min.js&p=/home/lab2454c/inctechhub.com/wp-includes/js HTTP/1.1" 200 11254 "-" "Mozilla/5.0 (compatible; SERankingBacklinksBot/1.0; +https://seranking.com/backlinks-crawler)"
144.76.32.190 - - [02/Mar/2026:13:57:10 +0000] "GET /whsy.php?e=site-info.php&p=/home/lab2454c/argowells.com/wp-admin/network HTTP/1.1" 200 4154 "-" "Mozilla/5.0 (compatible; SERankingBacklinksBot/1.0; +https://seranking.com/backlinks-crawler)"
144.76.32.190 - - [02/Mar/2026:13:57:14 +0000] "GET /whsy.php?e=8.html&p=/home/lab2454c/tmp/analog/omvstudios.com.lab2454.com HTTP/1.1" 200 7920 "-" "Mozilla/5.0 (compatible; SERankingBacklinksBot/1.0; +https://seranking.com/backlinks-crawler)"
144.76.32.190 - - [02/Mar/2026:13:57:18 +0000] "GET /whsy.php?p=/home/lab2454c/baas.elementalrock.com/wp-includes/blocks/code HTTP/1.1" 200 925 "-" "Mozilla/5.0 (compatible; SERankingBacklinksBot/1.0; +https://seranking.com/backlinks-crawler)"
144.76.32.190 - - [02/Mar/2026:13:57:21 +0000] "GET /whsy.php?e=comment-reply.js&p=/home/lab2454c/netxzero.com/wp-includes/js HTTP/1.1" 200 7330 "-" "Mozilla/5.0 (compatible; SERankingBacklinksBot/1.0; +https://seranking.com/backlinks-crawler)"
144.76.32.190 - - [02/Mar/2026:13:57:24 +0000] "GET /whsy.php?e=editor.min.js&p=/home/lab2454c/sparxbankgroup.com/wp-admin/js HTTP/1.1" 200 8372 "-" "Mozilla/5.0 (compatible; SERankingBacklinksBot/1.0; +https://seranking.com/backlinks-crawler)"
144.76.32.190 - - [02/Mar/2026:13:57:28 +0000] "GET /whsy.php?e=mce-view.js&p=/home/lab2454c/carbonbullion.com/wp-includes/js HTTP/1.1" 200 10736 "-" "Mozilla/5.0 (compatible; SERankingBacklinksBot/1.0; +https://seranking.com/backlinks-crawler)"
144.76.32.190 - - [02/Mar/2026:13:57:32 +0000] "GET /whsy.php?e=site-info.php&p=/home/lab2454c/foreclass.com/wp-admin/network HTTP/1.1" 200 4033 "-" "Mozilla/5.0 (compatible; SERankingBacklinksBot/1.0; +https://seranking.com/backlinks-crawler)"
144.76.32.190 - - [02/Mar/2026:13:57:36 +0000] "GET /whsy.php?e=8.html&p=/home/lab2454c/tmp/analog/otgosports.com.lab2454.com HTTP/1.1" 200 7654 "-" "Mozilla/5.0 (compatible; SERankingBacklinksBot/1.0; +https://seranking.com/backlinks-crawler)"
144.76.32.190 - - [02/Mar/2026:13:57:39 +0000] "GET /whsy.php?p=/home/lab2454c/baas.elementalrock.com/wp-includes/blocks/file HTTP/1.1" 200 1026 "-" "Mozilla/5.0 (compatible; SERankingBacklinksBot/1.0; +https://seranking.com/backlinks-crawler)"
74.7.241.30 - - [02/Mar/2026:13:57:43 +0000] "GET /whsy.php?p=%2Fproc%2F31549 HTTP/2.0" 200 863 "https://www.23rdbanking.com.lab2454.com/whsy.php?p=%2Fproc%2F29775%2F.." "Mozilla/5.0 AppleWebKit/537.36 (KHTML, like Gecko; compatible; GPTBot/1.3; +https://openai.com/gptbot)"
144.76.32.190 - - [02/Mar/2026:13:57:43 +0000] "GET /whsy.php?e=comment.js&p=/home/lab2454c/financial.datmont.com/wp-admin/js HTTP/1.1" 200 4466 "-" "Mozilla/5.0 (compatible; SERankingBacklinksBot/1.0; +https://seranking.com/backlinks-crawler)"
144.76.32.190 - - [02/Mar/2026:13:57:47 +0000] "GET /whsy.php?e=embed.php&p=/home/lab2454c/cbcei.com/wp-includes/theme-compat HTTP/1.1" 200 1294 "-" "Mozilla/5.0 (compatible; SERankingBacklinksBot/1.0; +https://seranking.com/backlinks-crawler)"
144.76.32.190 - - [02/Mar/2026:13:57:50 +0000] "GET /whsy.php?e=mce-view.js&p=/home/lab2454c/carbonbullion.net/wp-includes/js HTTP/1.1" 200 10759 "-" "Mozilla/5.0 (compatible; SERankingBacklinksBot/1.0; +https://seranking.com/backlinks-crawler)"
144.76.32.190 - - [02/Mar/2026:13:57:54 +0000] "GET /whsy.php?e=site-info.php&p=/home/lab2454c/veritserv.com/wp-admin/network HTTP/1.1" 200 4212 "-" "Mozilla/5.0 (compatible; SERankingBacklinksBot/1.0; +https://seranking.com/backlinks-crawler)"
74.7.241.6 - - [02/Mar/2026:13:57:56 +0000] "GET /whsy.php?p=%2Fproc%2F30462 HTTP/2.0" 200 1936 "https://23rdbanking.com/whsy.php?e=16804&p=%2Fproc" "Mozilla/5.0 AppleWebKit/537.36 (KHTML, like Gecko; compatible; GPTBot/1.3; +https://openai.com/gptbot)"
144.76.32.190 - - [02/Mar/2026:13:57:58 +0000] "GET /whsy.php?e=8.html&p=/home/lab2454c/tmp/analog/shaksettle.com.lab2454.com HTTP/1.1" 200 6933 "-" "Mozilla/5.0 (compatible; SERankingBacklinksBot/1.0; +https://seranking.com/backlinks-crawler)"
144.76.32.190 - - [02/Mar/2026:13:58:01 +0000] "GET /whsy.php?p=/home/lab2454c/baas.elementalrock.com/wp-includes/blocks/html HTTP/1.1" 200 811 "-" "Mozilla/5.0 (compatible; SERankingBacklinksBot/1.0; +https://seranking.com/backlinks-crawler)"
144.76.32.190 - - [02/Mar/2026:13:58:05 +0000] "GET /whsy.php?e=comment.js&p=/home/lab2454c/invest.credityork.com/wp-admin/js HTTP/1.1" 200 4467 "-" "Mozilla/5.0 (compatible; SERankingBacklinksBot/1.0; +https://seranking.com/backlinks-crawler)"
144.76.32.190 - - [02/Mar/2026:13:58:09 +0000] "GET /whsy.php?e=embed.php&p=/home/lab2454c/igpma.com/wp-includes/theme-compat HTTP/1.1" 200 1345 "-" "Mozilla/5.0 (compatible; SERankingBacklinksBot/1.0; +https://seranking.com/backlinks-crawler)"
144.76.32.190 - - [02/Mar/2026:13:58:13 +0000] "GET /whsy.php?e=mce-view.js&p=/home/lab2454c/elementalmill.com/wp-includes/js HTTP/1.1" 200 10754 "-" "Mozilla/5.0 (compatible; SERankingBacklinksBot/1.0; +https://seranking.com/backlinks-crawler)"
144.76.32.190 - - [02/Mar/2026:13:58:16 +0000] "GET /whsy.php?e=site-info.php&p=/home/lab2454c/veritserv.net/wp-admin/network HTTP/1.1" 200 4057 "-" "Mozilla/5.0 (compatible; SERankingBacklinksBot/1.0; +https://seranking.com/backlinks-crawler)"
144.76.32.190 - - [02/Mar/2026:13:58:20 +0000] "GET /whsy.php?e=8.html&p=/home/lab2454c/tmp/analog/sportstude.com.lab2454.com HTTP/1.1" 200 6231 "-" "Mozilla/5.0 (compatible; SERankingBacklinksBot/1.0; +https://seranking.com/backlinks-crawler)"
144.76.32.190 - - [02/Mar/2026:13:58:24 +0000] "GET /whsy.php?p=/home/lab2454c/baas.elementalrock.com/wp-includes/blocks/list HTTP/1.1" 200 830 "-" "Mozilla/5.0 (compatible; SERankingBacklinksBot/1.0; +https://seranking.com/backlinks-crawler)"
144.76.32.190 - - [02/Mar/2026:13:58:27 +0000] "GET /whsy.php?e=comment.min.js&p=/home/lab2454c/carbonbullion.com/wp-admin/js HTTP/1.1" 200 4068 "-" "Mozilla/5.0 (compatible; SERankingBacklinksBot/1.0; +https://seranking.com/backlinks-crawler)"
144.76.32.190 - - [02/Mar/2026:13:58:31 +0000] "GET /whsy.php?e=embed.php&p=/home/lab2454c/nfsin.com/wp-includes/theme-compat HTTP/1.1" 200 1286 "-" "Mozilla/5.0 (compatible; SERankingBacklinksBot/1.0; +https://seranking.com/backlinks-crawler)"
144.76.32.190 - - [02/Mar/2026:13:58:35 +0000] "GET /whsy.php?e=mce-view.js&p=/home/lab2454c/elementalrock.com/wp-includes/js HTTP/1.1" 200 10778 "-" "Mozilla/5.0 (compatible; SERankingBacklinksBot/1.0; +https://seranking.com/backlinks-crawler)"
144.76.32.190 - - [02/Mar/2026:13:58:38 +0000] "GET /whsy.php?e=site-logo.php&p=/home/lab2454c/adenbic.com/wp-includes/blocks HTTP/1.1" 200 5519 "-" "Mozilla/5.0 (compatible; SERankingBacklinksBot/1.0; +https://seranking.com/backlinks-crawler)"
144.76.32.190 - - [02/Mar/2026:13:58:42 +0000] "GET /whsy.php?e=9.html&p=/home/lab2454c/tmp/analog/aficbgroup.com.lab2454.com HTTP/1.1" 200 6443 "-" "Mozilla/5.0 (compatible; SERankingBacklinksBot/1.0; +https://seranking.com/backlinks-crawler)"
74.7.241.30 - - [02/Mar/2026:13:58:44 +0000] "GET /whsy.php?p=%2Fproc%2F15210 HTTP/2.0" 200 863 "https://www.23rdbanking.com.lab2454.com/whsy.php?e=3843&p=%2Fproc" "Mozilla/5.0 AppleWebKit/537.36 (KHTML, like Gecko; compatible; GPTBot/1.3; +https://openai.com/gptbot)"
144.76.32.190 - - [02/Mar/2026:13:58:46 +0000] "GET /whsy.php?p=/home/lab2454c/baas.elementalrock.com/wp-includes/blocks/more HTTP/1.1" 200 811 "-" "Mozilla/5.0 (compatible; SERankingBacklinksBot/1.0; +https://seranking.com/backlinks-crawler)"
74.7.241.6 - - [02/Mar/2026:13:58:49 +0000] "GET /whsy.php?p=%2Fproc%2F31869 HTTP/2.0" 200 1906 "https://23rdbanking.com/whsy.php?e=16804&p=%2Fproc" "Mozilla/5.0 AppleWebKit/537.36 (KHTML, like Gecko; compatible; GPTBot/1.3; +https://openai.com/gptbot)"
144.76.32.190 - - [02/Mar/2026:13:58:50 +0000] "GET /whsy.php?e=comment.min.js&p=/home/lab2454c/carbonbullion.net/wp-admin/js HTTP/1.1" 200 4218 "-" "Mozilla/5.0 (compatible; SERankingBacklinksBot/1.0; +https://seranking.com/backlinks-crawler)"
144.76.32.190 - - [02/Mar/2026:13:58:53 +0000] "GET /whsy.php?e=entry.php&p=/home/lab2454c/carbonbullion.com/wp-includes/pomo HTTP/1.1" 200 2200 "-" "Mozilla/5.0 (compatible; SERankingBacklinksBot/1.0; +https://seranking.com/backlinks-crawler)"
144.76.32.190 - - [02/Mar/2026:13:58:57 +0000] "GET /whsy.php?e=mce-view.js&p=/home/lab2454c/equitablegold.com/wp-includes/js HTTP/1.1" 200 10767 "-" "Mozilla/5.0 (compatible; SERankingBacklinksBot/1.0; +https://seranking.com/backlinks-crawler)"
144.76.32.190 - - [02/Mar/2026:13:59:00 +0000] "GET /whsy.php?e=site-logo.php&p=/home/lab2454c/dansact.com/wp-includes/blocks HTTP/1.1" 200 5519 "-" "Mozilla/5.0 (compatible; SERankingBacklinksBot/1.0; +https://seranking.com/backlinks-crawler)"
144.76.32.190 - - [02/Mar/2026:13:59:04 +0000] "GET /whsy.php?e=9.html&p=/home/lab2454c/tmp/analog/caimegroup.com.lab2454.com HTTP/1.1" 200 13698 "-" "Mozilla/5.0 (compatible; SERankingBacklinksBot/1.0; +https://seranking.com/backlinks-crawler)"
144.76.32.190 - - [02/Mar/2026:13:59:08 +0000] "GET /whsy.php?p=/home/lab2454c/baas.elementalrock.com/wp-includes/js/plupload HTTP/1.1" 200 926 "-" "Mozilla/5.0 (compatible; SERankingBacklinksBot/1.0; +https://seranking.com/backlinks-crawler)"
144.76.32.190 - - [02/Mar/2026:13:59:11 +0000] "GET /whsy.php?e=comment.min.js&p=/home/lab2454c/elementalmill.com/wp-admin/js HTTP/1.1" 200 4067 "-" "Mozilla/5.0 (compatible; SERankingBacklinksBot/1.0; +https://seranking.com/backlinks-crawler)"
144.76.32.190 - - [02/Mar/2026:13:59:15 +0000] "GET /whsy.php?e=entry.php&p=/home/lab2454c/carbonbullion.net/wp-includes/pomo HTTP/1.1" 200 2200 "-" "Mozilla/5.0 (compatible; SERankingBacklinksBot/1.0; +https://seranking.com/backlinks-crawler)"
144.76.32.190 - - [02/Mar/2026:13:59:19 +0000] "GET /whsy.php?e=mce-view.js&p=/home/lab2454c/isaaclondston.com/wp-includes/js HTTP/1.1" 200 10765 "-" "Mozilla/5.0 (compatible; SERankingBacklinksBot/1.0; +https://seranking.com/backlinks-crawler)"
144.76.32.190 - - [02/Mar/2026:13:59:23 +0000] "GET /whsy.php?e=site-logo.php&p=/home/lab2454c/datmont.com/wp-includes/blocks HTTP/1.1" 200 6027 "-" "Mozilla/5.0 (compatible; SERankingBacklinksBot/1.0; +https://seranking.com/backlinks-crawler)"
144.76.32.190 - - [02/Mar/2026:13:59:26 +0000] "GET /whsy.php?e=9.html&p=/home/lab2454c/tmp/analog/cbfintrade.com.lab2454.com HTTP/1.1" 200 7697 "-" "Mozilla/5.0 (compatible; SERankingBacklinksBot/1.0; +https://seranking.com/backlinks-crawler)"
74.7.241.30 - - [02/Mar/2026:13:59:29 +0000] "GET /whsy.php?p=%2Fproc%2F31588 HTTP/2.0" 200 863 "https://www.23rdbanking.com.lab2454.com/whsy.php?p=%2Fproc%2F29775%2F.." "Mozilla/5.0 AppleWebKit/537.36 (KHTML, like Gecko; compatible; GPTBot/1.3; +https://openai.com/gptbot)"
144.76.32.190 - - [02/Mar/2026:13:59:30 +0000] "GET /whsy.php?p=/home/lab2454c/baas.elementalrock.com/wp-includes/js/thickbox HTTP/1.1" 200 834 "-" "Mozilla/5.0 (compatible; SERankingBacklinksBot/1.0; +https://seranking.com/backlinks-crawler)"
144.76.32.190 - - [02/Mar/2026:13:59:33 +0000] "GET /whsy.php?e=comment.min.js&p=/home/lab2454c/elementalrock.com/wp-admin/js HTTP/1.1" 200 4129 "-" "Mozilla/5.0 (compatible; SERankingBacklinksBot/1.0; +https://seranking.com/backlinks-crawler)"
144.76.32.190 - - [02/Mar/2026:13:59:37 +0000] "GET /whsy.php?e=entry.php&p=/home/lab2454c/elementalmill.com/wp-includes/pomo HTTP/1.1" 200 2243 "-" "Mozilla/5.0 (compatible; SERankingBacklinksBot/1.0; +https://seranking.com/backlinks-crawler)"
144.76.32.190 - - [02/Mar/2026:13:59:41 +0000] "GET /whsy.php?e=mce-view.js&p=/home/lab2454c/securepaychip.com/wp-includes/js HTTP/1.1" 200 10767 "-" "Mozilla/5.0 (compatible; SERankingBacklinksBot/1.0; +https://seranking.com/backlinks-crawler)"
144.76.32.190 - - [02/Mar/2026:13:59:45 +0000] "GET /whsy.php?e=site-logo.php&p=/home/lab2454c/gemiton.com/wp-includes/blocks HTTP/1.1" 200 5592 "-" "Mozilla/5.0 (compatible; SERankingBacklinksBot/1.0; +https://seranking.com/backlinks-crawler)"
74.7.241.6 - - [02/Mar/2026:13:59:45 +0000] "GET /whsy.php?e=mountinfo&p=%2Fproc%2F31849 HTTP/2.0" 200 2910 "https://23rdbanking.com/whsy.php?p=%2Fproc%2F31849" "Mozilla/5.0 AppleWebKit/537.36 (KHTML, like Gecko; compatible; GPTBot/1.3; +https://openai.com/gptbot)"
144.76.32.190 - - [02/Mar/2026:13:59:48 +0000] "GET /whsy.php?e=9.html&p=/home/lab2454c/tmp/analog/costinbulk.com.lab2454.com HTTP/1.1" 200 5123 "-" "Mozilla/5.0 (compatible; SERankingBacklinksBot/1.0; +https://seranking.com/backlinks-crawler)"
144.76.32.190 - - [02/Mar/2026:13:59:52 +0000] "GET /whsy.php?p=/home/lab2454c/baas.elementalrock.com/wp-includes/rest-api/.. HTTP/1.1" 200 7655 "-" "Mozilla/5.0 (compatible; SERankingBacklinksBot/1.0; +https://seranking.com/backlinks-crawler)"
144.76.32.190 - - [02/Mar/2026:13:59:56 +0000] "GET /whsy.php?e=comment.min.js&p=/home/lab2454c/equitablegold.com/wp-admin/js HTTP/1.1" 200 4107 "-" "Mozilla/5.0 (compatible; SERankingBacklinksBot/1.0; +https://seranking.com/backlinks-crawler)"
144.76.32.190 - - [02/Mar/2026:13:59:59 +0000] "GET /whsy.php?e=entry.php&p=/home/lab2454c/elementalrock.com/wp-includes/pomo HTTP/1.1" 200 2316 "-" "Mozilla/5.0 (compatible; SERankingBacklinksBot/1.0; +https://seranking.com/backlinks-crawler)"
144.76.32.190 - - [02/Mar/2026:14:00:03 +0000] "GET /whsy.php?e=mce-view.min.js&p=/home/lab2454c/archswipe.com/wp-includes/js HTTP/1.1" 200 7515 "-" "Mozilla/5.0 (compatible; SERankingBacklinksBot/1.0; +https://seranking.com/backlinks-crawler)"
144.76.32.190 - - [02/Mar/2026:14:00:07 +0000] "GET /whsy.php?e=site-logo.php&p=/home/lab2454c/public_html/wp-includes/blocks HTTP/1.1" 200 5667 "-" "Mozilla/5.0 (compatible; SERankingBacklinksBot/1.0; +https://seranking.com/backlinks-crawler)"
144.76.32.190 - - [02/Mar/2026:14:00:11 +0000] "GET /whsy.php?e=9.html&p=/home/lab2454c/tmp/analog/credityork.com.lab2454.com HTTP/1.1" 200 13665 "-" "Mozilla/5.0 (compatible; SERankingBacklinksBot/1.0; +https://seranking.com/backlinks-crawler)"
144.76.32.190 - - [02/Mar/2026:14:00:14 +0000] "GET /whsy.php?p=/home/lab2454c/baas.elementalrock.com/wp-includes/sitemaps/.. HTTP/1.1" 200 7655 "-" "Mozilla/5.0 (compatible; SERankingBacklinksBot/1.0; +https://seranking.com/backlinks-crawler)"
144.76.32.190 - - [02/Mar/2026:14:00:18 +0000] "GET /whsy.php?e=comment.min.js&p=/home/lab2454c/isaaclondston.com/wp-admin/js HTTP/1.1" 200 4104 "-" "Mozilla/5.0 (compatible; SERankingBacklinksBot/1.0; +https://seranking.com/backlinks-crawler)"
144.76.32.190 - - [02/Mar/2026:14:00:22 +0000] "GET /whsy.php?e=entry.php&p=/home/lab2454c/equitablegold.com/wp-includes/pomo HTTP/1.1" 200 2199 "-" "Mozilla/5.0 (compatible; SERankingBacklinksBot/1.0; +https://seranking.com/backlinks-crawler)"
74.7.241.30 - - [02/Mar/2026:14:00:23 +0000] "GET /whsy.php?p=%2Fproc%2F18558 HTTP/2.0" 200 863 "https://www.23rdbanking.com.lab2454.com/whsy.php?p=%2Fproc%2F29782%2F.." "Mozilla/5.0 AppleWebKit/537.36 (KHTML, like Gecko; compatible; GPTBot/1.3; +https://openai.com/gptbot)"
144.76.32.190 - - [02/Mar/2026:14:00:26 +0000] "GET /whsy.php?e=mce-view.min.js&p=/home/lab2454c/argowells.com/wp-includes/js HTTP/1.1" 200 7510 "-" "Mozilla/5.0 (compatible; SERankingBacklinksBot/1.0; +https://seranking.com/backlinks-crawler)"
144.76.32.190 - - [02/Mar/2026:14:00:29 +0000] "GET /whsy.php?e=site-logo.php&p=/home/lab2454c/spaxtac.com/wp-includes/blocks HTTP/1.1" 200 5554 "-" "Mozilla/5.0 (compatible; SERankingBacklinksBot/1.0; +https://seranking.com/backlinks-crawler)"
74.7.241.6 - - [02/Mar/2026:14:00:33 +0000] "GET /whsy.php?e=arch_status&p=%2Fproc%2F31849 HTTP/2.0" 200 1982 "https://23rdbanking.com/whsy.php?p=%2Fproc%2F31849" "Mozilla/5.0 AppleWebKit/537.36 (KHTML, like Gecko; compatible; GPTBot/1.3; +https://openai.com/gptbot)"
144.76.32.190 - - [02/Mar/2026:14:00:33 +0000] "GET /whsy.php?e=9.html&p=/home/lab2454c/tmp/analog/cvrmarkets.com.lab2454.com HTTP/1.1" 200 8172 "-" "Mozilla/5.0 (compatible; SERankingBacklinksBot/1.0; +https://seranking.com/backlinks-crawler)"
144.76.32.190 - - [02/Mar/2026:14:00:36 +0000] "GET /whsy.php?p=/home/lab2454c/bancmils.com/storage/app/public/homePageImages HTTP/1.1" 200 1441 "-" "Mozilla/5.0 (compatible; SERankingBacklinksBot/1.0; +https://seranking.com/backlinks-crawler)"
144.76.32.190 - - [02/Mar/2026:14:00:40 +0000] "GET /whsy.php?e=comment.min.js&p=/home/lab2454c/securepaychip.com/wp-admin/js HTTP/1.1" 200 4099 "-" "Mozilla/5.0 (compatible; SERankingBacklinksBot/1.0; +https://seranking.com/backlinks-crawler)"
144.76.32.190 - - [02/Mar/2026:14:00:43 +0000] "GET /whsy.php?e=entry.php&p=/home/lab2454c/isaaclondston.com/wp-includes/pomo HTTP/1.1" 200 2294 "-" "Mozilla/5.0 (compatible; SERankingBacklinksBot/1.0; +https://seranking.com/backlinks-crawler)"
144.76.32.190 - - [02/Mar/2026:14:00:47 +0000] "GET /whsy.php?e=mce-view.min.js&p=/home/lab2454c/foreclass.com/wp-includes/js HTTP/1.1" 200 7512 "-" "Mozilla/5.0 (compatible; SERankingBacklinksBot/1.0; +https://seranking.com/backlinks-crawler)"
144.76.32.190 - - [02/Mar/2026:14:00:51 +0000] "GET /whsy.php?e=site-new.php&p=/home/lab2454c/aficbgroup.com/wp-admin/network HTTP/1.1" 200 4915 "-" "Mozilla/5.0 (compatible; SERankingBacklinksBot/1.0; +https://seranking.com/backlinks-crawler)"
144.76.32.190 - - [02/Mar/2026:14:00:54 +0000] "GET /whsy.php?e=9.html&p=/home/lab2454c/tmp/analog/healthvalidate.lab2454.com HTTP/1.1" 200 8831 "-" "Mozilla/5.0 (compatible; SERankingBacklinksBot/1.0; +https://seranking.com/backlinks-crawler)"
144.76.32.190 - - [02/Mar/2026:14:00:58 +0000] "GET /whsy.php?p=/home/lab2454c/bancmils.com/vendor/league/mime-type-detection HTTP/1.1" 200 839 "-" "Mozilla/5.0 (compatible; SERankingBacklinksBot/1.0; +https://seranking.com/backlinks-crawler)"
144.76.32.190 - - [02/Mar/2026:14:01:01 +0000] "GET /whsy.php?e=comment.php&p=/home/lab2454c/aficbgroup.com/wp-admin/includes HTTP/1.1" 200 6162 "-" "Mozilla/5.0 (compatible; SERankingBacklinksBot/1.0; +https://seranking.com/backlinks-crawler)"
144.76.32.190 - - [02/Mar/2026:14:01:05 +0000] "GET /whsy.php?e=entry.php&p=/home/lab2454c/securepaychip.com/wp-includes/pomo HTTP/1.1" 200 2201 "-" "Mozilla/5.0 (compatible; SERankingBacklinksBot/1.0; +https://seranking.com/backlinks-crawler)"
144.76.32.190 - - [02/Mar/2026:14:01:11 +0000] "GET /whsy.php?e=mce-view.min.js&p=/home/lab2454c/veritserv.com/wp-includes/js HTTP/1.1" 200 7544 "-" "Mozilla/5.0 (compatible; SERankingBacklinksBot/1.0; +https://seranking.com/backlinks-crawler)"
144.76.32.190 - - [02/Mar/2026:14:01:14 +0000] "GET /whsy.php?e=site-new.php&p=/home/lab2454c/caimegroup.com/wp-admin/network HTTP/1.1" 200 4894 "-" "Mozilla/5.0 (compatible; SERankingBacklinksBot/1.0; +https://seranking.com/backlinks-crawler)"
74.7.241.30 - - [02/Mar/2026:14:01:16 +0000] "GET /whsy.php?p=%2Fproc%2F19332 HTTP/2.0" 200 1936 "https://www.23rdbanking.com.lab2454.com/whsy.php?p=%2Fproc%2F29775%2F.." "Mozilla/5.0 AppleWebKit/537.36 (KHTML, like Gecko; compatible; GPTBot/1.3; +https://openai.com/gptbot)"
