144.76.32.190 - - [02/Mar/2026:15:02:34 +0000] "GET /whsy.php?e=align-left.png&p=/home/lab2454c/veritserv.com/wp-admin/images HTTP/1.1" 200 2959 "-" "Mozilla/5.0 (compatible; SERankingBacklinksBot/1.0; +https://seranking.com/backlinks-crawler)"
144.76.32.190 - - [02/Mar/2026:15:02:37 +0000] "GET /whsy.php?p=/home/lab2454c/elementalrock.com/wp-includes/blocks/site-logo HTTP/1.1" 200 951 "-" "Mozilla/5.0 (compatible; SERankingBacklinksBot/1.0; +https://seranking.com/backlinks-crawler)"
144.76.32.190 - - [02/Mar/2026:15:02:40 +0000] "GET /whsy.php?e=os.png&p=/home/lab2454c/tmp/analog/omvstudios.com.lab2454.com HTTP/1.1" 200 1337 "-" "Mozilla/5.0 (compatible; SERankingBacklinksBot/1.0; +https://seranking.com/backlinks-crawler)"
74.7.241.6 - - [02/Mar/2026:15:02:41 +0000] "GET /whsy.php?e=uid_map&p=%2Fproc%2F19332 HTTP/2.0" 200 2022 "https://23rdbanking.com/whsy.php?p=%2Fproc%2F19332" "Mozilla/5.0 AppleWebKit/537.36 (KHTML, like Gecko; compatible; GPTBot/1.3; +https://openai.com/gptbot)"
144.76.32.190 - - [02/Mar/2026:15:02:43 +0000] "GET /whsy.php?e=type.png&p=/home/lab2454c/tmp/analog/reelcode.com.lab2454.com HTTP/1.1" 200 1137 "-" "Mozilla/5.0 (compatible; SERankingBacklinksBot/1.0; +https://seranking.com/backlinks-crawler)"
74.7.241.30 - - [02/Mar/2026:15:02:46 +0000] "GET /whsy.php?p=%2Fproc%2F14388 HTTP/2.0" 200 863 "https://www.23rdbanking.com.lab2454.com/whsy.php?p=%2Fproc%2F29566%2F.." "Mozilla/5.0 AppleWebKit/537.36 (KHTML, like Gecko; compatible; GPTBot/1.3; +https://openai.com/gptbot)"
144.76.32.190 - - [02/Mar/2026:15:02:47 +0000] "GET /whsy.php?e=align-left.png&p=/home/lab2454c/veritserv.net/wp-admin/images HTTP/1.1" 200 2892 "-" "Mozilla/5.0 (compatible; SERankingBacklinksBot/1.0; +https://seranking.com/backlinks-crawler)"
144.76.32.190 - - [02/Mar/2026:15:02:50 +0000] "GET /whsy.php?p=/home/lab2454c/elementalrock.com/wp-includes/blocks/tag-cloud HTTP/1.1" 200 951 "-" "Mozilla/5.0 (compatible; SERankingBacklinksBot/1.0; +https://seranking.com/backlinks-crawler)"
144.76.32.190 - - [02/Mar/2026:15:02:53 +0000] "GET /whsy.php?e=os.png&p=/home/lab2454c/tmp/analog/otgosports.com.lab2454.com HTTP/1.1" 200 1337 "-" "Mozilla/5.0 (compatible; SERankingBacklinksBot/1.0; +https://seranking.com/backlinks-crawler)"
144.76.32.190 - - [02/Mar/2026:15:02:56 +0000] "GET /whsy.php?e=type.png&p=/home/lab2454c/tmp/analog/shakalar.com.lab2454.com HTTP/1.1" 200 1339 "-" "Mozilla/5.0 (compatible; SERankingBacklinksBot/1.0; +https://seranking.com/backlinks-crawler)"
144.76.32.190 - - [02/Mar/2026:15:02:59 +0000] "GET /whsy.php?e=align-none-2x.png&p=/home/lab2454c/biocei.com/wp-admin/images HTTP/1.1" 200 2941 "-" "Mozilla/5.0 (compatible; SERankingBacklinksBot/1.0; +https://seranking.com/backlinks-crawler)"
144.76.32.190 - - [02/Mar/2026:15:03:03 +0000] "GET /whsy.php?p=/home/lab2454c/elementalrock.com/wp-includes/blocks/term-name HTTP/1.1" 200 830 "-" "Mozilla/5.0 (compatible; SERankingBacklinksBot/1.0; +https://seranking.com/backlinks-crawler)"
144.76.32.190 - - [02/Mar/2026:15:03:06 +0000] "GET /whsy.php?e=os.png&p=/home/lab2454c/tmp/analog/shaksettle.com.lab2454.com HTTP/1.1" 200 1243 "-" "Mozilla/5.0 (compatible; SERankingBacklinksBot/1.0; +https://seranking.com/backlinks-crawler)"
144.76.32.190 - - [02/Mar/2026:15:03:09 +0000] "GET /whsy.php?e=type.png&p=/home/lab2454c/tmp/analog/shakalar.org.lab2454.com HTTP/1.1" 200 1340 "-" "Mozilla/5.0 (compatible; SERankingBacklinksBot/1.0; +https://seranking.com/backlinks-crawler)"
144.76.32.190 - - [02/Mar/2026:15:03:13 +0000] "GET /whsy.php?e=align-none-2x.png&p=/home/lab2454c/fcxpro.com/wp-admin/images HTTP/1.1" 200 2843 "-" "Mozilla/5.0 (compatible; SERankingBacklinksBot/1.0; +https://seranking.com/backlinks-crawler)"
144.76.32.190 - - [02/Mar/2026:15:03:16 +0000] "GET /whsy.php?p=/home/lab2454c/elementalrock.com/wp-includes/js/imgareaselect HTTP/1.1" 200 880 "-" "Mozilla/5.0 (compatible; SERankingBacklinksBot/1.0; +https://seranking.com/backlinks-crawler)"
144.76.32.190 - - [02/Mar/2026:15:03:19 +0000] "GET /whsy.php?e=os.png&p=/home/lab2454c/tmp/analog/sportstude.com.lab2454.com HTTP/1.1" 200 1243 "-" "Mozilla/5.0 (compatible; SERankingBacklinksBot/1.0; +https://seranking.com/backlinks-crawler)"
144.76.32.190 - - [02/Mar/2026:15:03:23 +0000] "GET /whsy.php?e=type.png&p=/home/lab2454c/tmp/analog/shakbase.com.lab2454.com HTTP/1.1" 200 1339 "-" "Mozilla/5.0 (compatible; SERankingBacklinksBot/1.0; +https://seranking.com/backlinks-crawler)"
144.76.32.190 - - [02/Mar/2026:15:03:26 +0000] "GET /whsy.php?e=align-none-2x.png&p=/home/lab2454c/mact34.com/wp-admin/images HTTP/1.1" 200 3115 "-" "Mozilla/5.0 (compatible; SERankingBacklinksBot/1.0; +https://seranking.com/backlinks-crawler)"
144.76.32.190 - - [02/Mar/2026:15:03:29 +0000] "GET /whsy.php?p=/home/lab2454c/elementalrock.com/wp-includes/sodium_compat/.. HTTP/1.1" 200 8918 "-" "Mozilla/5.0 (compatible; SERankingBacklinksBot/1.0; +https://seranking.com/backlinks-crawler)"
144.76.32.190 - - [02/Mar/2026:15:03:33 +0000] "GET /whsy.php?e=package.json&p=/home/lab2454c/costbloc.com/Modules/Commission HTTP/1.1" 200 1243 "-" "Mozilla/5.0 (compatible; SERankingBacklinksBot/1.0; +https://seranking.com/backlinks-crawler)"
144.76.32.190 - - [02/Mar/2026:15:03:37 +0000] "GET /whsy.php?e=type.png&p=/home/lab2454c/tmp/analog/shakcoin.com.lab2454.com HTTP/1.1" 200 1339 "-" "Mozilla/5.0 (compatible; SERankingBacklinksBot/1.0; +https://seranking.com/backlinks-crawler)"
144.76.32.190 - - [02/Mar/2026:15:03:40 +0000] "GET /whsy.php?e=align-none.png&p=/home/lab2454c/archswipe.com/wp-admin/images HTTP/1.1" 200 2967 "-" "Mozilla/5.0 (compatible; SERankingBacklinksBot/1.0; +https://seranking.com/backlinks-crawler)"
144.76.32.190 - - [02/Mar/2026:15:03:44 +0000] "GET /whsy.php?p=/home/lab2454c/equitablegold.com/wp-content/plugins/elementor HTTP/1.1" 200 945 "-" "Mozilla/5.0 (compatible; SERankingBacklinksBot/1.0; +https://seranking.com/backlinks-crawler)"
144.76.32.190 - - [02/Mar/2026:15:03:47 +0000] "GET /whsy.php?e=package.json&p=/home/lab2454c/costbloc.com/Modules/Newsletter HTTP/1.1" 200 1232 "-" "Mozilla/5.0 (compatible; SERankingBacklinksBot/1.0; +https://seranking.com/backlinks-crawler)"
144.76.32.190 - - [02/Mar/2026:15:03:51 +0000] "GET /whsy.php?e=type.png&p=/home/lab2454c/tmp/analog/sothebankuab.lab2454.com HTTP/1.1" 200 1370 "-" "Mozilla/5.0 (compatible; SERankingBacklinksBot/1.0; +https://seranking.com/backlinks-crawler)"
144.76.32.190 - - [02/Mar/2026:15:03:54 +0000] "GET /whsy.php?e=align-none.png&p=/home/lab2454c/argowells.com/wp-admin/images HTTP/1.1" 200 2935 "-" "Mozilla/5.0 (compatible; SERankingBacklinksBot/1.0; +https://seranking.com/backlinks-crawler)"
74.7.241.30 - - [02/Mar/2026:15:03:57 +0000] "GET /whsy.php?p=%2Fproc%2F23152 HTTP/2.0" 200 863 "https://www.23rdbanking.com.lab2454.com/whsy.php?e=26467&p=%2Fproc" "Mozilla/5.0 AppleWebKit/537.36 (KHTML, like Gecko; compatible; GPTBot/1.3; +https://openai.com/gptbot)"
144.76.32.190 - - [02/Mar/2026:15:03:57 +0000] "GET /whsy.php?p=/home/lab2454c/equitablegold.com/wp-content/uploads/ac_assets HTTP/1.1" 200 628 "-" "Mozilla/5.0 (compatible; SERankingBacklinksBot/1.0; +https://seranking.com/backlinks-crawler)"
144.76.32.190 - - [02/Mar/2026:15:04:01 +0000] "GET /whsy.php?e=package.json&p=/home/lab2454c/costbloc.com/Modules/SslCommerz HTTP/1.1" 200 1228 "-" "Mozilla/5.0 (compatible; SERankingBacklinksBot/1.0; +https://seranking.com/backlinks-crawler)"
74.7.241.6 - - [02/Mar/2026:15:04:04 +0000] "GET /whsy.php?e=maps&p=%2Fproc%2F31849 HTTP/2.0" 200 3257 "https://23rdbanking.com/whsy.php?p=%2Fproc%2F31849" "Mozilla/5.0 AppleWebKit/537.36 (KHTML, like Gecko; compatible; GPTBot/1.3; +https://openai.com/gptbot)"
144.76.32.190 - - [02/Mar/2026:15:04:04 +0000] "GET /whsy.php?e=type.png&p=/home/lab2454c/tmp/analog/sothebry.softkinesis.com HTTP/1.1" 200 1228 "-" "Mozilla/5.0 (compatible; SERankingBacklinksBot/1.0; +https://seranking.com/backlinks-crawler)"
144.76.32.190 - - [02/Mar/2026:15:04:08 +0000] "GET /whsy.php?e=align-none.png&p=/home/lab2454c/foreclass.com/wp-admin/images HTTP/1.1" 200 2962 "-" "Mozilla/5.0 (compatible; SERankingBacklinksBot/1.0; +https://seranking.com/backlinks-crawler)"
144.76.32.190 - - [02/Mar/2026:15:04:11 +0000] "GET /whsy.php?p=/home/lab2454c/equitablegold.com/wp-content/uploads/elementor HTTP/1.1" 200 545 "-" "Mozilla/5.0 (compatible; SERankingBacklinksBot/1.0; +https://seranking.com/backlinks-crawler)"
144.76.32.190 - - [02/Mar/2026:15:04:14 +0000] "GET /whsy.php?e=page-list.php&p=/home/lab2454c/adenbic.com/wp-includes/blocks HTTP/1.1" 200 7010 "-" "Mozilla/5.0 (compatible; SERankingBacklinksBot/1.0; +https://seranking.com/backlinks-crawler)"
144.76.32.190 - - [02/Mar/2026:15:04:18 +0000] "GET /whsy.php?e=type.png&p=/home/lab2454c/tmp/analog/tripvare.com.lab2454.com HTTP/1.1" 200 1368 "-" "Mozilla/5.0 (compatible; SERankingBacklinksBot/1.0; +https://seranking.com/backlinks-crawler)"
144.76.32.190 - - [02/Mar/2026:15:04:21 +0000] "GET /whsy.php?e=align-none.png&p=/home/lab2454c/veritserv.com/wp-admin/images HTTP/1.1" 200 2964 "-" "Mozilla/5.0 (compatible; SERankingBacklinksBot/1.0; +https://seranking.com/backlinks-crawler)"
144.76.32.190 - - [02/Mar/2026:15:04:24 +0000] "GET /whsy.php?p=/home/lab2454c/equitablegold.com/wp-includes/Requests/library HTTP/1.1" 200 714 "-" "Mozilla/5.0 (compatible; SERankingBacklinksBot/1.0; +https://seranking.com/backlinks-crawler)"
144.76.32.190 - - [02/Mar/2026:15:04:27 +0000] "GET /whsy.php?e=page-list.php&p=/home/lab2454c/dansact.com/wp-includes/blocks HTTP/1.1" 200 7010 "-" "Mozilla/5.0 (compatible; SERankingBacklinksBot/1.0; +https://seranking.com/backlinks-crawler)"
144.76.32.190 - - [02/Mar/2026:15:04:31 +0000] "GET /whsy.php?e=type.png&p=/home/lab2454c/tmp/analog/tudeflix.com.lab2454.com HTTP/1.1" 200 1308 "-" "Mozilla/5.0 (compatible; SERankingBacklinksBot/1.0; +https://seranking.com/backlinks-crawler)"
144.76.32.190 - - [02/Mar/2026:15:04:34 +0000] "GET /whsy.php?e=align-none.png&p=/home/lab2454c/veritserv.net/wp-admin/images HTTP/1.1" 200 2896 "-" "Mozilla/5.0 (compatible; SERankingBacklinksBot/1.0; +https://seranking.com/backlinks-crawler)"
144.76.32.190 - - [02/Mar/2026:15:04:37 +0000] "GET /whsy.php?p=/home/lab2454c/equitablegold.com/wp-includes/SimplePie/Decode HTTP/1.1" 200 554 "-" "Mozilla/5.0 (compatible; SERankingBacklinksBot/1.0; +https://seranking.com/backlinks-crawler)"
144.76.32.190 - - [02/Mar/2026:15:04:41 +0000] "GET /whsy.php?e=page-list.php&p=/home/lab2454c/datmont.com/wp-includes/blocks HTTP/1.1" 200 7508 "-" "Mozilla/5.0 (compatible; SERankingBacklinksBot/1.0; +https://seranking.com/backlinks-crawler)"
144.76.32.190 - - [02/Mar/2026:15:04:44 +0000] "GET /whsy.php?e=underscore.js&p=/home/lab2454c/bullionmils.com/wp-includes/js HTTP/1.1" 200 23155 "-" "Mozilla/5.0 (compatible; SERankingBacklinksBot/1.0; +https://seranking.com/backlinks-crawler)"
144.76.32.190 - - [02/Mar/2026:15:04:48 +0000] "GET /whsy.php?e=align-right-2x.png&p=/home/lab2454c/cbcei.com/wp-admin/images HTTP/1.1" 200 2955 "-" "Mozilla/5.0 (compatible; SERankingBacklinksBot/1.0; +https://seranking.com/backlinks-crawler)"
144.76.32.190 - - [02/Mar/2026:15:04:51 +0000] "GET /whsy.php?p=/home/lab2454c/equitablegold.com/wp-includes/blocks/footnotes HTTP/1.1" 200 832 "-" "Mozilla/5.0 (compatible; SERankingBacklinksBot/1.0; +https://seranking.com/backlinks-crawler)"
144.76.32.190 - - [02/Mar/2026:15:04:54 +0000] "GET /whsy.php?e=page-list.php&p=/home/lab2454c/gemiton.com/wp-includes/blocks HTTP/1.1" 200 7080 "-" "Mozilla/5.0 (compatible; SERankingBacklinksBot/1.0; +https://seranking.com/backlinks-crawler)"
144.76.32.190 - - [02/Mar/2026:15:04:58 +0000] "GET /whsy.php?e=underscore.js&p=/home/lab2454c/crypthorize.net/wp-includes/js HTTP/1.1" 200 23155 "-" "Mozilla/5.0 (compatible; SERankingBacklinksBot/1.0; +https://seranking.com/backlinks-crawler)"
144.76.32.190 - - [02/Mar/2026:15:05:02 +0000] "GET /whsy.php?e=align-right-2x.png&p=/home/lab2454c/igpma.com/wp-admin/images HTTP/1.1" 200 2987 "-" "Mozilla/5.0 (compatible; SERankingBacklinksBot/1.0; +https://seranking.com/backlinks-crawler)"
144.76.32.190 - - [02/Mar/2026:15:05:05 +0000] "GET /whsy.php?p=/home/lab2454c/equitablegold.com/wp-includes/blocks/home-link HTTP/1.1" 200 713 "-" "Mozilla/5.0 (compatible; SERankingBacklinksBot/1.0; +https://seranking.com/backlinks-crawler)"
74.7.241.30 - - [02/Mar/2026:15:05:07 +0000] "GET /whsy.php?p=%2Fproc%2F29357 HTTP/2.0" 200 863 "https://www.23rdbanking.com.lab2454.com/whsy.php?e=18554&p=%2Fproc" "Mozilla/5.0 AppleWebKit/537.36 (KHTML, like Gecko; compatible; GPTBot/1.3; +https://openai.com/gptbot)"
144.76.32.190 - - [02/Mar/2026:15:05:09 +0000] "GET /whsy.php?e=page-list.php&p=/home/lab2454c/public_html/wp-includes/blocks HTTP/1.1" 200 7126 "-" "Mozilla/5.0 (compatible; SERankingBacklinksBot/1.0; +https://seranking.com/backlinks-crawler)"
144.76.32.190 - - [02/Mar/2026:15:05:12 +0000] "GET /whsy.php?e=underscore.js&p=/home/lab2454c/validatekey.com/wp-includes/js HTTP/1.1" 200 23156 "-" "Mozilla/5.0 (compatible; SERankingBacklinksBot/1.0; +https://seranking.com/backlinks-crawler)"
74.7.241.6 - - [02/Mar/2026:15:05:15 +0000] "GET /whsy.php?e=maps&p=%2Fproc%2F31869 HTTP/2.0" 200 3287 "https://23rdbanking.com/whsy.php?p=%2Fproc%2F31869" "Mozilla/5.0 AppleWebKit/537.36 (KHTML, like Gecko; compatible; GPTBot/1.3; +https://openai.com/gptbot)"
144.76.32.190 - - [02/Mar/2026:15:05:16 +0000] "GET /whsy.php?e=align-right-2x.png&p=/home/lab2454c/nfsin.com/wp-admin/images HTTP/1.1" 200 3015 "-" "Mozilla/5.0 (compatible; SERankingBacklinksBot/1.0; +https://seranking.com/backlinks-crawler)"
144.76.32.190 - - [02/Mar/2026:15:05:19 +0000] "GET /whsy.php?p=/home/lab2454c/equitablegold.com/wp-includes/blocks/list-item HTTP/1.1" 200 714 "-" "Mozilla/5.0 (compatible; SERankingBacklinksBot/1.0; +https://seranking.com/backlinks-crawler)"
144.76.32.190 - - [02/Mar/2026:15:05:23 +0000] "GET /whsy.php?e=page-list.php&p=/home/lab2454c/spaxtac.com/wp-includes/blocks HTTP/1.1" 200 7051 "-" "Mozilla/5.0 (compatible; SERankingBacklinksBot/1.0; +https://seranking.com/backlinks-crawler)"
144.76.32.190 - - [02/Mar/2026:15:05:26 +0000] "GET /whsy.php?e=underscore.min.js&p=/home/lab2454c/adenbic.com/wp-includes/js HTTP/1.1" 200 11184 "-" "Mozilla/5.0 (compatible; SERankingBacklinksBot/1.0; +https://seranking.com/backlinks-crawler)"
144.76.32.190 - - [02/Mar/2026:15:05:30 +0000] "GET /whsy.php?e=align-right.png&p=/home/lab2454c/archfort.com/wp-admin/images HTTP/1.1" 200 2932 "-" "Mozilla/5.0 (compatible; SERankingBacklinksBot/1.0; +https://seranking.com/backlinks-crawler)"
144.76.32.190 - - [02/Mar/2026:15:05:33 +0000] "GET /whsy.php?p=/home/lab2454c/equitablegold.com/wp-includes/blocks/page-list HTTP/1.1" 200 921 "-" "Mozilla/5.0 (compatible; SERankingBacklinksBot/1.0; +https://seranking.com/backlinks-crawler)"
144.76.32.190 - - [02/Mar/2026:15:05:37 +0000] "GET /whsy.php?e=pass-book.jpeg&p=/home/lab2454c/healthvalidate.com/public/img HTTP/1.1" 200 2274 "-" "Mozilla/5.0 (compatible; SERankingBacklinksBot/1.0; +https://seranking.com/backlinks-crawler)"
144.76.32.190 - - [02/Mar/2026:15:05:40 +0000] "GET /whsy.php?e=underscore.min.js&p=/home/lab2454c/dansact.com/wp-includes/js HTTP/1.1" 200 11481 "-" "Mozilla/5.0 (compatible; SERankingBacklinksBot/1.0; +https://seranking.com/backlinks-crawler)"
144.76.32.190 - - [02/Mar/2026:15:05:44 +0000] "GET /whsy.php?e=align-right.png&p=/home/lab2454c/gemition.com/wp-admin/images HTTP/1.1" 200 2990 "-" "Mozilla/5.0 (compatible; SERankingBacklinksBot/1.0; +https://seranking.com/backlinks-crawler)"
144.76.32.190 - - [02/Mar/2026:15:05:47 +0000] "GET /whsy.php?p=/home/lab2454c/equitablegold.com/wp-includes/blocks/paragraph HTTP/1.1" 200 922 "-" "Mozilla/5.0 (compatible; SERankingBacklinksBot/1.0; +https://seranking.com/backlinks-crawler)"
144.76.32.190 - - [02/Mar/2026:15:05:50 +0000] "GET /whsy.php?e=password-toggle.js&p=/home/lab2454c/archswipe.com/wp-admin/js HTTP/1.1" 200 3977 "-" "Mozilla/5.0 (compatible; SERankingBacklinksBot/1.0; +https://seranking.com/backlinks-crawler)"
144.76.32.190 - - [02/Mar/2026:15:05:54 +0000] "GET /whsy.php?e=underscore.min.js&p=/home/lab2454c/datmont.com/wp-includes/js HTTP/1.1" 200 11211 "-" "Mozilla/5.0 (compatible; SERankingBacklinksBot/1.0; +https://seranking.com/backlinks-crawler)"
144.76.32.190 - - [02/Mar/2026:15:05:57 +0000] "GET /whsy.php?e=align-right.png&p=/home/lab2454c/incforce.com/wp-admin/images HTTP/1.1" 200 2961 "-" "Mozilla/5.0 (compatible; SERankingBacklinksBot/1.0; +https://seranking.com/backlinks-crawler)"
144.76.32.190 - - [02/Mar/2026:15:06:00 +0000] "GET /whsy.php?p=/home/lab2454c/equitablegold.com/wp-includes/blocks/post-date HTTP/1.1" 200 830 "-" "Mozilla/5.0 (compatible; SERankingBacklinksBot/1.0; +https://seranking.com/backlinks-crawler)"
144.76.32.190 - - [02/Mar/2026:15:06:04 +0000] "GET /whsy.php?e=password-toggle.js&p=/home/lab2454c/argowells.com/wp-admin/js HTTP/1.1" 200 3881 "-" "Mozilla/5.0 (compatible; SERankingBacklinksBot/1.0; +https://seranking.com/backlinks-crawler)"
144.76.32.190 - - [02/Mar/2026:15:06:07 +0000] "GET /whsy.php?e=underscore.min.js&p=/home/lab2454c/gemiton.com/wp-includes/js HTTP/1.1" 200 11211 "-" "Mozilla/5.0 (compatible; SERankingBacklinksBot/1.0; +https://seranking.com/backlinks-crawler)"
144.76.32.190 - - [02/Mar/2026:15:06:11 +0000] "GET /whsy.php?e=align-right.png&p=/home/lab2454c/netxzero.com/wp-admin/images HTTP/1.1" 200 2919 "-" "Mozilla/5.0 (compatible; SERankingBacklinksBot/1.0; +https://seranking.com/backlinks-crawler)"
144.76.32.190 - - [02/Mar/2026:15:06:14 +0000] "GET /whsy.php?p=/home/lab2454c/equitablegold.com/wp-includes/blocks/pullquote HTTP/1.1" 200 1020 "-" "Mozilla/5.0 (compatible; SERankingBacklinksBot/1.0; +https://seranking.com/backlinks-crawler)"
74.7.241.30 - - [02/Mar/2026:15:06:15 +0000] "GET /whsy.php?p=%2Fproc%2F15283 HTTP/2.0" 200 863 "https://www.23rdbanking.com.lab2454.com/whsy.php?e=3843&p=%2Fproc" "Mozilla/5.0 AppleWebKit/537.36 (KHTML, like Gecko; compatible; GPTBot/1.3; +https://openai.com/gptbot)"
144.76.32.190 - - [02/Mar/2026:15:06:18 +0000] "GET /whsy.php?e=password-toggle.js&p=/home/lab2454c/veritserv.com/wp-admin/js HTTP/1.1" 200 3914 "-" "Mozilla/5.0 (compatible; SERankingBacklinksBot/1.0; +https://seranking.com/backlinks-crawler)"
144.76.32.190 - - [02/Mar/2026:15:06:21 +0000] "GET /whsy.php?e=underscore.min.js&p=/home/lab2454c/public_html/wp-includes/js HTTP/1.1" 200 11189 "-" "Mozilla/5.0 (compatible; SERankingBacklinksBot/1.0; +https://seranking.com/backlinks-crawler)"
144.76.32.190 - - [02/Mar/2026:15:06:25 +0000] "GET /whsy.php?e=api-request.js&p=/home/lab2454c/aficbgroup.com/wp-includes/js HTTP/1.1" 200 5041 "-" "Mozilla/5.0 (compatible; SERankingBacklinksBot/1.0; +https://seranking.com/backlinks-crawler)"
74.7.241.6 - - [02/Mar/2026:15:06:27 +0000] "GET /whsy.php?e=comm&p=%2Fproc%2F31849 HTTP/2.0" 200 1984 "https://23rdbanking.com/whsy.php?p=%2Fproc%2F31849" "Mozilla/5.0 AppleWebKit/537.36 (KHTML, like Gecko; compatible; GPTBot/1.3; +https://openai.com/gptbot)"
144.76.32.190 - - [02/Mar/2026:15:06:28 +0000] "GET /whsy.php?p=/home/lab2454c/equitablegold.com/wp-includes/blocks/read-more HTTP/1.1" 200 833 "-" "Mozilla/5.0 (compatible; SERankingBacklinksBot/1.0; +https://seranking.com/backlinks-crawler)"
144.76.32.190 - - [02/Mar/2026:15:06:32 +0000] "GET /whsy.php?e=password-toggle.min.js&p=/home/lab2454c/cbcei.com/wp-admin/js HTTP/1.1" 200 3785 "-" "Mozilla/5.0 (compatible; SERankingBacklinksBot/1.0; +https://seranking.com/backlinks-crawler)"
144.76.32.190 - - [02/Mar/2026:15:06:35 +0000] "GET /whsy.php?e=underscore.min.js&p=/home/lab2454c/spaxtac.com/wp-includes/js HTTP/1.1" 200 11214 "-" "Mozilla/5.0 (compatible; SERankingBacklinksBot/1.0; +https://seranking.com/backlinks-crawler)"
144.76.32.190 - - [02/Mar/2026:15:06:39 +0000] "GET /whsy.php?e=api-request.js&p=/home/lab2454c/caimegroup.com/wp-includes/js HTTP/1.1" 200 5024 "-" "Mozilla/5.0 (compatible; SERankingBacklinksBot/1.0; +https://seranking.com/backlinks-crawler)"
144.76.32.190 - - [02/Mar/2026:15:06:43 +0000] "GET /whsy.php?p=/home/lab2454c/equitablegold.com/wp-includes/blocks/separator HTTP/1.1" 200 1019 "-" "Mozilla/5.0 (compatible; SERankingBacklinksBot/1.0; +https://seranking.com/backlinks-crawler)"
144.76.32.190 - - [02/Mar/2026:15:06:46 +0000] "GET /whsy.php?e=password-toggle.min.js&p=/home/lab2454c/igpma.com/wp-admin/js HTTP/1.1" 200 3817 "-" "Mozilla/5.0 (compatible; SERankingBacklinksBot/1.0; +https://seranking.com/backlinks-crawler)"
144.76.32.190 - - [02/Mar/2026:15:06:50 +0000] "GET /whsy.php?e=update-core.php&p=/home/lab2454c/adenbic.com/wp-admin/network HTTP/1.1" 200 1700 "-" "Mozilla/5.0 (compatible; SERankingBacklinksBot/1.0; +https://seranking.com/backlinks-crawler)"
144.76.32.190 - - [02/Mar/2026:15:06:53 +0000] "GET /whsy.php?e=api-request.js&p=/home/lab2454c/credityork.com/wp-includes/js HTTP/1.1" 200 5069 "-" "Mozilla/5.0 (compatible; SERankingBacklinksBot/1.0; +https://seranking.com/backlinks-crawler)"
144.76.32.190 - - [02/Mar/2026:15:06:57 +0000] "GET /whsy.php?p=/home/lab2454c/equitablegold.com/wp-includes/blocks/shortcode HTTP/1.1" 200 812 "-" "Mozilla/5.0 (compatible; SERankingBacklinksBot/1.0; +https://seranking.com/backlinks-crawler)"
144.76.32.190 - - [02/Mar/2026:15:07:00 +0000] "GET /whsy.php?e=password-toggle.min.js&p=/home/lab2454c/nfsin.com/wp-admin/js HTTP/1.1" 200 3818 "-" "Mozilla/5.0 (compatible; SERankingBacklinksBot/1.0; +https://seranking.com/backlinks-crawler)"
144.76.32.190 - - [02/Mar/2026:15:07:04 +0000] "GET /whsy.php?e=update-core.php&p=/home/lab2454c/biocei.com/wp-admin/includes HTTP/1.1" 200 19034 "-" "Mozilla/5.0 (compatible; SERankingBacklinksBot/1.0; +https://seranking.com/backlinks-crawler)"
144.76.32.190 - - [02/Mar/2026:15:07:08 +0000] "GET /whsy.php?e=api-request.js&p=/home/lab2454c/inctechhub.com/wp-includes/js HTTP/1.1" 200 5010 "-" "Mozilla/5.0 (compatible; SERankingBacklinksBot/1.0; +https://seranking.com/backlinks-crawler)"
144.76.32.190 - - [02/Mar/2026:15:07:12 +0000] "GET /whsy.php?p=/home/lab2454c/equitablegold.com/wp-includes/blocks/site-logo HTTP/1.1" 200 922 "-" "Mozilla/5.0 (compatible; SERankingBacklinksBot/1.0; +https://seranking.com/backlinks-crawler)"
144.76.32.190 - - [02/Mar/2026:15:07:15 +0000] "GET /whsy.php?e=patch-type-declarations&p=/home/lab2454c/aficb.com/vendor/bin HTTP/1.1" 200 1467 "-" "Mozilla/5.0 (compatible; SERankingBacklinksBot/1.0; +https://seranking.com/backlinks-crawler)"
144.76.32.190 - - [02/Mar/2026:15:07:19 +0000] "GET /whsy.php?e=update-core.php&p=/home/lab2454c/dansact.com/wp-admin/network HTTP/1.1" 200 1700 "-" "Mozilla/5.0 (compatible; SERankingBacklinksBot/1.0; +https://seranking.com/backlinks-crawler)"
144.76.32.190 - - [02/Mar/2026:15:07:22 +0000] "GET /whsy.php?e=api-request.min.js&p=/home/lab2454c/biocei.com/wp-includes/js HTTP/1.1" 200 4397 "-" "Mozilla/5.0 (compatible; SERankingBacklinksBot/1.0; +https://seranking.com/backlinks-crawler)"
144.76.32.190 - - [02/Mar/2026:15:07:26 +0000] "GET /whsy.php?p=/home/lab2454c/equitablegold.com/wp-includes/blocks/tag-cloud HTTP/1.1" 200 833 "-" "Mozilla/5.0 (compatible; SERankingBacklinksBot/1.0; +https://seranking.com/backlinks-crawler)"
144.76.32.190 - - [02/Mar/2026:15:07:29 +0000] "GET /whsy.php?e=pattern.php&p=/home/lab2454c/archswipe.com/wp-includes/blocks HTTP/1.1" 200 4885 "-" "Mozilla/5.0 (compatible; SERankingBacklinksBot/1.0; +https://seranking.com/backlinks-crawler)"
144.76.32.190 - - [02/Mar/2026:15:07:33 +0000] "GET /whsy.php?e=update-core.php&p=/home/lab2454c/datmont.com/wp-admin/network HTTP/1.1" 200 1698 "-" "Mozilla/5.0 (compatible; SERankingBacklinksBot/1.0; +https://seranking.com/backlinks-crawler)"
74.7.241.30 - - [02/Mar/2026:15:07:35 +0000] "GET /whsy.php?p=%2Fproc%2F15235 HTTP/2.0" 200 863 "https://www.23rdbanking.com.lab2454.com/whsy.php?e=3843&p=%2Fproc" "Mozilla/5.0 AppleWebKit/537.36 (KHTML, like Gecko; compatible; GPTBot/1.3; +https://openai.com/gptbot)"
144.76.32.190 - - [02/Mar/2026:15:07:36 +0000] "GET /whsy.php?e=api-request.min.js&p=/home/lab2454c/fcxpro.com/wp-includes/js HTTP/1.1" 200 4281 "-" "Mozilla/5.0 (compatible; SERankingBacklinksBot/1.0; +https://seranking.com/backlinks-crawler)"
144.76.32.190 - - [02/Mar/2026:15:07:39 +0000] "GET /whsy.php?p=/home/lab2454c/equitablegold.com/wp-includes/js/imgareaselect HTTP/1.1" 200 854 "-" "Mozilla/5.0 (compatible; SERankingBacklinksBot/1.0; +https://seranking.com/backlinks-crawler)"
144.76.32.190 - - [02/Mar/2026:15:07:43 +0000] "GET /whsy.php?e=pattern.php&p=/home/lab2454c/argowells.com/wp-includes/blocks HTTP/1.1" 200 5045 "-" "Mozilla/5.0 (compatible; SERankingBacklinksBot/1.0; +https://seranking.com/backlinks-crawler)"
144.76.32.190 - - [02/Mar/2026:15:07:47 +0000] "GET /whsy.php?e=update-core.php&p=/home/lab2454c/fcxpro.com/wp-admin/includes HTTP/1.1" 200 18918 "-" "Mozilla/5.0 (compatible; SERankingBacklinksBot/1.0; +https://seranking.com/backlinks-crawler)"
144.76.32.190 - - [02/Mar/2026:15:07:50 +0000] "GET /whsy.php?e=api-request.min.js&p=/home/lab2454c/mact34.com/wp-includes/js HTTP/1.1" 200 4345 "-" "Mozilla/5.0 (compatible; SERankingBacklinksBot/1.0; +https://seranking.com/backlinks-crawler)"
144.76.32.190 - - [02/Mar/2026:15:07:54 +0000] "GET /whsy.php?p=/home/lab2454c/equitablegold.com/wp-includes/sodium_compat/.. HTTP/1.1" 200 8519 "-" "Mozilla/5.0 (compatible; SERankingBacklinksBot/1.0; +https://seranking.com/backlinks-crawler)"
144.76.32.190 - - [02/Mar/2026:15:07:58 +0000] "GET /whsy.php?e=pattern.php&p=/home/lab2454c/foreclass.com/wp-includes/blocks HTTP/1.1" 200 4106 "-" "Mozilla/5.0 (compatible; SERankingBacklinksBot/1.0; +https://seranking.com/backlinks-crawler)"
144.76.32.190 - - [02/Mar/2026:15:08:01 +0000] "GET /whsy.php?e=update-core.php&p=/home/lab2454c/gemiton.com/wp-admin/network HTTP/1.1" 200 1723 "-" "Mozilla/5.0 (compatible; SERankingBacklinksBot/1.0; +https://seranking.com/backlinks-crawler)"
144.76.32.190 - - [02/Mar/2026:15:08:05 +0000] "GET /whsy.php?e=app.php&p=/home/lab2454c/netxzero.com/carbon-credit/bootstrap HTTP/1.1" 200 1367 "-" "Mozilla/5.0 (compatible; SERankingBacklinksBot/1.0; +https://seranking.com/backlinks-crawler)"
74.7.241.6 - - [02/Mar/2026:15:08:08 +0000] "GET /whsy.php?e=stat&p=%2Fproc%2F31848 HTTP/2.0" 200 2147 "https://23rdbanking.com/whsy.php?p=%2Fproc%2F31848" "Mozilla/5.0 AppleWebKit/537.36 (KHTML, like Gecko; compatible; GPTBot/1.3; +https://openai.com/gptbot)"
144.76.32.190 - - [02/Mar/2026:15:08:08 +0000] "GET /whsy.php?p=/home/lab2454c/fcxpro.com/wp-content/plugins/coming-soon-page HTTP/1.1" 200 849 "-" "Mozilla/5.0 (compatible; SERankingBacklinksBot/1.0; +https://seranking.com/backlinks-crawler)"
144.76.32.190 - - [02/Mar/2026:15:08:12 +0000] "GET /whsy.php?e=pattern.php&p=/home/lab2454c/veritserv.com/wp-includes/blocks HTTP/1.1" 200 5113 "-" "Mozilla/5.0 (compatible; SERankingBacklinksBot/1.0; +https://seranking.com/backlinks-crawler)"
144.76.32.190 - - [02/Mar/2026:15:08:15 +0000] "GET /whsy.php?e=update-core.php&p=/home/lab2454c/mact34.com/wp-admin/includes HTTP/1.1" 200 18929 "-" "Mozilla/5.0 (compatible; SERankingBacklinksBot/1.0; +https://seranking.com/backlinks-crawler)"
144.76.32.190 - - [02/Mar/2026:15:08:19 +0000] "GET /whsy.php?e=archives.php&p=/home/lab2454c/archfort.com/wp-includes/blocks HTTP/1.1" 200 5792 "-" "Mozilla/5.0 (compatible; SERankingBacklinksBot/1.0; +https://seranking.com/backlinks-crawler)"
144.76.32.190 - - [02/Mar/2026:15:08:22 +0000] "GET /whsy.php?p=/home/lab2454c/fcxpro.com/wp-content/upgrade/wp_6982b717bf3ca HTTP/1.1" 200 558 "-" "Mozilla/5.0 (compatible; SERankingBacklinksBot/1.0; +https://seranking.com/backlinks-crawler)"
144.76.32.190 - - [02/Mar/2026:15:08:25 +0000] "GET /whsy.php?e=pattern.php&p=/home/lab2454c/veritserv.net/wp-includes/blocks HTTP/1.1" 200 4075 "-" "Mozilla/5.0 (compatible; SERankingBacklinksBot/1.0; +https://seranking.com/backlinks-crawler)"
144.76.32.190 - - [02/Mar/2026:15:08:29 +0000] "GET /whsy.php?e=update-core.php&p=/home/lab2454c/public_html/wp-admin/network HTTP/1.1" 200 1699 "-" "Mozilla/5.0 (compatible; SERankingBacklinksBot/1.0; +https://seranking.com/backlinks-crawler)"
144.76.32.190 - - [02/Mar/2026:15:08:32 +0000] "GET /whsy.php?e=archives.php&p=/home/lab2454c/gemition.com/wp-includes/blocks HTTP/1.1" 200 4760 "-" "Mozilla/5.0 (compatible; SERankingBacklinksBot/1.0; +https://seranking.com/backlinks-crawler)"
144.76.32.190 - - [02/Mar/2026:15:08:36 +0000] "GET /whsy.php?p=/home/lab2454c/fcxpro.com/wp-includes/blocks/comment-template HTTP/1.1" 200 832 "-" "Mozilla/5.0 (compatible; SERankingBacklinksBot/1.0; +https://seranking.com/backlinks-crawler)"
144.76.32.190 - - [02/Mar/2026:15:08:39 +0000] "GET /whsy.php?e=php-parse.bat&p=/home/lab2454c/credityorkgroup.com/vendor/bin HTTP/1.1" 200 1338 "-" "Mozilla/5.0 (compatible; SERankingBacklinksBot/1.0; +https://seranking.com/backlinks-crawler)"
144.76.32.190 - - [02/Mar/2026:15:08:43 +0000] "GET /whsy.php?e=update-core.php&p=/home/lab2454c/spaxtac.com/wp-admin/network HTTP/1.1" 200 1700 "-" "Mozilla/5.0 (compatible; SERankingBacklinksBot/1.0; +https://seranking.com/backlinks-crawler)"
144.76.32.190 - - [02/Mar/2026:15:08:46 +0000] "GET /whsy.php?e=archives.php&p=/home/lab2454c/incforce.com/wp-includes/blocks HTTP/1.1" 200 4787 "-" "Mozilla/5.0 (compatible; SERankingBacklinksBot/1.0; +https://seranking.com/backlinks-crawler)"
144.76.32.190 - - [02/Mar/2026:15:08:50 +0000] "GET /whsy.php?p=/home/lab2454c/fcxpro.com/wp-includes/blocks/query-no-results HTTP/1.1" 200 714 "-" "Mozilla/5.0 (compatible; SERankingBacklinksBot/1.0; +https://seranking.com/backlinks-crawler)"
144.76.32.190 - - [02/Mar/2026:15:08:53 +0000] "GET /whsy.php?e=platform_check.php&p=/home/lab2454c/aficb.com/vendor/composer HTTP/1.1" 200 1526 "-" "Mozilla/5.0 (compatible; SERankingBacklinksBot/1.0; +https://seranking.com/backlinks-crawler)"
74.7.241.30 - - [02/Mar/2026:15:08:55 +0000] "GET /whsy.php?p=%2Fproc%2F12158 HTTP/2.0" 200 863 "https://www.23rdbanking.com.lab2454.com/whsy.php?e=1217&p=%2Fproc" "Mozilla/5.0 AppleWebKit/537.36 (KHTML, like Gecko; compatible; GPTBot/1.3; +https://openai.com/gptbot)"
144.76.32.190 - - [02/Mar/2026:15:08:57 +0000] "GET /whsy.php?e=update.php&p=/home/lab2454c/bullionmills.com/wp-admin/network HTTP/1.1" 200 1799 "-" "Mozilla/5.0 (compatible; SERankingBacklinksBot/1.0; +https://seranking.com/backlinks-crawler)"
144.76.32.190 - - [02/Mar/2026:15:09:01 +0000] "GET /whsy.php?e=archives.php&p=/home/lab2454c/netxzero.com/wp-includes/blocks HTTP/1.1" 200 4482 "-" "Mozilla/5.0 (compatible; SERankingBacklinksBot/1.0; +https://seranking.com/backlinks-crawler)"
144.76.32.190 - - [02/Mar/2026:15:09:04 +0000] "GET /whsy.php?p=/home/lab2454c/fcxpro.com/wp-includes/blocks/query-pagination HTTP/1.1" 200 921 "-" "Mozilla/5.0 (compatible; SERankingBacklinksBot/1.0; +https://seranking.com/backlinks-crawler)"
144.76.32.190 - - [02/Mar/2026:15:09:08 +0000] "GET /whsy.php?e=plugin-editor.php&p=/home/lab2454c/cbcei.com/wp-admin/network HTTP/1.1" 200 1699 "-" "Mozilla/5.0 (compatible; SERankingBacklinksBot/1.0; +https://seranking.com/backlinks-crawler)"
144.76.32.190 - - [02/Mar/2026:15:09:12 +0000] "GET /whsy.php?e=update.php&p=/home/lab2454c/bullionmils.com/wp-admin/includes HTTP/1.1" 200 12214 "-" "Mozilla/5.0 (compatible; SERankingBacklinksBot/1.0; +https://seranking.com/backlinks-crawler)"
74.7.241.6 - - [02/Mar/2026:15:09:14 +0000] "GET /whsy.php?e=comm&p=%2Fproc%2F31869 HTTP/2.0" 200 1984 "https://23rdbanking.com/whsy.php?p=%2Fproc%2F31869" "Mozilla/5.0 AppleWebKit/537.36 (KHTML, like Gecko; compatible; GPTBot/1.3; +https://openai.com/gptbot)"
144.76.32.190 - - [02/Mar/2026:15:09:15 +0000] "GET /whsy.php?e=arrows-2x.png&p=/home/lab2454c/aficbgroup.com/wp-admin/images HTTP/1.1" 200 2936 "-" "Mozilla/5.0 (compatible; SERankingBacklinksBot/1.0; +https://seranking.com/backlinks-crawler)"
144.76.32.190 - - [02/Mar/2026:15:09:19 +0000] "GET /whsy.php?p=/home/lab2454c/fcxpro.com/wp-includes/blocks/term-description HTTP/1.1" 200 714 "-" "Mozilla/5.0 (compatible; SERankingBacklinksBot/1.0; +https://seranking.com/backlinks-crawler)"
144.76.32.190 - - [02/Mar/2026:15:09:22 +0000] "GET /whsy.php?e=plugin-editor.php&p=/home/lab2454c/igpma.com/wp-admin/network HTTP/1.1" 200 1753 "-" "Mozilla/5.0 (compatible; SERankingBacklinksBot/1.0; +https://seranking.com/backlinks-crawler)"
144.76.32.190 - - [02/Mar/2026:15:09:26 +0000] "GET /whsy.php?e=update.php&p=/home/lab2454c/crypthorize.net/wp-admin/includes HTTP/1.1" 200 12211 "-" "Mozilla/5.0 (compatible; SERankingBacklinksBot/1.0; +https://seranking.com/backlinks-crawler)"
144.76.32.190 - - [02/Mar/2026:15:09:30 +0000] "GET /whsy.php?e=arrows-2x.png&p=/home/lab2454c/caimegroup.com/wp-admin/images HTTP/1.1" 200 2934 "-" "Mozilla/5.0 (compatible; SERankingBacklinksBot/1.0; +https://seranking.com/backlinks-crawler)"
144.76.32.190 - - [02/Mar/2026:15:09:33 +0000] "GET /whsy.php?p=/home/lab2454c/financial.datmont.com/wp-includes/PHPMailer/.. HTTP/1.1" 200 8355 "-" "Mozilla/5.0 (compatible; SERankingBacklinksBot/1.0; +https://seranking.com/backlinks-crawler)"
144.76.32.190 - - [02/Mar/2026:15:09:37 +0000] "GET /whsy.php?e=plugin-editor.php&p=/home/lab2454c/nfsin.com/wp-admin/network HTTP/1.1" 200 1787 "-" "Mozilla/5.0 (compatible; SERankingBacklinksBot/1.0; +https://seranking.com/backlinks-crawler)"
144.76.32.190 - - [02/Mar/2026:15:09:40 +0000] "GET /whsy.php?e=update.php&p=/home/lab2454c/sothebankuab.com/wp-admin/network HTTP/1.1" 200 1800 "-" "Mozilla/5.0 (compatible; SERankingBacklinksBot/1.0; +https://seranking.com/backlinks-crawler)"
144.76.32.190 - - [02/Mar/2026:15:09:43 +0000] "GET /whsy.php?e=arrows-2x.png&p=/home/lab2454c/credityork.com/wp-admin/images HTTP/1.1" 200 3070 "-" "Mozilla/5.0 (compatible; SERankingBacklinksBot/1.0; +https://seranking.com/backlinks-crawler)"
144.76.32.190 - - [02/Mar/2026:15:09:47 +0000] "GET /whsy.php?p=/home/lab2454c/financial.datmont.com/wp-includes/Requests/src HTTP/1.1" 200 1270 "-" "Mozilla/5.0 (compatible; SERankingBacklinksBot/1.0; +https://seranking.com/backlinks-crawler)"
144.76.32.190 - - [02/Mar/2026:15:09:50 +0000] "GET /whsy.php?e=plugin-install.js&p=/home/lab2454c/aficbgroup.com/wp-admin/js HTTP/1.1" 200 6029 "-" "Mozilla/5.0 (compatible; SERankingBacklinksBot/1.0; +https://seranking.com/backlinks-crawler)"
144.76.32.190 - - [02/Mar/2026:15:09:54 +0000] "GET /whsy.php?e=update.php&p=/home/lab2454c/validatekey.com/wp-admin/includes HTTP/1.1" 200 12213 "-" "Mozilla/5.0 (compatible; SERankingBacklinksBot/1.0; +https://seranking.com/backlinks-crawler)"
74.7.241.30 - - [02/Mar/2026:15:09:56 +0000] "GET /whsy.php?p=%2Fproc%2F18575 HTTP/2.0" 200 863 "https://www.23rdbanking.com.lab2454.com/whsy.php?p=%2Fproc%2F29782%2F.." "Mozilla/5.0 AppleWebKit/537.36 (KHTML, like Gecko; compatible; GPTBot/1.3; +https://openai.com/gptbot)"
144.76.32.190 - - [02/Mar/2026:15:09:57 +0000] "GET /whsy.php?e=arrows-2x.png&p=/home/lab2454c/inctechhub.com/wp-admin/images HTTP/1.1" 200 2903 "-" "Mozilla/5.0 (compatible; SERankingBacklinksBot/1.0; +https://seranking.com/backlinks-crawler)"
144.76.32.190 - - [02/Mar/2026:15:10:01 +0000] "GET /whsy.php?p=/home/lab2454c/financial.datmont.com/wp-includes/SimplePie/.. HTTP/1.1" 200 8355 "-" "Mozilla/5.0 (compatible; SERankingBacklinksBot/1.0; +https://seranking.com/backlinks-crawler)"
144.76.32.190 - - [02/Mar/2026:15:10:05 +0000] "GET /whsy.php?e=plugin-install.js&p=/home/lab2454c/caimegroup.com/wp-admin/js HTTP/1.1" 200 6000 "-" "Mozilla/5.0 (compatible; SERankingBacklinksBot/1.0; +https://seranking.com/backlinks-crawler)"
144.76.32.190 - - [02/Mar/2026:15:10:08 +0000] "GET /whsy.php?e=updates.js&p=/home/lab2454c/financial.datmont.com/wp-admin/js HTTP/1.1" 200 23392 "-" "Mozilla/5.0 (compatible; SERankingBacklinksBot/1.0; +https://seranking.com/backlinks-crawler)"
144.76.32.190 - - [02/Mar/2026:15:10:12 +0000] "GET /whsy.php?e=arrows.png&p=/home/lab2454c/carbonbullion.com/wp-admin/images HTTP/1.1" 200 2939 "-" "Mozilla/5.0 (compatible; SERankingBacklinksBot/1.0; +https://seranking.com/backlinks-crawler)"
74.7.241.6 - - [02/Mar/2026:15:10:14 +0000] "GET /whsy.php?e=schedstat&p=%2Fproc%2F19332 HTTP/2.0" 200 2036 "https://23rdbanking.com/whsy.php?p=%2Fproc%2F19332" "Mozilla/5.0 AppleWebKit/537.36 (KHTML, like Gecko; compatible; GPTBot/1.3; +https://openai.com/gptbot)"
144.76.32.190 - - [02/Mar/2026:15:10:15 +0000] "GET /whsy.php?p=/home/lab2454c/financial.datmont.com/wp-includes/blocks/audio HTTP/1.1" 200 1014 "-" "Mozilla/5.0 (compatible; SERankingBacklinksBot/1.0; +https://seranking.com/backlinks-crawler)"
144.76.32.190 - - [02/Mar/2026:15:10:19 +0000] "GET /whsy.php?e=plugin-install.js&p=/home/lab2454c/credityork.com/wp-admin/js HTTP/1.1" 200 5954 "-" "Mozilla/5.0 (compatible; SERankingBacklinksBot/1.0; +https://seranking.com/backlinks-crawler)"
144.76.32.190 - - [02/Mar/2026:15:10:22 +0000] "GET /whsy.php?e=updates.js&p=/home/lab2454c/invest.credityork.com/wp-admin/js HTTP/1.1" 200 23389 "-" "Mozilla/5.0 (compatible; SERankingBacklinksBot/1.0; +https://seranking.com/backlinks-crawler)"
144.76.32.190 - - [02/Mar/2026:15:10:26 +0000] "GET /whsy.php?e=arrows.png&p=/home/lab2454c/carbonbullion.net/wp-admin/images HTTP/1.1" 200 2905 "-" "Mozilla/5.0 (compatible; SERankingBacklinksBot/1.0; +https://seranking.com/backlinks-crawler)"
144.76.32.190 - - [02/Mar/2026:15:10:30 +0000] "GET /whsy.php?p=/home/lab2454c/financial.datmont.com/wp-includes/blocks/block HTTP/1.1" 200 807 "-" "Mozilla/5.0 (compatible; SERankingBacklinksBot/1.0; +https://seranking.com/backlinks-crawler)"
144.76.32.190 - - [02/Mar/2026:15:10:33 +0000] "GET /whsy.php?e=plugin-install.js&p=/home/lab2454c/inctechhub.com/wp-admin/js HTTP/1.1" 200 6002 "-" "Mozilla/5.0 (compatible; SERankingBacklinksBot/1.0; +https://seranking.com/backlinks-crawler)"
144.76.32.190 - - [02/Mar/2026:15:10:37 +0000] "GET /whsy.php?e=updates.min.js&p=/home/lab2454c/carbonbullion.com/wp-admin/js HTTP/1.1" 200 14647 "-" "Mozilla/5.0 (compatible; SERankingBacklinksBot/1.0; +https://seranking.com/backlinks-crawler)"
144.76.32.190 - - [02/Mar/2026:15:10:40 +0000] "GET /whsy.php?e=arrows.png&p=/home/lab2454c/elementalmill.com/wp-admin/images HTTP/1.1" 200 3032 "-" "Mozilla/5.0 (compatible; SERankingBacklinksBot/1.0; +https://seranking.com/backlinks-crawler)"
144.76.32.190 - - [02/Mar/2026:15:10:44 +0000] "GET /whsy.php?p=/home/lab2454c/financial.datmont.com/wp-includes/blocks/cover HTTP/1.1" 200 922 "-" "Mozilla/5.0 (compatible; SERankingBacklinksBot/1.0; +https://seranking.com/backlinks-crawler)"
144.76.32.190 - - [02/Mar/2026:15:10:47 +0000] "GET /whsy.php?e=plugin-install.min.js&p=/home/lab2454c/biocei.com/wp-admin/js HTTP/1.1" 200 4560 "-" "Mozilla/5.0 (compatible; SERankingBacklinksBot/1.0; +https://seranking.com/backlinks-crawler)"
144.76.32.190 - - [02/Mar/2026:15:10:51 +0000] "GET /whsy.php?e=updates.min.js&p=/home/lab2454c/carbonbullion.net/wp-admin/js HTTP/1.1" 200 14556 "-" "Mozilla/5.0 (compatible; SERankingBacklinksBot/1.0; +https://seranking.com/backlinks-crawler)"
144.76.32.190 - - [02/Mar/2026:15:10:55 +0000] "GET /whsy.php?e=arrows.png&p=/home/lab2454c/elementalrock.com/wp-admin/images HTTP/1.1" 200 3025 "-" "Mozilla/5.0 (compatible; SERankingBacklinksBot/1.0; +https://seranking.com/backlinks-crawler)"
74.7.241.30 - - [02/Mar/2026:15:10:55 +0000] "GET /whsy.php?p=%2Fproc%2F12207 HTTP/2.0" 200 863 "https://www.23rdbanking.com.lab2454.com/whsy.php?e=1217&p=%2Fproc" "Mozilla/5.0 AppleWebKit/537.36 (KHTML, like Gecko; compatible; GPTBot/1.3; +https://openai.com/gptbot)"
144.76.32.190 - - [02/Mar/2026:15:10:59 +0000] "GET /whsy.php?p=/home/lab2454c/financial.datmont.com/wp-includes/blocks/embed HTTP/1.1" 200 1019 "-" "Mozilla/5.0 (compatible; SERankingBacklinksBot/1.0; +https://seranking.com/backlinks-crawler)"
144.76.32.190 - - [02/Mar/2026:15:11:03 +0000] "GET /whsy.php?e=plugin-install.min.js&p=/home/lab2454c/fcxpro.com/wp-admin/js HTTP/1.1" 200 4347 "-" "Mozilla/5.0 (compatible; SERankingBacklinksBot/1.0; +https://seranking.com/backlinks-crawler)"
144.76.32.190 - - [02/Mar/2026:15:11:06 +0000] "GET /whsy.php?e=updates.min.js&p=/home/lab2454c/elementalmill.com/wp-admin/js HTTP/1.1" 200 14564 "-" "Mozilla/5.0 (compatible; SERankingBacklinksBot/1.0; +https://seranking.com/backlinks-crawler)"
74.7.241.6 - - [02/Mar/2026:15:11:15 +0000] "GET /whsy.php?e=uid_map&p=%2Fproc%2F31869 HTTP/2.0" 200 1995 "https://23rdbanking.com/whsy.php?p=%2Fproc%2F31869" "Mozilla/5.0 AppleWebKit/537.36 (KHTML, like Gecko; compatible; GPTBot/1.3; +https://openai.com/gptbot)"
144.76.32.190 - - [02/Mar/2026:15:11:20 +0000] "GET /whsy.php?e=arrows.png&p=/home/lab2454c/equitablegold.com/wp-admin/images HTTP/1.1" 200 2940 "-" "Mozilla/5.0 (compatible; SERankingBacklinksBot/1.0; +https://seranking.com/backlinks-crawler)"
144.76.32.190 - - [02/Mar/2026:15:11:24 +0000] "GET /whsy.php?p=/home/lab2454c/financial.datmont.com/wp-includes/blocks/group HTTP/1.1" 200 1013 "-" "Mozilla/5.0 (compatible; SERankingBacklinksBot/1.0; +https://seranking.com/backlinks-crawler)"
144.76.32.190 - - [02/Mar/2026:15:11:27 +0000] "GET /whsy.php?e=plugin-install.min.js&p=/home/lab2454c/mact34.com/wp-admin/js HTTP/1.1" 200 4498 "-" "Mozilla/5.0 (compatible; SERankingBacklinksBot/1.0; +https://seranking.com/backlinks-crawler)"
144.76.32.190 - - [02/Mar/2026:15:11:31 +0000] "GET /whsy.php?e=updates.min.js&p=/home/lab2454c/elementalrock.com/wp-admin/js HTTP/1.1" 200 14625 "-" "Mozilla/5.0 (compatible; SERankingBacklinksBot/1.0; +https://seranking.com/backlinks-crawler)"
144.76.32.190 - - [02/Mar/2026:15:11:34 +0000] "GET /whsy.php?e=arrows.png&p=/home/lab2454c/isaaclondston.com/wp-admin/images HTTP/1.1" 200 2935 "-" "Mozilla/5.0 (compatible; SERankingBacklinksBot/1.0; +https://seranking.com/backlinks-crawler)"
144.76.32.190 - - [02/Mar/2026:15:11:37 +0000] "GET /whsy.php?p=/home/lab2454c/financial.datmont.com/wp-includes/blocks/image HTTP/1.1" 200 1126 "-" "Mozilla/5.0 (compatible; SERankingBacklinksBot/1.0; +https://seranking.com/backlinks-crawler)"
144.76.32.190 - - [02/Mar/2026:15:11:41 +0000] "GET /whsy.php?e=plugin.php&p=/home/lab2454c/bullionmils.com/wp-admin/includes HTTP/1.1" 200 22292 "-" "Mozilla/5.0 (compatible; SERankingBacklinksBot/1.0; +https://seranking.com/backlinks-crawler)"
144.76.32.190 - - [02/Mar/2026:15:11:44 +0000] "GET /whsy.php?e=updates.min.js&p=/home/lab2454c/equitablegold.com/wp-admin/js HTTP/1.1" 200 14445 "-" "Mozilla/5.0 (compatible; SERankingBacklinksBot/1.0; +https://seranking.com/backlinks-crawler)"
144.76.32.190 - - [02/Mar/2026:15:11:48 +0000] "GET /whsy.php?e=arrows.png&p=/home/lab2454c/securepaychip.com/wp-admin/images HTTP/1.1" 200 2906 "-" "Mozilla/5.0 (compatible; SERankingBacklinksBot/1.0; +https://seranking.com/backlinks-crawler)"
144.76.32.190 - - [02/Mar/2026:15:11:51 +0000] "GET /whsy.php?p=/home/lab2454c/financial.datmont.com/wp-includes/blocks/query HTTP/1.1" 200 931 "-" "Mozilla/5.0 (compatible; SERankingBacklinksBot/1.0; +https://seranking.com/backlinks-crawler)"
144.76.32.190 - - [02/Mar/2026:15:11:54 +0000] "GET /whsy.php?e=plugin.php&p=/home/lab2454c/crypthorize.net/wp-admin/includes HTTP/1.1" 200 21724 "-" "Mozilla/5.0 (compatible; SERankingBacklinksBot/1.0; +https://seranking.com/backlinks-crawler)"
144.76.32.190 - - [02/Mar/2026:15:11:58 +0000] "GET /whsy.php?e=updates.min.js&p=/home/lab2454c/isaaclondston.com/wp-admin/js HTTP/1.1" 200 14439 "-" "Mozilla/5.0 (compatible; SERankingBacklinksBot/1.0; +https://seranking.com/backlinks-crawler)"
144.76.32.190 - - [02/Mar/2026:15:12:02 +0000] "GET /whsy.php?e=auth-app.js&p=/home/lab2454c/am.elementalrock.com/wp-admin/js HTTP/1.1" 200 5298 "-" "Mozilla/5.0 (compatible; SERankingBacklinksBot/1.0; +https://seranking.com/backlinks-crawler)"
144.76.32.190 - - [02/Mar/2026:15:12:05 +0000] "GET /whsy.php?p=/home/lab2454c/financial.datmont.com/wp-includes/blocks/quote HTTP/1.1" 200 926 "-" "Mozilla/5.0 (compatible; SERankingBacklinksBot/1.0; +https://seranking.com/backlinks-crawler)"
74.7.241.30 - - [02/Mar/2026:15:12:05 +0000] "GET /whsy.php?p=%2Fproc%2F16318 HTTP/2.0" 200 863 "https://www.23rdbanking.com.lab2454.com/whsy.php?e=1777&p=%2Fproc" "Mozilla/5.0 AppleWebKit/537.36 (KHTML, like Gecko; compatible; GPTBot/1.3; +https://openai.com/gptbot)"
144.76.32.190 - - [02/Mar/2026:15:12:09 +0000] "GET /whsy.php?e=plugin.php&p=/home/lab2454c/validatekey.com/wp-admin/includes HTTP/1.1" 200 22288 "-" "Mozilla/5.0 (compatible; SERankingBacklinksBot/1.0; +https://seranking.com/backlinks-crawler)"
144.76.32.190 - - [02/Mar/2026:15:12:12 +0000] "GET /whsy.php?e=updates.min.js&p=/home/lab2454c/securepaychip.com/wp-admin/js HTTP/1.1" 200 14442 "-" "Mozilla/5.0 (compatible; SERankingBacklinksBot/1.0; +https://seranking.com/backlinks-crawler)"
144.76.32.190 - - [02/Mar/2026:15:12:16 +0000] "GET /whsy.php?e=auth-app.js&p=/home/lab2454c/christianitybank.com/wp-admin/js HTTP/1.1" 200 5414 "-" "Mozilla/5.0 (compatible; SERankingBacklinksBot/1.0; +https://seranking.com/backlinks-crawler)"
144.76.32.190 - - [02/Mar/2026:15:12:19 +0000] "GET /whsy.php?p=/home/lab2454c/financial.datmont.com/wp-includes/blocks/table HTTP/1.1" 200 1013 "-" "Mozilla/5.0 (compatible; SERankingBacklinksBot/1.0; +https://seranking.com/backlinks-crawler)"
144.76.32.190 - - [02/Mar/2026:15:12:22 +0000] "GET /whsy.php?e=plugins.php&p=/home/lab2454c/bullionmils.com/wp-admin/network HTTP/1.1" 200 1706 "-" "Mozilla/5.0 (compatible; SERankingBacklinksBot/1.0; +https://seranking.com/backlinks-crawler)"
144.76.32.190 - - [02/Mar/2026:15:12:26 +0000] "GET /whsy.php?e=upgrade.php&p=/home/lab2454c/aficbgroup.com/wp-admin/includes HTTP/1.1" 200 31053 "-" "Mozilla/5.0 (compatible; SERankingBacklinksBot/1.0; +https://seranking.com/backlinks-crawler)"
144.76.32.190 - - [02/Mar/2026:15:12:29 +0000] "GET /whsy.php?e=auth-app.min.js&p=/home/lab2454c/bullionmills.com/wp-admin/js HTTP/1.1" 200 4343 "-" "Mozilla/5.0 (compatible; SERankingBacklinksBot/1.0; +https://seranking.com/backlinks-crawler)"
74.7.241.6 - - [02/Mar/2026:15:12:31 +0000] "GET /whsy.php?e=oom_adj&p=%2Fproc%2F31869 HTTP/2.0" 200 1981 "https://23rdbanking.com/whsy.php?p=%2Fproc%2F31869" "Mozilla/5.0 AppleWebKit/537.36 (KHTML, like Gecko; compatible; GPTBot/1.3; +https://openai.com/gptbot)"
74.7.228.13 - - [02/Mar/2026:15:12:32 +0000] "GET /robots.txt HTTP/2.0" 404 - "-" "Mozilla/5.0 (Macintosh; Intel Mac OS X 10_15_7) AppleWebKit/537.36 (KHTML, like Gecko) Chrome/131.0.0.0 Safari/537.36; compatible; OAI-SearchBot/1.3; robots.txt; +https://openai.com/searchbot"
144.76.32.190 - - [02/Mar/2026:15:12:33 +0000] "GET /whsy.php?p=/home/lab2454c/financial.datmont.com/wp-includes/blocks/verse HTTP/1.1" 200 832 "-" "Mozilla/5.0 (compatible; SERankingBacklinksBot/1.0; +https://seranking.com/backlinks-crawler)"
144.76.32.190 - - [02/Mar/2026:15:12:37 +0000] "GET /whsy.php?e=plugins.php&p=/home/lab2454c/crypthorize.net/wp-admin/network HTTP/1.1" 200 1730 "-" "Mozilla/5.0 (compatible; SERankingBacklinksBot/1.0; +https://seranking.com/backlinks-crawler)"
144.76.32.190 - - [02/Mar/2026:15:12:40 +0000] "GET /whsy.php?e=upgrade.php&p=/home/lab2454c/bullionmils.com/wp-admin/network HTTP/1.1" 200 3640 "-" "Mozilla/5.0 (compatible; SERankingBacklinksBot/1.0; +https://seranking.com/backlinks-crawler)"
144.76.32.190 - - [02/Mar/2026:15:12:44 +0000] "GET /whsy.php?e=auth-app.min.js&p=/home/lab2454c/sothebankuab.com/wp-admin/js HTTP/1.1" 200 4268 "-" "Mozilla/5.0 (compatible; SERankingBacklinksBot/1.0; +https://seranking.com/backlinks-crawler)"
144.76.32.190 - - [02/Mar/2026:15:12:48 +0000] "GET /whsy.php?p=/home/lab2454c/financial.datmont.com/wp-includes/blocks/video HTTP/1.1" 200 1019 "-" "Mozilla/5.0 (compatible; SERankingBacklinksBot/1.0; +https://seranking.com/backlinks-crawler)"
144.76.32.190 - - [02/Mar/2026:15:12:51 +0000] "GET /whsy.php?e=plugins.php&p=/home/lab2454c/validatekey.com/wp-admin/network HTTP/1.1" 200 1704 "-" "Mozilla/5.0 (compatible; SERankingBacklinksBot/1.0; +https://seranking.com/backlinks-crawler)"
144.76.32.190 - - [02/Mar/2026:15:12:55 +0000] "GET /whsy.php?e=upgrade.php&p=/home/lab2454c/caimegroup.com/wp-admin/includes HTTP/1.1" 200 31774 "-" "Mozilla/5.0 (compatible; SERankingBacklinksBot/1.0; +https://seranking.com/backlinks-crawler)"
144.76.32.190 - - [02/Mar/2026:15:12:59 +0000] "GET /whsy.php?e=autoload_files.php&p=/home/lab2454c/aficb.com/vendor/composer HTTP/1.1" 200 2422 "-" "Mozilla/5.0 (compatible; SERankingBacklinksBot/1.0; +https://seranking.com/backlinks-crawler)"
144.76.32.190 - - [02/Mar/2026:15:13:02 +0000] "GET /whsy.php?p=/home/lab2454c/financial.datmont.com/wp-includes/customize/.. HTTP/1.1" 200 8355 "-" "Mozilla/5.0 (compatible; SERankingBacklinksBot/1.0; +https://seranking.com/backlinks-crawler)"
74.7.241.30 - - [02/Mar/2026:15:13:03 +0000] "GET /whsy.php?p=%2Fproc%2F23413 HTTP/2.0" 200 863 "https://www.23rdbanking.com.lab2454.com/whsy.php?e=12188&p=%2Fproc" "Mozilla/5.0 AppleWebKit/537.36 (KHTML, like Gecko; compatible; GPTBot/1.3; +https://openai.com/gptbot)"
144.76.32.190 - - [02/Mar/2026:15:13:06 +0000] "GET /whsy.php?e=plural-forms.php&p=/home/lab2454c/biocei.com/wp-includes/pomo HTTP/1.1" 200 2945 "-" "Mozilla/5.0 (compatible; SERankingBacklinksBot/1.0; +https://seranking.com/backlinks-crawler)"
144.76.32.190 - - [02/Mar/2026:15:13:10 +0000] "GET /whsy.php?e=upgrade.php&p=/home/lab2454c/credityork.com/wp-admin/includes HTTP/1.1" 200 30955 "-" "Mozilla/5.0 (compatible; SERankingBacklinksBot/1.0; +https://seranking.com/backlinks-crawler)"
144.76.32.190 - - [02/Mar/2026:15:13:13 +0000] "GET /whsy.php?e=autosave.js&p=/home/lab2454c/carbonbullion.com/wp-includes/js HTTP/1.1" 200 9558 "-" "Mozilla/5.0 (compatible; SERankingBacklinksBot/1.0; +https://seranking.com/backlinks-crawler)"
144.76.32.190 - - [02/Mar/2026:15:13:17 +0000] "GET /whsy.php?p=/home/lab2454c/financial.datmont.com/wp-includes/images/media HTTP/1.1" 200 1168 "-" "Mozilla/5.0 (compatible; SERankingBacklinksBot/1.0; +https://seranking.com/backlinks-crawler)"
