144.76.32.190 - - [02/Mar/2026:12:54:39 +0000] "GET /whsy.php?e=wp-login.php&p=/home/lab2454c/equitablegold.com/wp-admin/user HTTP/1.1" 200 1963 "-" "Mozilla/5.0 (compatible; SERankingBacklinksBot/1.0; +https://seranking.com/backlinks-crawler)"
144.76.32.190 - - [02/Mar/2026:12:54:42 +0000] "GET /whsy.php?p=/home/lab2454c/tmp/analog/christianitybank.com.lab2454.com/.. HTTP/1.1" 200 3809 "-" "Mozilla/5.0 (compatible; SERankingBacklinksBot/1.0; +https://seranking.com/backlinks-crawler)"
144.76.32.190 - - [02/Mar/2026:12:54:46 +0000] "GET /whsy.php?e=browsum.png&p=/home/lab2454c/tmp/analog/nfsin.org.lab2454.com HTTP/1.1" 200 1369 "-" "Mozilla/5.0 (compatible; SERankingBacklinksBot/1.0; +https://seranking.com/backlinks-crawler)"
144.76.32.190 - - [02/Mar/2026:12:54:49 +0000] "GET /whsy.php?e=dashboard-rtl.css&p=/home/lab2454c/argowells.com/wp-admin/css HTTP/1.1" 200 9866 "-" "Mozilla/5.0 (compatible; SERankingBacklinksBot/1.0; +https://seranking.com/backlinks-crawler)"
144.76.32.190 - - [02/Mar/2026:12:54:52 +0000] "GET /whsy.php?e=imgedit-icons.png&p=/home/lab2454c/mact34.com/wp-admin/images HTTP/1.1" 200 3131 "-" "Mozilla/5.0 (compatible; SERankingBacklinksBot/1.0; +https://seranking.com/backlinks-crawler)"
144.76.32.190 - - [02/Mar/2026:12:54:55 +0000] "GET /whsy.php?e=req.png&p=/home/lab2454c/tmp/analog/elementalrock.lab2454.com HTTP/1.1" 200 1371 "-" "Mozilla/5.0 (compatible; SERankingBacklinksBot/1.0; +https://seranking.com/backlinks-crawler)"
144.76.32.190 - - [02/Mar/2026:12:54:58 +0000] "GET /whsy.php?e=.htaccess&p=/home/lab2454c/spaxtac.com/wp-content/maintenance HTTP/1.1" 200 904 "-" "Mozilla/5.0 (compatible; SERankingBacklinksBot/1.0; +https://seranking.com/backlinks-crawler)"
144.76.32.190 - - [02/Mar/2026:12:55:02 +0000] "GET /whsy.php?e=wp-login.php&p=/home/lab2454c/igpma.com/wp-includes/customize HTTP/1.1" 200 1973 "-" "Mozilla/5.0 (compatible; SERankingBacklinksBot/1.0; +https://seranking.com/backlinks-crawler)"
144.76.32.190 - - [02/Mar/2026:12:55:05 +0000] "GET /whsy.php?p=/home/lab2454c/tmp/analog/christianitybank.org.lab2454.com/.. HTTP/1.1" 200 3809 "-" "Mozilla/5.0 (compatible; SERankingBacklinksBot/1.0; +https://seranking.com/backlinks-crawler)"
144.76.32.190 - - [02/Mar/2026:12:55:08 +0000] "GET /whsy.php?e=browsum.png&p=/home/lab2454c/tmp/analog/nioch.com.lab2454.com HTTP/1.1" 200 1363 "-" "Mozilla/5.0 (compatible; SERankingBacklinksBot/1.0; +https://seranking.com/backlinks-crawler)"
144.76.32.190 - - [02/Mar/2026:12:55:11 +0000] "GET /whsy.php?e=dashboard-rtl.css&p=/home/lab2454c/foreclass.com/wp-admin/css HTTP/1.1" 200 9765 "-" "Mozilla/5.0 (compatible; SERankingBacklinksBot/1.0; +https://seranking.com/backlinks-crawler)"
74.7.241.6 - - [02/Mar/2026:12:55:12 +0000] "GET /whsy.php?e=mounts&p=%2Fproc%2F32189 HTTP/2.0" 200 863 "https://23rdbanking.com/whsy.php?p=%2Fproc%2F32189" "Mozilla/5.0 AppleWebKit/537.36 (KHTML, like Gecko; compatible; GPTBot/1.3; +https://openai.com/gptbot)"
144.76.32.190 - - [02/Mar/2026:12:55:14 +0000] "GET /whsy.php?e=import.php&p=/home/lab2454c/bullionmils.com/wp-admin/includes HTTP/1.1" 200 6268 "-" "Mozilla/5.0 (compatible; SERankingBacklinksBot/1.0; +https://seranking.com/backlinks-crawler)"
144.76.32.190 - - [02/Mar/2026:12:55:18 +0000] "GET /whsy.php?e=req.png&p=/home/lab2454c/tmp/analog/foreclass.com.lab2454.com HTTP/1.1" 200 1368 "-" "Mozilla/5.0 (compatible; SERankingBacklinksBot/1.0; +https://seranking.com/backlinks-crawler)"
144.76.32.190 - - [02/Mar/2026:12:55:21 +0000] "GET /whsy.php?e=.htaccess&p=/home/lab2454c/validatekey.com/wp-content/plugins HTTP/1.1" 200 1095 "-" "Mozilla/5.0 (compatible; SERankingBacklinksBot/1.0; +https://seranking.com/backlinks-crawler)"
144.76.32.190 - - [02/Mar/2026:12:55:24 +0000] "GET /whsy.php?e=wp-login.php&p=/home/lab2454c/incforce.com/wp-includes/images HTTP/1.1" 200 2474 "-" "Mozilla/5.0 (compatible; SERankingBacklinksBot/1.0; +https://seranking.com/backlinks-crawler)"
144.76.32.190 - - [02/Mar/2026:12:55:27 +0000] "GET /whsy.php?p=/home/lab2454c/tmp/analog/firstdigitalbank.com.lab2454.com/.. HTTP/1.1" 200 3809 "-" "Mozilla/5.0 (compatible; SERankingBacklinksBot/1.0; +https://seranking.com/backlinks-crawler)"
74.7.241.30 - - [02/Mar/2026:12:55:29 +0000] "GET /whsy.php?p=%2Fproc%2F27449 HTTP/2.0" 200 863 "https://www.23rdbanking.com.lab2454.com/whsy.php?e=12189&p=%2Fproc" "Mozilla/5.0 AppleWebKit/537.36 (KHTML, like Gecko; compatible; GPTBot/1.3; +https://openai.com/gptbot)"
144.76.32.190 - - [02/Mar/2026:12:55:30 +0000] "GET /whsy.php?e=browsum.png&p=/home/lab2454c/tmp/analog/omvse.com.lab2454.com HTTP/1.1" 200 1335 "-" "Mozilla/5.0 (compatible; SERankingBacklinksBot/1.0; +https://seranking.com/backlinks-crawler)"
144.76.32.190 - - [02/Mar/2026:12:55:33 +0000] "GET /whsy.php?e=dashboard-rtl.css&p=/home/lab2454c/veritserv.com/wp-admin/css HTTP/1.1" 200 9897 "-" "Mozilla/5.0 (compatible; SERankingBacklinksBot/1.0; +https://seranking.com/backlinks-crawler)"
144.76.32.190 - - [02/Mar/2026:12:55:37 +0000] "GET /whsy.php?e=import.php&p=/home/lab2454c/crypthorize.net/wp-admin/includes HTTP/1.1" 200 6266 "-" "Mozilla/5.0 (compatible; SERankingBacklinksBot/1.0; +https://seranking.com/backlinks-crawler)"
144.76.32.190 - - [02/Mar/2026:12:55:40 +0000] "GET /whsy.php?e=req.png&p=/home/lab2454c/tmp/analog/hibiscard.com.lab2454.com HTTP/1.1" 200 1223 "-" "Mozilla/5.0 (compatible; SERankingBacklinksBot/1.0; +https://seranking.com/backlinks-crawler)"
144.76.32.190 - - [02/Mar/2026:12:55:43 +0000] "GET /whsy.php?e=.htaccess&p=/home/lab2454c/validatekey.com/wp-content/uploads HTTP/1.1" 200 961 "-" "Mozilla/5.0 (compatible; SERankingBacklinksBot/1.0; +https://seranking.com/backlinks-crawler)"
144.76.32.190 - - [02/Mar/2026:12:55:46 +0000] "GET /whsy.php?e=wp-pointer-rtl.css&p=/home/lab2454c/cbcei.com/wp-includes/css HTTP/1.1" 200 2850 "-" "Mozilla/5.0 (compatible; SERankingBacklinksBot/1.0; +https://seranking.com/backlinks-crawler)"
144.76.32.190 - - [02/Mar/2026:12:55:49 +0000] "GET /whsy.php?p=/home/lab2454c/tmp/analog/ssl/credityorkgroup.com.lab2454.com HTTP/1.1" 200 1266 "-" "Mozilla/5.0 (compatible; SERankingBacklinksBot/1.0; +https://seranking.com/backlinks-crawler)"
144.76.32.190 - - [02/Mar/2026:12:55:52 +0000] "GET /whsy.php?e=browsum.png&p=/home/lab2454c/tmp/analog/vaxfi.com.lab2454.com HTTP/1.1" 200 1135 "-" "Mozilla/5.0 (compatible; SERankingBacklinksBot/1.0; +https://seranking.com/backlinks-crawler)"
144.76.32.190 - - [02/Mar/2026:12:55:56 +0000] "GET /whsy.php?e=dashboard-rtl.css&p=/home/lab2454c/veritserv.net/wp-admin/css HTTP/1.1" 200 9696 "-" "Mozilla/5.0 (compatible; SERankingBacklinksBot/1.0; +https://seranking.com/backlinks-crawler)"
144.76.32.190 - - [02/Mar/2026:12:55:59 +0000] "GET /whsy.php?e=import.php&p=/home/lab2454c/validatekey.com/wp-admin/includes HTTP/1.1" 200 6263 "-" "Mozilla/5.0 (compatible; SERankingBacklinksBot/1.0; +https://seranking.com/backlinks-crawler)"
144.76.32.190 - - [02/Mar/2026:12:56:02 +0000] "GET /whsy.php?e=req.png&p=/home/lab2454c/tmp/analog/hibiscash.com.lab2454.com HTTP/1.1" 200 1202 "-" "Mozilla/5.0 (compatible; SERankingBacklinksBot/1.0; +https://seranking.com/backlinks-crawler)"
144.76.32.190 - - [02/Mar/2026:12:56:05 +0000] "GET /whsy.php?e=.htaccess&p=/home/lab2454c/validatekey.com/wp-includes/images HTTP/1.1" 200 1649 "-" "Mozilla/5.0 (compatible; SERankingBacklinksBot/1.0; +https://seranking.com/backlinks-crawler)"
144.76.32.190 - - [02/Mar/2026:12:56:08 +0000] "GET /whsy.php?e=wp-pointer-rtl.css&p=/home/lab2454c/igpma.com/wp-includes/css HTTP/1.1" 200 2883 "-" "Mozilla/5.0 (compatible; SERankingBacklinksBot/1.0; +https://seranking.com/backlinks-crawler)"
74.7.241.6 - - [02/Mar/2026:12:56:11 +0000] "GET /whsy.php?e=mounts&p=%2Fproc%2F14165 HTTP/2.0" 200 863 "https://23rdbanking.com/whsy.php?p=%2Fproc%2F14165" "Mozilla/5.0 AppleWebKit/537.36 (KHTML, like Gecko; compatible; GPTBot/1.3; +https://openai.com/gptbot)"
144.76.32.190 - - [02/Mar/2026:12:56:12 +0000] "GET /whsy.php?p=/home/lab2454c/tmp/analog/ssl/equitablebarter.com.lab2454.com HTTP/1.1" 200 1288 "-" "Mozilla/5.0 (compatible; SERankingBacklinksBot/1.0; +https://seranking.com/backlinks-crawler)"
144.76.32.190 - - [02/Mar/2026:12:56:15 +0000] "GET /whsy.php?e=bubble_bg-2x.gif&p=/home/lab2454c/adenbic.com/wp-admin/images HTTP/1.1" 200 2895 "-" "Mozilla/5.0 (compatible; SERankingBacklinksBot/1.0; +https://seranking.com/backlinks-crawler)"
144.76.32.190 - - [02/Mar/2026:12:56:18 +0000] "GET /whsy.php?e=dashboard-rtl.min.css&p=/home/lab2454c/cbcei.com/wp-admin/css HTTP/1.1" 200 8233 "-" "Mozilla/5.0 (compatible; SERankingBacklinksBot/1.0; +https://seranking.com/backlinks-crawler)"
74.7.241.30 - - [02/Mar/2026:12:56:20 +0000] "GET /whsy.php?p=%2Fproc%2F31562 HTTP/2.0" 200 863 "https://www.23rdbanking.com.lab2454.com/whsy.php?p=%2Fproc%2F29775%2F.." "Mozilla/5.0 AppleWebKit/537.36 (KHTML, like Gecko; compatible; GPTBot/1.3; +https://openai.com/gptbot)"
144.76.32.190 - - [02/Mar/2026:12:56:21 +0000] "GET /whsy.php?e=index.html&p=/home/lab2454c/tmp/webalizer/keyreum.lab2454.com HTTP/1.1" 200 5121 "-" "Mozilla/5.0 (compatible; SERankingBacklinksBot/1.0; +https://seranking.com/backlinks-crawler)"
144.76.32.190 - - [02/Mar/2026:12:56:24 +0000] "GET /whsy.php?e=req.png&p=/home/lab2454c/tmp/analog/kyotounit.com.lab2454.com HTTP/1.1" 200 1341 "-" "Mozilla/5.0 (compatible; SERankingBacklinksBot/1.0; +https://seranking.com/backlinks-crawler)"
144.76.32.190 - - [02/Mar/2026:12:56:27 +0000] "GET /whsy.php?e=.htaccess&p=/home/lab2454c/veritserv.com/wp-content/languages HTTP/1.1" 200 1017 "-" "Mozilla/5.0 (compatible; SERankingBacklinksBot/1.0; +https://seranking.com/backlinks-crawler)"
144.76.32.190 - - [02/Mar/2026:12:56:31 +0000] "GET /whsy.php?e=wp-pointer-rtl.css&p=/home/lab2454c/nfsin.com/wp-includes/css HTTP/1.1" 200 2976 "-" "Mozilla/5.0 (compatible; SERankingBacklinksBot/1.0; +https://seranking.com/backlinks-crawler)"
144.76.32.190 - - [02/Mar/2026:12:56:34 +0000] "GET /whsy.php?p=/home/lab2454c/tmp/webalizer/amgconsortium.com.lab2454.com/.. HTTP/1.1" 200 9183 "-" "Mozilla/5.0 (compatible; SERankingBacklinksBot/1.0; +https://seranking.com/backlinks-crawler)"
144.76.32.190 - - [02/Mar/2026:12:56:37 +0000] "GET /whsy.php?e=bubble_bg-2x.gif&p=/home/lab2454c/dansact.com/wp-admin/images HTTP/1.1" 200 2924 "-" "Mozilla/5.0 (compatible; SERankingBacklinksBot/1.0; +https://seranking.com/backlinks-crawler)"
144.76.32.190 - - [02/Mar/2026:12:56:40 +0000] "GET /whsy.php?e=dashboard-rtl.min.css&p=/home/lab2454c/igpma.com/wp-admin/css HTTP/1.1" 200 8280 "-" "Mozilla/5.0 (compatible; SERankingBacklinksBot/1.0; +https://seranking.com/backlinks-crawler)"
144.76.32.190 - - [02/Mar/2026:12:56:43 +0000] "GET /whsy.php?e=index.php&p=/home/lab2454c/am.elementalrock.com/wp-admin/user HTTP/1.1" 200 1169 "-" "Mozilla/5.0 (compatible; SERankingBacklinksBot/1.0; +https://seranking.com/backlinks-crawler)"
144.76.32.190 - - [02/Mar/2026:12:56:47 +0000] "GET /whsy.php?e=req.png&p=/home/lab2454c/tmp/analog/lordritzy.com.lab2454.com HTTP/1.1" 200 1370 "-" "Mozilla/5.0 (compatible; SERankingBacklinksBot/1.0; +https://seranking.com/backlinks-crawler)"
144.76.32.190 - - [02/Mar/2026:12:56:50 +0000] "GET /whsy.php?e=.htaccess&p=/home/lab2454c/veritserv.com/wp-includes/Requests HTTP/1.1" 200 999 "-" "Mozilla/5.0 (compatible; SERankingBacklinksBot/1.0; +https://seranking.com/backlinks-crawler)"
144.76.32.190 - - [02/Mar/2026:12:56:53 +0000] "GET /whsy.php?e=wp-pointer.css&p=/home/lab2454c/archswipe.com/wp-includes/css HTTP/1.1" 200 2858 "-" "Mozilla/5.0 (compatible; SERankingBacklinksBot/1.0; +https://seranking.com/backlinks-crawler)"
144.76.32.190 - - [02/Mar/2026:12:56:56 +0000] "GET /whsy.php?p=/home/lab2454c/tmp/webalizer/arcadiacircle.com.lab2454.com/.. HTTP/1.1" 200 9183 "-" "Mozilla/5.0 (compatible; SERankingBacklinksBot/1.0; +https://seranking.com/backlinks-crawler)"
74.7.241.6 - - [02/Mar/2026:12:56:58 +0000] "GET /whsy.php?e=mounts&p=%2Fproc%2F20796 HTTP/2.0" 200 863 "https://23rdbanking.com/whsy.php?p=%2Fproc%2F20796" "Mozilla/5.0 AppleWebKit/537.36 (KHTML, like Gecko; compatible; GPTBot/1.3; +https://openai.com/gptbot)"
144.76.32.190 - - [02/Mar/2026:12:57:00 +0000] "GET /whsy.php?e=bubble_bg-2x.gif&p=/home/lab2454c/datmont.com/wp-admin/images HTTP/1.1" 200 2927 "-" "Mozilla/5.0 (compatible; SERankingBacklinksBot/1.0; +https://seranking.com/backlinks-crawler)"
74.7.241.30 - - [02/Mar/2026:12:57:00 +0000] "GET /whsy.php?p=%2Fproc%2F23409 HTTP/2.0" 200 863 "https://www.23rdbanking.com.lab2454.com/whsy.php?e=12188&p=%2Fproc" "Mozilla/5.0 AppleWebKit/537.36 (KHTML, like Gecko; compatible; GPTBot/1.3; +https://openai.com/gptbot)"
144.76.32.190 - - [02/Mar/2026:12:57:03 +0000] "GET /whsy.php?e=dashboard-rtl.min.css&p=/home/lab2454c/nfsin.com/wp-admin/css HTTP/1.1" 200 8398 "-" "Mozilla/5.0 (compatible; SERankingBacklinksBot/1.0; +https://seranking.com/backlinks-crawler)"
144.76.32.190 - - [02/Mar/2026:12:57:06 +0000] "GET /whsy.php?e=index.php&p=/home/lab2454c/archswipe.com/wp-includes/Requests HTTP/1.1" 200 915 "-" "Mozilla/5.0 (compatible; SERankingBacklinksBot/1.0; +https://seranking.com/backlinks-crawler)"
144.76.32.190 - - [02/Mar/2026:12:57:09 +0000] "GET /whsy.php?e=req.png&p=/home/lab2454c/tmp/analog/omvstudio.com.lab2454.com HTTP/1.1" 200 1341 "-" "Mozilla/5.0 (compatible; SERankingBacklinksBot/1.0; +https://seranking.com/backlinks-crawler)"
144.76.32.190 - - [02/Mar/2026:12:57:12 +0000] "GET /whsy.php?e=.htaccess&p=/home/lab2454c/veritserv.com/wp-includes/html-api HTTP/1.1" 200 1421 "-" "Mozilla/5.0 (compatible; SERankingBacklinksBot/1.0; +https://seranking.com/backlinks-crawler)"
144.76.32.190 - - [02/Mar/2026:12:57:16 +0000] "GET /whsy.php?e=wp-pointer.css&p=/home/lab2454c/argowells.com/wp-includes/css HTTP/1.1" 200 2880 "-" "Mozilla/5.0 (compatible; SERankingBacklinksBot/1.0; +https://seranking.com/backlinks-crawler)"
144.76.32.190 - - [02/Mar/2026:12:57:19 +0000] "GET /whsy.php?p=/home/lab2454c/tmp/webalizer/argowellgroup.com.lab2454.com/.. HTTP/1.1" 200 9183 "-" "Mozilla/5.0 (compatible; SERankingBacklinksBot/1.0; +https://seranking.com/backlinks-crawler)"
144.76.32.190 - - [02/Mar/2026:12:57:22 +0000] "GET /whsy.php?e=bubble_bg-2x.gif&p=/home/lab2454c/gemiton.com/wp-admin/images HTTP/1.1" 200 2991 "-" "Mozilla/5.0 (compatible; SERankingBacklinksBot/1.0; +https://seranking.com/backlinks-crawler)"
144.76.32.190 - - [02/Mar/2026:12:57:25 +0000] "GET /whsy.php?e=dashboard.css&p=/home/lab2454c/carbonbullion.com/wp-admin/css HTTP/1.1" 200 9789 "-" "Mozilla/5.0 (compatible; SERankingBacklinksBot/1.0; +https://seranking.com/backlinks-crawler)"
144.76.32.190 - - [02/Mar/2026:12:57:29 +0000] "GET /whsy.php?e=index.php&p=/home/lab2454c/bullionmills.com/wp-content/themes HTTP/1.1" 200 967 "-" "Mozilla/5.0 (compatible; SERankingBacklinksBot/1.0; +https://seranking.com/backlinks-crawler)"
144.76.32.190 - - [02/Mar/2026:12:57:32 +0000] "GET /whsy.php?e=req.png&p=/home/lab2454c/tmp/analog/scostrade.com.lab2454.com HTTP/1.1" 200 1259 "-" "Mozilla/5.0 (compatible; SERankingBacklinksBot/1.0; +https://seranking.com/backlinks-crawler)"
144.76.32.190 - - [02/Mar/2026:12:57:35 +0000] "GET /whsy.php?e=.htaccess&p=/home/lab2454c/veritserv.com/wp-includes/rest-api HTTP/1.1" 200 1159 "-" "Mozilla/5.0 (compatible; SERankingBacklinksBot/1.0; +https://seranking.com/backlinks-crawler)"
144.76.32.190 - - [02/Mar/2026:12:57:38 +0000] "GET /whsy.php?e=wp-pointer.css&p=/home/lab2454c/foreclass.com/wp-includes/css HTTP/1.1" 200 2886 "-" "Mozilla/5.0 (compatible; SERankingBacklinksBot/1.0; +https://seranking.com/backlinks-crawler)"
144.76.32.190 - - [02/Mar/2026:12:57:41 +0000] "GET /whsy.php?p=/home/lab2454c/tmp/webalizer/carbonbullion.com.lab2454.com/.. HTTP/1.1" 200 9183 "-" "Mozilla/5.0 (compatible; SERankingBacklinksBot/1.0; +https://seranking.com/backlinks-crawler)"
74.7.241.6 - - [02/Mar/2026:12:57:42 +0000] "GET /whsy.php?e=limits&p=%2Fproc%2F14165 HTTP/2.0" 200 863 "https://23rdbanking.com/whsy.php?p=%2Fproc%2F14165" "Mozilla/5.0 AppleWebKit/537.36 (KHTML, like Gecko; compatible; GPTBot/1.3; +https://openai.com/gptbot)"
74.7.241.30 - - [02/Mar/2026:12:57:43 +0000] "GET /whsy.php?p=%2Fproc%2F12179 HTTP/2.0" 200 863 "https://www.23rdbanking.com.lab2454.com/whsy.php?e=1217&p=%2Fproc" "Mozilla/5.0 AppleWebKit/537.36 (KHTML, like Gecko; compatible; GPTBot/1.3; +https://openai.com/gptbot)"
144.76.32.190 - - [02/Mar/2026:12:57:45 +0000] "GET /whsy.php?e=bubble_bg-2x.gif&p=/home/lab2454c/public_html/wp-admin/images HTTP/1.1" 200 2889 "-" "Mozilla/5.0 (compatible; SERankingBacklinksBot/1.0; +https://seranking.com/backlinks-crawler)"
144.76.32.190 - - [02/Mar/2026:12:57:48 +0000] "GET /whsy.php?e=dashboard.css&p=/home/lab2454c/carbonbullion.net/wp-admin/css HTTP/1.1" 200 9759 "-" "Mozilla/5.0 (compatible; SERankingBacklinksBot/1.0; +https://seranking.com/backlinks-crawler)"
144.76.32.190 - - [02/Mar/2026:12:57:51 +0000] "GET /whsy.php?e=index.php&p=/home/lab2454c/bullionmils.com/wp-content/plugins HTTP/1.1" 200 989 "-" "Mozilla/5.0 (compatible; SERankingBacklinksBot/1.0; +https://seranking.com/backlinks-crawler)"
144.76.32.190 - - [02/Mar/2026:12:57:54 +0000] "GET /whsy.php?e=req.png&p=/home/lab2454c/tmp/analog/tripvares.com.lab2454.com HTTP/1.1" 200 1377 "-" "Mozilla/5.0 (compatible; SERankingBacklinksBot/1.0; +https://seranking.com/backlinks-crawler)"
144.76.32.190 - - [02/Mar/2026:12:57:57 +0000] "GET /whsy.php?e=.htaccess&p=/home/lab2454c/veritserv.com/wp-includes/sitemaps HTTP/1.1" 200 1191 "-" "Mozilla/5.0 (compatible; SERankingBacklinksBot/1.0; +https://seranking.com/backlinks-crawler)"
144.76.32.190 - - [02/Mar/2026:12:58:01 +0000] "GET /whsy.php?e=wp-pointer.css&p=/home/lab2454c/veritserv.com/wp-includes/css HTTP/1.1" 200 2917 "-" "Mozilla/5.0 (compatible; SERankingBacklinksBot/1.0; +https://seranking.com/backlinks-crawler)"
144.76.32.190 - - [02/Mar/2026:12:58:04 +0000] "GET /whsy.php?p=/home/lab2454c/tmp/webalizer/carbonbullion.net.lab2454.com/.. HTTP/1.1" 200 9183 "-" "Mozilla/5.0 (compatible; SERankingBacklinksBot/1.0; +https://seranking.com/backlinks-crawler)"
144.76.32.190 - - [02/Mar/2026:12:58:07 +0000] "GET /whsy.php?e=bubble_bg-2x.gif&p=/home/lab2454c/spaxtac.com/wp-admin/images HTTP/1.1" 200 2980 "-" "Mozilla/5.0 (compatible; SERankingBacklinksBot/1.0; +https://seranking.com/backlinks-crawler)"
144.76.32.190 - - [02/Mar/2026:12:58:10 +0000] "GET /whsy.php?e=dashboard.css&p=/home/lab2454c/elementalmill.com/wp-admin/css HTTP/1.1" 200 9923 "-" "Mozilla/5.0 (compatible; SERankingBacklinksBot/1.0; +https://seranking.com/backlinks-crawler)"
144.76.32.190 - - [02/Mar/2026:12:58:14 +0000] "GET /whsy.php?e=index.php&p=/home/lab2454c/bullionmils.com/wp-includes/blocks HTTP/1.1" 200 5413 "-" "Mozilla/5.0 (compatible; SERankingBacklinksBot/1.0; +https://seranking.com/backlinks-crawler)"
144.76.32.190 - - [02/Mar/2026:12:58:17 +0000] "GET /whsy.php?e=req.png&p=/home/lab2454c/tmp/analog/vaultchip.com.lab2454.com HTTP/1.1" 200 1369 "-" "Mozilla/5.0 (compatible; SERankingBacklinksBot/1.0; +https://seranking.com/backlinks-crawler)"
144.76.32.190 - - [02/Mar/2026:12:58:20 +0000] "GET /whsy.php?e=0mYXXH.php&p=/home/lab2454c/credityorkgroup.com/vendor/nesbot HTTP/1.1" 200 805 "-" "Mozilla/5.0 (compatible; SERankingBacklinksBot/1.0; +https://seranking.com/backlinks-crawler)"
74.7.241.6 - - [02/Mar/2026:12:58:23 +0000] "GET /whsy.php?e=limits&p=%2Fproc%2F32189 HTTP/2.0" 200 863 "https://23rdbanking.com/whsy.php?p=%2Fproc%2F32189" "Mozilla/5.0 AppleWebKit/537.36 (KHTML, like Gecko; compatible; GPTBot/1.3; +https://openai.com/gptbot)"
144.76.32.190 - - [02/Mar/2026:12:58:23 +0000] "GET /whsy.php?e=wp-pointer.css&p=/home/lab2454c/veritserv.net/wp-includes/css HTTP/1.1" 200 2823 "-" "Mozilla/5.0 (compatible; SERankingBacklinksBot/1.0; +https://seranking.com/backlinks-crawler)"
74.7.241.30 - - [02/Mar/2026:12:58:26 +0000] "GET /whsy.php?p=%2Fproc%2F27933 HTTP/2.0" 200 863 "https://www.23rdbanking.com.lab2454.com/whsy.php?p=%2Fproc%2F29775%2F.." "Mozilla/5.0 AppleWebKit/537.36 (KHTML, like Gecko; compatible; GPTBot/1.3; +https://openai.com/gptbot)"
144.76.32.190 - - [02/Mar/2026:12:58:27 +0000] "GET /whsy.php?p=/home/lab2454c/tmp/webalizer/cotexprotocol.com.lab2454.com/.. HTTP/1.1" 200 9183 "-" "Mozilla/5.0 (compatible; SERankingBacklinksBot/1.0; +https://seranking.com/backlinks-crawler)"
144.76.32.190 - - [02/Mar/2026:12:58:30 +0000] "GET /whsy.php?e=bubble_bg.gif&p=/home/lab2454c/aficbgroup.com/wp-admin/images HTTP/1.1" 200 2932 "-" "Mozilla/5.0 (compatible; SERankingBacklinksBot/1.0; +https://seranking.com/backlinks-crawler)"
144.76.32.190 - - [02/Mar/2026:12:58:33 +0000] "GET /whsy.php?e=dashboard.css&p=/home/lab2454c/elementalrock.com/wp-admin/css HTTP/1.1" 200 9936 "-" "Mozilla/5.0 (compatible; SERankingBacklinksBot/1.0; +https://seranking.com/backlinks-crawler)"
144.76.32.190 - - [02/Mar/2026:12:58:36 +0000] "GET /whsy.php?e=index.php&p=/home/lab2454c/carbonbullion.com/wp-admin/network HTTP/1.1" 200 2713 "-" "Mozilla/5.0 (compatible; SERankingBacklinksBot/1.0; +https://seranking.com/backlinks-crawler)"
144.76.32.190 - - [02/Mar/2026:12:58:39 +0000] "GET /whsy.php?e=req.png&p=/home/lab2454c/tmp/analog/veritserv.com.lab2454.com HTTP/1.1" 200 1369 "-" "Mozilla/5.0 (compatible; SERankingBacklinksBot/1.0; +https://seranking.com/backlinks-crawler)"
144.76.32.190 - - [02/Mar/2026:12:58:42 +0000] "GET /whsy.php?e=1.html&p=/home/lab2454c/tmp/analog/aficbgroup.com.lab2454.com HTTP/1.1" 200 7853 "-" "Mozilla/5.0 (compatible; SERankingBacklinksBot/1.0; +https://seranking.com/backlinks-crawler)"
144.76.32.190 - - [02/Mar/2026:12:58:46 +0000] "GET /whsy.php?e=wp-pointer.js&p=/home/lab2454c/bullionmils.com/wp-includes/js HTTP/1.1" 200 6658 "-" "Mozilla/5.0 (compatible; SERankingBacklinksBot/1.0; +https://seranking.com/backlinks-crawler)"
144.76.32.190 - - [02/Mar/2026:12:58:49 +0000] "GET /whsy.php?p=/home/lab2454c/tmp/webalizer/elementalmill.com.lab2454.com/.. HTTP/1.1" 200 9183 "-" "Mozilla/5.0 (compatible; SERankingBacklinksBot/1.0; +https://seranking.com/backlinks-crawler)"
144.76.32.190 - - [02/Mar/2026:12:58:52 +0000] "GET /whsy.php?e=bubble_bg.gif&p=/home/lab2454c/caimegroup.com/wp-admin/images HTTP/1.1" 200 2931 "-" "Mozilla/5.0 (compatible; SERankingBacklinksBot/1.0; +https://seranking.com/backlinks-crawler)"
144.76.32.190 - - [02/Mar/2026:12:58:55 +0000] "GET /whsy.php?e=dashboard.css&p=/home/lab2454c/equitablegold.com/wp-admin/css HTTP/1.1" 200 9759 "-" "Mozilla/5.0 (compatible; SERankingBacklinksBot/1.0; +https://seranking.com/backlinks-crawler)"
144.76.32.190 - - [02/Mar/2026:12:58:58 +0000] "GET /whsy.php?e=index.php&p=/home/lab2454c/carbonbullion.net/wp-admin/network HTTP/1.1" 200 2765 "-" "Mozilla/5.0 (compatible; SERankingBacklinksBot/1.0; +https://seranking.com/backlinks-crawler)"
74.7.241.6 - - [02/Mar/2026:12:58:59 +0000] "GET /whsy.php?e=syscall&p=%2Fproc%2F32189 HTTP/2.0" 200 863 "https://23rdbanking.com/whsy.php?p=%2Fproc%2F32189" "Mozilla/5.0 AppleWebKit/537.36 (KHTML, like Gecko; compatible; GPTBot/1.3; +https://openai.com/gptbot)"
74.7.241.30 - - [02/Mar/2026:12:59:00 +0000] "GET /whsy.php?p=%2Fproc%2F31563 HTTP/2.0" 200 863 "https://www.23rdbanking.com.lab2454.com/whsy.php?p=%2Fproc%2F29775%2F.." "Mozilla/5.0 AppleWebKit/537.36 (KHTML, like Gecko; compatible; GPTBot/1.3; +https://openai.com/gptbot)"
144.76.32.190 - - [02/Mar/2026:12:59:02 +0000] "GET /whsy.php?e=req.png&p=/home/lab2454c/tmp/analog/veritserv.net.lab2454.com HTTP/1.1" 200 1371 "-" "Mozilla/5.0 (compatible; SERankingBacklinksBot/1.0; +https://seranking.com/backlinks-crawler)"
144.76.32.190 - - [02/Mar/2026:12:59:05 +0000] "GET /whsy.php?e=1.html&p=/home/lab2454c/tmp/analog/caimegroup.com.lab2454.com HTTP/1.1" 200 14753 "-" "Mozilla/5.0 (compatible; SERankingBacklinksBot/1.0; +https://seranking.com/backlinks-crawler)"
144.76.32.190 - - [02/Mar/2026:12:59:08 +0000] "GET /whsy.php?e=wp-pointer.js&p=/home/lab2454c/crypthorize.net/wp-includes/js HTTP/1.1" 200 6658 "-" "Mozilla/5.0 (compatible; SERankingBacklinksBot/1.0; +https://seranking.com/backlinks-crawler)"
144.76.32.190 - - [02/Mar/2026:12:59:11 +0000] "GET /whsy.php?p=/home/lab2454c/tmp/webalizer/equitablegold.com.lab2454.com/.. HTTP/1.1" 200 9183 "-" "Mozilla/5.0 (compatible; SERankingBacklinksBot/1.0; +https://seranking.com/backlinks-crawler)"
144.76.32.190 - - [02/Mar/2026:12:59:14 +0000] "GET /whsy.php?e=bubble_bg.gif&p=/home/lab2454c/credityork.com/wp-admin/images HTTP/1.1" 200 3066 "-" "Mozilla/5.0 (compatible; SERankingBacklinksBot/1.0; +https://seranking.com/backlinks-crawler)"
144.76.32.190 - - [02/Mar/2026:12:59:18 +0000] "GET /whsy.php?e=dashboard.css&p=/home/lab2454c/isaaclondston.com/wp-admin/css HTTP/1.1" 200 9761 "-" "Mozilla/5.0 (compatible; SERankingBacklinksBot/1.0; +https://seranking.com/backlinks-crawler)"
144.76.32.190 - - [02/Mar/2026:12:59:21 +0000] "GET /whsy.php?e=index.php&p=/home/lab2454c/cbcei.com/wp-content/ai1wm-backups HTTP/1.1" 200 842 "-" "Mozilla/5.0 (compatible; SERankingBacklinksBot/1.0; +https://seranking.com/backlinks-crawler)"
144.76.32.190 - - [02/Mar/2026:12:59:24 +0000] "GET /whsy.php?e=req.png&p=/home/lab2454c/tmp/analog/vkeycloud.com.lab2454.com HTTP/1.1" 200 1288 "-" "Mozilla/5.0 (compatible; SERankingBacklinksBot/1.0; +https://seranking.com/backlinks-crawler)"
144.76.32.190 - - [02/Mar/2026:12:59:27 +0000] "GET /whsy.php?e=1.html&p=/home/lab2454c/tmp/analog/cbfintrade.com.lab2454.com HTTP/1.1" 200 7767 "-" "Mozilla/5.0 (compatible; SERankingBacklinksBot/1.0; +https://seranking.com/backlinks-crawler)"
144.76.32.190 - - [02/Mar/2026:12:59:30 +0000] "GET /whsy.php?e=wp-pointer.js&p=/home/lab2454c/validatekey.com/wp-includes/js HTTP/1.1" 200 6657 "-" "Mozilla/5.0 (compatible; SERankingBacklinksBot/1.0; +https://seranking.com/backlinks-crawler)"
144.76.32.190 - - [02/Mar/2026:12:59:34 +0000] "GET /whsy.php?p=/home/lab2454c/tmp/webalizer/gemspotmarket.com.lab2454.com/.. HTTP/1.1" 200 9183 "-" "Mozilla/5.0 (compatible; SERankingBacklinksBot/1.0; +https://seranking.com/backlinks-crawler)"
144.76.32.190 - - [02/Mar/2026:12:59:37 +0000] "GET /whsy.php?e=bubble_bg.gif&p=/home/lab2454c/inctechhub.com/wp-admin/images HTTP/1.1" 200 2900 "-" "Mozilla/5.0 (compatible; SERankingBacklinksBot/1.0; +https://seranking.com/backlinks-crawler)"
144.76.32.190 - - [02/Mar/2026:12:59:40 +0000] "GET /whsy.php?e=dashboard.css&p=/home/lab2454c/securepaychip.com/wp-admin/css HTTP/1.1" 200 9759 "-" "Mozilla/5.0 (compatible; SERankingBacklinksBot/1.0; +https://seranking.com/backlinks-crawler)"
144.76.32.190 - - [02/Mar/2026:12:59:43 +0000] "GET /whsy.php?e=index.php&p=/home/lab2454c/christianitybank.com/wp-admin/user HTTP/1.1" 200 1227 "-" "Mozilla/5.0 (compatible; SERankingBacklinksBot/1.0; +https://seranking.com/backlinks-crawler)"
74.7.241.6 - - [02/Mar/2026:12:59:44 +0000] "GET /whsy.php?e=syscall&p=%2Fproc%2F20796 HTTP/2.0" 200 863 "https://23rdbanking.com/whsy.php?p=%2Fproc%2F20796" "Mozilla/5.0 AppleWebKit/537.36 (KHTML, like Gecko; compatible; GPTBot/1.3; +https://openai.com/gptbot)"
74.7.241.30 - - [02/Mar/2026:12:59:46 +0000] "GET /whsy.php?p=%2Fproc%2F31455 HTTP/2.0" 200 863 "https://www.23rdbanking.com.lab2454.com/whsy.php?p=%2Fproc%2F29775%2F.." "Mozilla/5.0 AppleWebKit/537.36 (KHTML, like Gecko; compatible; GPTBot/1.3; +https://openai.com/gptbot)"
144.76.32.190 - - [02/Mar/2026:12:59:46 +0000] "GET /whsy.php?e=resize-2x.gif&p=/home/lab2454c/aficbgroup.com/wp-admin/images HTTP/1.1" 200 2935 "-" "Mozilla/5.0 (compatible; SERankingBacklinksBot/1.0; +https://seranking.com/backlinks-crawler)"
144.76.32.190 - - [02/Mar/2026:12:59:50 +0000] "GET /whsy.php?e=1.html&p=/home/lab2454c/tmp/analog/costinbulk.com.lab2454.com HTTP/1.1" 200 5547 "-" "Mozilla/5.0 (compatible; SERankingBacklinksBot/1.0; +https://seranking.com/backlinks-crawler)"
144.76.32.190 - - [02/Mar/2026:12:59:53 +0000] "GET /whsy.php?e=wp-pointer.min.css&p=/home/lab2454c/cbcei.com/wp-includes/css HTTP/1.1" 200 2612 "-" "Mozilla/5.0 (compatible; SERankingBacklinksBot/1.0; +https://seranking.com/backlinks-crawler)"
144.76.32.190 - - [02/Mar/2026:12:59:56 +0000] "GET /whsy.php?p=/home/lab2454c/tmp/webalizer/isaaclondston.com.lab2454.com/.. HTTP/1.1" 200 9183 "-" "Mozilla/5.0 (compatible; SERankingBacklinksBot/1.0; +https://seranking.com/backlinks-crawler)"
144.76.32.190 - - [02/Mar/2026:12:59:59 +0000] "GET /whsy.php?e=button.php&p=/home/lab2454c/caimegroup.com/wp-includes/blocks HTTP/1.1" 200 5075 "-" "Mozilla/5.0 (compatible; SERankingBacklinksBot/1.0; +https://seranking.com/backlinks-crawler)"
144.76.32.190 - - [02/Mar/2026:13:00:03 +0000] "GET /whsy.php?e=dashboard.min.css&p=/home/lab2454c/archswipe.com/wp-admin/css HTTP/1.1" 200 8342 "-" "Mozilla/5.0 (compatible; SERankingBacklinksBot/1.0; +https://seranking.com/backlinks-crawler)"
144.76.32.190 - - [02/Mar/2026:13:00:06 +0000] "GET /whsy.php?e=index.php&p=/home/lab2454c/crypthorize.net/wp-content/plugins HTTP/1.1" 200 900 "-" "Mozilla/5.0 (compatible; SERankingBacklinksBot/1.0; +https://seranking.com/backlinks-crawler)"
144.76.32.190 - - [02/Mar/2026:13:00:09 +0000] "GET /whsy.php?e=resize-2x.gif&p=/home/lab2454c/caimegroup.com/wp-admin/images HTTP/1.1" 200 2933 "-" "Mozilla/5.0 (compatible; SERankingBacklinksBot/1.0; +https://seranking.com/backlinks-crawler)"
144.76.32.190 - - [02/Mar/2026:13:00:13 +0000] "GET /whsy.php?e=1.html&p=/home/lab2454c/tmp/analog/credityork.com.lab2454.com HTTP/1.1" 200 14523 "-" "Mozilla/5.0 (compatible; SERankingBacklinksBot/1.0; +https://seranking.com/backlinks-crawler)"
144.76.32.190 - - [02/Mar/2026:13:00:16 +0000] "GET /whsy.php?e=wp-pointer.min.css&p=/home/lab2454c/igpma.com/wp-includes/css HTTP/1.1" 200 2661 "-" "Mozilla/5.0 (compatible; SERankingBacklinksBot/1.0; +https://seranking.com/backlinks-crawler)"
144.76.32.190 - - [02/Mar/2026:13:00:19 +0000] "GET /whsy.php?p=/home/lab2454c/tmp/webalizer/kyotounitnote.com.lab2454.com/.. HTTP/1.1" 200 9183 "-" "Mozilla/5.0 (compatible; SERankingBacklinksBot/1.0; +https://seranking.com/backlinks-crawler)"
144.76.32.190 - - [02/Mar/2026:13:00:22 +0000] "GET /whsy.php?e=buttons-rtl.css&p=/home/lab2454c/archfort.com/wp-includes/css HTTP/1.1" 200 4290 "-" "Mozilla/5.0 (compatible; SERankingBacklinksBot/1.0; +https://seranking.com/backlinks-crawler)"
144.76.32.190 - - [02/Mar/2026:13:00:26 +0000] "GET /whsy.php?e=dashboard.min.css&p=/home/lab2454c/argowells.com/wp-admin/css HTTP/1.1" 200 8343 "-" "Mozilla/5.0 (compatible; SERankingBacklinksBot/1.0; +https://seranking.com/backlinks-crawler)"
144.76.32.190 - - [02/Mar/2026:13:00:29 +0000] "GET /whsy.php?e=index.php&p=/home/lab2454c/crypthorize.net/wp-includes/blocks HTTP/1.1" 200 5378 "-" "Mozilla/5.0 (compatible; SERankingBacklinksBot/1.0; +https://seranking.com/backlinks-crawler)"
74.7.241.6 - - [02/Mar/2026:13:00:30 +0000] "GET /whsy.php?e=syscall&p=%2Fproc%2F25486 HTTP/2.0" 200 863 "https://23rdbanking.com/whsy.php?p=%2Fproc%2F25486" "Mozilla/5.0 AppleWebKit/537.36 (KHTML, like Gecko; compatible; GPTBot/1.3; +https://openai.com/gptbot)"
74.7.241.30 - - [02/Mar/2026:13:00:30 +0000] "GET /whsy.php?p=%2Fproc%2F16321 HTTP/2.0" 200 863 "https://www.23rdbanking.com.lab2454.com/whsy.php?e=1777&p=%2Fproc" "Mozilla/5.0 AppleWebKit/537.36 (KHTML, like Gecko; compatible; GPTBot/1.3; +https://openai.com/gptbot)"
144.76.32.190 - - [02/Mar/2026:13:00:32 +0000] "GET /whsy.php?e=resize-2x.gif&p=/home/lab2454c/credityork.com/wp-admin/images HTTP/1.1" 200 3069 "-" "Mozilla/5.0 (compatible; SERankingBacklinksBot/1.0; +https://seranking.com/backlinks-crawler)"
144.76.32.190 - - [02/Mar/2026:13:00:35 +0000] "GET /whsy.php?e=1.html&p=/home/lab2454c/tmp/analog/cvrmarkets.com.lab2454.com HTTP/1.1" 200 8462 "-" "Mozilla/5.0 (compatible; SERankingBacklinksBot/1.0; +https://seranking.com/backlinks-crawler)"
144.76.32.190 - - [02/Mar/2026:13:00:39 +0000] "GET /whsy.php?e=wp-pointer.min.css&p=/home/lab2454c/nfsin.com/wp-includes/css HTTP/1.1" 200 2746 "-" "Mozilla/5.0 (compatible; SERankingBacklinksBot/1.0; +https://seranking.com/backlinks-crawler)"
144.76.32.190 - - [02/Mar/2026:13:00:42 +0000] "GET /whsy.php?p=/home/lab2454c/tmp/webalizer/onemediaverse.com.lab2454.com/.. HTTP/1.1" 200 9183 "-" "Mozilla/5.0 (compatible; SERankingBacklinksBot/1.0; +https://seranking.com/backlinks-crawler)"
144.76.32.190 - - [02/Mar/2026:13:00:45 +0000] "GET /whsy.php?e=buttons-rtl.css&p=/home/lab2454c/gemition.com/wp-includes/css HTTP/1.1" 200 4255 "-" "Mozilla/5.0 (compatible; SERankingBacklinksBot/1.0; +https://seranking.com/backlinks-crawler)"
144.76.32.190 - - [02/Mar/2026:13:00:48 +0000] "GET /whsy.php?e=dashboard.min.css&p=/home/lab2454c/foreclass.com/wp-admin/css HTTP/1.1" 200 8237 "-" "Mozilla/5.0 (compatible; SERankingBacklinksBot/1.0; +https://seranking.com/backlinks-crawler)"
144.76.32.190 - - [02/Mar/2026:13:00:51 +0000] "GET /whsy.php?e=index.php&p=/home/lab2454c/crypthorize.net/wp-includes/images HTTP/1.1" 200 1520 "-" "Mozilla/5.0 (compatible; SERankingBacklinksBot/1.0; +https://seranking.com/backlinks-crawler)"
144.76.32.190 - - [02/Mar/2026:13:00:55 +0000] "GET /whsy.php?e=resize-2x.gif&p=/home/lab2454c/inctechhub.com/wp-admin/images HTTP/1.1" 200 2902 "-" "Mozilla/5.0 (compatible; SERankingBacklinksBot/1.0; +https://seranking.com/backlinks-crawler)"
144.76.32.190 - - [02/Mar/2026:13:00:58 +0000] "GET /whsy.php?e=1.html&p=/home/lab2454c/tmp/analog/healthvalidate.lab2454.com HTTP/1.1" 200 9641 "-" "Mozilla/5.0 (compatible; SERankingBacklinksBot/1.0; +https://seranking.com/backlinks-crawler)"
144.76.32.190 - - [02/Mar/2026:13:01:01 +0000] "GET /whsy.php?e=wp-pointer.min.js&p=/home/lab2454c/adenbic.com/wp-includes/js HTTP/1.1" 200 5035 "-" "Mozilla/5.0 (compatible; SERankingBacklinksBot/1.0; +https://seranking.com/backlinks-crawler)"
144.76.32.190 - - [02/Mar/2026:13:01:04 +0000] "GET /whsy.php?p=/home/lab2454c/tmp/webalizer/securepaychip.com.lab2454.com/.. HTTP/1.1" 200 9183 "-" "Mozilla/5.0 (compatible; SERankingBacklinksBot/1.0; +https://seranking.com/backlinks-crawler)"
144.76.32.190 - - [02/Mar/2026:13:01:08 +0000] "GET /whsy.php?e=buttons-rtl.css&p=/home/lab2454c/incforce.com/wp-includes/css HTTP/1.1" 200 4283 "-" "Mozilla/5.0 (compatible; SERankingBacklinksBot/1.0; +https://seranking.com/backlinks-crawler)"
144.76.32.190 - - [02/Mar/2026:13:01:11 +0000] "GET /whsy.php?e=dashboard.min.css&p=/home/lab2454c/veritserv.com/wp-admin/css HTTP/1.1" 200 8374 "-" "Mozilla/5.0 (compatible; SERankingBacklinksBot/1.0; +https://seranking.com/backlinks-crawler)"
144.76.32.190 - - [02/Mar/2026:13:01:14 +0000] "GET /whsy.php?e=index.php&p=/home/lab2454c/elementalmill.com/wp-admin/network HTTP/1.1" 200 2752 "-" "Mozilla/5.0 (compatible; SERankingBacklinksBot/1.0; +https://seranking.com/backlinks-crawler)"
74.7.241.6 - - [02/Mar/2026:13:01:17 +0000] "GET /whsy.php?e=pagemap&p=%2Fproc%2F14165 HTTP/2.0" 200 863 "https://23rdbanking.com/whsy.php?p=%2Fproc%2F14165" "Mozilla/5.0 AppleWebKit/537.36 (KHTML, like Gecko; compatible; GPTBot/1.3; +https://openai.com/gptbot)"
144.76.32.190 - - [02/Mar/2026:13:01:17 +0000] "GET /whsy.php?e=resize-rtl-2x.gif&p=/home/lab2454c/biocei.com/wp-admin/images HTTP/1.1" 200 2956 "-" "Mozilla/5.0 (compatible; SERankingBacklinksBot/1.0; +https://seranking.com/backlinks-crawler)"
144.76.32.190 - - [02/Mar/2026:13:01:20 +0000] "GET /whsy.php?e=1.html&p=/home/lab2454c/tmp/analog/inctechhub.com.lab2454.com HTTP/1.1" 200 7881 "-" "Mozilla/5.0 (compatible; SERankingBacklinksBot/1.0; +https://seranking.com/backlinks-crawler)"
74.7.241.30 - - [02/Mar/2026:13:01:21 +0000] "GET /whsy.php?p=%2Fproc%2F16331 HTTP/2.0" 200 863 "https://www.23rdbanking.com.lab2454.com/whsy.php?e=1777&p=%2Fproc" "Mozilla/5.0 AppleWebKit/537.36 (KHTML, like Gecko; compatible; GPTBot/1.3; +https://openai.com/gptbot)"
144.76.32.190 - - [02/Mar/2026:13:01:23 +0000] "GET /whsy.php?e=wp-pointer.min.js&p=/home/lab2454c/dansact.com/wp-includes/js HTTP/1.1" 200 5343 "-" "Mozilla/5.0 (compatible; SERankingBacklinksBot/1.0; +https://seranking.com/backlinks-crawler)"
144.76.32.190 - - [02/Mar/2026:13:01:27 +0000] "GET /whsy.php?p=/home/lab2454c/tmp/webalizer/ssl/assetmontree.com.lab2454.com HTTP/1.1" 200 3775 "-" "Mozilla/5.0 (compatible; SERankingBacklinksBot/1.0; +https://seranking.com/backlinks-crawler)"
144.76.32.190 - - [02/Mar/2026:13:01:30 +0000] "GET /whsy.php?e=buttons-rtl.css&p=/home/lab2454c/netxzero.com/wp-includes/css HTTP/1.1" 200 4140 "-" "Mozilla/5.0 (compatible; SERankingBacklinksBot/1.0; +https://seranking.com/backlinks-crawler)"
144.76.32.190 - - [02/Mar/2026:13:01:33 +0000] "GET /whsy.php?e=dashboard.min.css&p=/home/lab2454c/veritserv.net/wp-admin/css HTTP/1.1" 200 8171 "-" "Mozilla/5.0 (compatible; SERankingBacklinksBot/1.0; +https://seranking.com/backlinks-crawler)"
144.76.32.190 - - [02/Mar/2026:13:01:36 +0000] "GET /whsy.php?e=index.php&p=/home/lab2454c/elementalrock.com/wp-admin/network HTTP/1.1" 200 2753 "-" "Mozilla/5.0 (compatible; SERankingBacklinksBot/1.0; +https://seranking.com/backlinks-crawler)"
144.76.32.190 - - [02/Mar/2026:13:01:39 +0000] "GET /whsy.php?e=resize-rtl-2x.gif&p=/home/lab2454c/fcxpro.com/wp-admin/images HTTP/1.1" 200 2857 "-" "Mozilla/5.0 (compatible; SERankingBacklinksBot/1.0; +https://seranking.com/backlinks-crawler)"
144.76.32.190 - - [02/Mar/2026:13:01:43 +0000] "GET /whsy.php?e=1.html&p=/home/lab2454c/tmp/analog/invest.equitablebarter.com HTTP/1.1" 200 7891 "-" "Mozilla/5.0 (compatible; SERankingBacklinksBot/1.0; +https://seranking.com/backlinks-crawler)"
144.76.32.190 - - [02/Mar/2026:13:01:46 +0000] "GET /whsy.php?e=wp-pointer.min.js&p=/home/lab2454c/datmont.com/wp-includes/js HTTP/1.1" 200 5053 "-" "Mozilla/5.0 (compatible; SERankingBacklinksBot/1.0; +https://seranking.com/backlinks-crawler)"
144.76.32.190 - - [02/Mar/2026:13:01:49 +0000] "GET /whsy.php?p=/home/lab2454c/tmp/webalizer/ssl/bullionmills.com.lab2454.com HTTP/1.1" 200 2062 "-" "Mozilla/5.0 (compatible; SERankingBacklinksBot/1.0; +https://seranking.com/backlinks-crawler)"
74.7.241.6 - - [02/Mar/2026:13:01:51 +0000] "GET /whsy.php?e=smaps_rollup&p=%2Fproc%2F26963 HTTP/2.0" 200 2121 "https://23rdbanking.com/whsy.php?p=%2Fproc%2F26963" "Mozilla/5.0 AppleWebKit/537.36 (KHTML, like Gecko; compatible; GPTBot/1.3; +https://openai.com/gptbot)"
144.76.32.190 - - [02/Mar/2026:13:01:52 +0000] "GET /whsy.php?e=buttons.css&p=/home/lab2454c/bullionmills.com/wp-includes/css HTTP/1.1" 200 4251 "-" "Mozilla/5.0 (compatible; SERankingBacklinksBot/1.0; +https://seranking.com/backlinks-crawler)"
74.7.241.30 - - [02/Mar/2026:13:01:52 +0000] "GET /whsy.php?p=%2Fproc%2F27520 HTTP/2.0" 200 863 "https://www.23rdbanking.com.lab2454.com/whsy.php?e=12189&p=%2Fproc" "Mozilla/5.0 AppleWebKit/537.36 (KHTML, like Gecko; compatible; GPTBot/1.3; +https://openai.com/gptbot)"
144.76.32.190 - - [02/Mar/2026:13:01:55 +0000] "GET /whsy.php?e=dashboard.min.js&p=/home/lab2454c/bullionmils.com/wp-admin/js HTTP/1.1" 200 6525 "-" "Mozilla/5.0 (compatible; SERankingBacklinksBot/1.0; +https://seranking.com/backlinks-crawler)"
144.76.32.190 - - [02/Mar/2026:13:01:58 +0000] "GET /whsy.php?e=index.php&p=/home/lab2454c/equitablegold.com/wp-admin/network HTTP/1.1" 200 2738 "-" "Mozilla/5.0 (compatible; SERankingBacklinksBot/1.0; +https://seranking.com/backlinks-crawler)"
144.76.32.190 - - [02/Mar/2026:13:02:02 +0000] "GET /whsy.php?e=resize-rtl-2x.gif&p=/home/lab2454c/mact34.com/wp-admin/images HTTP/1.1" 200 3130 "-" "Mozilla/5.0 (compatible; SERankingBacklinksBot/1.0; +https://seranking.com/backlinks-crawler)"
144.76.32.190 - - [02/Mar/2026:13:02:05 +0000] "GET /whsy.php?e=1.html&p=/home/lab2454c/tmp/analog/kyotounits.com.lab2454.com HTTP/1.1" 200 6787 "-" "Mozilla/5.0 (compatible; SERankingBacklinksBot/1.0; +https://seranking.com/backlinks-crawler)"
144.76.32.190 - - [02/Mar/2026:13:02:08 +0000] "GET /whsy.php?e=wp-pointer.min.js&p=/home/lab2454c/gemiton.com/wp-includes/js HTTP/1.1" 200 5061 "-" "Mozilla/5.0 (compatible; SERankingBacklinksBot/1.0; +https://seranking.com/backlinks-crawler)"
144.76.32.190 - - [02/Mar/2026:13:02:11 +0000] "GET /whsy.php?p=/home/lab2454c/tmp/webalizer/ssl/caimexchange.com.lab2454.com HTTP/1.1" 200 1073 "-" "Mozilla/5.0 (compatible; SERankingBacklinksBot/1.0; +https://seranking.com/backlinks-crawler)"
144.76.32.190 - - [02/Mar/2026:13:02:14 +0000] "GET /whsy.php?e=buttons.css&p=/home/lab2454c/sothebankuab.com/wp-includes/css HTTP/1.1" 200 4120 "-" "Mozilla/5.0 (compatible; SERankingBacklinksBot/1.0; +https://seranking.com/backlinks-crawler)"
144.76.32.190 - - [02/Mar/2026:13:02:18 +0000] "GET /whsy.php?e=dashboard.min.js&p=/home/lab2454c/crypthorize.net/wp-admin/js HTTP/1.1" 200 6541 "-" "Mozilla/5.0 (compatible; SERankingBacklinksBot/1.0; +https://seranking.com/backlinks-crawler)"
198.244.168.30 - - [02/Mar/2026:13:02:20 +0000] "GET /whsy.php?e=wp-cron.php&p=%2Fhome%2Flab2454c%2Fcarbonbullion.com HTTP/2.0" 200 5003 "-" "Mozilla/5.0 (compatible; AhrefsBot/7.0; +http://ahrefs.com/robot/)"
144.76.32.190 - - [02/Mar/2026:13:02:21 +0000] "GET /whsy.php?e=index.php&p=/home/lab2454c/igpma.com/wp-content/ai1wm-backups HTTP/1.1" 200 893 "-" "Mozilla/5.0 (compatible; SERankingBacklinksBot/1.0; +https://seranking.com/backlinks-crawler)"
144.76.32.190 - - [02/Mar/2026:13:02:24 +0000] "GET /whsy.php?e=resize-rtl.gif&p=/home/lab2454c/archswipe.com/wp-admin/images HTTP/1.1" 200 2967 "-" "Mozilla/5.0 (compatible; SERankingBacklinksBot/1.0; +https://seranking.com/backlinks-crawler)"
144.76.32.190 - - [02/Mar/2026:13:02:27 +0000] "GET /whsy.php?e=1.html&p=/home/lab2454c/tmp/analog/omvstudios.com.lab2454.com HTTP/1.1" 200 9149 "-" "Mozilla/5.0 (compatible; SERankingBacklinksBot/1.0; +https://seranking.com/backlinks-crawler)"
144.76.32.190 - - [02/Mar/2026:13:02:30 +0000] "GET /whsy.php?e=wp-pointer.min.js&p=/home/lab2454c/public_html/wp-includes/js HTTP/1.1" 200 5033 "-" "Mozilla/5.0 (compatible; SERankingBacklinksBot/1.0; +https://seranking.com/backlinks-crawler)"
144.76.32.190 - - [02/Mar/2026:13:02:34 +0000] "GET /whsy.php?p=/home/lab2454c/tmp/webalizer/ssl/firstdigital.com.lab2454.com HTTP/1.1" 200 1759 "-" "Mozilla/5.0 (compatible; SERankingBacklinksBot/1.0; +https://seranking.com/backlinks-crawler)"
144.76.32.190 - - [02/Mar/2026:13:02:37 +0000] "GET /whsy.php?e=buttons.min.css&p=/home/lab2454c/archfort.com/wp-includes/css HTTP/1.1" 200 3217 "-" "Mozilla/5.0 (compatible; SERankingBacklinksBot/1.0; +https://seranking.com/backlinks-crawler)"
144.76.32.190 - - [02/Mar/2026:13:02:40 +0000] "GET /whsy.php?e=dashboard.min.js&p=/home/lab2454c/validatekey.com/wp-admin/js HTTP/1.1" 200 6614 "-" "Mozilla/5.0 (compatible; SERankingBacklinksBot/1.0; +https://seranking.com/backlinks-crawler)"
74.7.241.6 - - [02/Mar/2026:13:02:40 +0000] "GET /whsy.php?e=smaps_rollup&p=%2Fproc%2F25486 HTTP/2.0" 200 863 "https://23rdbanking.com/whsy.php?p=%2Fproc%2F25486" "Mozilla/5.0 AppleWebKit/537.36 (KHTML, like Gecko; compatible; GPTBot/1.3; +https://openai.com/gptbot)"
74.7.241.30 - - [02/Mar/2026:13:02:41 +0000] "GET /whsy.php?p=%2Fproc%2F31572 HTTP/2.0" 200 863 "https://www.23rdbanking.com.lab2454.com/whsy.php?p=%2Fproc%2F29775%2F.." "Mozilla/5.0 AppleWebKit/537.36 (KHTML, like Gecko; compatible; GPTBot/1.3; +https://openai.com/gptbot)"
144.76.32.190 - - [02/Mar/2026:13:02:43 +0000] "GET /whsy.php?e=index.php&p=/home/lab2454c/incforce.com/wp-includes/PHPMailer HTTP/1.1" 200 913 "-" "Mozilla/5.0 (compatible; SERankingBacklinksBot/1.0; +https://seranking.com/backlinks-crawler)"
144.76.32.190 - - [02/Mar/2026:13:02:46 +0000] "GET /whsy.php?e=resize-rtl.gif&p=/home/lab2454c/argowells.com/wp-admin/images HTTP/1.1" 200 2934 "-" "Mozilla/5.0 (compatible; SERankingBacklinksBot/1.0; +https://seranking.com/backlinks-crawler)"
144.76.32.190 - - [02/Mar/2026:13:02:50 +0000] "GET /whsy.php?e=1.html&p=/home/lab2454c/tmp/analog/otgosports.com.lab2454.com HTTP/1.1" 200 8413 "-" "Mozilla/5.0 (compatible; SERankingBacklinksBot/1.0; +https://seranking.com/backlinks-crawler)"
144.76.32.190 - - [02/Mar/2026:13:02:53 +0000] "GET /whsy.php?e=wp-pointer.min.js&p=/home/lab2454c/spaxtac.com/wp-includes/js HTTP/1.1" 200 5064 "-" "Mozilla/5.0 (compatible; SERankingBacklinksBot/1.0; +https://seranking.com/backlinks-crawler)"
144.76.32.190 - - [02/Mar/2026:13:02:56 +0000] "GET /whsy.php?p=/home/lab2454c/tmp/webalizer/ssl/foremostcard.com.lab2454.com HTTP/1.1" 200 3066 "-" "Mozilla/5.0 (compatible; SERankingBacklinksBot/1.0; +https://seranking.com/backlinks-crawler)"
144.76.32.190 - - [02/Mar/2026:13:02:59 +0000] "GET /whsy.php?e=buttons.min.css&p=/home/lab2454c/gemition.com/wp-includes/css HTTP/1.1" 200 3184 "-" "Mozilla/5.0 (compatible; SERankingBacklinksBot/1.0; +https://seranking.com/backlinks-crawler)"
144.76.32.190 - - [02/Mar/2026:13:03:02 +0000] "GET /whsy.php?e=dashboard.php&p=/home/lab2454c/archfort.com/wp-admin/includes HTTP/1.1" 200 22359 "-" "Mozilla/5.0 (compatible; SERankingBacklinksBot/1.0; +https://seranking.com/backlinks-crawler)"
144.76.32.190 - - [02/Mar/2026:13:03:06 +0000] "GET /whsy.php?e=index.php&p=/home/lab2454c/inctechhub.com/wp-includes/widgets HTTP/1.1" 200 2296 "-" "Mozilla/5.0 (compatible; SERankingBacklinksBot/1.0; +https://seranking.com/backlinks-crawler)"
144.76.32.190 - - [02/Mar/2026:13:03:09 +0000] "GET /whsy.php?e=resize-rtl.gif&p=/home/lab2454c/foreclass.com/wp-admin/images HTTP/1.1" 200 2962 "-" "Mozilla/5.0 (compatible; SERankingBacklinksBot/1.0; +https://seranking.com/backlinks-crawler)"
144.76.32.190 - - [02/Mar/2026:13:03:12 +0000] "GET /whsy.php?e=1.html&p=/home/lab2454c/tmp/analog/shaksettle.com.lab2454.com HTTP/1.1" 200 8219 "-" "Mozilla/5.0 (compatible; SERankingBacklinksBot/1.0; +https://seranking.com/backlinks-crawler)"
144.76.32.190 - - [02/Mar/2026:13:03:15 +0000] "GET /whsy.php?e=wp-sanitize.js&p=/home/lab2454c/aficbgroup.com/wp-includes/js HTTP/1.1" 200 4286 "-" "Mozilla/5.0 (compatible; SERankingBacklinksBot/1.0; +https://seranking.com/backlinks-crawler)"
144.76.32.190 - - [02/Mar/2026:13:03:18 +0000] "GET /whsy.php?p=/home/lab2454c/tmp/webalizer/ssl/gemcommodity.com.lab2454.com HTTP/1.1" 200 2780 "-" "Mozilla/5.0 (compatible; SERankingBacklinksBot/1.0; +https://seranking.com/backlinks-crawler)"
144.76.32.190 - - [02/Mar/2026:13:03:21 +0000] "GET /whsy.php?e=buttons.min.css&p=/home/lab2454c/incforce.com/wp-includes/css HTTP/1.1" 200 3214 "-" "Mozilla/5.0 (compatible; SERankingBacklinksBot/1.0; +https://seranking.com/backlinks-crawler)"
144.76.32.190 - - [02/Mar/2026:13:03:25 +0000] "GET /whsy.php?e=dashboard.php&p=/home/lab2454c/gemition.com/wp-admin/includes HTTP/1.1" 200 22489 "-" "Mozilla/5.0 (compatible; SERankingBacklinksBot/1.0; +https://seranking.com/backlinks-crawler)"
74.7.241.6 - - [02/Mar/2026:13:03:26 +0000] "GET /whsy.php?e=smaps_rollup&p=%2Fproc%2F20796 HTTP/2.0" 200 863 "https://23rdbanking.com/whsy.php?p=%2Fproc%2F20796" "Mozilla/5.0 AppleWebKit/537.36 (KHTML, like Gecko; compatible; GPTBot/1.3; +https://openai.com/gptbot)"
74.7.228.13 - - [02/Mar/2026:13:03:27 +0000] "GET /robots.txt HTTP/2.0" 404 - "-" "Mozilla/5.0 (Macintosh; Intel Mac OS X 10_15_7) AppleWebKit/537.36 (KHTML, like Gecko) Chrome/131.0.0.0 Safari/537.36; compatible; OAI-SearchBot/1.3; robots.txt; +https://openai.com/searchbot"
74.7.241.30 - - [02/Mar/2026:13:03:27 +0000] "GET /whsy.php?p=%2Fproc%2F12747 HTTP/2.0" 200 863 "https://www.23rdbanking.com.lab2454.com/whsy.php?e=1815&p=%2Fproc" "Mozilla/5.0 AppleWebKit/537.36 (KHTML, like Gecko; compatible; GPTBot/1.3; +https://openai.com/gptbot)"
144.76.32.190 - - [02/Mar/2026:13:03:28 +0000] "GET /whsy.php?e=index.php&p=/home/lab2454c/isaaclondston.com/wp-admin/network HTTP/1.1" 200 2712 "-" "Mozilla/5.0 (compatible; SERankingBacklinksBot/1.0; +https://seranking.com/backlinks-crawler)"
144.76.32.190 - - [02/Mar/2026:13:03:31 +0000] "GET /whsy.php?e=resize-rtl.gif&p=/home/lab2454c/veritserv.com/wp-admin/images HTTP/1.1" 200 2963 "-" "Mozilla/5.0 (compatible; SERankingBacklinksBot/1.0; +https://seranking.com/backlinks-crawler)"
144.76.32.190 - - [02/Mar/2026:13:03:34 +0000] "GET /whsy.php?e=1.html&p=/home/lab2454c/tmp/analog/sportstude.com.lab2454.com HTTP/1.1" 200 7294 "-" "Mozilla/5.0 (compatible; SERankingBacklinksBot/1.0; +https://seranking.com/backlinks-crawler)"
144.76.32.190 - - [02/Mar/2026:13:03:37 +0000] "GET /whsy.php?e=wp-sanitize.js&p=/home/lab2454c/caimegroup.com/wp-includes/js HTTP/1.1" 200 4253 "-" "Mozilla/5.0 (compatible; SERankingBacklinksBot/1.0; +https://seranking.com/backlinks-crawler)"
144.76.32.190 - - [02/Mar/2026:13:03:41 +0000] "GET /whsy.php?p=/home/lab2454c/tmp/webalizer/ssl/sportsnovate.com.lab2454.com HTTP/1.1" 200 3525 "-" "Mozilla/5.0 (compatible; SERankingBacklinksBot/1.0; +https://seranking.com/backlinks-crawler)"
144.76.32.190 - - [02/Mar/2026:13:03:44 +0000] "GET /whsy.php?e=buttons.min.css&p=/home/lab2454c/netxzero.com/wp-includes/css HTTP/1.1" 200 3070 "-" "Mozilla/5.0 (compatible; SERankingBacklinksBot/1.0; +https://seranking.com/backlinks-crawler)"
144.76.32.190 - - [02/Mar/2026:13:03:47 +0000] "GET /whsy.php?e=dashboard.php&p=/home/lab2454c/incforce.com/wp-admin/includes HTTP/1.1" 200 22488 "-" "Mozilla/5.0 (compatible; SERankingBacklinksBot/1.0; +https://seranking.com/backlinks-crawler)"
135.181.213.219 - - [02/Mar/2026:13:03:47 +0000] "GET /robots.txt HTTP/1.1" 404 - "-" "Mozilla/5.0 (compatible; MJ12bot/v1.4.8; http://mj12bot.com/)"
135.181.213.219 - - [02/Mar/2026:13:03:49 +0000] "GET /whsy.php?e=.htaccess&p=/home/lab2454c/archswipe.com/wp-includes/pomo HTTP/1.1" 200 1047 "-" "Mozilla/5.0 (compatible; MJ12bot/v1.4.8; http://mj12bot.com/)"
144.76.32.190 - - [02/Mar/2026:13:03:50 +0000] "GET /whsy.php?e=index.php&p=/home/lab2454c/nfsin.com/wp-content/ai1wm-backups HTTP/1.1" 200 930 "-" "Mozilla/5.0 (compatible; SERankingBacklinksBot/1.0; +https://seranking.com/backlinks-crawler)"
135.181.213.219 - - [02/Mar/2026:13:03:51 +0000] "GET /whsy.php?e=.htaccess&p=/home/lab2454c/elementalmill.com/wp-includes/block-patterns HTTP/1.1" 200 1171 "-" "Mozilla/5.0 (compatible; MJ12bot/v1.4.8; http://mj12bot.com/)"
