144.76.32.190 - - [02/Mar/2026:12:24:08 +0000] "GET /whsy.php?p=/home/lab2454c/incforce.com/wp-includes/interactivity-api/.. HTTP/1.1" 200 8521 "-" "Mozilla/5.0 (compatible; SERankingBacklinksBot/1.0; +https://seranking.com/backlinks-crawler)"
144.76.32.190 - - [02/Mar/2026:12:24:11 +0000] "GET /whsy.php?e=wp-admin.css&p=/home/lab2454c/elementalrock.com/wp-admin/css HTTP/1.1" 200 3390 "-" "Mozilla/5.0 (compatible; SERankingBacklinksBot/1.0; +https://seranking.com/backlinks-crawler)"
144.76.32.190 - - [02/Mar/2026:12:24:15 +0000] "GET /whsy.php?e=profile.php&p=/home/lab2454c/elementalmill.com/wp-admin/user HTTP/1.1" 200 1226 "-" "Mozilla/5.0 (compatible; SERankingBacklinksBot/1.0; +https://seranking.com/backlinks-crawler)"
144.76.32.190 - - [02/Mar/2026:12:24:18 +0000] "GET /whsy.php?e=archives.php&p=/home/lab2454c/adenbic.com/wp-includes/blocks HTTP/1.1" 200 4758 "-" "Mozilla/5.0 (compatible; SERankingBacklinksBot/1.0; +https://seranking.com/backlinks-crawler)"
144.76.32.190 - - [02/Mar/2026:12:24:22 +0000] "GET /whsy.php?p=/home/lab2454c/inctechhub.com/wp-content/plugins/elementskit HTTP/1.1" 200 897 "-" "Mozilla/5.0 (compatible; SERankingBacklinksBot/1.0; +https://seranking.com/backlinks-crawler)"
144.76.32.190 - - [02/Mar/2026:12:24:25 +0000] "GET /whsy.php?e=wp-admin.css&p=/home/lab2454c/equitablegold.com/wp-admin/css HTTP/1.1" 200 3310 "-" "Mozilla/5.0 (compatible; SERankingBacklinksBot/1.0; +https://seranking.com/backlinks-crawler)"
144.76.32.190 - - [02/Mar/2026:12:24:29 +0000] "GET /whsy.php?e=profile.php&p=/home/lab2454c/elementalrock.com/wp-admin/user HTTP/1.1" 200 1170 "-" "Mozilla/5.0 (compatible; SERankingBacklinksBot/1.0; +https://seranking.com/backlinks-crawler)"
144.76.32.190 - - [02/Mar/2026:12:24:32 +0000] "GET /whsy.php?e=archives.php&p=/home/lab2454c/dansact.com/wp-includes/blocks HTTP/1.1" 200 4757 "-" "Mozilla/5.0 (compatible; SERankingBacklinksBot/1.0; +https://seranking.com/backlinks-crawler)"
144.76.32.190 - - [02/Mar/2026:12:24:36 +0000] "GET /whsy.php?p=/home/lab2454c/inctechhub.com/wp-content/plugins/svg-support HTTP/1.1" 200 884 "-" "Mozilla/5.0 (compatible; SERankingBacklinksBot/1.0; +https://seranking.com/backlinks-crawler)"
144.76.32.190 - - [02/Mar/2026:12:24:40 +0000] "GET /whsy.php?e=wp-admin.css&p=/home/lab2454c/isaaclondston.com/wp-admin/css HTTP/1.1" 200 3311 "-" "Mozilla/5.0 (compatible; SERankingBacklinksBot/1.0; +https://seranking.com/backlinks-crawler)"
144.76.32.190 - - [02/Mar/2026:12:24:43 +0000] "GET /whsy.php?e=profile.php&p=/home/lab2454c/equitablegold.com/wp-admin/user HTTP/1.1" 200 1244 "-" "Mozilla/5.0 (compatible; SERankingBacklinksBot/1.0; +https://seranking.com/backlinks-crawler)"
144.76.32.190 - - [02/Mar/2026:12:24:47 +0000] "GET /whsy.php?e=archives.php&p=/home/lab2454c/datmont.com/wp-includes/blocks HTTP/1.1" 200 5792 "-" "Mozilla/5.0 (compatible; SERankingBacklinksBot/1.0; +https://seranking.com/backlinks-crawler)"
74.7.241.30 - - [02/Mar/2026:12:24:49 +0000] "GET /whsy.php?e=1815&p=%2Fproc HTTP/2.0" 200 4047 "https://www.23rdbanking.com.lab2454.com/whsy.php?p=%2Fproc%2F26963%2F.." "Mozilla/5.0 AppleWebKit/537.36 (KHTML, like Gecko; compatible; GPTBot/1.3; +https://openai.com/gptbot)"
144.76.32.190 - - [02/Mar/2026:12:24:50 +0000] "GET /whsy.php?p=/home/lab2454c/inctechhub.com/wp-content/themes/twentytwenty HTTP/1.1" 200 1225 "-" "Mozilla/5.0 (compatible; SERankingBacklinksBot/1.0; +https://seranking.com/backlinks-crawler)"
144.76.32.190 - - [02/Mar/2026:12:24:54 +0000] "GET /whsy.php?e=wp-admin.css&p=/home/lab2454c/securepaychip.com/wp-admin/css HTTP/1.1" 200 3313 "-" "Mozilla/5.0 (compatible; SERankingBacklinksBot/1.0; +https://seranking.com/backlinks-crawler)"
144.76.32.190 - - [02/Mar/2026:12:24:58 +0000] "GET /whsy.php?e=profile.php&p=/home/lab2454c/inctechhub.com/wp-admin/network HTTP/1.1" 200 1704 "-" "Mozilla/5.0 (compatible; SERankingBacklinksBot/1.0; +https://seranking.com/backlinks-crawler)"
144.76.32.190 - - [02/Mar/2026:12:25:01 +0000] "GET /whsy.php?e=archives.php&p=/home/lab2454c/gemiton.com/wp-includes/blocks HTTP/1.1" 200 4829 "-" "Mozilla/5.0 (compatible; SERankingBacklinksBot/1.0; +https://seranking.com/backlinks-crawler)"
144.76.32.190 - - [02/Mar/2026:12:25:04 +0000] "GET /whsy.php?p=/home/lab2454c/inctechhub.com/wp-includes/blocks/post-author HTTP/1.1" 200 830 "-" "Mozilla/5.0 (compatible; SERankingBacklinksBot/1.0; +https://seranking.com/backlinks-crawler)"
74.7.241.6 - - [02/Mar/2026:12:25:06 +0000] "GET /whsy.php?e=cgroup&p=%2Fproc%2F29775 HTTP/2.0" 200 2140 "https://23rdbanking.com/whsy.php?p=%2Fproc%2F29775" "Mozilla/5.0 AppleWebKit/537.36 (KHTML, like Gecko; compatible; GPTBot/1.3; +https://openai.com/gptbot)"
144.76.32.190 - - [02/Mar/2026:12:25:08 +0000] "GET /whsy.php?e=wp-admin.min.css&p=/home/lab2454c/archswipe.com/wp-admin/css HTTP/1.1" 200 3433 "-" "Mozilla/5.0 (compatible; SERankingBacklinksBot/1.0; +https://seranking.com/backlinks-crawler)"
144.76.32.190 - - [02/Mar/2026:12:25:11 +0000] "GET /whsy.php?e=profile.php&p=/home/lab2454c/isaaclondston.com/wp-admin/user HTTP/1.1" 200 1192 "-" "Mozilla/5.0 (compatible; SERankingBacklinksBot/1.0; +https://seranking.com/backlinks-crawler)"
144.76.32.190 - - [02/Mar/2026:12:25:15 +0000] "GET /whsy.php?e=archives.php&p=/home/lab2454c/public_html/wp-includes/blocks HTTP/1.1" 200 4860 "-" "Mozilla/5.0 (compatible; SERankingBacklinksBot/1.0; +https://seranking.com/backlinks-crawler)"
144.76.32.190 - - [02/Mar/2026:12:25:18 +0000] "GET /whsy.php?p=/home/lab2454c/inctechhub.com/wp-includes/blocks/query-title HTTP/1.1" 200 830 "-" "Mozilla/5.0 (compatible; SERankingBacklinksBot/1.0; +https://seranking.com/backlinks-crawler)"
144.76.32.190 - - [02/Mar/2026:12:25:21 +0000] "GET /whsy.php?e=wp-admin.min.css&p=/home/lab2454c/argowells.com/wp-admin/css HTTP/1.1" 200 3326 "-" "Mozilla/5.0 (compatible; SERankingBacklinksBot/1.0; +https://seranking.com/backlinks-crawler)"
144.76.32.190 - - [02/Mar/2026:12:25:25 +0000] "GET /whsy.php?e=profile.php&p=/home/lab2454c/securepaychip.com/wp-admin/user HTTP/1.1" 200 1168 "-" "Mozilla/5.0 (compatible; SERankingBacklinksBot/1.0; +https://seranking.com/backlinks-crawler)"
144.76.32.190 - - [02/Mar/2026:12:25:28 +0000] "GET /whsy.php?e=archives.php&p=/home/lab2454c/spaxtac.com/wp-includes/blocks HTTP/1.1" 200 4796 "-" "Mozilla/5.0 (compatible; SERankingBacklinksBot/1.0; +https://seranking.com/backlinks-crawler)"
144.76.32.190 - - [02/Mar/2026:12:25:32 +0000] "GET /whsy.php?p=/home/lab2454c/inctechhub.com/wp-includes/blocks/social-link HTTP/1.1" 200 811 "-" "Mozilla/5.0 (compatible; SERankingBacklinksBot/1.0; +https://seranking.com/backlinks-crawler)"
144.76.32.190 - - [02/Mar/2026:12:25:35 +0000] "GET /whsy.php?e=wp-admin.min.css&p=/home/lab2454c/foreclass.com/wp-admin/css HTTP/1.1" 200 3392 "-" "Mozilla/5.0 (compatible; SERankingBacklinksBot/1.0; +https://seranking.com/backlinks-crawler)"
144.76.32.190 - - [02/Mar/2026:12:25:39 +0000] "GET /whsy.php?e=query.php&p=/home/lab2454c/aficbgroup.com/wp-includes/blocks HTTP/1.1" 200 5800 "-" "Mozilla/5.0 (compatible; SERankingBacklinksBot/1.0; +https://seranking.com/backlinks-crawler)"
74.7.241.30 - - [02/Mar/2026:12:25:40 +0000] "GET /whsy.php?e=1777&p=%2Fproc HTTP/2.0" 200 4106 "https://www.23rdbanking.com.lab2454.com/whsy.php?p=%2Fproc%2F26963%2F.." "Mozilla/5.0 AppleWebKit/537.36 (KHTML, like Gecko; compatible; GPTBot/1.3; +https://openai.com/gptbot)"
144.76.32.190 - - [02/Mar/2026:12:25:43 +0000] "GET /whsy.php?p=/home/lab2454c/securepaychip.com/wp-includes/blocks/page-list-item HTTP/1.1" 200 717 "-" "Mozilla/5.0 (compatible; SERankingBacklinksBot/1.0; +https://seranking.com/backlinks-crawler)"
74.7.241.6 - - [02/Mar/2026:12:25:45 +0000] "GET /whsy.php?e=cpuset&p=%2Fproc%2F29775 HTTP/2.0" 200 2006 "https://23rdbanking.com/whsy.php?p=%2Fproc%2F29775" "Mozilla/5.0 AppleWebKit/537.36 (KHTML, like Gecko; compatible; GPTBot/1.3; +https://openai.com/gptbot)"
74.7.228.13 - - [02/Mar/2026:12:25:46 +0000] "GET /robots.txt HTTP/2.0" 404 - "-" "Mozilla/5.0 (Macintosh; Intel Mac OS X 10_15_7) AppleWebKit/537.36 (KHTML, like Gecko) Chrome/131.0.0.0 Safari/537.36; compatible; OAI-SearchBot/1.3; robots.txt; +https://openai.com/searchbot"
144.76.32.190 - - [02/Mar/2026:12:25:47 +0000] "GET /whsy.php?e=arrows-2x.png&p=/home/lab2454c/archswipe.com/wp-admin/images HTTP/1.1" 200 2966 "-" "Mozilla/5.0 (compatible; SERankingBacklinksBot/1.0; +https://seranking.com/backlinks-crawler)"
144.76.32.190 - - [02/Mar/2026:12:25:50 +0000] "GET /whsy.php?p=/home/lab2454c/inctechhub.com/wp-includes/rest-api/endpoints HTTP/1.1" 200 1919 "-" "Mozilla/5.0 (compatible; SERankingBacklinksBot/1.0; +https://seranking.com/backlinks-crawler)"
144.76.32.190 - - [02/Mar/2026:12:25:54 +0000] "GET /whsy.php?e=wp-admin.min.css&p=/home/lab2454c/veritserv.com/wp-admin/css HTTP/1.1" 200 3356 "-" "Mozilla/5.0 (compatible; SERankingBacklinksBot/1.0; +https://seranking.com/backlinks-crawler)"
144.76.32.190 - - [02/Mar/2026:12:25:58 +0000] "GET /whsy.php?e=query.php&p=/home/lab2454c/caimegroup.com/wp-includes/blocks HTTP/1.1" 200 6016 "-" "Mozilla/5.0 (compatible; SERankingBacklinksBot/1.0; +https://seranking.com/backlinks-crawler)"
144.76.32.190 - - [02/Mar/2026:12:26:01 +0000] "GET /whsy.php?e=arrows-2x.png&p=/home/lab2454c/argowells.com/wp-admin/images HTTP/1.1" 200 2934 "-" "Mozilla/5.0 (compatible; SERankingBacklinksBot/1.0; +https://seranking.com/backlinks-crawler)"
144.76.32.190 - - [02/Mar/2026:12:26:05 +0000] "GET /whsy.php?p=/home/lab2454c/inctechhub.com/wp-includes/sitemaps/providers HTTP/1.1" 200 794 "-" "Mozilla/5.0 (compatible; SERankingBacklinksBot/1.0; +https://seranking.com/backlinks-crawler)"
144.76.32.190 - - [02/Mar/2026:12:26:08 +0000] "GET /whsy.php?e=wp-admin.min.css&p=/home/lab2454c/veritserv.net/wp-admin/css HTTP/1.1" 200 3326 "-" "Mozilla/5.0 (compatible; SERankingBacklinksBot/1.0; +https://seranking.com/backlinks-crawler)"
144.76.32.190 - - [02/Mar/2026:12:26:12 +0000] "GET /whsy.php?e=query.php&p=/home/lab2454c/credityork.com/wp-includes/blocks HTTP/1.1" 200 6063 "-" "Mozilla/5.0 (compatible; SERankingBacklinksBot/1.0; +https://seranking.com/backlinks-crawler)"
144.76.32.190 - - [02/Mar/2026:12:26:15 +0000] "GET /whsy.php?e=arrows-2x.png&p=/home/lab2454c/foreclass.com/wp-admin/images HTTP/1.1" 200 2961 "-" "Mozilla/5.0 (compatible; SERankingBacklinksBot/1.0; +https://seranking.com/backlinks-crawler)"
144.76.32.190 - - [02/Mar/2026:12:26:19 +0000] "GET /whsy.php?p=/home/lab2454c/internationalminersbank.com/backup/app/Models HTTP/1.1" 200 1616 "-" "Mozilla/5.0 (compatible; SERankingBacklinksBot/1.0; +https://seranking.com/backlinks-crawler)"
144.76.32.190 - - [02/Mar/2026:12:26:22 +0000] "GET /whsy.php?e=wp-api.js&p=/home/lab2454c/caimegroup.com/wp-includes_old/js HTTP/1.1" 200 14580 "-" "Mozilla/5.0 (compatible; SERankingBacklinksBot/1.0; +https://seranking.com/backlinks-crawler)"
74.7.241.30 - - [02/Mar/2026:12:26:25 +0000] "GET /whsy.php?p=%2Fproc%2F14440 HTTP/2.0" 200 863 "https://www.23rdbanking.com.lab2454.com/whsy.php?p=%2Fproc%2F29566%2F.." "Mozilla/5.0 AppleWebKit/537.36 (KHTML, like Gecko; compatible; GPTBot/1.3; +https://openai.com/gptbot)"
144.76.32.190 - - [02/Mar/2026:12:26:26 +0000] "GET /whsy.php?e=query.php&p=/home/lab2454c/inctechhub.com/wp-includes/blocks HTTP/1.1" 200 5763 "-" "Mozilla/5.0 (compatible; SERankingBacklinksBot/1.0; +https://seranking.com/backlinks-crawler)"
144.76.32.190 - - [02/Mar/2026:12:26:29 +0000] "GET /whsy.php?e=arrows-2x.png&p=/home/lab2454c/veritserv.com/wp-admin/images HTTP/1.1" 200 2963 "-" "Mozilla/5.0 (compatible; SERankingBacklinksBot/1.0; +https://seranking.com/backlinks-crawler)"
144.76.32.190 - - [02/Mar/2026:12:26:32 +0000] "GET /whsy.php?p=/home/lab2454c/internationalminersbank.com/backup/storage/.. HTTP/1.1" 200 1486 "-" "Mozilla/5.0 (compatible; SERankingBacklinksBot/1.0; +https://seranking.com/backlinks-crawler)"
144.76.32.190 - - [02/Mar/2026:12:26:36 +0000] "GET /whsy.php?e=wp-api.js&p=/home/lab2454c/sparxbankgroup.com/wp-includes/js HTTP/1.1" 200 14641 "-" "Mozilla/5.0 (compatible; SERankingBacklinksBot/1.0; +https://seranking.com/backlinks-crawler)"
144.76.32.190 - - [02/Mar/2026:12:26:39 +0000] "GET /whsy.php?e=queue.php&p=/home/lab2454c/netxzero.com/carbon-credit/config HTTP/1.1" 200 2095 "-" "Mozilla/5.0 (compatible; SERankingBacklinksBot/1.0; +https://seranking.com/backlinks-crawler)"
74.7.241.6 - - [02/Mar/2026:12:26:40 +0000] "GET /whsy.php?e=timens_offsets&p=%2Fproc%2F29775 HTTP/2.0" 200 2024 "https://23rdbanking.com/whsy.php?p=%2Fproc%2F29775" "Mozilla/5.0 AppleWebKit/537.36 (KHTML, like Gecko; compatible; GPTBot/1.3; +https://openai.com/gptbot)"
144.76.32.190 - - [02/Mar/2026:12:26:42 +0000] "GET /whsy.php?e=arrows-2x.png&p=/home/lab2454c/veritserv.net/wp-admin/images HTTP/1.1" 200 2894 "-" "Mozilla/5.0 (compatible; SERankingBacklinksBot/1.0; +https://seranking.com/backlinks-crawler)"
144.76.32.190 - - [02/Mar/2026:12:26:46 +0000] "GET /whsy.php?p=/home/lab2454c/internationalminersbank.com/backup/tests/Unit HTTP/1.1" 200 718 "-" "Mozilla/5.0 (compatible; SERankingBacklinksBot/1.0; +https://seranking.com/backlinks-crawler)"
144.76.32.190 - - [02/Mar/2026:12:26:49 +0000] "GET /whsy.php?e=wp-api.min.js&p=/home/lab2454c/aficbgroup.com/wp-includes/js HTTP/1.1" 200 7961 "-" "Mozilla/5.0 (compatible; SERankingBacklinksBot/1.0; +https://seranking.com/backlinks-crawler)"
144.76.32.190 - - [02/Mar/2026:12:26:53 +0000] "GET /whsy.php?e=quicktags.js&p=/home/lab2454c/bullionmils.com/wp-includes/js HTTP/1.1" 200 10060 "-" "Mozilla/5.0 (compatible; SERankingBacklinksBot/1.0; +https://seranking.com/backlinks-crawler)"
144.76.32.190 - - [02/Mar/2026:12:26:56 +0000] "GET /whsy.php?e=arrows.png&p=/home/lab2454c/bullionmills.com/wp-admin/images HTTP/1.1" 200 2997 "-" "Mozilla/5.0 (compatible; SERankingBacklinksBot/1.0; +https://seranking.com/backlinks-crawler)"
144.76.32.190 - - [02/Mar/2026:12:26:59 +0000] "GET /whsy.php?p=/home/lab2454c/internationalminersbank.com/backup/vendor/bin HTTP/1.1" 200 1070 "-" "Mozilla/5.0 (compatible; SERankingBacklinksBot/1.0; +https://seranking.com/backlinks-crawler)"
144.76.32.190 - - [02/Mar/2026:12:27:03 +0000] "GET /whsy.php?e=wp-api.min.js&p=/home/lab2454c/caimegroup.com/wp-includes/js HTTP/1.1" 200 7951 "-" "Mozilla/5.0 (compatible; SERankingBacklinksBot/1.0; +https://seranking.com/backlinks-crawler)"
144.76.32.190 - - [02/Mar/2026:12:27:06 +0000] "GET /whsy.php?e=quicktags.js&p=/home/lab2454c/crypthorize.net/wp-includes/js HTTP/1.1" 200 10059 "-" "Mozilla/5.0 (compatible; SERankingBacklinksBot/1.0; +https://seranking.com/backlinks-crawler)"
74.7.241.30 - - [02/Mar/2026:12:27:09 +0000] "GET /whsy.php?p=%2Fproc%2F14441 HTTP/2.0" 200 863 "https://www.23rdbanking.com.lab2454.com/whsy.php?p=%2Fproc%2F29566%2F.." "Mozilla/5.0 AppleWebKit/537.36 (KHTML, like Gecko; compatible; GPTBot/1.3; +https://openai.com/gptbot)"
144.76.32.190 - - [02/Mar/2026:12:27:09 +0000] "GET /whsy.php?e=arrows.png&p=/home/lab2454c/sothebankuab.com/wp-admin/images HTTP/1.1" 200 2823 "-" "Mozilla/5.0 (compatible; SERankingBacklinksBot/1.0; +https://seranking.com/backlinks-crawler)"
144.76.32.190 - - [02/Mar/2026:12:27:13 +0000] "GET /whsy.php?p=/home/lab2454c/internationalminersbank.com/backup/vendor/psr HTTP/1.1" 200 626 "-" "Mozilla/5.0 (compatible; SERankingBacklinksBot/1.0; +https://seranking.com/backlinks-crawler)"
74.7.241.6 - - [02/Mar/2026:12:27:14 +0000] "GET /whsy.php?e=io&p=%2Fproc%2F29775 HTTP/2.0" 200 1936 "https://23rdbanking.com/whsy.php?p=%2Fproc%2F29775" "Mozilla/5.0 AppleWebKit/537.36 (KHTML, like Gecko; compatible; GPTBot/1.3; +https://openai.com/gptbot)"
144.76.32.190 - - [02/Mar/2026:12:27:16 +0000] "GET /whsy.php?e=wp-api.min.js&p=/home/lab2454c/credityork.com/wp-includes/js HTTP/1.1" 200 7988 "-" "Mozilla/5.0 (compatible; SERankingBacklinksBot/1.0; +https://seranking.com/backlinks-crawler)"
144.76.32.190 - - [02/Mar/2026:12:27:20 +0000] "GET /whsy.php?e=quicktags.js&p=/home/lab2454c/validatekey.com/wp-includes/js HTTP/1.1" 200 10060 "-" "Mozilla/5.0 (compatible; SERankingBacklinksBot/1.0; +https://seranking.com/backlinks-crawler)"
144.76.32.190 - - [02/Mar/2026:12:27:23 +0000] "GET /whsy.php?e=artboard-3.png&p=/home/lab2454c/vaultchip.com/public/storage HTTP/1.1" 200 10170 "-" "Mozilla/5.0 (compatible; SERankingBacklinksBot/1.0; +https://seranking.com/backlinks-crawler)"
144.76.32.190 - - [02/Mar/2026:12:27:26 +0000] "GET /whsy.php?p=/home/lab2454c/internationalminersbank.com/backup/vendor/psy HTTP/1.1" 200 547 "-" "Mozilla/5.0 (compatible; SERankingBacklinksBot/1.0; +https://seranking.com/backlinks-crawler)"
144.76.32.190 - - [02/Mar/2026:12:27:30 +0000] "GET /whsy.php?e=wp-api.min.js&p=/home/lab2454c/inctechhub.com/wp-includes/js HTTP/1.1" 200 7931 "-" "Mozilla/5.0 (compatible; SERankingBacklinksBot/1.0; +https://seranking.com/backlinks-crawler)"
144.76.32.190 - - [02/Mar/2026:12:27:33 +0000] "GET /whsy.php?e=quicktags.min.js&p=/home/lab2454c/adenbic.com/wp-includes/js HTTP/1.1" 200 7308 "-" "Mozilla/5.0 (compatible; SERankingBacklinksBot/1.0; +https://seranking.com/backlinks-crawler)"
144.76.32.190 - - [02/Mar/2026:12:27:37 +0000] "GET /whsy.php?e=assets.zip&p=/home/lab2454c/crypto.keyreum.com/public/assets HTTP/1.1" 200 829 "-" "Mozilla/5.0 (compatible; SERankingBacklinksBot/1.0; +https://seranking.com/backlinks-crawler)"
144.76.32.190 - - [02/Mar/2026:12:27:40 +0000] "GET /whsy.php?p=/home/lab2454c/invest.credityork.com/wp-content/plugins/bnfw HTTP/1.1" 200 798 "-" "Mozilla/5.0 (compatible; SERankingBacklinksBot/1.0; +https://seranking.com/backlinks-crawler)"
144.76.32.190 - - [02/Mar/2026:12:27:43 +0000] "GET /whsy.php?e=wp-auth-check.css&p=/home/lab2454c/cbcei.com/wp-includes/css HTTP/1.1" 200 2567 "-" "Mozilla/5.0 (compatible; SERankingBacklinksBot/1.0; +https://seranking.com/backlinks-crawler)"
144.76.32.190 - - [02/Mar/2026:12:27:46 +0000] "GET /whsy.php?e=quicktags.min.js&p=/home/lab2454c/dansact.com/wp-includes/js HTTP/1.1" 200 7610 "-" "Mozilla/5.0 (compatible; SERankingBacklinksBot/1.0; +https://seranking.com/backlinks-crawler)"
144.76.32.190 - - [02/Mar/2026:12:27:50 +0000] "GET /whsy.php?e=auth-app.min.js&p=/home/lab2454c/bullionmils.com/wp-admin/js HTTP/1.1" 200 4378 "-" "Mozilla/5.0 (compatible; SERankingBacklinksBot/1.0; +https://seranking.com/backlinks-crawler)"
144.76.32.190 - - [02/Mar/2026:12:27:53 +0000] "GET /whsy.php?p=/home/lab2454c/invest.credityork.com/wp-content/uploads/2021 HTTP/1.1" 200 560 "-" "Mozilla/5.0 (compatible; SERankingBacklinksBot/1.0; +https://seranking.com/backlinks-crawler)"
144.76.32.190 - - [02/Mar/2026:12:27:57 +0000] "GET /whsy.php?e=wp-auth-check.css&p=/home/lab2454c/igpma.com/wp-includes/css HTTP/1.1" 200 2598 "-" "Mozilla/5.0 (compatible; SERankingBacklinksBot/1.0; +https://seranking.com/backlinks-crawler)"
144.76.32.190 - - [02/Mar/2026:12:28:00 +0000] "GET /whsy.php?e=quicktags.min.js&p=/home/lab2454c/datmont.com/wp-includes/js HTTP/1.1" 200 7326 "-" "Mozilla/5.0 (compatible; SERankingBacklinksBot/1.0; +https://seranking.com/backlinks-crawler)"
144.76.32.190 - - [02/Mar/2026:12:28:03 +0000] "GET /whsy.php?e=auth-app.min.js&p=/home/lab2454c/crypthorize.net/wp-admin/js HTTP/1.1" 200 4395 "-" "Mozilla/5.0 (compatible; SERankingBacklinksBot/1.0; +https://seranking.com/backlinks-crawler)"
144.76.32.190 - - [02/Mar/2026:12:28:06 +0000] "GET /whsy.php?p=/home/lab2454c/invest.credityork.com/wp-content/uploads/2023 HTTP/1.1" 200 547 "-" "Mozilla/5.0 (compatible; SERankingBacklinksBot/1.0; +https://seranking.com/backlinks-crawler)"
144.76.32.190 - - [02/Mar/2026:12:28:10 +0000] "GET /whsy.php?e=wp-auth-check.css&p=/home/lab2454c/nfsin.com/wp-includes/css HTTP/1.1" 200 2707 "-" "Mozilla/5.0 (compatible; SERankingBacklinksBot/1.0; +https://seranking.com/backlinks-crawler)"
74.7.241.30 - - [02/Mar/2026:12:28:13 +0000] "GET /whsy.php?p=%2Fproc%2F14426 HTTP/2.0" 200 863 "https://www.23rdbanking.com.lab2454.com/whsy.php?p=%2Fproc%2F29566%2F.." "Mozilla/5.0 AppleWebKit/537.36 (KHTML, like Gecko; compatible; GPTBot/1.3; +https://openai.com/gptbot)"
74.7.228.38 - - [02/Mar/2026:12:28:13 +0000] "GET /robots.txt HTTP/2.0" 404 - "-" "Mozilla/5.0 (Macintosh; Intel Mac OS X 10_15_7) AppleWebKit/537.36 (KHTML, like Gecko) Chrome/131.0.0.0 Safari/537.36; compatible; OAI-SearchBot/1.3; robots.txt; +https://openai.com/searchbot"
144.76.32.190 - - [02/Mar/2026:12:28:13 +0000] "GET /whsy.php?e=quicktags.min.js&p=/home/lab2454c/gemiton.com/wp-includes/js HTTP/1.1" 200 7339 "-" "Mozilla/5.0 (compatible; SERankingBacklinksBot/1.0; +https://seranking.com/backlinks-crawler)"
144.76.32.190 - - [02/Mar/2026:12:28:16 +0000] "GET /whsy.php?e=auth-app.min.js&p=/home/lab2454c/validatekey.com/wp-admin/js HTTP/1.1" 200 4462 "-" "Mozilla/5.0 (compatible; SERankingBacklinksBot/1.0; +https://seranking.com/backlinks-crawler)"
144.76.32.190 - - [02/Mar/2026:12:28:20 +0000] "GET /whsy.php?p=/home/lab2454c/invest.credityork.com/wp-content/uploads/2024 HTTP/1.1" 200 577 "-" "Mozilla/5.0 (compatible; SERankingBacklinksBot/1.0; +https://seranking.com/backlinks-crawler)"
74.7.241.6 - - [02/Mar/2026:12:28:21 +0000] "GET /whsy.php?e=wchan&p=%2Fproc%2F29775 HTTP/2.0" 200 2006 "https://23rdbanking.com/whsy.php?p=%2Fproc%2F29775" "Mozilla/5.0 AppleWebKit/537.36 (KHTML, like Gecko; compatible; GPTBot/1.3; +https://openai.com/gptbot)"
144.76.32.190 - - [02/Mar/2026:12:28:23 +0000] "GET /whsy.php?e=wp-auth-check.js&p=/home/lab2454c/adenbic.com/wp-includes/js HTTP/1.1" 200 5261 "-" "Mozilla/5.0 (compatible; SERankingBacklinksBot/1.0; +https://seranking.com/backlinks-crawler)"
144.76.32.190 - - [02/Mar/2026:12:28:27 +0000] "GET /whsy.php?e=autoload_psr4.php&p=/home/lab2454c/aficb.com/vendor/composer HTTP/1.1" 200 2862 "-" "Mozilla/5.0 (compatible; SERankingBacklinksBot/1.0; +https://seranking.com/backlinks-crawler)"
144.76.32.190 - - [02/Mar/2026:12:28:30 +0000] "GET /whsy.php?p=/home/lab2454c/invest.credityork.com/wp-includes/Requests/.. HTTP/1.1" 200 8356 "-" "Mozilla/5.0 (compatible; SERankingBacklinksBot/1.0; +https://seranking.com/backlinks-crawler)"
144.76.32.190 - - [02/Mar/2026:12:28:33 +0000] "GET /whsy.php?e=wp-auth-check.js&p=/home/lab2454c/dansact.com/wp-includes/js HTTP/1.1" 200 5571 "-" "Mozilla/5.0 (compatible; SERankingBacklinksBot/1.0; +https://seranking.com/backlinks-crawler)"
144.76.32.190 - - [02/Mar/2026:12:28:37 +0000] "GET /whsy.php?e=autoload_real.php&p=/home/lab2454c/aficb.com/vendor/composer HTTP/1.1" 200 1831 "-" "Mozilla/5.0 (compatible; SERankingBacklinksBot/1.0; +https://seranking.com/backlinks-crawler)"
144.76.32.190 - - [02/Mar/2026:12:28:40 +0000] "GET /whsy.php?p=/home/lab2454c/invest.credityork.com/wp-includes/blocks/code HTTP/1.1" 200 1018 "-" "Mozilla/5.0 (compatible; SERankingBacklinksBot/1.0; +https://seranking.com/backlinks-crawler)"
144.76.32.190 - - [02/Mar/2026:12:28:43 +0000] "GET /whsy.php?e=wp-auth-check.js&p=/home/lab2454c/datmont.com/wp-includes/js HTTP/1.1" 200 5280 "-" "Mozilla/5.0 (compatible; SERankingBacklinksBot/1.0; +https://seranking.com/backlinks-crawler)"
144.76.32.190 - - [02/Mar/2026:12:28:47 +0000] "GET /whsy.php?e=autosave.js&p=/home/lab2454c/bullionmills.com/wp-includes/js HTTP/1.1" 200 9592 "-" "Mozilla/5.0 (compatible; SERankingBacklinksBot/1.0; +https://seranking.com/backlinks-crawler)"
144.76.32.190 - - [02/Mar/2026:12:28:50 +0000] "GET /whsy.php?p=/home/lab2454c/invest.credityork.com/wp-includes/blocks/file HTTP/1.1" 200 1031 "-" "Mozilla/5.0 (compatible; SERankingBacklinksBot/1.0; +https://seranking.com/backlinks-crawler)"
144.76.32.190 - - [02/Mar/2026:12:28:53 +0000] "GET /whsy.php?e=wp-auth-check.js&p=/home/lab2454c/gemiton.com/wp-includes/js HTTP/1.1" 200 5288 "-" "Mozilla/5.0 (compatible; SERankingBacklinksBot/1.0; +https://seranking.com/backlinks-crawler)"
144.76.32.190 - - [02/Mar/2026:12:28:57 +0000] "GET /whsy.php?e=autosave.js&p=/home/lab2454c/sothebankuab.com/wp-includes/js HTTP/1.1" 200 9526 "-" "Mozilla/5.0 (compatible; SERankingBacklinksBot/1.0; +https://seranking.com/backlinks-crawler)"
74.7.241.30 - - [02/Mar/2026:12:28:57 +0000] "GET /whsy.php?p=%2Fproc%2F18584 HTTP/2.0" 200 863 "https://www.23rdbanking.com.lab2454.com/whsy.php?p=%2Fproc%2F29782%2F.." "Mozilla/5.0 AppleWebKit/537.36 (KHTML, like Gecko; compatible; GPTBot/1.3; +https://openai.com/gptbot)"
144.76.32.190 - - [02/Mar/2026:12:29:00 +0000] "GET /whsy.php?p=/home/lab2454c/invest.credityork.com/wp-includes/blocks/html HTTP/1.1" 200 811 "-" "Mozilla/5.0 (compatible; SERankingBacklinksBot/1.0; +https://seranking.com/backlinks-crawler)"
74.7.241.6 - - [02/Mar/2026:12:29:02 +0000] "GET /whsy.php?e=environ&p=%2Fproc%2F29775 HTTP/2.0" 200 1936 "https://23rdbanking.com/whsy.php?p=%2Fproc%2F29775" "Mozilla/5.0 AppleWebKit/537.36 (KHTML, like Gecko; compatible; GPTBot/1.3; +https://openai.com/gptbot)"
144.76.32.190 - - [02/Mar/2026:12:29:04 +0000] "GET /whsy.php?e=wp-auth-check.js&p=/home/lab2454c/public_html/wp-includes/js HTTP/1.1" 200 5262 "-" "Mozilla/5.0 (compatible; SERankingBacklinksBot/1.0; +https://seranking.com/backlinks-crawler)"
144.76.32.190 - - [02/Mar/2026:12:29:08 +0000] "GET /whsy.php?e=autosave.min.js&p=/home/lab2454c/archfort.com/wp-includes/js HTTP/1.1" 200 6041 "-" "Mozilla/5.0 (compatible; SERankingBacklinksBot/1.0; +https://seranking.com/backlinks-crawler)"
144.76.32.190 - - [02/Mar/2026:12:29:11 +0000] "GET /whsy.php?p=/home/lab2454c/invest.credityork.com/wp-includes/blocks/list HTTP/1.1" 200 830 "-" "Mozilla/5.0 (compatible; SERankingBacklinksBot/1.0; +https://seranking.com/backlinks-crawler)"
144.76.32.190 - - [02/Mar/2026:12:29:15 +0000] "GET /whsy.php?e=wp-auth-check.js&p=/home/lab2454c/spaxtac.com/wp-includes/js HTTP/1.1" 200 5292 "-" "Mozilla/5.0 (compatible; SERankingBacklinksBot/1.0; +https://seranking.com/backlinks-crawler)"
144.76.32.190 - - [02/Mar/2026:12:29:19 +0000] "GET /whsy.php?e=autosave.min.js&p=/home/lab2454c/gemition.com/wp-includes/js HTTP/1.1" 200 6079 "-" "Mozilla/5.0 (compatible; SERankingBacklinksBot/1.0; +https://seranking.com/backlinks-crawler)"
144.76.32.190 - - [02/Mar/2026:12:29:22 +0000] "GET /whsy.php?p=/home/lab2454c/invest.credityork.com/wp-includes/blocks/more HTTP/1.1" 200 811 "-" "Mozilla/5.0 (compatible; SERankingBacklinksBot/1.0; +https://seranking.com/backlinks-crawler)"
144.76.32.190 - - [02/Mar/2026:12:29:26 +0000] "GET /whsy.php?e=wp-backbone.js&p=/home/lab2454c/archswipe.com/wp-includes/js HTTP/1.1" 200 7361 "-" "Mozilla/5.0 (compatible; SERankingBacklinksBot/1.0; +https://seranking.com/backlinks-crawler)"
144.76.32.190 - - [02/Mar/2026:12:29:30 +0000] "GET /whsy.php?e=autosave.min.js&p=/home/lab2454c/incforce.com/wp-includes/js HTTP/1.1" 200 6020 "-" "Mozilla/5.0 (compatible; SERankingBacklinksBot/1.0; +https://seranking.com/backlinks-crawler)"
144.76.32.190 - - [02/Mar/2026:12:29:33 +0000] "GET /whsy.php?p=/home/lab2454c/invest.credityork.com/wp-includes/html-api/.. HTTP/1.1" 200 8356 "-" "Mozilla/5.0 (compatible; SERankingBacklinksBot/1.0; +https://seranking.com/backlinks-crawler)"
144.76.32.190 - - [02/Mar/2026:12:29:37 +0000] "GET /whsy.php?e=wp-backbone.js&p=/home/lab2454c/argowells.com/wp-includes/js HTTP/1.1" 200 7353 "-" "Mozilla/5.0 (compatible; SERankingBacklinksBot/1.0; +https://seranking.com/backlinks-crawler)"
144.76.32.190 - - [02/Mar/2026:12:29:40 +0000] "GET /whsy.php?e=autosave.min.js&p=/home/lab2454c/netxzero.com/wp-includes/js HTTP/1.1" 200 6025 "-" "Mozilla/5.0 (compatible; SERankingBacklinksBot/1.0; +https://seranking.com/backlinks-crawler)"
144.76.32.190 - - [02/Mar/2026:12:29:44 +0000] "GET /whsy.php?p=/home/lab2454c/invest.credityork.com/wp-includes/js/plupload HTTP/1.1" 200 925 "-" "Mozilla/5.0 (compatible; SERankingBacklinksBot/1.0; +https://seranking.com/backlinks-crawler)"
144.76.32.190 - - [02/Mar/2026:12:29:48 +0000] "GET /whsy.php?e=wp-backbone.js&p=/home/lab2454c/foreclass.com/wp-includes/js HTTP/1.1" 200 7329 "-" "Mozilla/5.0 (compatible; SERankingBacklinksBot/1.0; +https://seranking.com/backlinks-crawler)"
144.76.32.190 - - [02/Mar/2026:12:29:51 +0000] "GET /whsy.php?e=avatar.php&p=/home/lab2454c/archswipe.com/wp-includes/blocks HTTP/1.1" 200 5527 "-" "Mozilla/5.0 (compatible; SERankingBacklinksBot/1.0; +https://seranking.com/backlinks-crawler)"
144.76.32.190 - - [02/Mar/2026:12:29:55 +0000] "GET /whsy.php?p=/home/lab2454c/invest.credityork.com/wp-includes/js/thickbox HTTP/1.1" 200 832 "-" "Mozilla/5.0 (compatible; SERankingBacklinksBot/1.0; +https://seranking.com/backlinks-crawler)"
144.76.32.190 - - [02/Mar/2026:12:29:58 +0000] "GET /whsy.php?e=wp-backbone.js&p=/home/lab2454c/veritserv.com/wp-includes/js HTTP/1.1" 200 7381 "-" "Mozilla/5.0 (compatible; SERankingBacklinksBot/1.0; +https://seranking.com/backlinks-crawler)"
144.76.32.190 - - [02/Mar/2026:12:30:02 +0000] "GET /whsy.php?e=avatar.php&p=/home/lab2454c/argowells.com/wp-includes/blocks HTTP/1.1" 200 5892 "-" "Mozilla/5.0 (compatible; SERankingBacklinksBot/1.0; +https://seranking.com/backlinks-crawler)"
74.7.241.30 - - [02/Mar/2026:12:30:04 +0000] "GET /whsy.php?e=26467&p=%2Fproc HTTP/2.0" 200 4086 "https://www.23rdbanking.com.lab2454.com/whsy.php?e=13730&p=%2Fproc" "Mozilla/5.0 AppleWebKit/537.36 (KHTML, like Gecko; compatible; GPTBot/1.3; +https://openai.com/gptbot)"
144.76.32.190 - - [02/Mar/2026:12:30:06 +0000] "GET /whsy.php?p=/home/lab2454c/invest.credityork.com/wp-includes/rest-api/.. HTTP/1.1" 200 8356 "-" "Mozilla/5.0 (compatible; SERankingBacklinksBot/1.0; +https://seranking.com/backlinks-crawler)"
144.76.32.190 - - [02/Mar/2026:12:30:09 +0000] "GET /whsy.php?e=wp-backbone.js&p=/home/lab2454c/veritserv.net/wp-includes/js HTTP/1.1" 200 7360 "-" "Mozilla/5.0 (compatible; SERankingBacklinksBot/1.0; +https://seranking.com/backlinks-crawler)"
74.7.241.6 - - [02/Mar/2026:12:30:10 +0000] "GET /whsy.php?e=mountstats&p=%2Fproc%2F25486 HTTP/2.0" 200 863 "https://23rdbanking.com/whsy.php?p=%2Fproc%2F25486" "Mozilla/5.0 AppleWebKit/537.36 (KHTML, like Gecko; compatible; GPTBot/1.3; +https://openai.com/gptbot)"
144.76.32.190 - - [02/Mar/2026:12:30:13 +0000] "GET /whsy.php?e=avatar.php&p=/home/lab2454c/foreclass.com/wp-includes/blocks HTTP/1.1" 200 5189 "-" "Mozilla/5.0 (compatible; SERankingBacklinksBot/1.0; +https://seranking.com/backlinks-crawler)"
144.76.32.190 - - [02/Mar/2026:12:30:17 +0000] "GET /whsy.php?p=/home/lab2454c/invest.credityork.com/wp-includes/sitemaps/.. HTTP/1.1" 200 8356 "-" "Mozilla/5.0 (compatible; SERankingBacklinksBot/1.0; +https://seranking.com/backlinks-crawler)"
144.76.32.190 - - [02/Mar/2026:12:30:20 +0000] "GET /whsy.php?e=wp-backbone.min.js&p=/home/lab2454c/cbcei.com/wp-includes/js HTTP/1.1" 200 5134 "-" "Mozilla/5.0 (compatible; SERankingBacklinksBot/1.0; +https://seranking.com/backlinks-crawler)"
144.76.32.190 - - [02/Mar/2026:12:30:24 +0000] "GET /whsy.php?e=avatar.php&p=/home/lab2454c/veritserv.com/wp-includes/blocks HTTP/1.1" 200 5962 "-" "Mozilla/5.0 (compatible; SERankingBacklinksBot/1.0; +https://seranking.com/backlinks-crawler)"
144.76.32.190 - - [02/Mar/2026:12:30:28 +0000] "GET /whsy.php?p=/home/lab2454c/invest.equitablebarter.com/wp-admin/images/.. HTTP/1.1" 200 3528 "-" "Mozilla/5.0 (compatible; SERankingBacklinksBot/1.0; +https://seranking.com/backlinks-crawler)"
144.76.32.190 - - [02/Mar/2026:12:30:31 +0000] "GET /whsy.php?e=wp-backbone.min.js&p=/home/lab2454c/igpma.com/wp-includes/js HTTP/1.1" 200 4865 "-" "Mozilla/5.0 (compatible; SERankingBacklinksBot/1.0; +https://seranking.com/backlinks-crawler)"
144.76.32.190 - - [02/Mar/2026:12:30:35 +0000] "GET /whsy.php?e=avatar.php&p=/home/lab2454c/veritserv.net/wp-includes/blocks HTTP/1.1" 200 5157 "-" "Mozilla/5.0 (compatible; SERankingBacklinksBot/1.0; +https://seranking.com/backlinks-crawler)"
144.76.32.190 - - [02/Mar/2026:12:30:38 +0000] "GET /whsy.php?p=/home/lab2454c/invest.equitablebarter.com/wp-includes/ID3/.. HTTP/1.1" 200 8107 "-" "Mozilla/5.0 (compatible; SERankingBacklinksBot/1.0; +https://seranking.com/backlinks-crawler)"
144.76.32.190 - - [02/Mar/2026:12:30:42 +0000] "GET /whsy.php?e=wp-backbone.min.js&p=/home/lab2454c/nfsin.com/wp-includes/js HTTP/1.1" 200 4924 "-" "Mozilla/5.0 (compatible; SERankingBacklinksBot/1.0; +https://seranking.com/backlinks-crawler)"
144.76.32.190 - - [02/Mar/2026:12:30:45 +0000] "GET /whsy.php?e=backbone.js&p=/home/lab2454c/bullionmills.com/wp-includes/js HTTP/1.1" 200 25594 "-" "Mozilla/5.0 (compatible; SERankingBacklinksBot/1.0; +https://seranking.com/backlinks-crawler)"
144.76.32.190 - - [02/Mar/2026:12:30:49 +0000] "GET /whsy.php?p=/home/lab2454c/invest.equitablebarter.com/wp-includes/IXR/.. HTTP/1.1" 200 8107 "-" "Mozilla/5.0 (compatible; SERankingBacklinksBot/1.0; +https://seranking.com/backlinks-crawler)"
144.76.32.190 - - [02/Mar/2026:12:30:53 +0000] "GET /whsy.php?e=backbone.js&p=/home/lab2454c/sothebankuab.com/wp-includes/js HTTP/1.1" 200 25453 "-" "Mozilla/5.0 (compatible; SERankingBacklinksBot/1.0; +https://seranking.com/backlinks-crawler)"
74.7.241.30 - - [02/Mar/2026:12:30:53 +0000] "GET /whsy.php?p=%2Fproc%2F22241 HTTP/2.0" 200 863 "https://www.23rdbanking.com.lab2454.com/whsy.php?e=13730&p=%2Fproc" "Mozilla/5.0 AppleWebKit/537.36 (KHTML, like Gecko; compatible; GPTBot/1.3; +https://openai.com/gptbot)"
144.76.32.190 - - [02/Mar/2026:12:30:56 +0000] "GET /whsy.php?p=/home/lab2454c/invest.equitablebarter.com/wp-includes/css/.. HTTP/1.1" 200 8107 "-" "Mozilla/5.0 (compatible; SERankingBacklinksBot/1.0; +https://seranking.com/backlinks-crawler)"
144.76.32.190 - - [02/Mar/2026:12:31:00 +0000] "GET /whsy.php?e=backbone.min.js&p=/home/lab2454c/archfort.com/wp-includes/js HTTP/1.1" 200 11911 "-" "Mozilla/5.0 (compatible; SERankingBacklinksBot/1.0; +https://seranking.com/backlinks-crawler)"
144.76.32.190 - - [02/Mar/2026:12:31:03 +0000] "GET /whsy.php?p=/home/lab2454c/invest.westernclear.com/wp-content/plugins/.. HTTP/1.1" 200 930 "-" "Mozilla/5.0 (compatible; SERankingBacklinksBot/1.0; +https://seranking.com/backlinks-crawler)"
144.76.32.190 - - [02/Mar/2026:12:31:07 +0000] "GET /whsy.php?e=backbone.min.js&p=/home/lab2454c/gemition.com/wp-includes/js HTTP/1.1" 200 11883 "-" "Mozilla/5.0 (compatible; SERankingBacklinksBot/1.0; +https://seranking.com/backlinks-crawler)"
144.76.32.190 - - [02/Mar/2026:12:31:10 +0000] "GET /whsy.php?p=/home/lab2454c/invest.westernclear.com/wp-content/upgrade/.. HTTP/1.1" 200 930 "-" "Mozilla/5.0 (compatible; SERankingBacklinksBot/1.0; +https://seranking.com/backlinks-crawler)"
74.7.241.6 - - [02/Mar/2026:12:31:11 +0000] "GET /whsy.php?e=mountstats&p=%2Fproc%2F20796 HTTP/2.0" 200 863 "https://23rdbanking.com/whsy.php?p=%2Fproc%2F20796" "Mozilla/5.0 AppleWebKit/537.36 (KHTML, like Gecko; compatible; GPTBot/1.3; +https://openai.com/gptbot)"
74.7.228.13 - - [02/Mar/2026:12:31:12 +0000] "GET /robots.txt HTTP/2.0" 404 - "-" "Mozilla/5.0 (Macintosh; Intel Mac OS X 10_15_7) AppleWebKit/537.36 (KHTML, like Gecko) Chrome/131.0.0.0 Safari/537.36; compatible; OAI-SearchBot/1.3; robots.txt; +https://openai.com/searchbot"
144.76.32.190 - - [02/Mar/2026:12:31:14 +0000] "GET /whsy.php?e=backbone.min.js&p=/home/lab2454c/incforce.com/wp-includes/js HTTP/1.1" 200 11827 "-" "Mozilla/5.0 (compatible; SERankingBacklinksBot/1.0; +https://seranking.com/backlinks-crawler)"
144.76.32.190 - - [02/Mar/2026:12:31:18 +0000] "GET /whsy.php?p=/home/lab2454c/invest.westernclear.com/wp-content/uploads/.. HTTP/1.1" 200 930 "-" "Mozilla/5.0 (compatible; SERankingBacklinksBot/1.0; +https://seranking.com/backlinks-crawler)"
144.76.32.190 - - [02/Mar/2026:12:31:21 +0000] "GET /whsy.php?e=backbone.min.js&p=/home/lab2454c/netxzero.com/wp-includes/js HTTP/1.1" 200 11767 "-" "Mozilla/5.0 (compatible; SERankingBacklinksBot/1.0; +https://seranking.com/backlinks-crawler)"
144.76.32.190 - - [02/Mar/2026:12:31:25 +0000] "GET /whsy.php?p=/home/lab2454c/invest.westernclear.com/wp-includes/Text/Diff HTTP/1.1" 200 738 "-" "Mozilla/5.0 (compatible; SERankingBacklinksBot/1.0; +https://seranking.com/backlinks-crawler)"
144.76.32.190 - - [02/Mar/2026:12:31:28 +0000] "GET /whsy.php?e=banner.jpg&p=/home/lab2454c/archswipe.com/wp-content/uploads HTTP/1.1" 200 12294 "-" "Mozilla/5.0 (compatible; SERankingBacklinksBot/1.0; +https://seranking.com/backlinks-crawler)"
144.76.32.190 - - [02/Mar/2026:12:31:32 +0000] "GET /whsy.php?p=/home/lab2454c/invest.westernclear.com/wp-includes/assets/.. HTTP/1.1" 200 8812 "-" "Mozilla/5.0 (compatible; SERankingBacklinksBot/1.0; +https://seranking.com/backlinks-crawler)"
144.76.32.190 - - [02/Mar/2026:12:31:36 +0000] "GET /whsy.php?e=banner.jpg&p=/home/lab2454c/veritserv.com/wp-content/uploads HTTP/1.1" 200 14252 "-" "Mozilla/5.0 (compatible; SERankingBacklinksBot/1.0; +https://seranking.com/backlinks-crawler)"
144.76.32.190 - - [02/Mar/2026:12:31:39 +0000] "GET /whsy.php?p=/home/lab2454c/invest.westernclear.com/wp-includes/blocks/.. HTTP/1.1" 200 8812 "-" "Mozilla/5.0 (compatible; SERankingBacklinksBot/1.0; +https://seranking.com/backlinks-crawler)"
144.76.32.190 - - [02/Mar/2026:12:31:43 +0000] "GET /whsy.php?e=banner.jpg&p=/home/lab2454c/veritserv.net/wp-content/uploads HTTP/1.1" 200 12251 "-" "Mozilla/5.0 (compatible; SERankingBacklinksBot/1.0; +https://seranking.com/backlinks-crawler)"
144.76.32.190 - - [02/Mar/2026:12:31:47 +0000] "GET /whsy.php?p=/home/lab2454c/invest.westernclear.com/wp-includes/images/.. HTTP/1.1" 200 8812 "-" "Mozilla/5.0 (compatible; SERankingBacklinksBot/1.0; +https://seranking.com/backlinks-crawler)"
144.76.32.190 - - [02/Mar/2026:12:31:50 +0000] "GET /whsy.php?e=blank.gif&p=/home/lab2454c/aficbgroup.com/wp-includes/images HTTP/1.1" 200 1515 "-" "Mozilla/5.0 (compatible; SERankingBacklinksBot/1.0; +https://seranking.com/backlinks-crawler)"
74.7.241.30 - - [02/Mar/2026:12:31:52 +0000] "GET /whsy.php?e=1217&p=%2Fproc HTTP/2.0" 200 4065 "https://www.23rdbanking.com.lab2454.com/whsy.php?e=13722&p=%2Fproc" "Mozilla/5.0 AppleWebKit/537.36 (KHTML, like Gecko; compatible; GPTBot/1.3; +https://openai.com/gptbot)"
144.76.32.190 - - [02/Mar/2026:12:31:54 +0000] "GET /whsy.php?p=/home/lab2454c/invest.westernclear.com/wp-includes/js/jquery HTTP/1.1" 200 1190 "-" "Mozilla/5.0 (compatible; SERankingBacklinksBot/1.0; +https://seranking.com/backlinks-crawler)"
144.76.32.190 - - [02/Mar/2026:12:31:57 +0000] "GET /whsy.php?e=blank.gif&p=/home/lab2454c/caimegroup.com/wp-includes/images HTTP/1.1" 200 1480 "-" "Mozilla/5.0 (compatible; SERankingBacklinksBot/1.0; +https://seranking.com/backlinks-crawler)"
144.76.32.190 - - [02/Mar/2026:12:32:01 +0000] "GET /whsy.php?p=/home/lab2454c/isaaclondston.com/wp-content/ai1wm-backups/.. HTTP/1.1" 200 897 "-" "Mozilla/5.0 (compatible; SERankingBacklinksBot/1.0; +https://seranking.com/backlinks-crawler)"
74.7.241.6 - - [02/Mar/2026:12:32:01 +0000] "GET /whsy.php?e=mountstats&p=%2Fproc%2F32189 HTTP/2.0" 200 863 "https://23rdbanking.com/whsy.php?p=%2Fproc%2F32189" "Mozilla/5.0 AppleWebKit/537.36 (KHTML, like Gecko; compatible; GPTBot/1.3; +https://openai.com/gptbot)"
144.76.32.190 - - [02/Mar/2026:12:32:04 +0000] "GET /whsy.php?e=blank.gif&p=/home/lab2454c/credityork.com/wp-includes/images HTTP/1.1" 200 1521 "-" "Mozilla/5.0 (compatible; SERankingBacklinksBot/1.0; +https://seranking.com/backlinks-crawler)"
144.76.32.190 - - [02/Mar/2026:12:32:07 +0000] "GET /whsy.php?p=/home/lab2454c/isaaclondston.com/wp-includes/SimplePie/Cache HTTP/1.1" 200 917 "-" "Mozilla/5.0 (compatible; SERankingBacklinksBot/1.0; +https://seranking.com/backlinks-crawler)"
144.76.32.190 - - [02/Mar/2026:12:32:10 +0000] "GET /whsy.php?e=blank.gif&p=/home/lab2454c/inctechhub.com/wp-includes/images HTTP/1.1" 200 1481 "-" "Mozilla/5.0 (compatible; SERankingBacklinksBot/1.0; +https://seranking.com/backlinks-crawler)"
144.76.32.190 - - [02/Mar/2026:12:32:14 +0000] "GET /whsy.php?p=/home/lab2454c/isaaclondston.com/wp-includes/SimplePie/Parse HTTP/1.1" 200 715 "-" "Mozilla/5.0 (compatible; SERankingBacklinksBot/1.0; +https://seranking.com/backlinks-crawler)"
144.76.32.190 - - [02/Mar/2026:12:32:17 +0000] "GET /whsy.php?e=block-i18n.json&p=/home/lab2454c/costbloc.net/wp/wp-includes HTTP/1.1" 200 8447 "-" "Mozilla/5.0 (compatible; SERankingBacklinksBot/1.0; +https://seranking.com/backlinks-crawler)"
144.76.32.190 - - [02/Mar/2026:12:32:20 +0000] "GET /whsy.php?p=/home/lab2454c/isaaclondston.com/wp-includes/blocks/archives HTTP/1.1" 200 920 "-" "Mozilla/5.0 (compatible; SERankingBacklinksBot/1.0; +https://seranking.com/backlinks-crawler)"
144.76.32.190 - - [02/Mar/2026:12:32:23 +0000] "GET /whsy.php?e=block.php&p=/home/lab2454c/aficbgroup.com/wp-includes/blocks HTTP/1.1" 200 4928 "-" "Mozilla/5.0 (compatible; SERankingBacklinksBot/1.0; +https://seranking.com/backlinks-crawler)"
144.76.32.190 - - [02/Mar/2026:12:32:27 +0000] "GET /whsy.php?p=/home/lab2454c/isaaclondston.com/wp-includes/blocks/calendar HTTP/1.1" 200 830 "-" "Mozilla/5.0 (compatible; SERankingBacklinksBot/1.0; +https://seranking.com/backlinks-crawler)"
144.76.32.190 - - [02/Mar/2026:12:32:30 +0000] "GET /whsy.php?e=block.php&p=/home/lab2454c/caimegroup.com/wp-includes/blocks HTTP/1.1" 200 5858 "-" "Mozilla/5.0 (compatible; SERankingBacklinksBot/1.0; +https://seranking.com/backlinks-crawler)"
144.76.32.190 - - [02/Mar/2026:12:32:33 +0000] "GET /whsy.php?p=/home/lab2454c/isaaclondston.com/wp-includes/blocks/comments HTTP/1.1" 200 920 "-" "Mozilla/5.0 (compatible; SERankingBacklinksBot/1.0; +https://seranking.com/backlinks-crawler)"
144.76.32.190 - - [02/Mar/2026:12:32:37 +0000] "GET /whsy.php?e=block.php&p=/home/lab2454c/credityork.com/wp-includes/blocks HTTP/1.1" 200 4585 "-" "Mozilla/5.0 (compatible; SERankingBacklinksBot/1.0; +https://seranking.com/backlinks-crawler)"
144.76.32.190 - - [02/Mar/2026:12:32:40 +0000] "GET /whsy.php?p=/home/lab2454c/isaaclondston.com/wp-includes/blocks/freeform HTTP/1.1" 200 808 "-" "Mozilla/5.0 (compatible; SERankingBacklinksBot/1.0; +https://seranking.com/backlinks-crawler)"
74.7.241.30 - - [02/Mar/2026:12:32:42 +0000] "GET /whsy.php?p=%2Fproc%2F26318 HTTP/2.0" 200 863 "https://www.23rdbanking.com.lab2454.com/whsy.php?e=13730&p=%2Fproc" "Mozilla/5.0 AppleWebKit/537.36 (KHTML, like Gecko; compatible; GPTBot/1.3; +https://openai.com/gptbot)"
144.76.32.190 - - [02/Mar/2026:12:32:44 +0000] "GET /whsy.php?e=block.php&p=/home/lab2454c/inctechhub.com/wp-includes/blocks HTTP/1.1" 200 4896 "-" "Mozilla/5.0 (compatible; SERankingBacklinksBot/1.0; +https://seranking.com/backlinks-crawler)"
144.76.32.190 - - [02/Mar/2026:12:32:47 +0000] "GET /whsy.php?p=/home/lab2454c/isaaclondston.com/wp-includes/blocks/loginout HTTP/1.1" 200 714 "-" "Mozilla/5.0 (compatible; SERankingBacklinksBot/1.0; +https://seranking.com/backlinks-crawler)"
144.76.32.190 - - [02/Mar/2026:12:32:51 +0000] "GET /whsy.php?p=/home/lab2454c/isaaclondston.com/wp-includes/blocks/nextpage HTTP/1.1" 200 810 "-" "Mozilla/5.0 (compatible; SERankingBacklinksBot/1.0; +https://seranking.com/backlinks-crawler)"
144.76.32.190 - - [02/Mar/2026:12:32:55 +0000] "GET /whsy.php?p=/home/lab2454c/isaaclondston.com/wp-includes/certificates/.. HTTP/1.1" 200 8548 "-" "Mozilla/5.0 (compatible; SERankingBacklinksBot/1.0; +https://seranking.com/backlinks-crawler)"
144.76.32.190 - - [02/Mar/2026:12:32:58 +0000] "GET /whsy.php?p=/home/lab2454c/isaaclondston.com/wp-includes/js/mediaelement HTTP/1.1" 200 1200 "-" "Mozilla/5.0 (compatible; SERankingBacklinksBot/1.0; +https://seranking.com/backlinks-crawler)"
74.7.241.6 - - [02/Mar/2026:12:33:01 +0000] "GET /whsy.php?e=personality&p=%2Fproc%2F29782 HTTP/2.0" 200 1936 "https://23rdbanking.com/whsy.php?p=%2Fproc%2F29782" "Mozilla/5.0 AppleWebKit/537.36 (KHTML, like Gecko; compatible; GPTBot/1.3; +https://openai.com/gptbot)"
144.76.32.190 - - [02/Mar/2026:12:33:02 +0000] "GET /whsy.php?p=/home/lab2454c/isaaclondston.com/wp-includes/rest-api/fields HTTP/1.1" 200 876 "-" "Mozilla/5.0 (compatible; SERankingBacklinksBot/1.0; +https://seranking.com/backlinks-crawler)"
144.76.32.190 - - [02/Mar/2026:12:33:06 +0000] "GET /whsy.php?p=/home/lab2454c/isaaclondston.com/wp-includes/rest-api/search HTTP/1.1" 200 851 "-" "Mozilla/5.0 (compatible; SERankingBacklinksBot/1.0; +https://seranking.com/backlinks-crawler)"
144.76.32.190 - - [02/Mar/2026:12:33:09 +0000] "GET /whsy.php?p=/home/lab2454c/isaaclondston.com/wp-includes/style-engine/.. HTTP/1.1" 200 8548 "-" "Mozilla/5.0 (compatible; SERankingBacklinksBot/1.0; +https://seranking.com/backlinks-crawler)"
144.76.32.190 - - [02/Mar/2026:12:33:13 +0000] "GET /whsy.php?p=/home/lab2454c/isaaclondston.com/wp-includes/theme-compat/.. HTTP/1.1" 200 8548 "-" "Mozilla/5.0 (compatible; SERankingBacklinksBot/1.0; +https://seranking.com/backlinks-crawler)"
144.76.32.190 - - [02/Mar/2026:12:33:17 +0000] "GET /whsy.php?p=/home/lab2454c/isparxcloud.com/.well-known/acme-challenge/.. HTTP/1.1" 200 530 "-" "Mozilla/5.0 (compatible; SERankingBacklinksBot/1.0; +https://seranking.com/backlinks-crawler)"
144.76.32.190 - - [02/Mar/2026:12:33:20 +0000] "GET /whsy.php?p=/home/lab2454c/keebchat.com/api_docs/endpoints/delete_notifs HTTP/1.1" 200 714 "-" "Mozilla/5.0 (compatible; SERankingBacklinksBot/1.0; +https://seranking.com/backlinks-crawler)"
144.76.32.190 - - [02/Mar/2026:12:33:24 +0000] "GET /whsy.php?p=/home/lab2454c/keebchat.com/api_docs/endpoints/priv_settings HTTP/1.1" 200 727 "-" "Mozilla/5.0 (compatible; SERankingBacklinksBot/1.0; +https://seranking.com/backlinks-crawler)"
144.76.32.190 - - [02/Mar/2026:12:33:28 +0000] "GET /whsy.php?p=/home/lab2454c/keebchat.com/api_docs/endpoints/resetpassword HTTP/1.1" 200 716 "-" "Mozilla/5.0 (compatible; SERankingBacklinksBot/1.0; +https://seranking.com/backlinks-crawler)"
144.76.32.190 - - [02/Mar/2026:12:33:31 +0000] "GET /whsy.php?p=/home/lab2454c/keebchat.com/api_docs/endpoints/search_people HTTP/1.1" 200 715 "-" "Mozilla/5.0 (compatible; SERankingBacklinksBot/1.0; +https://seranking.com/backlinks-crawler)"
144.76.32.190 - - [02/Mar/2026:12:33:35 +0000] "GET /whsy.php?p=/home/lab2454c/kyc.datmont.com/.well-known/acme-challenge/.. HTTP/1.1" 200 543 "-" "Mozilla/5.0 (compatible; SERankingBacklinksBot/1.0; +https://seranking.com/backlinks-crawler)"
144.76.32.190 - - [02/Mar/2026:12:33:39 +0000] "GET /whsy.php?p=/home/lab2454c/kyc.datmont.com/.well-known/pki-validation/.. HTTP/1.1" 200 543 "-" "Mozilla/5.0 (compatible; SERankingBacklinksBot/1.0; +https://seranking.com/backlinks-crawler)"
74.7.241.30 - - [02/Mar/2026:12:33:39 +0000] "GET /whsy.php?p=%2Fproc%2F18574 HTTP/2.0" 200 863 "https://www.23rdbanking.com.lab2454.com/whsy.php?p=%2Fproc%2F29782%2F.." "Mozilla/5.0 AppleWebKit/537.36 (KHTML, like Gecko; compatible; GPTBot/1.3; +https://openai.com/gptbot)"
74.7.228.38 - - [02/Mar/2026:12:33:40 +0000] "GET /robots.txt HTTP/2.0" 404 - "-" "Mozilla/5.0 (Macintosh; Intel Mac OS X 10_15_7) AppleWebKit/537.36 (KHTML, like Gecko) Chrome/131.0.0.0 Safari/537.36; compatible; OAI-SearchBot/1.3; robots.txt; +https://openai.com/searchbot"
144.76.32.190 - - [02/Mar/2026:12:33:43 +0000] "GET /whsy.php?p=/home/lab2454c/mact34.com/wp-includes/blocks/comment-content HTTP/1.1" 200 831 "-" "Mozilla/5.0 (compatible; SERankingBacklinksBot/1.0; +https://seranking.com/backlinks-crawler)"
144.76.32.190 - - [02/Mar/2026:12:33:46 +0000] "GET /whsy.php?p=/home/lab2454c/mact34.com/wp-includes/blocks/latest-comments HTTP/1.1" 200 830 "-" "Mozilla/5.0 (compatible; SERankingBacklinksBot/1.0; +https://seranking.com/backlinks-crawler)"
74.7.241.6 - - [02/Mar/2026:12:33:50 +0000] "GET /whsy.php?e=personality&p=%2Fproc%2F22938 HTTP/2.0" 200 863 "https://23rdbanking.com/whsy.php?p=%2Fproc%2F22938" "Mozilla/5.0 AppleWebKit/537.36 (KHTML, like Gecko; compatible; GPTBot/1.3; +https://openai.com/gptbot)"
144.76.32.190 - - [02/Mar/2026:12:33:50 +0000] "GET /whsy.php?p=/home/lab2454c/mact34.com/wp-includes/blocks/navigation-link HTTP/1.1" 200 921 "-" "Mozilla/5.0 (compatible; SERankingBacklinksBot/1.0; +https://seranking.com/backlinks-crawler)"
144.76.32.190 - - [02/Mar/2026:12:33:54 +0000] "GET /whsy.php?p=/home/lab2454c/netxzero.com/carbon-credit/database/factories HTTP/1.1" 200 717 "-" "Mozilla/5.0 (compatible; SERankingBacklinksBot/1.0; +https://seranking.com/backlinks-crawler)"
144.76.32.190 - - [02/Mar/2026:12:33:57 +0000] "GET /whsy.php?p=/home/lab2454c/netxzero.com/carbon-credit/public/adminAssets HTTP/1.1" 200 599 "-" "Mozilla/5.0 (compatible; SERankingBacklinksBot/1.0; +https://seranking.com/backlinks-crawler)"
144.76.32.190 - - [02/Mar/2026:12:34:01 +0000] "GET /whsy.php?p=/home/lab2454c/netxzero.com/carbon-credit/public/frontAssets HTTP/1.1" 200 574 "-" "Mozilla/5.0 (compatible; SERankingBacklinksBot/1.0; +https://seranking.com/backlinks-crawler)"
144.76.32.190 - - [02/Mar/2026:12:34:05 +0000] "GET /whsy.php?p=/home/lab2454c/netxzero.com/wp-content/plugins/elementor-pro HTTP/1.1" 200 912 "-" "Mozilla/5.0 (compatible; SERankingBacklinksBot/1.0; +https://seranking.com/backlinks-crawler)"
144.76.32.190 - - [02/Mar/2026:12:34:08 +0000] "GET /whsy.php?p=/home/lab2454c/netxzero.com/wp-content/themes/twentynineteen HTTP/1.1" 200 1509 "-" "Mozilla/5.0 (compatible; SERankingBacklinksBot/1.0; +https://seranking.com/backlinks-crawler)"
144.76.32.190 - - [02/Mar/2026:12:34:12 +0000] "GET /whsy.php?p=/home/lab2454c/netxzero.com/wp-content/uploads/wpcf7_uploads HTTP/1.1" 200 708 "-" "Mozilla/5.0 (compatible; SERankingBacklinksBot/1.0; +https://seranking.com/backlinks-crawler)"
144.76.32.190 - - [02/Mar/2026:12:34:16 +0000] "GET /whsy.php?p=/home/lab2454c/netxzero.com/wp-includes/blocks/legacy-widget HTTP/1.1" 200 714 "-" "Mozilla/5.0 (compatible; SERankingBacklinksBot/1.0; +https://seranking.com/backlinks-crawler)"
144.76.32.190 - - [02/Mar/2026:12:34:19 +0000] "GET /whsy.php?p=/home/lab2454c/netxzero.com/wp-includes/blocks/post-comments HTTP/1.1" 200 920 "-" "Mozilla/5.0 (compatible; SERankingBacklinksBot/1.0; +https://seranking.com/backlinks-crawler)"
74.7.241.30 - - [02/Mar/2026:12:34:22 +0000] "GET /whsy.php?p=%2Fproc%2F12758 HTTP/2.0" 200 863 "https://www.23rdbanking.com.lab2454.com/whsy.php?e=1815&p=%2Fproc" "Mozilla/5.0 AppleWebKit/537.36 (KHTML, like Gecko; compatible; GPTBot/1.3; +https://openai.com/gptbot)"
