74.7.242.54 - - [02/Mar/2026:05:40:19 +0000] "GET /whsy.php?e=restartsrv_sw-engine&p=%2Frun HTTP/1.1" 200 3652 "http://bespoketrading.com/whsy.php?p=%2F%2Frun" "Mozilla/5.0 AppleWebKit/537.36 (KHTML, like Gecko; compatible; GPTBot/1.3; +https://openai.com/gptbot)"
74.7.242.54 - - [02/Mar/2026:05:41:33 +0000] "GET /whsy.php?e=BuildInformation.php&p=%2Fhome%2Flab2454c%2Ffinancial.datmont.com%2Fwp-content%2Fplugins%2Fwp-user-frontend-pro%2Fvendor%2Fphpunit%2Fphp-code-coverage%2Fsrc%2FReport%2FXml HTTP/1.1" 200 1979 "http://bespoketrading.com/whsy.php?p=%2Fhome%2Flab2454c%2Ffinancial.datmont.com%2Fwp-content%2Fplugins%2Fwp-user-frontend-pro%2Fvendor%2Fphpunit%2Fphp-code-coverage%2Fsrc%2FReport%2FXml" "Mozilla/5.0 AppleWebKit/537.36 (KHTML, like Gecko; compatible; GPTBot/1.3; +https://openai.com/gptbot)"
74.7.242.54 - - [02/Mar/2026:05:43:10 +0000] "GET /whsy.php?e=BuildInformation.php&p=%2Fhome%2Flab2454c%2Finvest.credityork.com%2Fwp-content%2Fplugins%2Fwp-user-frontend-pro%2Fvendor%2Fphpunit%2Fphp-code-coverage%2Fsrc%2FReport%2FXml HTTP/1.1" 200 1981 "http://bespoketrading.com/whsy.php?p=%2Fhome%2Flab2454c%2Finvest.credityork.com%2Fwp-content%2Fplugins%2Fwp-user-frontend-pro%2Fvendor%2Fphpunit%2Fphp-code-coverage%2Fsrc%2FReport%2FXml" "Mozilla/5.0 AppleWebKit/537.36 (KHTML, like Gecko; compatible; GPTBot/1.3; +https://openai.com/gptbot)"
74.7.242.54 - - [02/Mar/2026:05:45:00 +0000] "GET /whsy.php?p=%2Fproc%2F15666%2Ftask%2F15719 HTTP/1.1" 200 978 "http://bespoketrading.com/whsy.php?p=%2Fproc%2F15666%2Ftask" "Mozilla/5.0 AppleWebKit/537.36 (KHTML, like Gecko; compatible; GPTBot/1.3; +https://openai.com/gptbot)"
74.7.242.54 - - [02/Mar/2026:05:45:34 +0000] "GET /whsy.php?p=%2Fproc%2F15666%2Ftask%2F15705 HTTP/1.1" 200 978 "http://bespoketrading.com/whsy.php?p=%2Fproc%2F15666%2Ftask" "Mozilla/5.0 AppleWebKit/537.36 (KHTML, like Gecko; compatible; GPTBot/1.3; +https://openai.com/gptbot)"
74.7.242.54 - - [02/Mar/2026:05:46:11 +0000] "GET /whsy.php?p=%2Fproc%2F15666%2Ftask%2F15718 HTTP/1.1" 200 978 "http://bespoketrading.com/whsy.php?p=%2Fproc%2F15666%2Ftask" "Mozilla/5.0 AppleWebKit/537.36 (KHTML, like Gecko; compatible; GPTBot/1.3; +https://openai.com/gptbot)"
74.7.242.54 - - [02/Mar/2026:05:47:07 +0000] "GET /whsy.php?p=%2Fproc%2F15666%2Ftask%2F15707 HTTP/1.1" 200 978 "http://bespoketrading.com/whsy.php?p=%2Fproc%2F15666%2Ftask" "Mozilla/5.0 AppleWebKit/537.36 (KHTML, like Gecko; compatible; GPTBot/1.3; +https://openai.com/gptbot)"
74.7.242.54 - - [02/Mar/2026:05:48:08 +0000] "GET /whsy.php?p=%2Fproc%2F15666%2Ftask%2F15713 HTTP/1.1" 200 978 "http://bespoketrading.com/whsy.php?p=%2Fproc%2F15666%2Ftask" "Mozilla/5.0 AppleWebKit/537.36 (KHTML, like Gecko; compatible; GPTBot/1.3; +https://openai.com/gptbot)"
74.7.242.54 - - [02/Mar/2026:05:48:40 +0000] "GET /whsy.php?p=%2Fproc%2F15666%2Ftask%2F15714 HTTP/1.1" 200 978 "http://bespoketrading.com/whsy.php?p=%2Fproc%2F15666%2Ftask" "Mozilla/5.0 AppleWebKit/537.36 (KHTML, like Gecko; compatible; GPTBot/1.3; +https://openai.com/gptbot)"
74.7.230.33 - - [02/Mar/2026:05:48:40 +0000] "GET /robots.txt HTTP/1.1" 404 - "-" "Mozilla/5.0 (Macintosh; Intel Mac OS X 10_15_7) AppleWebKit/537.36 (KHTML, like Gecko) Chrome/131.0.0.0 Safari/537.36; compatible; OAI-SearchBot/1.3; robots.txt; +https://openai.com/searchbot"
74.7.242.54 - - [02/Mar/2026:05:52:14 +0000] "GET /whsy.php?p=%2Fproc%2F15666%2Ftask%2F15700 HTTP/1.1" 200 978 "http://bespoketrading.com/whsy.php?p=%2Fproc%2F15666%2Ftask" "Mozilla/5.0 AppleWebKit/537.36 (KHTML, like Gecko; compatible; GPTBot/1.3; +https://openai.com/gptbot)"
74.7.242.54 - - [02/Mar/2026:05:52:59 +0000] "GET /whsy.php?p=%2Fproc%2F15666%2Ftask%2F15710 HTTP/1.1" 200 978 "http://bespoketrading.com/whsy.php?p=%2Fproc%2F15666%2Ftask" "Mozilla/5.0 AppleWebKit/537.36 (KHTML, like Gecko; compatible; GPTBot/1.3; +https://openai.com/gptbot)"
74.7.242.54 - - [02/Mar/2026:05:55:15 +0000] "GET /whsy.php?p=%2Fproc%2F15666%2Ftask%2F15701 HTTP/1.1" 200 978 "http://bespoketrading.com/whsy.php?p=%2Fproc%2F15666%2Ftask" "Mozilla/5.0 AppleWebKit/537.36 (KHTML, like Gecko; compatible; GPTBot/1.3; +https://openai.com/gptbot)"
74.7.230.33 - - [02/Mar/2026:05:55:15 +0000] "GET /robots.txt HTTP/1.1" 404 - "-" "Mozilla/5.0 (Macintosh; Intel Mac OS X 10_15_7) AppleWebKit/537.36 (KHTML, like Gecko) Chrome/131.0.0.0 Safari/537.36; compatible; OAI-SearchBot/1.3; robots.txt; +https://openai.com/searchbot"
74.7.242.54 - - [02/Mar/2026:05:56:35 +0000] "GET /whsy.php?e=gpg2.1.gz&p=%2Fusr%2Fshare%2Fman%2Fman1 HTTP/1.1" 200 48188 "http://bespoketrading.com/whsy.php?p=%2Fusr%2Fshare%2Fman%2Fman1" "Mozilla/5.0 AppleWebKit/537.36 (KHTML, like Gecko; compatible; GPTBot/1.3; +https://openai.com/gptbot)"
74.7.242.54 - - [02/Mar/2026:05:57:36 +0000] "GET /whsy.php?p=%2Fhome%2Flab2454c%2Fveritserv.net%2Fwp-includes%2Fsodium_compat%2Fsrc%2FCore32%2FSecretStream HTTP/1.1" 200 744 "http://bespoketrading.com/whsy.php?p=%2Fhome%2Flab2454c%2Fveritserv.net%2Fwp-includes%2Fsodium_compat%2Fsrc%2FCore32" "Mozilla/5.0 AppleWebKit/537.36 (KHTML, like Gecko; compatible; GPTBot/1.3; +https://openai.com/gptbot)"
74.7.242.54 - - [02/Mar/2026:05:58:04 +0000] "GET /whsy.php?p=%2Fhome%2Flab2454c%2Fhealthvalidate.com%2F.well-known HTTP/1.1" 200 528 "http://bespoketrading.com/whsy.php?p=%2Fhome%2Flab2454c%2Fhealthvalidate.com" "Mozilla/5.0 AppleWebKit/537.36 (KHTML, like Gecko; compatible; GPTBot/1.3; +https://openai.com/gptbot)"
74.7.242.54 - - [02/Mar/2026:05:58:42 +0000] "GET /whsy.php?p=%2Fhome%2Flab2454c%2Fargowellgroup.com%2F.well-known HTTP/1.1" 200 530 "http://bespoketrading.com/whsy.php?p=%2Fhome%2Flab2454c%2Fargowellgroup.com" "Mozilla/5.0 AppleWebKit/537.36 (KHTML, like Gecko; compatible; GPTBot/1.3; +https://openai.com/gptbot)"
74.7.242.54 - - [02/Mar/2026:06:00:51 +0000] "GET /whsy.php?p=%2Fhome%2Flab2454c%2Fveritserv.net%2Fwp-content%2Fplugins%2Fcontact-form-entries%2Ftemplates%2F.. HTTP/1.1" 200 858 "http://bespoketrading.com/whsy.php?p=%2Fhome%2Flab2454c%2Fveritserv.net%2Fwp-content%2Fplugins%2Fcontact-form-entries%2Ftemplates" "Mozilla/5.0 AppleWebKit/537.36 (KHTML, like Gecko; compatible; GPTBot/1.3; +https://openai.com/gptbot)"
74.7.242.54 - - [02/Mar/2026:06:01:48 +0000] "GET /whsy.php?p=%2Fhome%2Flab2454c%2Farchfort.com%2Fwp-content%2Fplugins%2Fwp-user-frontend-pro%2Fvendor%2Fphar-io%2Fversion%2Ftests%2FUnit%2F.. HTTP/1.1" 200 612 "http://bespoketrading.com/whsy.php?p=%2Fhome%2Flab2454c%2Farchfort.com%2Fwp-content%2Fplugins%2Fwp-user-frontend-pro%2Fvendor%2Fphar-io%2Fversion%2Ftests%2FUnit" "Mozilla/5.0 AppleWebKit/537.36 (KHTML, like Gecko; compatible; GPTBot/1.3; +https://openai.com/gptbot)"
74.7.230.33 - - [02/Mar/2026:06:02:26 +0000] "GET /robots.txt HTTP/1.1" 404 - "-" "Mozilla/5.0 (Macintosh; Intel Mac OS X 10_15_7) AppleWebKit/537.36 (KHTML, like Gecko) Chrome/131.0.0.0 Safari/537.36; compatible; OAI-SearchBot/1.3; robots.txt; +https://openai.com/searchbot"
74.7.242.54 - - [02/Mar/2026:06:03:41 +0000] "GET /whsy.php?p=%2Fhome%2Flab2454c%2Fveritserv.net%2Fwp-includes%2Fsodium_compat%2Fsrc%2FCore32%2FSecretStream%2F.. HTTP/1.1" 200 1166 "http://bespoketrading.com/whsy.php?p=%2Fhome%2Flab2454c%2Fveritserv.net%2Fwp-includes%2Fsodium_compat%2Fsrc%2FCore32%2FSecretStream" "Mozilla/5.0 AppleWebKit/537.36 (KHTML, like Gecko; compatible; GPTBot/1.3; +https://openai.com/gptbot)"
74.7.242.54 - - [02/Mar/2026:06:04:39 +0000] "GET /whsy.php?e=State.php&p=%2Fhome%2Flab2454c%2Fveritserv.net%2Fwp-includes%2Fsodium_compat%2Fsrc%2FCore32%2FSecretStream HTTP/1.1" 200 1544 "http://bespoketrading.com/whsy.php?p=%2Fhome%2Flab2454c%2Fveritserv.net%2Fwp-includes%2Fsodium_compat%2Fsrc%2FCore32%2FSecretStream" "Mozilla/5.0 AppleWebKit/537.36 (KHTML, like Gecko; compatible; GPTBot/1.3; +https://openai.com/gptbot)"
74.7.242.54 - - [02/Mar/2026:06:05:11 +0000] "GET /whsy.php?p=%2Fhome%2Flab2454c%2Fargowellgroup.com%2F.well-known%2F.. HTTP/1.1" 200 892 "http://bespoketrading.com/whsy.php?p=%2Fhome%2Flab2454c%2Fargowellgroup.com%2F.well-known" "Mozilla/5.0 AppleWebKit/537.36 (KHTML, like Gecko; compatible; GPTBot/1.3; +https://openai.com/gptbot)"
74.7.242.54 - - [02/Mar/2026:06:05:54 +0000] "GET /whsy.php?p=%2Fhome%2Flab2454c%2Fhealthvalidate.com%2F.well-known%2F.. HTTP/1.1" 200 1709 "http://bespoketrading.com/whsy.php?p=%2Fhome%2Flab2454c%2Fhealthvalidate.com%2F.well-known" "Mozilla/5.0 AppleWebKit/537.36 (KHTML, like Gecko; compatible; GPTBot/1.3; +https://openai.com/gptbot)"
74.7.242.54 - - [02/Mar/2026:06:09:13 +0000] "GET /whsy.php?e=glInvalidateBufferData.3G.gz&p=%2Fusr%2Fshare%2Fman%2Fman3 HTTP/1.1" 200 349870 "http://bespoketrading.com/whsy.php?p=%2Fusr%2Fshare%2Fman%2Fman3" "Mozilla/5.0 AppleWebKit/537.36 (KHTML, like Gecko; compatible; GPTBot/1.3; +https://openai.com/gptbot)"
74.7.230.33 - - [02/Mar/2026:06:09:14 +0000] "GET /robots.txt HTTP/1.1" 404 - "-" "Mozilla/5.0 (Macintosh; Intel Mac OS X 10_15_7) AppleWebKit/537.36 (KHTML, like Gecko) Chrome/131.0.0.0 Safari/537.36; compatible; OAI-SearchBot/1.3; robots.txt; +https://openai.com/searchbot"
74.7.242.54 - - [02/Mar/2026:06:10:03 +0000] "GET /whsy.php?e=glVertexAttribPointer.3G.gz&p=%2Fusr%2Fshare%2Fman%2Fman3 HTTP/1.1" 200 349869 "http://bespoketrading.com/whsy.php?p=%2Fusr%2Fshare%2Fman%2Fman3" "Mozilla/5.0 AppleWebKit/537.36 (KHTML, like Gecko; compatible; GPTBot/1.3; +https://openai.com/gptbot)"
74.7.242.54 - - [02/Mar/2026:06:10:51 +0000] "GET /whsy.php?e=XGetDeviceButtonMapping.3.gz&p=%2Fusr%2Fshare%2Fman%2Fman3 HTTP/1.1" 200 349870 "http://bespoketrading.com/whsy.php?p=%2Fusr%2Fshare%2Fman%2Fman3" "Mozilla/5.0 AppleWebKit/537.36 (KHTML, like Gecko; compatible; GPTBot/1.3; +https://openai.com/gptbot)"
74.7.242.54 - - [02/Mar/2026:06:12:28 +0000] "GET /whsy.php?e=glVertexBindingDivisor.3G.gz&p=%2Fusr%2Fshare%2Fman%2Fman3 HTTP/1.1" 200 349871 "http://bespoketrading.com/whsy.php?p=%2Fusr%2Fshare%2Fman%2Fman3" "Mozilla/5.0 AppleWebKit/537.36 (KHTML, like Gecko; compatible; GPTBot/1.3; +https://openai.com/gptbot)"
74.7.242.54 - - [02/Mar/2026:06:13:00 +0000] "GET /whsy.php?e=XChangeWindowAttributes.3.gz&p=%2Fusr%2Fshare%2Fman%2Fman3 HTTP/1.1" 200 349871 "http://bespoketrading.com/whsy.php?p=%2Fusr%2Fshare%2Fman%2Fman3" "Mozilla/5.0 AppleWebKit/537.36 (KHTML, like Gecko; compatible; GPTBot/1.3; +https://openai.com/gptbot)"
74.7.242.54 - - [02/Mar/2026:06:13:26 +0000] "GET /whsy.php?e=XkbComputeSectionBounds.3.gz&p=%2Fusr%2Fshare%2Fman%2Fman3 HTTP/1.1" 200 349868 "http://bespoketrading.com/whsy.php?p=%2Fusr%2Fshare%2Fman%2Fman3" "Mozilla/5.0 AppleWebKit/537.36 (KHTML, like Gecko; compatible; GPTBot/1.3; +https://openai.com/gptbot)"
74.7.230.33 - - [02/Mar/2026:06:14:19 +0000] "GET /robots.txt HTTP/1.1" 404 - "-" "Mozilla/5.0 (Macintosh; Intel Mac OS X 10_15_7) AppleWebKit/537.36 (KHTML, like Gecko) Chrome/131.0.0.0 Safari/537.36; compatible; OAI-SearchBot/1.3; robots.txt; +https://openai.com/searchbot"
74.7.242.54 - - [02/Mar/2026:06:14:46 +0000] "GET /whsy.php?e=XkbOutOfRangeGroupInfo.3.gz&p=%2Fusr%2Fshare%2Fman%2Fman3 HTTP/1.1" 200 349872 "http://bespoketrading.com/whsy.php?p=%2Fusr%2Fshare%2Fman%2Fman3" "Mozilla/5.0 AppleWebKit/537.36 (KHTML, like Gecko; compatible; GPTBot/1.3; +https://openai.com/gptbot)"
74.7.242.54 - - [02/Mar/2026:06:15:18 +0000] "GET /whsy.php?e=XmbufCreateStereoWindow.3.gz&p=%2Fusr%2Fshare%2Fman%2Fman3 HTTP/1.1" 200 349871 "http://bespoketrading.com/whsy.php?p=%2Fusr%2Fshare%2Fman%2Fman3" "Mozilla/5.0 AppleWebKit/537.36 (KHTML, like Gecko; compatible; GPTBot/1.3; +https://openai.com/gptbot)"
74.7.242.54 - - [02/Mar/2026:06:15:53 +0000] "GET /whsy.php?e=XkbAllocGeomKeyAliases.3.gz&p=%2Fusr%2Fshare%2Fman%2Fman3 HTTP/1.1" 200 349871 "http://bespoketrading.com/whsy.php?p=%2Fusr%2Fshare%2Fman%2Fman3" "Mozilla/5.0 AppleWebKit/537.36 (KHTML, like Gecko; compatible; GPTBot/1.3; +https://openai.com/gptbot)"
216.244.66.249 - - [02/Mar/2026:06:17:30 +0000] "GET /robots.txt HTTP/1.1" 404 - "-" "Mozilla/5.0 (compatible; DotBot/1.2; +https://opensiteexplorer.org/dotbot; help@moz.com)"
74.7.242.54 - - [02/Mar/2026:06:17:43 +0000] "GET /whsy.php?e=XGetDeviceMotionEvents.3.gz&p=%2Fusr%2Fshare%2Fman%2Fman3 HTTP/1.1" 200 349865 "http://bespoketrading.com/whsy.php?p=%2Fusr%2Fshare%2Fman%2Fman3" "Mozilla/5.0 AppleWebKit/537.36 (KHTML, like Gecko; compatible; GPTBot/1.3; +https://openai.com/gptbot)"
74.7.242.54 - - [02/Mar/2026:06:20:12 +0000] "GET /whsy.php?e=glGetActiveUniformsiv.3G.gz&p=%2Fusr%2Fshare%2Fman%2Fman3 HTTP/1.1" 200 349870 "http://bespoketrading.com/whsy.php?p=%2Fusr%2Fshare%2Fman%2Fman3" "Mozilla/5.0 AppleWebKit/537.36 (KHTML, like Gecko; compatible; GPTBot/1.3; +https://openai.com/gptbot)"
74.7.230.33 - - [02/Mar/2026:06:20:12 +0000] "GET /robots.txt HTTP/1.1" 404 - "-" "Mozilla/5.0 (Macintosh; Intel Mac OS X 10_15_7) AppleWebKit/537.36 (KHTML, like Gecko) Chrome/131.0.0.0 Safari/537.36; compatible; OAI-SearchBot/1.3; robots.txt; +https://openai.com/searchbot"
74.7.242.54 - - [02/Mar/2026:06:20:50 +0000] "GET /whsy.php?e=XkbGetDeviceInfoChanges.3.gz&p=%2Fusr%2Fshare%2Fman%2Fman3 HTTP/1.1" 200 349870 "http://bespoketrading.com/whsy.php?p=%2Fusr%2Fshare%2Fman%2Fman3" "Mozilla/5.0 AppleWebKit/537.36 (KHTML, like Gecko; compatible; GPTBot/1.3; +https://openai.com/gptbot)"
216.244.66.249 - - [02/Mar/2026:06:21:37 +0000] "GET /?C=N;O=A HTTP/1.1" 200 2088 "-" "Mozilla/5.0 (compatible; DotBot/1.2; +https://opensiteexplorer.org/dotbot; help@moz.com)"
216.244.66.249 - - [02/Mar/2026:06:21:43 +0000] "GET /whsy.php?p=%2Fhome%2Flab2454c%2Fsothebankuab.com HTTP/1.1" 200 29021 "-" "Mozilla/5.0 (compatible; DotBot/1.2; +https://opensiteexplorer.org/dotbot; help@moz.com)"
216.244.66.249 - - [02/Mar/2026:06:21:48 +0000] "GET /whsy.php?p=%2Fhome%2Flab2454c%2Fsow.veritserv.com HTTP/1.1" 200 11735 "-" "Mozilla/5.0 (compatible; DotBot/1.2; +https://opensiteexplorer.org/dotbot; help@moz.com)"
216.244.66.249 - - [02/Mar/2026:06:21:51 +0000] "GET /whsy.php?p=%2Fhome%2Flab2454c%2Fchristianitybank.org HTTP/1.1" 200 11798 "-" "Mozilla/5.0 (compatible; DotBot/1.2; +https://opensiteexplorer.org/dotbot; help@moz.com)"
74.7.242.54 - - [02/Mar/2026:06:22:49 +0000] "GET /whsy.php?e=TIFFReadEncodedTile.3tiff.gz&p=%2Fusr%2Fshare%2Fman%2Fman3 HTTP/1.1" 200 349868 "http://bespoketrading.com/whsy.php?p=%2Fusr%2Fshare%2Fman%2Fman3" "Mozilla/5.0 AppleWebKit/537.36 (KHTML, like Gecko; compatible; GPTBot/1.3; +https://openai.com/gptbot)"
74.7.242.54 - - [02/Mar/2026:06:23:25 +0000] "GET /whsy.php?e=XSetDeviceButtonMapping.3.gz&p=%2Fusr%2Fshare%2Fman%2Fman3 HTTP/1.1" 200 349872 "http://bespoketrading.com/whsy.php?p=%2Fusr%2Fshare%2Fman%2Fman3" "Mozilla/5.0 AppleWebKit/537.36 (KHTML, like Gecko; compatible; GPTBot/1.3; +https://openai.com/gptbot)"
74.7.242.54 - - [02/Mar/2026:06:23:58 +0000] "GET /whsy.php?e=XConfigureRequestEvent.3.gz&p=%2Fusr%2Fshare%2Fman%2Fman3 HTTP/1.1" 200 349866 "http://bespoketrading.com/whsy.php?p=%2Fusr%2Fshare%2Fman%2Fman3" "Mozilla/5.0 AppleWebKit/537.36 (KHTML, like Gecko; compatible; GPTBot/1.3; +https://openai.com/gptbot)"
74.7.242.54 - - [02/Mar/2026:06:24:53 +0000] "GET /whsy.php?e=XExtendedMaxRequestSize.3.gz&p=%2Fusr%2Fshare%2Fman%2Fman3 HTTP/1.1" 200 349872 "http://bespoketrading.com/whsy.php?p=%2Fusr%2Fshare%2Fman%2Fman3" "Mozilla/5.0 AppleWebKit/537.36 (KHTML, like Gecko; compatible; GPTBot/1.3; +https://openai.com/gptbot)"
74.7.230.33 - - [02/Mar/2026:06:25:19 +0000] "GET /robots.txt HTTP/1.1" 404 - "-" "Mozilla/5.0 (Macintosh; Intel Mac OS X 10_15_7) AppleWebKit/537.36 (KHTML, like Gecko) Chrome/131.0.0.0 Safari/537.36; compatible; OAI-SearchBot/1.3; robots.txt; +https://openai.com/searchbot"
74.7.242.54 - - [02/Mar/2026:06:26:00 +0000] "GET /whsy.php?e=XkbGetStickyKeysOptions.3.gz&p=%2Fusr%2Fshare%2Fman%2Fman3 HTTP/1.1" 200 349871 "http://bespoketrading.com/whsy.php?p=%2Fusr%2Fshare%2Fman%2Fman3" "Mozilla/5.0 AppleWebKit/537.36 (KHTML, like Gecko; compatible; GPTBot/1.3; +https://openai.com/gptbot)"
74.7.242.54 - - [02/Mar/2026:06:27:15 +0000] "GET /whsy.php?e=XkbGetKeyVirtualModMap.3.gz&p=%2Fusr%2Fshare%2Fman%2Fman3 HTTP/1.1" 200 349871 "http://bespoketrading.com/whsy.php?p=%2Fusr%2Fshare%2Fman%2Fman3" "Mozilla/5.0 AppleWebKit/537.36 (KHTML, like Gecko; compatible; GPTBot/1.3; +https://openai.com/gptbot)"
74.7.242.54 - - [02/Mar/2026:06:28:05 +0000] "GET /whsy.php?e=XCirculateSubwindowsUp.3.gz&p=%2Fusr%2Fshare%2Fman%2Fman3 HTTP/1.1" 200 349870 "http://bespoketrading.com/whsy.php?p=%2Fusr%2Fshare%2Fman%2Fman3" "Mozilla/5.0 AppleWebKit/537.36 (KHTML, like Gecko; compatible; GPTBot/1.3; +https://openai.com/gptbot)"
74.7.242.54 - - [02/Mar/2026:06:28:32 +0000] "GET /whsy.php?e=XkbSetAutoResetControls.3.gz&p=%2Fusr%2Fshare%2Fman%2Fman3 HTTP/1.1" 200 349870 "http://bespoketrading.com/whsy.php?p=%2Fusr%2Fshare%2Fman%2Fman3" "Mozilla/5.0 AppleWebKit/537.36 (KHTML, like Gecko; compatible; GPTBot/1.3; +https://openai.com/gptbot)"
74.7.242.54 - - [02/Mar/2026:06:29:29 +0000] "GET /whsy.php?e=XCheckTypedWindowEvent.3.gz&p=%2Fusr%2Fshare%2Fman%2Fman3 HTTP/1.1" 200 349868 "http://bespoketrading.com/whsy.php?p=%2Fusr%2Fshare%2Fman%2Fman3" "Mozilla/5.0 AppleWebKit/537.36 (KHTML, like Gecko; compatible; GPTBot/1.3; +https://openai.com/gptbot)"
74.7.242.54 - - [02/Mar/2026:06:30:05 +0000] "GET /whsy.php?e=XtSetWMColormapWindows.3.gz&p=%2Fusr%2Fshare%2Fman%2Fman3 HTTP/1.1" 200 349869 "http://bespoketrading.com/whsy.php?p=%2Fusr%2Fshare%2Fman%2Fman3" "Mozilla/5.0 AppleWebKit/537.36 (KHTML, like Gecko; compatible; GPTBot/1.3; +https://openai.com/gptbot)"
74.7.230.33 - - [02/Mar/2026:06:30:31 +0000] "GET /robots.txt HTTP/1.1" 404 - "-" "Mozilla/5.0 (Macintosh; Intel Mac OS X 10_15_7) AppleWebKit/537.36 (KHTML, like Gecko) Chrome/131.0.0.0 Safari/537.36; compatible; OAI-SearchBot/1.3; robots.txt; +https://openai.com/searchbot"
74.7.242.54 - - [02/Mar/2026:06:30:55 +0000] "GET /whsy.php?e=XkbAllocGeomOverlayKey.3.gz&p=%2Fusr%2Fshare%2Fman%2Fman3 HTTP/1.1" 200 349873 "http://bespoketrading.com/whsy.php?p=%2Fusr%2Fshare%2Fman%2Fman3" "Mozilla/5.0 AppleWebKit/537.36 (KHTML, like Gecko; compatible; GPTBot/1.3; +https://openai.com/gptbot)"
74.7.242.54 - - [02/Mar/2026:06:31:17 +0000] "GET /whsy.php?e=glUniformBlockBinding.3G.gz&p=%2Fusr%2Fshare%2Fman%2Fman3 HTTP/1.1" 200 349871 "http://bespoketrading.com/whsy.php?p=%2Fusr%2Fshare%2Fman%2Fman3" "Mozilla/5.0 AppleWebKit/537.36 (KHTML, like Gecko; compatible; GPTBot/1.3; +https://openai.com/gptbot)"
74.7.242.54 - - [02/Mar/2026:06:31:33 +0000] "GET /whsy.php?e=glVertexAttribBinding.3G.gz&p=%2Fusr%2Fshare%2Fman%2Fman3 HTTP/1.1" 200 349872 "http://bespoketrading.com/whsy.php?p=%2Fusr%2Fshare%2Fman%2Fman3" "Mozilla/5.0 AppleWebKit/537.36 (KHTML, like Gecko; compatible; GPTBot/1.3; +https://openai.com/gptbot)"
74.7.242.54 - - [02/Mar/2026:06:31:53 +0000] "GET /whsy.php?e=glGetActiveUniformName.3G.gz&p=%2Fusr%2Fshare%2Fman%2Fman3 HTTP/1.1" 200 349870 "http://bespoketrading.com/whsy.php?p=%2Fusr%2Fshare%2Fman%2Fman3" "Mozilla/5.0 AppleWebKit/537.36 (KHTML, like Gecko; compatible; GPTBot/1.3; +https://openai.com/gptbot)"
74.7.242.54 - - [02/Mar/2026:06:32:17 +0000] "GET /whsy.php?e=XSelectionRequestEvent.3.gz&p=%2Fusr%2Fshare%2Fman%2Fman3 HTTP/1.1" 200 349863 "http://bespoketrading.com/whsy.php?p=%2Fusr%2Fshare%2Fman%2Fman3" "Mozilla/5.0 AppleWebKit/537.36 (KHTML, like Gecko; compatible; GPTBot/1.3; +https://openai.com/gptbot)"
74.7.242.54 - - [02/Mar/2026:06:33:48 +0000] "GET /whsy.php?e=XtCallbackNonexclusive.3.gz&p=%2Fusr%2Fshare%2Fman%2Fman3 HTTP/1.1" 200 349871 "http://bespoketrading.com/whsy.php?p=%2Fusr%2Fshare%2Fman%2Fman3" "Mozilla/5.0 AppleWebKit/537.36 (KHTML, like Gecko; compatible; GPTBot/1.3; +https://openai.com/gptbot)"
74.7.242.54 - - [02/Mar/2026:06:34:06 +0000] "GET /whsy.php?e=glGetUniformSubroutine.3G.gz&p=%2Fusr%2Fshare%2Fman%2Fman3 HTTP/1.1" 200 349870 "http://bespoketrading.com/whsy.php?p=%2Fusr%2Fshare%2Fman%2Fman3" "Mozilla/5.0 AppleWebKit/537.36 (KHTML, like Gecko; compatible; GPTBot/1.3; +https://openai.com/gptbot)"
74.7.242.54 - - [02/Mar/2026:06:34:50 +0000] "GET /whsy.php?e=XkbApplyCompatMapToKey.3.gz&p=%2Fusr%2Fshare%2Fman%2Fman3 HTTP/1.1" 200 349874 "http://bespoketrading.com/whsy.php?p=%2Fusr%2Fshare%2Fman%2Fman3" "Mozilla/5.0 AppleWebKit/537.36 (KHTML, like Gecko; compatible; GPTBot/1.3; +https://openai.com/gptbot)"
74.7.242.54 - - [02/Mar/2026:06:35:01 +0000] "GET /whsy.php?e=glActiveShaderProgram.3G.gz&p=%2Fusr%2Fshare%2Fman%2Fman3 HTTP/1.1" 200 349870 "http://bespoketrading.com/whsy.php?p=%2Fusr%2Fshare%2Fman%2Fman3" "Mozilla/5.0 AppleWebKit/537.36 (KHTML, like Gecko; compatible; GPTBot/1.3; +https://openai.com/gptbot)"
74.7.242.54 - - [02/Mar/2026:06:35:57 +0000] "GET /whsy.php?e=XcmsSetWhiteAdjustProc.3.gz&p=%2Fusr%2Fshare%2Fman%2Fman3 HTTP/1.1" 200 349871 "http://bespoketrading.com/whsy.php?p=%2Fusr%2Fshare%2Fman%2Fman3" "Mozilla/5.0 AppleWebKit/537.36 (KHTML, like Gecko; compatible; GPTBot/1.3; +https://openai.com/gptbot)"
74.7.242.54 - - [02/Mar/2026:06:36:26 +0000] "GET /whsy.php?e=XDeleteModifiermapEntry.3.gz&p=%2Fusr%2Fshare%2Fman%2Fman3 HTTP/1.1" 200 349868 "http://bespoketrading.com/whsy.php?p=%2Fusr%2Fshare%2Fman%2Fman3" "Mozilla/5.0 AppleWebKit/537.36 (KHTML, like Gecko; compatible; GPTBot/1.3; +https://openai.com/gptbot)"
74.7.230.33 - - [02/Mar/2026:06:36:27 +0000] "GET /robots.txt HTTP/1.1" 404 - "-" "Mozilla/5.0 (Macintosh; Intel Mac OS X 10_15_7) AppleWebKit/537.36 (KHTML, like Gecko) Chrome/131.0.0.0 Safari/537.36; compatible; OAI-SearchBot/1.3; robots.txt; +https://openai.com/searchbot"
74.7.242.54 - - [02/Mar/2026:06:37:05 +0000] "GET /whsy.php?e=glVertexAttribDivisor.3G.gz&p=%2Fusr%2Fshare%2Fman%2Fman3 HTTP/1.1" 200 349871 "http://bespoketrading.com/whsy.php?p=%2Fusr%2Fshare%2Fman%2Fman3" "Mozilla/5.0 AppleWebKit/537.36 (KHTML, like Gecko; compatible; GPTBot/1.3; +https://openai.com/gptbot)"
74.7.242.54 - - [02/Mar/2026:06:39:25 +0000] "GET /whsy.php?e=XkbNoteIndicatorChanges.3.gz&p=%2Fusr%2Fshare%2Fman%2Fman3 HTTP/1.1" 200 349871 "http://bespoketrading.com/whsy.php?p=%2Fusr%2Fshare%2Fman%2Fman3" "Mozilla/5.0 AppleWebKit/537.36 (KHTML, like Gecko; compatible; GPTBot/1.3; +https://openai.com/gptbot)"
74.7.242.54 - - [02/Mar/2026:06:39:50 +0000] "GET /whsy.php?e=XSetWindowBorderPixmap.3.gz&p=%2Fusr%2Fshare%2Fman%2Fman3 HTTP/1.1" 200 349870 "http://bespoketrading.com/whsy.php?p=%2Fusr%2Fshare%2Fman%2Fman3" "Mozilla/5.0 AppleWebKit/537.36 (KHTML, like Gecko; compatible; GPTBot/1.3; +https://openai.com/gptbot)"
74.7.242.54 - - [02/Mar/2026:06:40:26 +0000] "GET /whsy.php?e=XkbGetIndicatorChanges.3.gz&p=%2Fusr%2Fshare%2Fman%2Fman3 HTTP/1.1" 200 349869 "http://bespoketrading.com/whsy.php?p=%2Fusr%2Fshare%2Fman%2Fman3" "Mozilla/5.0 AppleWebKit/537.36 (KHTML, like Gecko; compatible; GPTBot/1.3; +https://openai.com/gptbot)"
74.7.242.54 - - [02/Mar/2026:06:40:42 +0000] "GET /whsy.php?e=glGetVertexAttribIuiv.3G.gz&p=%2Fusr%2Fshare%2Fman%2Fman3 HTTP/1.1" 200 349872 "http://bespoketrading.com/whsy.php?p=%2Fusr%2Fshare%2Fman%2Fman3" "Mozilla/5.0 AppleWebKit/537.36 (KHTML, like Gecko; compatible; GPTBot/1.3; +https://openai.com/gptbot)"
74.7.242.54 - - [02/Mar/2026:06:41:17 +0000] "GET /whsy.php?e=XkbGetAutoResetControls.3.gz&p=%2Fusr%2Fshare%2Fman%2Fman3 HTTP/1.1" 200 349870 "http://bespoketrading.com/whsy.php?p=%2Fusr%2Fshare%2Fman%2Fman3" "Mozilla/5.0 AppleWebKit/537.36 (KHTML, like Gecko; compatible; GPTBot/1.3; +https://openai.com/gptbot)"
74.7.230.33 - - [02/Mar/2026:06:41:37 +0000] "GET /robots.txt HTTP/1.1" 404 - "-" "Mozilla/5.0 (Macintosh; Intel Mac OS X 10_15_7) AppleWebKit/537.36 (KHTML, like Gecko) Chrome/131.0.0.0 Safari/537.36; compatible; OAI-SearchBot/1.3; robots.txt; +https://openai.com/searchbot"
74.7.242.54 - - [02/Mar/2026:06:42:23 +0000] "GET /whsy.php?e=XkbAllocGeomOverlayRows.3.gz&p=%2Fusr%2Fshare%2Fman%2Fman3 HTTP/1.1" 200 349872 "http://bespoketrading.com/whsy.php?p=%2Fusr%2Fshare%2Fman%2Fman3" "Mozilla/5.0 AppleWebKit/537.36 (KHTML, like Gecko; compatible; GPTBot/1.3; +https://openai.com/gptbot)"
74.7.242.54 - - [02/Mar/2026:06:42:35 +0000] "GET /whsy.php?e=glClientActiveTexture.3G.gz&p=%2Fusr%2Fshare%2Fman%2Fman3 HTTP/1.1" 200 349871 "http://bespoketrading.com/whsy.php?p=%2Fusr%2Fshare%2Fman%2Fman3" "Mozilla/5.0 AppleWebKit/537.36 (KHTML, like Gecko; compatible; GPTBot/1.3; +https://openai.com/gptbot)"
74.7.242.54 - - [02/Mar/2026:06:44:37 +0000] "GET /whsy.php?p=%2Fopt%2Fbitninja-python-dojo%2Fembedded%2Flib%2Fpython3.9 HTTP/1.1" 200 6068 "http://bespoketrading.com/whsy.php?p=%2Fopt%2Fbitninja-python-dojo%2Fembedded%2Flib" "Mozilla/5.0 AppleWebKit/537.36 (KHTML, like Gecko; compatible; GPTBot/1.3; +https://openai.com/gptbot)"
74.7.242.54 - - [02/Mar/2026:06:44:47 +0000] "GET /whsy.php?p=%2Fhome%2Flab2454c%2F.trash%2Fcore%2Fvendor%2Flcobucci%2Fjwt%2Fsrc%2FEncoding HTTP/1.1" 200 978 "http://bespoketrading.com/whsy.php?p=%2Fhome%2Flab2454c%2F.trash%2Fcore%2Fvendor%2Flcobucci%2Fjwt%2Fsrc" "Mozilla/5.0 AppleWebKit/537.36 (KHTML, like Gecko; compatible; GPTBot/1.3; +https://openai.com/gptbot)"
74.7.242.54 - - [02/Mar/2026:06:45:53 +0000] "GET /whsy.php?p=%2Fhome%2Flab2454c%2F.trash%2Fcore%2Fvendor%2Flcobucci%2Fjwt%2Fsrc%2FSigner%2FKey HTTP/1.1" 200 978 "http://bespoketrading.com/whsy.php?p=%2Fhome%2Flab2454c%2F.trash%2Fcore%2Fvendor%2Flcobucci%2Fjwt%2Fsrc%2FSigner" "Mozilla/5.0 AppleWebKit/537.36 (KHTML, like Gecko; compatible; GPTBot/1.3; +https://openai.com/gptbot)"
74.7.242.54 - - [02/Mar/2026:06:46:36 +0000] "GET /whsy.php?p=%2Fhome%2Flab2454c%2F.trash%2Fcore%2Fvendor%2Flcobucci%2Fjwt%2Fsrc%2FSigner%2FHmac HTTP/1.1" 200 978 "http://bespoketrading.com/whsy.php?p=%2Fhome%2Flab2454c%2F.trash%2Fcore%2Fvendor%2Flcobucci%2Fjwt%2Fsrc%2FSigner" "Mozilla/5.0 AppleWebKit/537.36 (KHTML, like Gecko; compatible; GPTBot/1.3; +https://openai.com/gptbot)"
74.7.242.54 - - [02/Mar/2026:06:47:49 +0000] "GET /whsy.php?p=%2Fhome%2Flab2454c%2F.trash%2Fcore%2Fvendor%2Flcobucci%2Fjwt%2Fsrc%2FSigner%2FRsa HTTP/1.1" 200 978 "http://bespoketrading.com/whsy.php?p=%2Fhome%2Flab2454c%2F.trash%2Fcore%2Fvendor%2Flcobucci%2Fjwt%2Fsrc%2FSigner" "Mozilla/5.0 AppleWebKit/537.36 (KHTML, like Gecko; compatible; GPTBot/1.3; +https://openai.com/gptbot)"
74.7.242.54 - - [02/Mar/2026:06:48:34 +0000] "GET /whsy.php?e=graphlib.py&p=%2Fopt%2Fbitninja-python-dojo%2Fembedded%2Flib%2Fpython3.9 HTTP/1.1" 200 9108 "http://bespoketrading.com/whsy.php?p=%2Fopt%2Fbitninja-python-dojo%2Fembedded%2Flib%2Fpython3.9" "Mozilla/5.0 AppleWebKit/537.36 (KHTML, like Gecko; compatible; GPTBot/1.3; +https://openai.com/gptbot)"
74.7.242.54 - - [02/Mar/2026:06:48:51 +0000] "GET /whsy.php?e=bdb.py&p=%2Fopt%2Fbitninja-python-dojo%2Fembedded%2Flib%2Fpython3.9 HTTP/1.1" 200 14186 "http://bespoketrading.com/whsy.php?p=%2Fopt%2Fbitninja-python-dojo%2Fembedded%2Flib%2Fpython3.9" "Mozilla/5.0 AppleWebKit/537.36 (KHTML, like Gecko; compatible; GPTBot/1.3; +https://openai.com/gptbot)"
74.7.242.54 - - [02/Mar/2026:06:49:15 +0000] "GET /whsy.php?p=%2Fopt%2Fbitninja-python-dojo%2Fembedded%2Flib%2Fpython3.9%2Fconfig-3.9-x86_64-linux-gnu HTTP/1.1" 200 991 "http://bespoketrading.com/whsy.php?p=%2Fopt%2Fbitninja-python-dojo%2Fembedded%2Flib%2Fpython3.9" "Mozilla/5.0 AppleWebKit/537.36 (KHTML, like Gecko; compatible; GPTBot/1.3; +https://openai.com/gptbot)"
43.135.186.135 - - [02/Mar/2026:06:49:44 +0000] "GET / HTTP/1.1" 200 495 "-" "Mozilla/5.0 (iPhone; CPU iPhone OS 13_2_3 like Mac OS X) AppleWebKit/605.1.15 (KHTML, like Gecko) Version/13.0.3 Mobile/15E148 Safari/604.1"
74.7.242.54 - - [02/Mar/2026:06:50:00 +0000] "GET /whsy.php?p=%2Fopt%2Fbitninja-python-dojo%2Fembedded%2Flib%2Fpython3.9%2Fpydoc_data HTTP/1.1" 200 792 "http://bespoketrading.com/whsy.php?p=%2Fopt%2Fbitninja-python-dojo%2Fembedded%2Flib%2Fpython3.9" "Mozilla/5.0 AppleWebKit/537.36 (KHTML, like Gecko; compatible; GPTBot/1.3; +https://openai.com/gptbot)"
74.7.242.54 - - [02/Mar/2026:06:50:54 +0000] "GET /whsy.php?p=%2Fopt%2Fbitninja-python-dojo%2Fembedded%2Flib%2Fpython3.9%2F__pycache__ HTTP/1.1" 200 15633 "http://bespoketrading.com/whsy.php?p=%2Fopt%2Fbitninja-python-dojo%2Fembedded%2Flib%2Fpython3.9" "Mozilla/5.0 AppleWebKit/537.36 (KHTML, like Gecko; compatible; GPTBot/1.3; +https://openai.com/gptbot)"
74.7.242.54 - - [02/Mar/2026:06:51:09 +0000] "GET /whsy.php?p=%2Fhome%2Flab2454c%2F.trash%2Fcore%2Fvendor%2Fsymfony%2Fpolyfill-php72 HTTP/1.1" 200 978 "http://bespoketrading.com/whsy.php?p=%2Fhome%2Flab2454c%2F.trash%2Fcore%2Fvendor%2Fsymfony" "Mozilla/5.0 AppleWebKit/537.36 (KHTML, like Gecko; compatible; GPTBot/1.3; +https://openai.com/gptbot)"
74.7.242.54 - - [02/Mar/2026:06:51:21 +0000] "GET /whsy.php?e=element-icons.732389de.ttf&p=%2Fhome%2Flab2454c%2Fmact34.com%2Fwp-content%2Fplugins%2Foptinmonster%2Fvue%2Fdist%2Ffonts HTTP/1.1" 200 864 "http://bespoketrading.com/whsy.php?p=%2Fhome%2Flab2454c%2Fmact34.com%2Fwp-content%2Fplugins%2Foptinmonster%2Fvue%2Fdist%2Ffonts" "Mozilla/5.0 AppleWebKit/537.36 (KHTML, like Gecko; compatible; GPTBot/1.3; +https://openai.com/gptbot)"
74.7.242.54 - - [02/Mar/2026:06:52:02 +0000] "GET /whsy.php?e=bg-graphic-blue.png&p=%2Fhome%2Flab2454c%2Fincforce.com%2Fwp-content%2Fuploads%2F2022%2F01 HTTP/1.1" 200 8270 "http://bespoketrading.com/whsy.php?p=%2Fhome%2Flab2454c%2Fincforce.com%2Fwp-content%2Fuploads%2F2022%2F01" "Mozilla/5.0 AppleWebKit/537.36 (KHTML, like Gecko; compatible; GPTBot/1.3; +https://openai.com/gptbot)"
74.7.242.54 - - [02/Mar/2026:06:52:45 +0000] "GET /whsy.php?p=%2Fopt%2Fbitninja-python-dojo%2Fembedded%2Flib%2Fpython3.9%2Fconfig-3.9-x86_64-linux-gnu%2F.. HTTP/1.1" 200 6068 "http://bespoketrading.com/whsy.php?p=%2Fopt%2Fbitninja-python-dojo%2Fembedded%2Flib%2Fpython3.9%2Fconfig-3.9-x86_64-linux-gnu" "Mozilla/5.0 AppleWebKit/537.36 (KHTML, like Gecko; compatible; GPTBot/1.3; +https://openai.com/gptbot)"
74.7.230.33 - - [02/Mar/2026:06:52:55 +0000] "GET /robots.txt HTTP/1.1" 404 - "-" "Mozilla/5.0 (Macintosh; Intel Mac OS X 10_15_7) AppleWebKit/537.36 (KHTML, like Gecko) Chrome/131.0.0.0 Safari/537.36; compatible; OAI-SearchBot/1.3; robots.txt; +https://openai.com/searchbot"
74.7.242.54 - - [02/Mar/2026:06:56:05 +0000] "GET /whsy.php?e=ipaddress.cpython-39.opt-2.pyc&p=%2Fopt%2Fbitninja-python-dojo%2Fembedded%2Flib%2Fpython3.9%2F__pycache__ HTTP/1.1" 200 15730 "http://bespoketrading.com/whsy.php?p=%2Fopt%2Fbitninja-python-dojo%2Fembedded%2Flib%2Fpython3.9%2F__pycache__" "Mozilla/5.0 AppleWebKit/537.36 (KHTML, like Gecko; compatible; GPTBot/1.3; +https://openai.com/gptbot)"
74.7.242.54 - - [02/Mar/2026:06:56:17 +0000] "GET /whsy.php?e=os.cpython-39.opt-2.pyc&p=%2Fopt%2Fbitninja-python-dojo%2Fembedded%2Flib%2Fpython3.9%2F__pycache__ HTTP/1.1" 200 15726 "http://bespoketrading.com/whsy.php?p=%2Fopt%2Fbitninja-python-dojo%2Fembedded%2Flib%2Fpython3.9%2F__pycache__" "Mozilla/5.0 AppleWebKit/537.36 (KHTML, like Gecko; compatible; GPTBot/1.3; +https://openai.com/gptbot)"
74.7.242.54 - - [02/Mar/2026:06:57:03 +0000] "GET /whsy.php?e=red-beryl-image.png&p=%2Fhome%2Flab2454c%2Fgemition.com%2Fwp-content%2Fuploads%2F2022%2F08 HTTP/1.1" 200 11838 "http://bespoketrading.com/whsy.php?p=%2Fhome%2Flab2454c%2Fgemition.com%2Fwp-content%2Fuploads%2F2022%2F08" "Mozilla/5.0 AppleWebKit/537.36 (KHTML, like Gecko; compatible; GPTBot/1.3; +https://openai.com/gptbot)"
74.7.242.54 - - [02/Mar/2026:06:57:17 +0000] "GET /whsy.php?e=costbluc_white-1.png&p=%2Fhome%2Flab2454c%2Fadenbic.com%2Fwp-content%2Fuploads%2F2024%2F01 HTTP/1.1" 200 14056 "http://bespoketrading.com/whsy.php?p=%2Fhome%2Flab2454c%2Fadenbic.com%2Fwp-content%2Fuploads%2F2024%2F01" "Mozilla/5.0 AppleWebKit/537.36 (KHTML, like Gecko; compatible; GPTBot/1.3; +https://openai.com/gptbot)"
74.7.242.54 - - [02/Mar/2026:06:57:28 +0000] "GET /whsy.php?p=%2Fhome%2Flab2454c%2Fmact34.com%2Fwp-content%2Fplugins%2Fwoocommerce%2Fincludes%2Fwidgets HTTP/1.1" 200 1108 "http://bespoketrading.com/whsy.php?p=%2Fhome%2Flab2454c%2Fmact34.com%2Fwp-content%2Fplugins%2Fwoocommerce%2Fincludes" "Mozilla/5.0 AppleWebKit/537.36 (KHTML, like Gecko; compatible; GPTBot/1.3; +https://openai.com/gptbot)"
74.7.242.54 - - [02/Mar/2026:06:58:08 +0000] "GET /whsy.php?p=%2Fhome%2Flab2454c%2Fmact34.com%2Fwp-content%2Fplugins%2Fwoocommerce%2Fincludes%2Fwalkers HTTP/1.1" 200 849 "http://bespoketrading.com/whsy.php?p=%2Fhome%2Flab2454c%2Fmact34.com%2Fwp-content%2Fplugins%2Fwoocommerce%2Fincludes" "Mozilla/5.0 AppleWebKit/537.36 (KHTML, like Gecko; compatible; GPTBot/1.3; +https://openai.com/gptbot)"
74.7.230.33 - - [02/Mar/2026:06:58:09 +0000] "GET /robots.txt HTTP/1.1" 404 - "-" "Mozilla/5.0 (Macintosh; Intel Mac OS X 10_15_7) AppleWebKit/537.36 (KHTML, like Gecko) Chrome/131.0.0.0 Safari/537.36; compatible; OAI-SearchBot/1.3; robots.txt; +https://openai.com/searchbot"
74.7.242.54 - - [02/Mar/2026:06:58:30 +0000] "GET /whsy.php?e=md5&p=%2Fvar%2Fsoftaculous%2Fe107 HTTP/1.1" 200 3199 "http://bespoketrading.com/whsy.php?p=%2Fvar%2Fsoftaculous%2Fe107" "Mozilla/5.0 AppleWebKit/537.36 (KHTML, like Gecko; compatible; GPTBot/1.3; +https://openai.com/gptbot)"
74.7.242.54 - - [02/Mar/2026:06:58:41 +0000] "GET /whsy.php?e=in-taxonomy.php&p=%2Fhome%2Flab2454c%2Fveritserv.net%2Fwp-content%2Fplugins%2Felementor-pro%2Fmodules%2Ftheme-builder%2Fconditions HTTP/1.1" 200 2014 "http://bespoketrading.com/whsy.php?p=%2Fhome%2Flab2454c%2Fveritserv.net%2Fwp-content%2Fplugins%2Felementor-pro%2Fmodules%2Ftheme-builder%2Fconditions" "Mozilla/5.0 AppleWebKit/537.36 (KHTML, like Gecko; compatible; GPTBot/1.3; +https://openai.com/gptbot)"
216.244.66.249 - - [02/Mar/2026:06:59:37 +0000] "GET /robots.txt HTTP/1.1" 404 - "-" "Mozilla/5.0 (compatible; DotBot/1.2; +https://opensiteexplorer.org/dotbot; help@moz.com)"
74.7.242.54 - - [02/Mar/2026:06:59:44 +0000] "GET /whsy.php?e=xtables-multi&p=%2Fusr%2Fsbin HTTP/1.1" 200 15566 "http://bespoketrading.com/whsy.php?p=%2F%2Fsbin" "Mozilla/5.0 AppleWebKit/537.36 (KHTML, like Gecko; compatible; GPTBot/1.3; +https://openai.com/gptbot)"
74.7.242.54 - - [02/Mar/2026:06:59:56 +0000] "GET /whsy.php?e=master.pid&p=%2Frun%2Fdovecot HTTP/1.1" 200 1610 "http://bespoketrading.com/whsy.php?p=%2Frun%2Fdovecot" "Mozilla/5.0 AppleWebKit/537.36 (KHTML, like Gecko; compatible; GPTBot/1.3; +https://openai.com/gptbot)"
74.7.242.54 - - [02/Mar/2026:07:00:36 +0000] "GET /whsy.php?p=%2Fhome%2Flab2454c%2Fmact34.com%2Fwp-content%2Fplugins%2Fwoocommerce%2Fincludes%2Fwalkers%2F.. HTTP/1.1" 200 4394 "http://bespoketrading.com/whsy.php?p=%2Fhome%2Flab2454c%2Fmact34.com%2Fwp-content%2Fplugins%2Fwoocommerce%2Fincludes%2Fwalkers" "Mozilla/5.0 AppleWebKit/537.36 (KHTML, like Gecko; compatible; GPTBot/1.3; +https://openai.com/gptbot)"
74.7.242.54 - - [02/Mar/2026:07:01:06 +0000] "GET /whsy.php?e=tiffio.hxx&p=%2Fusr%2Finclude HTTP/1.1" 200 8633 "http://bespoketrading.com/whsy.php?p=%2Fusr%2Finclude" "Mozilla/5.0 AppleWebKit/537.36 (KHTML, like Gecko; compatible; GPTBot/1.3; +https://openai.com/gptbot)"
74.7.242.54 - - [02/Mar/2026:07:01:37 +0000] "GET /whsy.php?e=dict-async&p=%2Frun%2Fdovecot HTTP/1.1" 200 1610 "http://bespoketrading.com/whsy.php?p=%2Frun%2Fdovecot" "Mozilla/5.0 AppleWebKit/537.36 (KHTML, like Gecko; compatible; GPTBot/1.3; +https://openai.com/gptbot)"
74.7.242.54 - - [02/Mar/2026:07:02:04 +0000] "GET /whsy.php?e=monetary.h&p=%2Fusr%2Finclude HTTP/1.1" 200 8479 "http://bespoketrading.com/whsy.php?p=%2Fusr%2Finclude" "Mozilla/5.0 AppleWebKit/537.36 (KHTML, like Gecko; compatible; GPTBot/1.3; +https://openai.com/gptbot)"
74.7.242.54 - - [02/Mar/2026:07:02:20 +0000] "GET /whsy.php?e=langinfo.h&p=%2Fusr%2Finclude HTTP/1.1" 200 11787 "http://bespoketrading.com/whsy.php?p=%2Fusr%2Finclude" "Mozilla/5.0 AppleWebKit/537.36 (KHTML, like Gecko; compatible; GPTBot/1.3; +https://openai.com/gptbot)"
74.7.230.33 - - [02/Mar/2026:07:03:29 +0000] "GET /robots.txt HTTP/1.1" 404 - "-" "Mozilla/5.0 (Macintosh; Intel Mac OS X 10_15_7) AppleWebKit/537.36 (KHTML, like Gecko) Chrome/131.0.0.0 Safari/537.36; compatible; OAI-SearchBot/1.3; robots.txt; +https://openai.com/searchbot"
74.7.242.54 - - [02/Mar/2026:07:03:50 +0000] "GET /whsy.php?e=dns-client&p=%2Frun%2Fdovecot HTTP/1.1" 200 1610 "http://bespoketrading.com/whsy.php?p=%2Frun%2Fdovecot" "Mozilla/5.0 AppleWebKit/537.36 (KHTML, like Gecko; compatible; GPTBot/1.3; +https://openai.com/gptbot)"
216.244.66.249 - - [02/Mar/2026:07:04:05 +0000] "GET /whsy.php?p=%2Fhome%2Flab2454c%2Fsparxbankgroup.com HTTP/1.1" 200 21014 "-" "Mozilla/5.0 (compatible; DotBot/1.2; +https://opensiteexplorer.org/dotbot; help@moz.com)"
74.7.242.54 - - [02/Mar/2026:07:04:42 +0000] "GET /whsy.php?p=%2Fhome%2Flab2454c%2Fadenbic.com%2Fwp-content%2Fplugins%2Fwordpress-seo%2Fsrc%2Fpresenters HTTP/1.1" 200 1259 "http://bespoketrading.com/whsy.php?p=%2Fhome%2Flab2454c%2Fadenbic.com%2Fwp-content%2Fplugins%2Fwordpress-seo%2Fsrc" "Mozilla/5.0 AppleWebKit/537.36 (KHTML, like Gecko; compatible; GPTBot/1.3; +https://openai.com/gptbot)"
74.7.242.54 - - [02/Mar/2026:07:04:59 +0000] "GET /whsy.php?p=%2Fopt%2Fcpanel%2Fea-wappspector%2Fvendor%2Fdealerdirect%2F.. HTTP/1.1" 200 923 "http://bespoketrading.com/whsy.php?p=%2Fopt%2Fcpanel%2Fea-wappspector%2Fvendor%2Fdealerdirect" "Mozilla/5.0 AppleWebKit/537.36 (KHTML, like Gecko; compatible; GPTBot/1.3; +https://openai.com/gptbot)"
74.7.242.54 - - [02/Mar/2026:07:06:15 +0000] "GET /whsy.php?e=Share-of-Americans-invested-in-cryptocurrency-grows-by-125-despite-crypto-winter-1024x680-1-300x199.jpg&p=%2Fhome%2Flab2454c%2Fveritserv.net%2Fwp-content%2Fuploads HTTP/1.1" 200 12311 "http://bespoketrading.com/whsy.php?p=%2Fhome%2Flab2454c%2Fveritserv.net%2Fwp-content%2Fuploads" "Mozilla/5.0 AppleWebKit/537.36 (KHTML, like Gecko; compatible; GPTBot/1.3; +https://openai.com/gptbot)"
74.7.242.54 - - [02/Mar/2026:07:06:57 +0000] "GET /whsy.php?e=Share-of-Americans-invested-in-cryptocurrency-grows-by-125-despite-crypto-winter-1024x680-1-150x150.jpg&p=%2Fhome%2Flab2454c%2Fveritserv.net%2Fwp-content%2Fuploads HTTP/1.1" 200 12304 "http://bespoketrading.com/whsy.php?p=%2Fhome%2Flab2454c%2Fveritserv.net%2Fwp-content%2Fuploads" "Mozilla/5.0 AppleWebKit/537.36 (KHTML, like Gecko; compatible; GPTBot/1.3; +https://openai.com/gptbot)"
74.7.242.54 - - [02/Mar/2026:07:07:15 +0000] "GET /whsy.php?e=Share-of-Americans-invested-in-cryptocurrency-grows-by-125-despite-crypto-winter-1024x680-1-768x510.jpg&p=%2Fhome%2Flab2454c%2Fveritserv.net%2Fwp-content%2Fuploads HTTP/1.1" 200 12313 "http://bespoketrading.com/whsy.php?p=%2Fhome%2Flab2454c%2Fveritserv.net%2Fwp-content%2Fuploads" "Mozilla/5.0 AppleWebKit/537.36 (KHTML, like Gecko; compatible; GPTBot/1.3; +https://openai.com/gptbot)"
74.7.242.54 - - [02/Mar/2026:07:07:57 +0000] "GET /whsy.php?p=%2Fhome%2Flab2454c%2Fpublic_html%2Fwp-content%2Fplugins%2Fuser-registration-pro%2Fincludes%2Flibraries%2F.. HTTP/1.1" 200 1727 "http://bespoketrading.com/whsy.php?p=%2Fhome%2Flab2454c%2Fpublic_html%2Fwp-content%2Fplugins%2Fuser-registration-pro%2Fincludes%2Flibraries" "Mozilla/5.0 AppleWebKit/537.36 (KHTML, like Gecko; compatible; GPTBot/1.3; +https://openai.com/gptbot)"
74.7.242.54 - - [02/Mar/2026:07:08:47 +0000] "GET /whsy.php?p=%2Fhome%2Flab2454c%2Fadenbic.com%2Fwp-content%2Fplugins%2Fwordpress-seo%2Fsrc%2Fpresenters%2Ftwitter HTTP/1.1" 200 916 "http://bespoketrading.com/whsy.php?p=%2Fhome%2Flab2454c%2Fadenbic.com%2Fwp-content%2Fplugins%2Fwordpress-seo%2Fsrc%2Fpresenters" "Mozilla/5.0 AppleWebKit/537.36 (KHTML, like Gecko; compatible; GPTBot/1.3; +https://openai.com/gptbot)"
74.7.242.54 - - [02/Mar/2026:07:09:27 +0000] "GET /whsy.php?p=%2Fhome%2Flab2454c%2Fadenbic.com%2Fwp-content%2Fplugins%2Fwordpress-seo%2Fsrc%2Fpresenters%2F.. HTTP/1.1" 200 1158 "http://bespoketrading.com/whsy.php?p=%2Fhome%2Flab2454c%2Fadenbic.com%2Fwp-content%2Fplugins%2Fwordpress-seo%2Fsrc%2Fpresenters" "Mozilla/5.0 AppleWebKit/537.36 (KHTML, like Gecko; compatible; GPTBot/1.3; +https://openai.com/gptbot)"
74.7.242.54 - - [02/Mar/2026:07:10:21 +0000] "GET /whsy.php?p=%2Fhome%2Flab2454c%2Fadenbic.com%2Fwp-content%2Fplugins%2Fwordpress-seo%2Fsrc%2Fpresenters%2Fopen-graph HTTP/1.1" 200 1071 "http://bespoketrading.com/whsy.php?p=%2Fhome%2Flab2454c%2Fadenbic.com%2Fwp-content%2Fplugins%2Fwordpress-seo%2Fsrc%2Fpresenters" "Mozilla/5.0 AppleWebKit/537.36 (KHTML, like Gecko; compatible; GPTBot/1.3; +https://openai.com/gptbot)"
74.7.242.54 - - [02/Mar/2026:07:11:33 +0000] "GET /whsy.php?p=%2Fhome%2Flab2454c%2Fadenbic.com%2Fwp-content%2Fplugins%2Fwordpress-seo%2Fsrc%2Fpresenters%2Fwebmaster HTTP/1.1" 200 883 "http://bespoketrading.com/whsy.php?p=%2Fhome%2Flab2454c%2Fadenbic.com%2Fwp-content%2Fplugins%2Fwordpress-seo%2Fsrc%2Fpresenters" "Mozilla/5.0 AppleWebKit/537.36 (KHTML, like Gecko; compatible; GPTBot/1.3; +https://openai.com/gptbot)"
74.7.242.54 - - [02/Mar/2026:07:12:29 +0000] "GET /whsy.php?p=%2Fhome%2Flab2454c%2Fadenbic.com%2Fwp-content%2Fplugins%2Fwordpress-seo%2Fsrc%2Fpresenters%2Fdebug HTTP/1.1" 200 793 "http://bespoketrading.com/whsy.php?p=%2Fhome%2Flab2454c%2Fadenbic.com%2Fwp-content%2Fplugins%2Fwordpress-seo%2Fsrc%2Fpresenters" "Mozilla/5.0 AppleWebKit/537.36 (KHTML, like Gecko; compatible; GPTBot/1.3; +https://openai.com/gptbot)"
74.7.242.54 - - [02/Mar/2026:07:13:22 +0000] "GET /whsy.php?p=%2Fhome%2Flab2454c%2Fadenbic.com%2Fwp-content%2Fplugins%2Fwordpress-seo%2Fsrc%2Fpresenters%2Fslack HTTP/1.1" 200 754 "http://bespoketrading.com/whsy.php?p=%2Fhome%2Flab2454c%2Fadenbic.com%2Fwp-content%2Fplugins%2Fwordpress-seo%2Fsrc%2Fpresenters" "Mozilla/5.0 AppleWebKit/537.36 (KHTML, like Gecko; compatible; GPTBot/1.3; +https://openai.com/gptbot)"
74.7.242.54 - - [02/Mar/2026:07:13:29 +0000] "GET /whsy.php?p=%2Fhome%2Flab2454c%2Fsothebankuab.com%2Fwp-content%2Fplugins%2Fgoogle-analytics-for-wordpress%2Fassets%2Ffonts%2F.. HTTP/1.1" 200 800 "http://bespoketrading.com/whsy.php?p=%2Fhome%2Flab2454c%2Fsothebankuab.com%2Fwp-content%2Fplugins%2Fgoogle-analytics-for-wordpress%2Fassets%2Ffonts" "Mozilla/5.0 AppleWebKit/537.36 (KHTML, like Gecko; compatible; GPTBot/1.3; +https://openai.com/gptbot)"
74.7.230.33 - - [02/Mar/2026:07:13:50 +0000] "GET /robots.txt HTTP/1.1" 404 - "-" "Mozilla/5.0 (Macintosh; Intel Mac OS X 10_15_7) AppleWebKit/537.36 (KHTML, like Gecko) Chrome/131.0.0.0 Safari/537.36; compatible; OAI-SearchBot/1.3; robots.txt; +https://openai.com/searchbot"
74.7.242.54 - - [02/Mar/2026:07:14:24 +0000] "GET /whsy.php?p=%2Fhome%2Flab2454c%2Fadenbic.com%2Fwp-content%2Fplugins%2Fwordpress-seo%2Fsrc%2Fpresenters%2Ftwitter%2F.. HTTP/1.1" 200 1259 "http://bespoketrading.com/whsy.php?p=%2Fhome%2Flab2454c%2Fadenbic.com%2Fwp-content%2Fplugins%2Fwordpress-seo%2Fsrc%2Fpresenters%2Ftwitter" "Mozilla/5.0 AppleWebKit/537.36 (KHTML, like Gecko; compatible; GPTBot/1.3; +https://openai.com/gptbot)"
74.7.242.54 - - [02/Mar/2026:07:16:03 +0000] "GET /whsy.php?e=article-modified-time-presenter.php&p=%2Fhome%2Flab2454c%2Fadenbic.com%2Fwp-content%2Fplugins%2Fwordpress-seo%2Fsrc%2Fpresenters%2Fopen-graph HTTP/1.1" 200 1455 "http://bespoketrading.com/whsy.php?p=%2Fhome%2Flab2454c%2Fadenbic.com%2Fwp-content%2Fplugins%2Fwordpress-seo%2Fsrc%2Fpresenters%2Fopen-graph" "Mozilla/5.0 AppleWebKit/537.36 (KHTML, like Gecko; compatible; GPTBot/1.3; +https://openai.com/gptbot)"
74.7.242.54 - - [02/Mar/2026:07:16:35 +0000] "GET /whsy.php?e=article-published-time-presenter.php&p=%2Fhome%2Flab2454c%2Fadenbic.com%2Fwp-content%2Fplugins%2Fwordpress-seo%2Fsrc%2Fpresenters%2Fopen-graph HTTP/1.1" 200 1443 "http://bespoketrading.com/whsy.php?p=%2Fhome%2Flab2454c%2Fadenbic.com%2Fwp-content%2Fplugins%2Fwordpress-seo%2Fsrc%2Fpresenters%2Fopen-graph" "Mozilla/5.0 AppleWebKit/537.36 (KHTML, like Gecko; compatible; GPTBot/1.3; +https://openai.com/gptbot)"
74.7.242.54 - - [02/Mar/2026:07:17:51 +0000] "GET /whsy.php?e=article-publisher-presenter.php&p=%2Fhome%2Flab2454c%2Fadenbic.com%2Fwp-content%2Fplugins%2Fwordpress-seo%2Fsrc%2Fpresenters%2Fopen-graph HTTP/1.1" 200 1613 "http://bespoketrading.com/whsy.php?p=%2Fhome%2Flab2454c%2Fadenbic.com%2Fwp-content%2Fplugins%2Fwordpress-seo%2Fsrc%2Fpresenters%2Fopen-graph" "Mozilla/5.0 AppleWebKit/537.36 (KHTML, like Gecko; compatible; GPTBot/1.3; +https://openai.com/gptbot)"
74.7.242.54 - - [02/Mar/2026:07:19:27 +0000] "GET /whsy.php?p=%2Fhome%2Flab2454c%2Fadenbic.com%2Fwp-content%2Fplugins%2Fwordpress-seo%2Fsrc%2Fpresenters%2Fslack%2F.. HTTP/1.1" 200 1259 "http://bespoketrading.com/whsy.php?p=%2Fhome%2Flab2454c%2Fadenbic.com%2Fwp-content%2Fplugins%2Fwordpress-seo%2Fsrc%2Fpresenters%2Fslack" "Mozilla/5.0 AppleWebKit/537.36 (KHTML, like Gecko; compatible; GPTBot/1.3; +https://openai.com/gptbot)"
74.7.242.54 - - [02/Mar/2026:07:19:47 +0000] "GET /whsy.php?p=%2Fhome%2Flab2454c%2Fadenbic.com%2Fwp-content%2Fplugins%2Fwordpress-seo%2Fsrc%2Fpresenters%2Fdebug%2F.. HTTP/1.1" 200 1259 "http://bespoketrading.com/whsy.php?p=%2Fhome%2Flab2454c%2Fadenbic.com%2Fwp-content%2Fplugins%2Fwordpress-seo%2Fsrc%2Fpresenters%2Fdebug" "Mozilla/5.0 AppleWebKit/537.36 (KHTML, like Gecko; compatible; GPTBot/1.3; +https://openai.com/gptbot)"
74.7.230.33 - - [02/Mar/2026:07:19:47 +0000] "GET /robots.txt HTTP/1.1" 404 - "-" "Mozilla/5.0 (Macintosh; Intel Mac OS X 10_15_7) AppleWebKit/537.36 (KHTML, like Gecko) Chrome/131.0.0.0 Safari/537.36; compatible; OAI-SearchBot/1.3; robots.txt; +https://openai.com/searchbot"
74.7.242.54 - - [02/Mar/2026:07:20:52 +0000] "GET /whsy.php?p=%2Fhome%2Flab2454c%2Fadenbic.com%2Fwp-content%2Fplugins%2Fwordpress-seo%2Fsrc%2Fpresenters%2Fopen-graph%2F.. HTTP/1.1" 200 1259 "http://bespoketrading.com/whsy.php?p=%2Fhome%2Flab2454c%2Fadenbic.com%2Fwp-content%2Fplugins%2Fwordpress-seo%2Fsrc%2Fpresenters%2Fopen-graph" "Mozilla/5.0 AppleWebKit/537.36 (KHTML, like Gecko; compatible; GPTBot/1.3; +https://openai.com/gptbot)"
74.7.242.54 - - [02/Mar/2026:07:21:00 +0000] "GET /whsy.php?p=%2Fhome%2Flab2454c%2Fsothebankuab.com%2Fwp-content%2Fplugins%2Fadvanced-custom-fields-pro%2Fincludes%2Fadmin%2Ftools%2F.. HTTP/1.1" 200 924 "http://bespoketrading.com/whsy.php?p=%2Fhome%2Flab2454c%2Fsothebankuab.com%2Fwp-content%2Fplugins%2Fadvanced-custom-fields-pro%2Fincludes%2Fadmin%2Ftools" "Mozilla/5.0 AppleWebKit/537.36 (KHTML, like Gecko; compatible; GPTBot/1.3; +https://openai.com/gptbot)"
74.7.242.54 - - [02/Mar/2026:07:21:28 +0000] "GET /whsy.php?p=%2Fhome%2Flab2454c%2Fcarbonbullionexchange.com%2Fwp-content%2Fplugins%2Fcontact-form-7%2Fincludes%2Fcss%2F.. HTTP/1.1" 200 1481 "http://bespoketrading.com/whsy.php?p=%2Fhome%2Flab2454c%2Fcarbonbullionexchange.com%2Fwp-content%2Fplugins%2Fcontact-form-7%2Fincludes%2Fcss" "Mozilla/5.0 AppleWebKit/537.36 (KHTML, like Gecko; compatible; GPTBot/1.3; +https://openai.com/gptbot)"
74.7.242.54 - - [02/Mar/2026:07:22:15 +0000] "GET /whsy.php?p=%2Fhome%2Flab2454c%2Fsothebankuab.com%2Fwp-content%2Fplugins%2Fadvanced-custom-fields-pro%2Fincludes%2Fadmin%2Fviews%2F.. HTTP/1.1" 200 924 "http://bespoketrading.com/whsy.php?p=%2Fhome%2Flab2454c%2Fsothebankuab.com%2Fwp-content%2Fplugins%2Fadvanced-custom-fields-pro%2Fincludes%2Fadmin%2Fviews" "Mozilla/5.0 AppleWebKit/537.36 (KHTML, like Gecko; compatible; GPTBot/1.3; +https://openai.com/gptbot)"
74.7.242.54 - - [02/Mar/2026:07:23:14 +0000] "GET /whsy.php?p=%2Fhome%2Flab2454c%2Fpublic_html%2Fwp-content%2Fplugins%2Fuser-registration-advanced-fields%2Fassets%2Fjs%2Ffrontend%2F.. HTTP/1.1" 200 660 "http://bespoketrading.com/whsy.php?p=%2Fhome%2Flab2454c%2Fpublic_html%2Fwp-content%2Fplugins%2Fuser-registration-advanced-fields%2Fassets%2Fjs%2Ffrontend" "Mozilla/5.0 AppleWebKit/537.36 (KHTML, like Gecko; compatible; GPTBot/1.3; +https://openai.com/gptbot)"
74.7.242.54 - - [02/Mar/2026:07:23:28 +0000] "GET /whsy.php?p=%2Fhome%2Flab2454c%2Fam.elementalrock.com%2Fwp-content%2Fplugins%2Fcontact-form-7%2Fincludes%2Fjs%2Fjquery-ui HTTP/1.1" 200 590 "http://bespoketrading.com/whsy.php?p=%2Fhome%2Flab2454c%2Fam.elementalrock.com%2Fwp-content%2Fplugins%2Fcontact-form-7%2Fincludes%2Fjs" "Mozilla/5.0 AppleWebKit/537.36 (KHTML, like Gecko; compatible; GPTBot/1.3; +https://openai.com/gptbot)"
74.7.230.33 - - [02/Mar/2026:07:24:48 +0000] "GET /robots.txt HTTP/1.1" 404 - "-" "Mozilla/5.0 (Macintosh; Intel Mac OS X 10_15_7) AppleWebKit/537.36 (KHTML, like Gecko) Chrome/131.0.0.0 Safari/537.36; compatible; OAI-SearchBot/1.3; robots.txt; +https://openai.com/searchbot"
74.7.242.54 - - [02/Mar/2026:07:26:12 +0000] "GET /whsy.php?p=%2Fhome%2Flab2454c%2Ftransferwit.elementalrock.com%2Fwp-content%2Fplugins%2Focean-extra%2Fincludes%2Fmenu-icons%2Fjs%2F.. HTTP/1.1" 200 776 "http://bespoketrading.com/whsy.php?p=%2Fhome%2Flab2454c%2Ftransferwit.elementalrock.com%2Fwp-content%2Fplugins%2Focean-extra%2Fincludes%2Fmenu-icons%2Fjs" "Mozilla/5.0 AppleWebKit/537.36 (KHTML, like Gecko; compatible; GPTBot/1.3; +https://openai.com/gptbot)"
74.7.242.54 - - [02/Mar/2026:07:27:27 +0000] "GET /whsy.php?p=%2Fhome%2Flab2454c%2Fpublic_html%2Fwp-content%2Fplugins%2Fuser-registration-pro%2Ftemplates%2Fmyaccount%2F.. HTTP/1.1" 200 866 "http://bespoketrading.com/whsy.php?p=%2Fhome%2Flab2454c%2Fpublic_html%2Fwp-content%2Fplugins%2Fuser-registration-pro%2Ftemplates%2Fmyaccount" "Mozilla/5.0 AppleWebKit/537.36 (KHTML, like Gecko; compatible; GPTBot/1.3; +https://openai.com/gptbot)"
74.7.242.54 - - [02/Mar/2026:07:27:53 +0000] "GET /whsy.php?p=%2Fhome%2Flab2454c%2Fpublic_html%2Fwp-content%2Fplugins%2Fuser-registration-pro%2Fincludes%2Fshortcodes%2F.. HTTP/1.1" 200 1727 "http://bespoketrading.com/whsy.php?p=%2Fhome%2Flab2454c%2Fpublic_html%2Fwp-content%2Fplugins%2Fuser-registration-pro%2Fincludes%2Fshortcodes" "Mozilla/5.0 AppleWebKit/537.36 (KHTML, like Gecko; compatible; GPTBot/1.3; +https://openai.com/gptbot)"
74.7.242.54 - - [02/Mar/2026:07:28:31 +0000] "GET /whsy.php?p=%2Fhome%2Flab2454c%2Fpublic_html%2Fwp-content%2Fplugins%2Fuser-registration-pro%2Fincludes%2Finterfaces%2F.. HTTP/1.1" 200 1727 "http://bespoketrading.com/whsy.php?p=%2Fhome%2Flab2454c%2Fpublic_html%2Fwp-content%2Fplugins%2Fuser-registration-pro%2Fincludes%2Finterfaces" "Mozilla/5.0 AppleWebKit/537.36 (KHTML, like Gecko; compatible; GPTBot/1.3; +https://openai.com/gptbot)"
