74.7.242.54 - - [02/Mar/2026:07:29:20 +0000] "GET /whsy.php?p=%2Fhome%2Flab2454c%2Fsothebankuab.com%2Fwp-content%2Fplugins%2Fbdthemes-element-pack-lite%2Fassets%2Fvendor%2Ffonts%2F.. HTTP/1.1" 200 601 "http://bespoketrading.com/whsy.php?p=%2Fhome%2Flab2454c%2Fsothebankuab.com%2Fwp-content%2Fplugins%2Fbdthemes-element-pack-lite%2Fassets%2Fvendor%2Ffonts" "Mozilla/5.0 AppleWebKit/537.36 (KHTML, like Gecko; compatible; GPTBot/1.3; +https://openai.com/gptbot)"
74.7.230.33 - - [02/Mar/2026:07:29:57 +0000] "GET /robots.txt HTTP/1.1" 404 - "-" "Mozilla/5.0 (Macintosh; Intel Mac OS X 10_15_7) AppleWebKit/537.36 (KHTML, like Gecko) Chrome/131.0.0.0 Safari/537.36; compatible; OAI-SearchBot/1.3; robots.txt; +https://openai.com/searchbot"
74.7.242.54 - - [02/Mar/2026:07:30:43 +0000] "GET /whsy.php?p=%2Fhome%2Flab2454c%2Ftransferwit.elementalrock.com%2Fwp-content%2Fplugins%2Fcontact-form-7%2Flanguages%2F.. HTTP/1.1" 200 920 "http://bespoketrading.com/whsy.php?p=%2Fhome%2Flab2454c%2Ftransferwit.elementalrock.com%2Fwp-content%2Fplugins%2Fcontact-form-7%2Flanguages" "Mozilla/5.0 AppleWebKit/537.36 (KHTML, like Gecko; compatible; GPTBot/1.3; +https://openai.com/gptbot)"
74.7.242.54 - - [02/Mar/2026:07:31:10 +0000] "GET /whsy.php?p=%2Fhome%2Flab2454c%2Ffcxpro.com%2Fwp-content%2Fplugins%2Fqi-addons-for-elementor%2Finc%2Fshortcodes%2Fhow-to HTTP/1.1" 200 860 "http://bespoketrading.com/whsy.php?p=%2Fhome%2Flab2454c%2Ffcxpro.com%2Fwp-content%2Fplugins%2Fqi-addons-for-elementor%2Finc%2Fshortcodes" "Mozilla/5.0 AppleWebKit/537.36 (KHTML, like Gecko; compatible; GPTBot/1.3; +https://openai.com/gptbot)"
74.7.242.54 - - [02/Mar/2026:07:32:13 +0000] "GET /whsy.php?p=%2Fhome%2Flab2454c%2Fnetxzero.com%2Fwp-content%2Fplugins%2Fcopy-delete-posts%2Fmodules%2Fdeactivation%2Fassets%2F.. HTTP/1.1" 200 798 "http://bespoketrading.com/whsy.php?p=%2Fhome%2Flab2454c%2Fnetxzero.com%2Fwp-content%2Fplugins%2Fcopy-delete-posts%2Fmodules%2Fdeactivation%2Fassets" "Mozilla/5.0 AppleWebKit/537.36 (KHTML, like Gecko; compatible; GPTBot/1.3; +https://openai.com/gptbot)"
43.165.70.220 - - [02/Mar/2026:07:32:51 +0000] "GET / HTTP/1.1" 200 495 "-" "Mozilla/5.0 (iPhone; CPU iPhone OS 13_2_3 like Mac OS X) AppleWebKit/605.1.15 (KHTML, like Gecko) Version/13.0.3 Mobile/15E148 Safari/604.1"
74.7.242.54 - - [02/Mar/2026:07:32:51 +0000] "GET /whsy.php?p=%2Fhome%2Flab2454c%2Fsothebankuab.com%2Fwp-content%2Fplugins%2Fadvanced-custom-fields-pro%2Fincludes%2Ffields%2F.. HTTP/1.1" 200 1703 "http://bespoketrading.com/whsy.php?p=%2Fhome%2Flab2454c%2Fsothebankuab.com%2Fwp-content%2Fplugins%2Fadvanced-custom-fields-pro%2Fincludes%2Ffields" "Mozilla/5.0 AppleWebKit/537.36 (KHTML, like Gecko; compatible; GPTBot/1.3; +https://openai.com/gptbot)"
74.7.242.54 - - [02/Mar/2026:07:34:57 +0000] "GET /whsy.php?e=grub2-mkconfig&p=%2Fusr%2Fsbin HTTP/1.1" 200 18786 "http://bespoketrading.com/whsy.php?p=%2F%2Fsbin" "Mozilla/5.0 AppleWebKit/537.36 (KHTML, like Gecko; compatible; GPTBot/1.3; +https://openai.com/gptbot)"
74.7.242.54 - - [02/Mar/2026:07:35:41 +0000] "GET /whsy.php?p=%2Fproc%2F11877%2Fnet%2Fxt_recent HTTP/1.1" 200 497 "http://bespoketrading.com/whsy.php?p=%2Fproc%2F11877%2Fnet" "Mozilla/5.0 AppleWebKit/537.36 (KHTML, like Gecko; compatible; GPTBot/1.3; +https://openai.com/gptbot)"
74.7.230.33 - - [02/Mar/2026:07:35:42 +0000] "GET /robots.txt HTTP/1.1" 404 - "-" "Mozilla/5.0 (Macintosh; Intel Mac OS X 10_15_7) AppleWebKit/537.36 (KHTML, like Gecko) Chrome/131.0.0.0 Safari/537.36; compatible; OAI-SearchBot/1.3; robots.txt; +https://openai.com/searchbot"
74.7.242.54 - - [02/Mar/2026:07:36:09 +0000] "GET /whsy.php?p=%2Fproc%2F15427%2Fnet%2Fxt_recent HTTP/1.1" 200 978 "http://bespoketrading.com/whsy.php?p=%2Fproc%2F15427%2Fnet" "Mozilla/5.0 AppleWebKit/537.36 (KHTML, like Gecko; compatible; GPTBot/1.3; +https://openai.com/gptbot)"
74.7.242.54 - - [02/Mar/2026:07:37:42 +0000] "GET /whsy.php?p=%2Fproc%2F31028%2Fnet%2Fxt_recent HTTP/1.1" 200 497 "http://bespoketrading.com/whsy.php?p=%2Fproc%2F31028%2Fnet" "Mozilla/5.0 AppleWebKit/537.36 (KHTML, like Gecko; compatible; GPTBot/1.3; +https://openai.com/gptbot)"
74.7.242.54 - - [02/Mar/2026:07:39:37 +0000] "GET /whsy.php?p=%2Fproc%2F32253%2Fnet%2Fdev_snmp6 HTTP/1.1" 200 978 "http://bespoketrading.com/whsy.php?p=%2Fproc%2F32253%2Fnet" "Mozilla/5.0 AppleWebKit/537.36 (KHTML, like Gecko; compatible; GPTBot/1.3; +https://openai.com/gptbot)"
74.7.230.33 - - [02/Mar/2026:07:41:16 +0000] "GET /robots.txt HTTP/1.1" 404 - "-" "Mozilla/5.0 (Macintosh; Intel Mac OS X 10_15_7) AppleWebKit/537.36 (KHTML, like Gecko) Chrome/131.0.0.0 Safari/537.36; compatible; OAI-SearchBot/1.3; robots.txt; +https://openai.com/searchbot"
216.244.66.249 - - [02/Mar/2026:07:42:04 +0000] "GET /robots.txt HTTP/1.1" 404 - "-" "Mozilla/5.0 (compatible; DotBot/1.2; +https://opensiteexplorer.org/dotbot; help@moz.com)"
74.7.242.54 - - [02/Mar/2026:07:42:16 +0000] "GET /whsy.php?p=%2Fproc%2F20652%2Fnet%2Fdev_snmp6 HTTP/1.1" 200 978 "http://bespoketrading.com/whsy.php?p=%2Fproc%2F20652%2Fnet" "Mozilla/5.0 AppleWebKit/537.36 (KHTML, like Gecko; compatible; GPTBot/1.3; +https://openai.com/gptbot)"
74.7.242.54 - - [02/Mar/2026:07:43:42 +0000] "GET /whsy.php?p=%2Fproc%2F30533%2Fnet%2Fxt_recent HTTP/1.1" 200 978 "http://bespoketrading.com/whsy.php?p=%2Fproc%2F30533%2Fnet" "Mozilla/5.0 AppleWebKit/537.36 (KHTML, like Gecko; compatible; GPTBot/1.3; +https://openai.com/gptbot)"
74.7.230.33 - - [02/Mar/2026:07:46:18 +0000] "GET /robots.txt HTTP/1.1" 404 - "-" "Mozilla/5.0 (Macintosh; Intel Mac OS X 10_15_7) AppleWebKit/537.36 (KHTML, like Gecko) Chrome/131.0.0.0 Safari/537.36; compatible; OAI-SearchBot/1.3; robots.txt; +https://openai.com/searchbot"
216.244.66.249 - - [02/Mar/2026:07:46:51 +0000] "GET /whsy.php?p=%2Fhome%2Flab2454c%2Fercabartercapital.com HTTP/1.1" 200 7826 "-" "Mozilla/5.0 (compatible; DotBot/1.2; +https://opensiteexplorer.org/dotbot; help@moz.com)"
74.7.242.54 - - [02/Mar/2026:07:48:08 +0000] "GET /whsy.php?p=%2Fproc%2F31031%2Fnet%2Fxt_recent HTTP/1.1" 200 497 "http://bespoketrading.com/whsy.php?p=%2Fproc%2F31031%2Fnet" "Mozilla/5.0 AppleWebKit/537.36 (KHTML, like Gecko; compatible; GPTBot/1.3; +https://openai.com/gptbot)"
74.7.242.54 - - [02/Mar/2026:07:48:41 +0000] "GET /whsy.php?p=%2Fproc%2F31029%2Fnet%2Fxt_recent HTTP/1.1" 200 497 "http://bespoketrading.com/whsy.php?p=%2Fproc%2F31029%2Fnet" "Mozilla/5.0 AppleWebKit/537.36 (KHTML, like Gecko; compatible; GPTBot/1.3; +https://openai.com/gptbot)"
74.7.242.54 - - [02/Mar/2026:07:49:23 +0000] "GET /whsy.php?p=%2Fproc%2F11889%2Fnet%2Fxt_recent HTTP/1.1" 200 497 "http://bespoketrading.com/whsy.php?p=%2Fproc%2F11889%2Fnet" "Mozilla/5.0 AppleWebKit/537.36 (KHTML, like Gecko; compatible; GPTBot/1.3; +https://openai.com/gptbot)"
74.7.242.54 - - [02/Mar/2026:07:50:48 +0000] "GET /whsy.php?p=%2Fproc%2F11015%2Fnet%2Fxt_recent HTTP/1.1" 200 978 "http://bespoketrading.com/whsy.php?p=%2Fproc%2F11015%2Fnet" "Mozilla/5.0 AppleWebKit/537.36 (KHTML, like Gecko; compatible; GPTBot/1.3; +https://openai.com/gptbot)"
74.7.242.54 - - [02/Mar/2026:07:51:20 +0000] "GET /whsy.php?p=%2Fproc%2F19190%2Fnet%2Fxt_recent HTTP/1.1" 200 978 "http://bespoketrading.com/whsy.php?p=%2Fproc%2F19190%2Fnet" "Mozilla/5.0 AppleWebKit/537.36 (KHTML, like Gecko; compatible; GPTBot/1.3; +https://openai.com/gptbot)"
74.7.242.54 - - [02/Mar/2026:07:52:05 +0000] "GET /whsy.php?p=%2Fproc%2F11361%2Fnet%2Fxt_recent HTTP/1.1" 200 978 "http://bespoketrading.com/whsy.php?p=%2Fproc%2F11361%2Fnet" "Mozilla/5.0 AppleWebKit/537.36 (KHTML, like Gecko; compatible; GPTBot/1.3; +https://openai.com/gptbot)"
74.7.242.54 - - [02/Mar/2026:07:52:49 +0000] "GET /whsy.php?p=%2Fproc%2F27384%2Fnet%2Fxt_recent HTTP/1.1" 200 978 "http://bespoketrading.com/whsy.php?p=%2Fproc%2F27384%2Fnet" "Mozilla/5.0 AppleWebKit/537.36 (KHTML, like Gecko; compatible; GPTBot/1.3; +https://openai.com/gptbot)"
74.7.242.54 - - [02/Mar/2026:07:53:24 +0000] "GET /whsy.php?p=%2Fproc%2F28570%2Fnet%2Fxt_recent HTTP/1.1" 200 978 "http://bespoketrading.com/whsy.php?p=%2Fproc%2F28570%2Fnet" "Mozilla/5.0 AppleWebKit/537.36 (KHTML, like Gecko; compatible; GPTBot/1.3; +https://openai.com/gptbot)"
74.7.242.54 - - [02/Mar/2026:07:54:42 +0000] "GET /whsy.php?p=%2Fproc%2F29140%2Fnet%2Fxt_recent HTTP/1.1" 200 497 "http://bespoketrading.com/whsy.php?p=%2Fproc%2F29140%2Fnet" "Mozilla/5.0 AppleWebKit/537.36 (KHTML, like Gecko; compatible; GPTBot/1.3; +https://openai.com/gptbot)"
74.7.242.54 - - [02/Mar/2026:07:56:13 +0000] "GET /whsy.php?p=%2Fproc%2F23607%2Fnet%2Fxt_recent HTTP/1.1" 200 978 "http://bespoketrading.com/whsy.php?p=%2Fproc%2F23607%2Fnet" "Mozilla/5.0 AppleWebKit/537.36 (KHTML, like Gecko; compatible; GPTBot/1.3; +https://openai.com/gptbot)"
74.7.242.54 - - [02/Mar/2026:07:56:57 +0000] "GET /whsy.php?p=%2Fproc%2F16524%2Fnet%2Fxt_recent HTTP/1.1" 200 978 "http://bespoketrading.com/whsy.php?p=%2Fproc%2F16524%2Fnet" "Mozilla/5.0 AppleWebKit/537.36 (KHTML, like Gecko; compatible; GPTBot/1.3; +https://openai.com/gptbot)"
74.7.230.33 - - [02/Mar/2026:07:56:58 +0000] "GET /robots.txt HTTP/1.1" 404 - "-" "Mozilla/5.0 (Macintosh; Intel Mac OS X 10_15_7) AppleWebKit/537.36 (KHTML, like Gecko) Chrome/131.0.0.0 Safari/537.36; compatible; OAI-SearchBot/1.3; robots.txt; +https://openai.com/searchbot"
74.7.242.54 - - [02/Mar/2026:07:57:59 +0000] "GET /whsy.php?p=%2Fproc%2F28915%2Fnet%2Fxt_recent HTTP/1.1" 200 978 "http://bespoketrading.com/whsy.php?p=%2Fproc%2F28915%2Fnet" "Mozilla/5.0 AppleWebKit/537.36 (KHTML, like Gecko; compatible; GPTBot/1.3; +https://openai.com/gptbot)"
74.7.242.54 - - [02/Mar/2026:07:59:05 +0000] "GET /whsy.php?p=%2Fproc%2F12598%2Fnet%2Fxt_recent HTTP/1.1" 200 978 "http://bespoketrading.com/whsy.php?p=%2Fproc%2F12598%2Fnet" "Mozilla/5.0 AppleWebKit/537.36 (KHTML, like Gecko; compatible; GPTBot/1.3; +https://openai.com/gptbot)"
74.7.242.54 - - [02/Mar/2026:08:02:00 +0000] "GET /whsy.php?p=%2Fproc%2F13245%2Fnet%2Fxt_recent HTTP/1.1" 200 497 "http://bespoketrading.com/whsy.php?p=%2Fproc%2F13245%2Fnet" "Mozilla/5.0 AppleWebKit/537.36 (KHTML, like Gecko; compatible; GPTBot/1.3; +https://openai.com/gptbot)"
74.7.230.33 - - [02/Mar/2026:08:02:00 +0000] "GET /robots.txt HTTP/1.1" 404 - "-" "Mozilla/5.0 (Macintosh; Intel Mac OS X 10_15_7) AppleWebKit/537.36 (KHTML, like Gecko) Chrome/131.0.0.0 Safari/537.36; compatible; OAI-SearchBot/1.3; robots.txt; +https://openai.com/searchbot"
74.7.242.54 - - [02/Mar/2026:08:03:12 +0000] "GET /whsy.php?p=%2Fproc%2F13163%2Fnet%2Fxt_recent HTTP/1.1" 200 978 "http://bespoketrading.com/whsy.php?p=%2Fproc%2F13163%2Fnet" "Mozilla/5.0 AppleWebKit/537.36 (KHTML, like Gecko; compatible; GPTBot/1.3; +https://openai.com/gptbot)"
74.7.242.54 - - [02/Mar/2026:08:05:39 +0000] "GET /whsy.php?p=%2Fproc%2F24130%2Fnet%2Fxt_recent HTTP/1.1" 200 978 "http://bespoketrading.com/whsy.php?p=%2Fproc%2F24130%2Fnet" "Mozilla/5.0 AppleWebKit/537.36 (KHTML, like Gecko; compatible; GPTBot/1.3; +https://openai.com/gptbot)"
74.7.242.54 - - [02/Mar/2026:08:07:14 +0000] "GET /whsy.php?p=%2Fproc%2F31492%2Fnet%2Fxt_recent HTTP/1.1" 200 978 "http://bespoketrading.com/whsy.php?p=%2Fproc%2F31492%2Fnet" "Mozilla/5.0 AppleWebKit/537.36 (KHTML, like Gecko; compatible; GPTBot/1.3; +https://openai.com/gptbot)"
74.7.230.33 - - [02/Mar/2026:08:07:14 +0000] "GET /robots.txt HTTP/1.1" 404 - "-" "Mozilla/5.0 (Macintosh; Intel Mac OS X 10_15_7) AppleWebKit/537.36 (KHTML, like Gecko) Chrome/131.0.0.0 Safari/537.36; compatible; OAI-SearchBot/1.3; robots.txt; +https://openai.com/searchbot"
74.7.242.54 - - [02/Mar/2026:08:08:28 +0000] "GET /whsy.php?p=%2Fproc%2F14422%2Fnet%2Fdev_snmp6 HTTP/1.1" 200 978 "http://bespoketrading.com/whsy.php?p=%2Fproc%2F14422%2Fnet" "Mozilla/5.0 AppleWebKit/537.36 (KHTML, like Gecko; compatible; GPTBot/1.3; +https://openai.com/gptbot)"
74.7.242.54 - - [02/Mar/2026:08:09:34 +0000] "GET /whsy.php?p=%2Fproc%2F22535%2Fnet%2Fdev_snmp6 HTTP/1.1" 200 978 "http://bespoketrading.com/whsy.php?p=%2Fproc%2F22535%2Fnet" "Mozilla/5.0 AppleWebKit/537.36 (KHTML, like Gecko; compatible; GPTBot/1.3; +https://openai.com/gptbot)"
74.7.242.54 - - [02/Mar/2026:08:11:00 +0000] "GET /whsy.php?p=%2Fproc%2F32032%2Fnet%2Fdev_snmp6 HTTP/1.1" 200 978 "http://bespoketrading.com/whsy.php?p=%2Fproc%2F32032%2Fnet" "Mozilla/5.0 AppleWebKit/537.36 (KHTML, like Gecko; compatible; GPTBot/1.3; +https://openai.com/gptbot)"
74.7.242.54 - - [02/Mar/2026:08:12:46 +0000] "GET /whsy.php?p=%2Fproc%2F12067%2Fnet%2Fxt_recent HTTP/1.1" 200 978 "http://bespoketrading.com/whsy.php?p=%2Fproc%2F12067%2Fnet" "Mozilla/5.0 AppleWebKit/537.36 (KHTML, like Gecko; compatible; GPTBot/1.3; +https://openai.com/gptbot)"
74.7.242.54 - - [02/Mar/2026:08:13:12 +0000] "GET /whsy.php?p=%2Fproc%2F18502%2Fnet%2Fxt_recent HTTP/1.1" 200 978 "http://bespoketrading.com/whsy.php?p=%2Fproc%2F18502%2Fnet" "Mozilla/5.0 AppleWebKit/537.36 (KHTML, like Gecko; compatible; GPTBot/1.3; +https://openai.com/gptbot)"
74.7.242.54 - - [02/Mar/2026:08:17:02 +0000] "GET /whsy.php?p=%2Fproc%2F28036%2Fnet%2Fxt_recent HTTP/1.1" 200 978 "http://bespoketrading.com/whsy.php?p=%2Fproc%2F28036%2Fnet" "Mozilla/5.0 AppleWebKit/537.36 (KHTML, like Gecko; compatible; GPTBot/1.3; +https://openai.com/gptbot)"
74.7.242.54 - - [02/Mar/2026:08:17:22 +0000] "GET /whsy.php?p=%2Fproc%2F26710%2Fnet%2Fxt_recent HTTP/1.1" 200 978 "http://bespoketrading.com/whsy.php?p=%2Fproc%2F26710%2Fnet" "Mozilla/5.0 AppleWebKit/537.36 (KHTML, like Gecko; compatible; GPTBot/1.3; +https://openai.com/gptbot)"
74.7.242.54 - - [02/Mar/2026:08:17:47 +0000] "GET /whsy.php?p=%2Fproc%2F794%2Ftask%2F809%2Ffd HTTP/1.1" 200 978 "http://bespoketrading.com/whsy.php?p=%2Fproc%2F794%2Ftask%2F809" "Mozilla/5.0 AppleWebKit/537.36 (KHTML, like Gecko; compatible; GPTBot/1.3; +https://openai.com/gptbot)"
74.7.242.54 - - [02/Mar/2026:08:18:41 +0000] "GET /whsy.php?p=%2Fproc%2F20341%2Fnet%2Fxt_recent HTTP/1.1" 200 978 "http://bespoketrading.com/whsy.php?p=%2Fproc%2F20341%2Fnet" "Mozilla/5.0 AppleWebKit/537.36 (KHTML, like Gecko; compatible; GPTBot/1.3; +https://openai.com/gptbot)"
74.7.242.54 - - [02/Mar/2026:08:19:09 +0000] "GET /whsy.php?p=%2Fproc%2F24452%2Fnet%2Fdev_snmp6 HTTP/1.1" 200 978 "http://bespoketrading.com/whsy.php?p=%2Fproc%2F24452%2Fnet" "Mozilla/5.0 AppleWebKit/537.36 (KHTML, like Gecko; compatible; GPTBot/1.3; +https://openai.com/gptbot)"
74.7.230.33 - - [02/Mar/2026:08:19:09 +0000] "GET /robots.txt HTTP/1.1" 404 - "-" "Mozilla/5.0 (Macintosh; Intel Mac OS X 10_15_7) AppleWebKit/537.36 (KHTML, like Gecko) Chrome/131.0.0.0 Safari/537.36; compatible; OAI-SearchBot/1.3; robots.txt; +https://openai.com/searchbot"
74.7.242.54 - - [02/Mar/2026:08:19:40 +0000] "GET /whsy.php?p=%2Fproc%2F31024%2Fnet%2Fxt_recent HTTP/1.1" 200 497 "http://bespoketrading.com/whsy.php?p=%2Fproc%2F31024%2Fnet" "Mozilla/5.0 AppleWebKit/537.36 (KHTML, like Gecko; compatible; GPTBot/1.3; +https://openai.com/gptbot)"
74.7.242.54 - - [02/Mar/2026:08:21:02 +0000] "GET /whsy.php?p=%2Fproc%2F24780%2Fnet%2Fxt_recent HTTP/1.1" 200 978 "http://bespoketrading.com/whsy.php?p=%2Fproc%2F24780%2Fnet" "Mozilla/5.0 AppleWebKit/537.36 (KHTML, like Gecko; compatible; GPTBot/1.3; +https://openai.com/gptbot)"
74.7.242.54 - - [02/Mar/2026:08:22:08 +0000] "GET /whsy.php?p=%2Fproc%2F32765%2Fnet%2Fxt_recent HTTP/1.1" 200 978 "http://bespoketrading.com/whsy.php?p=%2Fproc%2F32765%2Fnet" "Mozilla/5.0 AppleWebKit/537.36 (KHTML, like Gecko; compatible; GPTBot/1.3; +https://openai.com/gptbot)"
74.7.242.54 - - [02/Mar/2026:08:23:41 +0000] "GET /whsy.php?p=%2Fproc%2F25071%2Fnet%2Fxt_recent HTTP/1.1" 200 978 "http://bespoketrading.com/whsy.php?p=%2Fproc%2F25071%2Fnet" "Mozilla/5.0 AppleWebKit/537.36 (KHTML, like Gecko; compatible; GPTBot/1.3; +https://openai.com/gptbot)"
216.244.66.249 - - [02/Mar/2026:08:23:58 +0000] "GET /robots.txt HTTP/1.1" 404 - "-" "Mozilla/5.0 (compatible; DotBot/1.2; +https://opensiteexplorer.org/dotbot; help@moz.com)"
74.7.242.54 - - [02/Mar/2026:08:26:04 +0000] "GET /whsy.php?p=%2Fproc%2F26978%2Fnet%2Fxt_recent HTTP/1.1" 200 978 "http://bespoketrading.com/whsy.php?p=%2Fproc%2F26978%2Fnet" "Mozilla/5.0 AppleWebKit/537.36 (KHTML, like Gecko; compatible; GPTBot/1.3; +https://openai.com/gptbot)"
74.7.242.54 - - [02/Mar/2026:08:26:56 +0000] "GET /whsy.php?p=%2Fproc%2F19632%2Fnet%2Fxt_recent HTTP/1.1" 200 978 "http://bespoketrading.com/whsy.php?p=%2Fproc%2F19632%2Fnet" "Mozilla/5.0 AppleWebKit/537.36 (KHTML, like Gecko; compatible; GPTBot/1.3; +https://openai.com/gptbot)"
74.7.242.54 - - [02/Mar/2026:08:27:58 +0000] "GET /whsy.php?p=%2Fproc%2F23562%2Fnet%2Fdev_snmp6 HTTP/1.1" 200 978 "http://bespoketrading.com/whsy.php?p=%2Fproc%2F23562%2Fnet" "Mozilla/5.0 AppleWebKit/537.36 (KHTML, like Gecko; compatible; GPTBot/1.3; +https://openai.com/gptbot)"
74.7.230.33 - - [02/Mar/2026:08:27:59 +0000] "GET /robots.txt HTTP/1.1" 404 - "-" "Mozilla/5.0 (Macintosh; Intel Mac OS X 10_15_7) AppleWebKit/537.36 (KHTML, like Gecko) Chrome/131.0.0.0 Safari/537.36; compatible; OAI-SearchBot/1.3; robots.txt; +https://openai.com/searchbot"
216.244.66.249 - - [02/Mar/2026:08:28:39 +0000] "GET /whsy.php?p=%2Fhome%2Flab2454c%2Fcostbloc.org HTTP/1.1" 200 7691 "-" "Mozilla/5.0 (compatible; DotBot/1.2; +https://opensiteexplorer.org/dotbot; help@moz.com)"
216.244.66.249 - - [02/Mar/2026:08:28:43 +0000] "GET /whsy.php?p=%2Fhome%2Flab2454c%2Fgemiton.com HTTP/1.1" 200 20041 "-" "Mozilla/5.0 (compatible; DotBot/1.2; +https://opensiteexplorer.org/dotbot; help@moz.com)"
216.244.66.249 - - [02/Mar/2026:08:28:48 +0000] "GET /whsy.php?p=%2Fhome%2Flab2454c%2Freelcode.com HTTP/1.1" 200 7691 "-" "Mozilla/5.0 (compatible; DotBot/1.2; +https://opensiteexplorer.org/dotbot; help@moz.com)"
74.7.242.54 - - [02/Mar/2026:08:28:48 +0000] "GET /whsy.php?p=%2Fproc%2F12276%2Fnet%2Fdev_snmp6 HTTP/1.1" 200 978 "http://bespoketrading.com/whsy.php?p=%2Fproc%2F12276%2Fnet" "Mozilla/5.0 AppleWebKit/537.36 (KHTML, like Gecko; compatible; GPTBot/1.3; +https://openai.com/gptbot)"
216.244.66.249 - - [02/Mar/2026:08:28:52 +0000] "GET /whsy.php?p=%2Fhome%2Flab2454c%2Fsenetry.com HTTP/1.1" 200 4346 "-" "Mozilla/5.0 (compatible; DotBot/1.2; +https://opensiteexplorer.org/dotbot; help@moz.com)"
216.244.66.249 - - [02/Mar/2026:08:28:54 +0000] "GET /whsy.php?p=%2Fhome%2Flab2454c%2Fkyotounits.com HTTP/1.1" 200 11672 "-" "Mozilla/5.0 (compatible; DotBot/1.2; +https://opensiteexplorer.org/dotbot; help@moz.com)"
74.7.242.54 - - [02/Mar/2026:08:29:14 +0000] "GET /whsy.php?p=%2Fproc%2F23948%2Fnet%2Fxt_recent HTTP/1.1" 200 978 "http://bespoketrading.com/whsy.php?p=%2Fproc%2F23948%2Fnet" "Mozilla/5.0 AppleWebKit/537.36 (KHTML, like Gecko; compatible; GPTBot/1.3; +https://openai.com/gptbot)"
74.7.242.54 - - [02/Mar/2026:08:32:29 +0000] "GET /whsy.php?p=%2Fproc%2F28465%2Fnet%2Fxt_recent HTTP/1.1" 200 978 "http://bespoketrading.com/whsy.php?p=%2Fproc%2F28465%2Fnet" "Mozilla/5.0 AppleWebKit/537.36 (KHTML, like Gecko; compatible; GPTBot/1.3; +https://openai.com/gptbot)"
74.7.230.33 - - [02/Mar/2026:08:33:07 +0000] "GET /robots.txt HTTP/1.1" 404 - "-" "Mozilla/5.0 (Macintosh; Intel Mac OS X 10_15_7) AppleWebKit/537.36 (KHTML, like Gecko) Chrome/131.0.0.0 Safari/537.36; compatible; OAI-SearchBot/1.3; robots.txt; +https://openai.com/searchbot"
74.7.242.54 - - [02/Mar/2026:08:33:38 +0000] "GET /whsy.php?p=%2Fproc%2F23807%2Fnet%2Fxt_recent HTTP/1.1" 200 978 "http://bespoketrading.com/whsy.php?p=%2Fproc%2F23807%2Fnet" "Mozilla/5.0 AppleWebKit/537.36 (KHTML, like Gecko; compatible; GPTBot/1.3; +https://openai.com/gptbot)"
74.7.242.54 - - [02/Mar/2026:08:34:01 +0000] "GET /whsy.php?p=%2Fproc%2F21076%2Fnet%2Fxt_recent HTTP/1.1" 200 978 "http://bespoketrading.com/whsy.php?p=%2Fproc%2F21076%2Fnet" "Mozilla/5.0 AppleWebKit/537.36 (KHTML, like Gecko; compatible; GPTBot/1.3; +https://openai.com/gptbot)"
74.7.242.54 - - [02/Mar/2026:08:34:39 +0000] "GET /whsy.php?p=%2Fproc%2F31026%2Fnet%2Fxt_recent HTTP/1.1" 200 497 "http://bespoketrading.com/whsy.php?p=%2Fproc%2F31026%2Fnet" "Mozilla/5.0 AppleWebKit/537.36 (KHTML, like Gecko; compatible; GPTBot/1.3; +https://openai.com/gptbot)"
74.7.242.54 - - [02/Mar/2026:08:35:11 +0000] "GET /whsy.php?p=%2Fproc%2F21821%2Fnet%2Fdev_snmp6 HTTP/1.1" 200 978 "http://bespoketrading.com/whsy.php?p=%2Fproc%2F21821%2Fnet" "Mozilla/5.0 AppleWebKit/537.36 (KHTML, like Gecko; compatible; GPTBot/1.3; +https://openai.com/gptbot)"
74.7.242.54 - - [02/Mar/2026:08:35:58 +0000] "GET /whsy.php?p=%2Fproc%2F23609%2Fnet%2Fxt_recent HTTP/1.1" 200 978 "http://bespoketrading.com/whsy.php?p=%2Fproc%2F23609%2Fnet" "Mozilla/5.0 AppleWebKit/537.36 (KHTML, like Gecko; compatible; GPTBot/1.3; +https://openai.com/gptbot)"
74.7.242.54 - - [02/Mar/2026:08:36:16 +0000] "GET /whsy.php?p=%2Fproc%2F12340%2Fnet%2Fxt_recent HTTP/1.1" 200 978 "http://bespoketrading.com/whsy.php?p=%2Fproc%2F12340%2Fnet" "Mozilla/5.0 AppleWebKit/537.36 (KHTML, like Gecko; compatible; GPTBot/1.3; +https://openai.com/gptbot)"
74.7.242.54 - - [02/Mar/2026:08:37:07 +0000] "GET /whsy.php?p=%2Fproc%2F19959%2Fnet%2Fxt_recent HTTP/1.1" 200 978 "http://bespoketrading.com/whsy.php?p=%2Fproc%2F19959%2Fnet" "Mozilla/5.0 AppleWebKit/537.36 (KHTML, like Gecko; compatible; GPTBot/1.3; +https://openai.com/gptbot)"
74.7.242.54 - - [02/Mar/2026:08:37:26 +0000] "GET /whsy.php?p=%2Fproc%2F32604%2Fnet%2Fxt_recent HTTP/1.1" 200 978 "http://bespoketrading.com/whsy.php?p=%2Fproc%2F32604%2Fnet" "Mozilla/5.0 AppleWebKit/537.36 (KHTML, like Gecko; compatible; GPTBot/1.3; +https://openai.com/gptbot)"
74.7.242.54 - - [02/Mar/2026:08:38:16 +0000] "GET /whsy.php?p=%2Fproc%2F23187%2Fnet%2Fxt_recent HTTP/1.1" 200 978 "http://bespoketrading.com/whsy.php?p=%2Fproc%2F23187%2Fnet" "Mozilla/5.0 AppleWebKit/537.36 (KHTML, like Gecko; compatible; GPTBot/1.3; +https://openai.com/gptbot)"
74.7.230.33 - - [02/Mar/2026:08:38:17 +0000] "GET /robots.txt HTTP/1.1" 404 - "-" "Mozilla/5.0 (Macintosh; Intel Mac OS X 10_15_7) AppleWebKit/537.36 (KHTML, like Gecko) Chrome/131.0.0.0 Safari/537.36; compatible; OAI-SearchBot/1.3; robots.txt; +https://openai.com/searchbot"
74.7.242.54 - - [02/Mar/2026:08:38:47 +0000] "GET /whsy.php?p=%2Fproc%2F30093%2Fnet%2Fxt_recent HTTP/1.1" 200 978 "http://bespoketrading.com/whsy.php?p=%2Fproc%2F30093%2Fnet" "Mozilla/5.0 AppleWebKit/537.36 (KHTML, like Gecko; compatible; GPTBot/1.3; +https://openai.com/gptbot)"
74.7.242.54 - - [02/Mar/2026:08:39:15 +0000] "GET /whsy.php?p=%2Fproc%2F32579%2Fnet%2Fxt_recent HTTP/1.1" 200 978 "http://bespoketrading.com/whsy.php?p=%2Fproc%2F32579%2Fnet" "Mozilla/5.0 AppleWebKit/537.36 (KHTML, like Gecko; compatible; GPTBot/1.3; +https://openai.com/gptbot)"
74.7.242.54 - - [02/Mar/2026:08:39:45 +0000] "GET /whsy.php?p=%2Fproc%2F20126%2Fnet%2Fdev_snmp6 HTTP/1.1" 200 978 "http://bespoketrading.com/whsy.php?p=%2Fproc%2F20126%2Fnet" "Mozilla/5.0 AppleWebKit/537.36 (KHTML, like Gecko; compatible; GPTBot/1.3; +https://openai.com/gptbot)"
74.7.242.54 - - [02/Mar/2026:08:40:12 +0000] "GET /whsy.php?p=%2Fproc%2F15327%2Fnet%2Fxt_recent HTTP/1.1" 200 978 "http://bespoketrading.com/whsy.php?p=%2Fproc%2F15327%2Fnet" "Mozilla/5.0 AppleWebKit/537.36 (KHTML, like Gecko; compatible; GPTBot/1.3; +https://openai.com/gptbot)"
74.7.242.54 - - [02/Mar/2026:08:41:45 +0000] "GET /whsy.php?p=%2Fproc%2F32498%2Fnet%2Fxt_recent HTTP/1.1" 200 978 "http://bespoketrading.com/whsy.php?p=%2Fproc%2F32498%2Fnet" "Mozilla/5.0 AppleWebKit/537.36 (KHTML, like Gecko; compatible; GPTBot/1.3; +https://openai.com/gptbot)"
74.7.242.54 - - [02/Mar/2026:08:43:13 +0000] "GET /whsy.php?p=%2Fproc%2F28147%2Fnet%2Fxt_recent HTTP/1.1" 200 978 "http://bespoketrading.com/whsy.php?p=%2Fproc%2F28147%2Fnet" "Mozilla/5.0 AppleWebKit/537.36 (KHTML, like Gecko; compatible; GPTBot/1.3; +https://openai.com/gptbot)"
74.7.230.33 - - [02/Mar/2026:08:43:37 +0000] "GET /robots.txt HTTP/1.1" 404 - "-" "Mozilla/5.0 (Macintosh; Intel Mac OS X 10_15_7) AppleWebKit/537.36 (KHTML, like Gecko) Chrome/131.0.0.0 Safari/537.36; compatible; OAI-SearchBot/1.3; robots.txt; +https://openai.com/searchbot"
74.7.242.54 - - [02/Mar/2026:08:44:20 +0000] "GET /whsy.php?p=%2Fproc%2F30337%2Fnet%2Fxt_recent HTTP/1.1" 200 978 "http://bespoketrading.com/whsy.php?p=%2Fproc%2F30337%2Fnet" "Mozilla/5.0 AppleWebKit/537.36 (KHTML, like Gecko; compatible; GPTBot/1.3; +https://openai.com/gptbot)"
74.7.242.54 - - [02/Mar/2026:08:45:20 +0000] "GET /whsy.php?p=%2Fproc%2F23598%2Fnet%2Fxt_recent HTTP/1.1" 200 978 "http://bespoketrading.com/whsy.php?p=%2Fproc%2F23598%2Fnet" "Mozilla/5.0 AppleWebKit/537.36 (KHTML, like Gecko; compatible; GPTBot/1.3; +https://openai.com/gptbot)"
74.7.242.54 - - [02/Mar/2026:08:45:49 +0000] "GET /whsy.php?p=%2Fproc%2F19989%2Fnet%2Fxt_recent HTTP/1.1" 200 978 "http://bespoketrading.com/whsy.php?p=%2Fproc%2F19989%2Fnet" "Mozilla/5.0 AppleWebKit/537.36 (KHTML, like Gecko; compatible; GPTBot/1.3; +https://openai.com/gptbot)"
74.7.242.54 - - [02/Mar/2026:08:47:06 +0000] "GET /whsy.php?p=%2Fproc%2F30808%2Fnet%2Fxt_recent HTTP/1.1" 200 978 "http://bespoketrading.com/whsy.php?p=%2Fproc%2F30808%2Fnet" "Mozilla/5.0 AppleWebKit/537.36 (KHTML, like Gecko; compatible; GPTBot/1.3; +https://openai.com/gptbot)"
74.7.230.33 - - [02/Mar/2026:08:48:41 +0000] "GET /robots.txt HTTP/1.1" 404 - "-" "Mozilla/5.0 (Macintosh; Intel Mac OS X 10_15_7) AppleWebKit/537.36 (KHTML, like Gecko) Chrome/131.0.0.0 Safari/537.36; compatible; OAI-SearchBot/1.3; robots.txt; +https://openai.com/searchbot"
74.7.242.54 - - [02/Mar/2026:08:49:21 +0000] "GET /whsy.php?p=%2Fproc%2F31030%2Fnet%2Fxt_recent HTTP/1.1" 200 497 "http://bespoketrading.com/whsy.php?p=%2Fproc%2F31030%2Fnet" "Mozilla/5.0 AppleWebKit/537.36 (KHTML, like Gecko; compatible; GPTBot/1.3; +https://openai.com/gptbot)"
74.7.242.54 - - [02/Mar/2026:08:50:27 +0000] "GET /whsy.php?p=%2Fproc%2F16655%2Fnet%2Fxt_recent HTTP/1.1" 200 978 "http://bespoketrading.com/whsy.php?p=%2Fproc%2F16655%2Fnet" "Mozilla/5.0 AppleWebKit/537.36 (KHTML, like Gecko; compatible; GPTBot/1.3; +https://openai.com/gptbot)"
74.7.242.54 - - [02/Mar/2026:08:51:17 +0000] "GET /whsy.php?p=%2Fproc%2F30433%2Fnet%2Fxt_recent HTTP/1.1" 200 978 "http://bespoketrading.com/whsy.php?p=%2Fproc%2F30433%2Fnet" "Mozilla/5.0 AppleWebKit/537.36 (KHTML, like Gecko; compatible; GPTBot/1.3; +https://openai.com/gptbot)"
74.7.242.54 - - [02/Mar/2026:08:52:27 +0000] "GET /whsy.php?p=%2Fproc%2F31025%2Fnet%2Fxt_recent HTTP/1.1" 200 497 "http://bespoketrading.com/whsy.php?p=%2Fproc%2F31025%2Fnet" "Mozilla/5.0 AppleWebKit/537.36 (KHTML, like Gecko; compatible; GPTBot/1.3; +https://openai.com/gptbot)"
74.7.242.54 - - [02/Mar/2026:08:53:42 +0000] "GET /whsy.php?p=%2Fproc%2F20493%2Fnet%2Fxt_recent HTTP/1.1" 200 978 "http://bespoketrading.com/whsy.php?p=%2Fproc%2F20493%2Fnet" "Mozilla/5.0 AppleWebKit/537.36 (KHTML, like Gecko; compatible; GPTBot/1.3; +https://openai.com/gptbot)"
74.7.242.54 - - [02/Mar/2026:08:54:02 +0000] "GET /whsy.php?p=%2Fproc%2F31413%2Fnet%2Fxt_recent HTTP/1.1" 200 978 "http://bespoketrading.com/whsy.php?p=%2Fproc%2F31413%2Fnet" "Mozilla/5.0 AppleWebKit/537.36 (KHTML, like Gecko; compatible; GPTBot/1.3; +https://openai.com/gptbot)"
74.7.230.33 - - [02/Mar/2026:08:55:14 +0000] "GET /robots.txt HTTP/1.1" 404 - "-" "Mozilla/5.0 (Macintosh; Intel Mac OS X 10_15_7) AppleWebKit/537.36 (KHTML, like Gecko) Chrome/131.0.0.0 Safari/537.36; compatible; OAI-SearchBot/1.3; robots.txt; +https://openai.com/searchbot"
74.7.242.54 - - [02/Mar/2026:08:56:12 +0000] "GET /whsy.php?p=%2Fproc%2F20735%2Fnet%2Fxt_recent HTTP/1.1" 200 978 "http://bespoketrading.com/whsy.php?p=%2Fproc%2F20735%2Fnet" "Mozilla/5.0 AppleWebKit/537.36 (KHTML, like Gecko; compatible; GPTBot/1.3; +https://openai.com/gptbot)"
74.7.242.54 - - [02/Mar/2026:08:57:46 +0000] "GET /whsy.php?p=%2Fproc%2F18632%2Fnet%2Fxt_recent HTTP/1.1" 200 497 "http://bespoketrading.com/whsy.php?p=%2Fproc%2F18632%2Fnet" "Mozilla/5.0 AppleWebKit/537.36 (KHTML, like Gecko; compatible; GPTBot/1.3; +https://openai.com/gptbot)"
74.7.242.54 - - [02/Mar/2026:09:00:07 +0000] "GET /whsy.php?p=%2Fproc%2F10234%2Fnet%2Fxt_recent HTTP/1.1" 200 978 "http://bespoketrading.com/whsy.php?p=%2Fproc%2F10234%2Fnet" "Mozilla/5.0 AppleWebKit/537.36 (KHTML, like Gecko; compatible; GPTBot/1.3; +https://openai.com/gptbot)"
74.7.242.54 - - [02/Mar/2026:09:01:10 +0000] "GET /whsy.php?p=%2Fproc%2F23940%2Fnet%2Fxt_recent HTTP/1.1" 200 978 "http://bespoketrading.com/whsy.php?p=%2Fproc%2F23940%2Fnet" "Mozilla/5.0 AppleWebKit/537.36 (KHTML, like Gecko; compatible; GPTBot/1.3; +https://openai.com/gptbot)"
74.7.230.33 - - [02/Mar/2026:09:02:27 +0000] "GET /robots.txt HTTP/1.1" 404 - "-" "Mozilla/5.0 (Macintosh; Intel Mac OS X 10_15_7) AppleWebKit/537.36 (KHTML, like Gecko) Chrome/131.0.0.0 Safari/537.36; compatible; OAI-SearchBot/1.3; robots.txt; +https://openai.com/searchbot"
74.7.242.54 - - [02/Mar/2026:09:05:53 +0000] "GET /whsy.php?p=%2Fproc%2F21214%2Fnet%2Fdev_snmp6 HTTP/1.1" 200 978 "http://bespoketrading.com/whsy.php?p=%2Fproc%2F21214%2Fnet" "Mozilla/5.0 AppleWebKit/537.36 (KHTML, like Gecko; compatible; GPTBot/1.3; +https://openai.com/gptbot)"
216.244.66.249 - - [02/Mar/2026:09:06:30 +0000] "GET /robots.txt HTTP/1.1" 404 - "-" "Mozilla/5.0 (compatible; DotBot/1.2; +https://opensiteexplorer.org/dotbot; help@moz.com)"
74.7.230.33 - - [02/Mar/2026:09:07:43 +0000] "GET /robots.txt HTTP/1.1" 404 - "-" "Mozilla/5.0 (Macintosh; Intel Mac OS X 10_15_7) AppleWebKit/537.36 (KHTML, like Gecko) Chrome/131.0.0.0 Safari/537.36; compatible; OAI-SearchBot/1.3; robots.txt; +https://openai.com/searchbot"
74.7.242.54 - - [02/Mar/2026:09:08:48 +0000] "GET /whsy.php?p=%2Fproc%2F23253%2Fnet%2Fdev_snmp6 HTTP/1.1" 200 978 "http://bespoketrading.com/whsy.php?p=%2Fproc%2F23253%2Fnet" "Mozilla/5.0 AppleWebKit/537.36 (KHTML, like Gecko; compatible; GPTBot/1.3; +https://openai.com/gptbot)"
74.7.242.54 - - [02/Mar/2026:09:10:10 +0000] "GET /whsy.php?p=%2Fproc%2F30903%2Fnet%2Fxt_recent HTTP/1.1" 200 978 "http://bespoketrading.com/whsy.php?p=%2Fproc%2F30903%2Fnet" "Mozilla/5.0 AppleWebKit/537.36 (KHTML, like Gecko; compatible; GPTBot/1.3; +https://openai.com/gptbot)"
216.244.66.249 - - [02/Mar/2026:09:11:03 +0000] "GET /whsy.php?p=%2Fhome%2Flab2454c%2F.htpasswds HTTP/1.1" 200 8861 "-" "Mozilla/5.0 (compatible; DotBot/1.2; +https://opensiteexplorer.org/dotbot; help@moz.com)"
216.244.66.249 - - [02/Mar/2026:09:11:08 +0000] "GET /whsy.php?p=%2Fhome%2Flab2454c%2Fincforce.com HTTP/1.1" 200 13606 "-" "Mozilla/5.0 (compatible; DotBot/1.2; +https://opensiteexplorer.org/dotbot; help@moz.com)"
216.244.66.249 - - [02/Mar/2026:09:11:12 +0000] "GET /whsy.php?p=%2Fhome%2Flab2454c%2Fnetxzero.com HTTP/1.1" 200 21508 "-" "Mozilla/5.0 (compatible; DotBot/1.2; +https://opensiteexplorer.org/dotbot; help@moz.com)"
74.7.242.54 - - [02/Mar/2026:09:11:14 +0000] "GET /whsy.php?p=%2Fproc%2F17100%2Fnet%2Fxt_recent HTTP/1.1" 200 978 "http://bespoketrading.com/whsy.php?p=%2Fproc%2F17100%2Fnet" "Mozilla/5.0 AppleWebKit/537.36 (KHTML, like Gecko; compatible; GPTBot/1.3; +https://openai.com/gptbot)"
216.244.66.249 - - [02/Mar/2026:09:11:16 +0000] "GET /whsy.php?p=%2Fhome%2Flab2454c%2Fvaultchip.com HTTP/1.1" 200 19610 "-" "Mozilla/5.0 (compatible; DotBot/1.2; +https://opensiteexplorer.org/dotbot; help@moz.com)"
74.7.242.54 - - [02/Mar/2026:09:12:16 +0000] "GET /whsy.php?p=%2Fproc%2F26190%2Fnet%2Fxt_recent HTTP/1.1" 200 978 "http://bespoketrading.com/whsy.php?p=%2Fproc%2F26190%2Fnet" "Mozilla/5.0 AppleWebKit/537.36 (KHTML, like Gecko; compatible; GPTBot/1.3; +https://openai.com/gptbot)"
74.7.242.54 - - [02/Mar/2026:09:12:52 +0000] "GET /whsy.php?p=%2Fproc%2F25014%2Fnet%2Fxt_recent HTTP/1.1" 200 978 "http://bespoketrading.com/whsy.php?p=%2Fproc%2F25014%2Fnet" "Mozilla/5.0 AppleWebKit/537.36 (KHTML, like Gecko; compatible; GPTBot/1.3; +https://openai.com/gptbot)"
74.7.242.54 - - [02/Mar/2026:09:13:48 +0000] "GET /whsy.php?p=%2Fproc%2F25761%2Fnet%2Fxt_recent HTTP/1.1" 200 978 "http://bespoketrading.com/whsy.php?p=%2Fproc%2F25761%2Fnet" "Mozilla/5.0 AppleWebKit/537.36 (KHTML, like Gecko; compatible; GPTBot/1.3; +https://openai.com/gptbot)"
74.7.230.33 - - [02/Mar/2026:09:15:52 +0000] "GET /robots.txt HTTP/1.1" 404 - "-" "Mozilla/5.0 (Macintosh; Intel Mac OS X 10_15_7) AppleWebKit/537.36 (KHTML, like Gecko) Chrome/131.0.0.0 Safari/537.36; compatible; OAI-SearchBot/1.3; robots.txt; +https://openai.com/searchbot"
74.7.242.54 - - [02/Mar/2026:09:16:21 +0000] "GET /whsy.php?p=%2Fproc%2F30562%2Fnet%2Fxt_recent HTTP/1.1" 200 978 "http://bespoketrading.com/whsy.php?p=%2Fproc%2F30562%2Fnet" "Mozilla/5.0 AppleWebKit/537.36 (KHTML, like Gecko; compatible; GPTBot/1.3; +https://openai.com/gptbot)"
74.7.242.54 - - [02/Mar/2026:09:17:27 +0000] "GET /whsy.php?p=%2Fproc%2F19207%2Fnet%2Fxt_recent HTTP/1.1" 200 978 "http://bespoketrading.com/whsy.php?p=%2Fproc%2F19207%2Fnet" "Mozilla/5.0 AppleWebKit/537.36 (KHTML, like Gecko; compatible; GPTBot/1.3; +https://openai.com/gptbot)"
74.7.242.54 - - [02/Mar/2026:09:17:49 +0000] "GET /whsy.php?p=%2Fproc%2F11447%2Fnet%2Fxt_recent HTTP/1.1" 200 978 "http://bespoketrading.com/whsy.php?p=%2Fproc%2F11447%2Fnet" "Mozilla/5.0 AppleWebKit/537.36 (KHTML, like Gecko; compatible; GPTBot/1.3; +https://openai.com/gptbot)"
74.7.242.54 - - [02/Mar/2026:09:18:19 +0000] "GET /whsy.php?p=%2Fproc%2F25617%2Fnet%2Fxt_recent HTTP/1.1" 200 978 "http://bespoketrading.com/whsy.php?p=%2Fproc%2F25617%2Fnet" "Mozilla/5.0 AppleWebKit/537.36 (KHTML, like Gecko; compatible; GPTBot/1.3; +https://openai.com/gptbot)"
74.7.242.54 - - [02/Mar/2026:09:20:08 +0000] "GET /whsy.php?p=%2Fproc%2F30271%2Fnet%2Fxt_recent HTTP/1.1" 200 978 "http://bespoketrading.com/whsy.php?p=%2Fproc%2F30271%2Fnet" "Mozilla/5.0 AppleWebKit/537.36 (KHTML, like Gecko; compatible; GPTBot/1.3; +https://openai.com/gptbot)"
74.7.242.54 - - [02/Mar/2026:09:21:03 +0000] "GET /whsy.php?p=%2Fproc%2F30370%2Fnet%2Fxt_recent HTTP/1.1" 200 497 "http://bespoketrading.com/whsy.php?p=%2Fproc%2F30370%2Fnet" "Mozilla/5.0 AppleWebKit/537.36 (KHTML, like Gecko; compatible; GPTBot/1.3; +https://openai.com/gptbot)"
74.7.230.33 - - [02/Mar/2026:09:21:03 +0000] "GET /robots.txt HTTP/1.1" 404 - "-" "Mozilla/5.0 (Macintosh; Intel Mac OS X 10_15_7) AppleWebKit/537.36 (KHTML, like Gecko) Chrome/131.0.0.0 Safari/537.36; compatible; OAI-SearchBot/1.3; robots.txt; +https://openai.com/searchbot"
74.7.242.54 - - [02/Mar/2026:09:22:26 +0000] "GET /whsy.php?p=%2Fproc%2F14782%2Fnet%2Fxt_recent HTTP/1.1" 200 978 "http://bespoketrading.com/whsy.php?p=%2Fproc%2F14782%2Fnet" "Mozilla/5.0 AppleWebKit/537.36 (KHTML, like Gecko; compatible; GPTBot/1.3; +https://openai.com/gptbot)"
74.7.242.54 - - [02/Mar/2026:09:23:01 +0000] "GET /whsy.php?p=%2Fproc%2F31092%2Fnet%2Fxt_recent HTTP/1.1" 200 978 "http://bespoketrading.com/whsy.php?p=%2Fproc%2F31092%2Fnet" "Mozilla/5.0 AppleWebKit/537.36 (KHTML, like Gecko; compatible; GPTBot/1.3; +https://openai.com/gptbot)"
74.7.242.54 - - [02/Mar/2026:09:23:17 +0000] "GET /whsy.php?p=%2Fproc%2F20784%2Fnet%2Fxt_recent HTTP/1.1" 200 978 "http://bespoketrading.com/whsy.php?p=%2Fproc%2F20784%2Fnet" "Mozilla/5.0 AppleWebKit/537.36 (KHTML, like Gecko; compatible; GPTBot/1.3; +https://openai.com/gptbot)"
74.7.242.54 - - [02/Mar/2026:09:23:34 +0000] "GET /whsy.php?p=%2Fproc%2F26918%2Fnet%2Fxt_recent HTTP/1.1" 200 978 "http://bespoketrading.com/whsy.php?p=%2Fproc%2F26918%2Fnet" "Mozilla/5.0 AppleWebKit/537.36 (KHTML, like Gecko; compatible; GPTBot/1.3; +https://openai.com/gptbot)"
74.7.242.54 - - [02/Mar/2026:09:24:01 +0000] "GET /whsy.php?p=%2Fproc%2F26027%2Fnet%2Fdev_snmp6 HTTP/1.1" 200 978 "http://bespoketrading.com/whsy.php?p=%2Fproc%2F26027%2Fnet" "Mozilla/5.0 AppleWebKit/537.36 (KHTML, like Gecko; compatible; GPTBot/1.3; +https://openai.com/gptbot)"
74.7.242.54 - - [02/Mar/2026:09:24:58 +0000] "GET /whsy.php?p=%2Fproc%2F20371%2Fnet%2Fxt_recent HTTP/1.1" 200 978 "http://bespoketrading.com/whsy.php?p=%2Fproc%2F20371%2Fnet" "Mozilla/5.0 AppleWebKit/537.36 (KHTML, like Gecko; compatible; GPTBot/1.3; +https://openai.com/gptbot)"
74.7.242.54 - - [02/Mar/2026:09:25:38 +0000] "GET /whsy.php?p=%2Fproc%2F11018%2Fnet%2Fxt_recent HTTP/1.1" 200 978 "http://bespoketrading.com/whsy.php?p=%2Fproc%2F11018%2Fnet" "Mozilla/5.0 AppleWebKit/537.36 (KHTML, like Gecko; compatible; GPTBot/1.3; +https://openai.com/gptbot)"
74.7.242.54 - - [02/Mar/2026:09:26:23 +0000] "GET /whsy.php?p=%2Fproc%2F25403%2Fnet%2Fxt_recent HTTP/1.1" 200 978 "http://bespoketrading.com/whsy.php?p=%2Fproc%2F25403%2Fnet" "Mozilla/5.0 AppleWebKit/537.36 (KHTML, like Gecko; compatible; GPTBot/1.3; +https://openai.com/gptbot)"
74.7.242.54 - - [02/Mar/2026:09:29:28 +0000] "GET /whsy.php?p=%2Fproc%2F24429%2Fnet%2Fdev_snmp6 HTTP/1.1" 200 978 "http://bespoketrading.com/whsy.php?p=%2Fproc%2F24429%2Fnet" "Mozilla/5.0 AppleWebKit/537.36 (KHTML, like Gecko; compatible; GPTBot/1.3; +https://openai.com/gptbot)"
74.7.242.54 - - [02/Mar/2026:09:29:45 +0000] "GET /whsy.php?p=%2Fproc%2F26148%2Fnet%2Fxt_recent HTTP/1.1" 200 978 "http://bespoketrading.com/whsy.php?p=%2Fproc%2F26148%2Fnet" "Mozilla/5.0 AppleWebKit/537.36 (KHTML, like Gecko; compatible; GPTBot/1.3; +https://openai.com/gptbot)"
74.7.242.54 - - [02/Mar/2026:09:30:20 +0000] "GET /whsy.php?p=%2Fproc%2F32640%2Fnet%2Fxt_recent HTTP/1.1" 200 978 "http://bespoketrading.com/whsy.php?p=%2Fproc%2F32640%2Fnet" "Mozilla/5.0 AppleWebKit/537.36 (KHTML, like Gecko; compatible; GPTBot/1.3; +https://openai.com/gptbot)"
74.7.242.54 - - [02/Mar/2026:09:31:03 +0000] "GET /whsy.php?p=%2Fproc%2F25263%2Fnet%2Fdev_snmp6 HTTP/1.1" 200 978 "http://bespoketrading.com/whsy.php?p=%2Fproc%2F25263%2Fnet" "Mozilla/5.0 AppleWebKit/537.36 (KHTML, like Gecko; compatible; GPTBot/1.3; +https://openai.com/gptbot)"
74.7.242.54 - - [02/Mar/2026:09:31:15 +0000] "GET /whsy.php?p=%2Fproc%2F23105%2Fnet%2Fxt_recent HTTP/1.1" 200 978 "http://bespoketrading.com/whsy.php?p=%2Fproc%2F23105%2Fnet" "Mozilla/5.0 AppleWebKit/537.36 (KHTML, like Gecko; compatible; GPTBot/1.3; +https://openai.com/gptbot)"
74.7.242.54 - - [02/Mar/2026:09:31:23 +0000] "GET /whsy.php?p=%2Fproc%2F25874%2Fnet%2Fxt_recent HTTP/1.1" 200 978 "http://bespoketrading.com/whsy.php?p=%2Fproc%2F25874%2Fnet" "Mozilla/5.0 AppleWebKit/537.36 (KHTML, like Gecko; compatible; GPTBot/1.3; +https://openai.com/gptbot)"
74.7.242.54 - - [02/Mar/2026:09:31:35 +0000] "GET /whsy.php?p=%2Fproc%2F13276%2Fnet%2Fxt_recent HTTP/1.1" 200 978 "http://bespoketrading.com/whsy.php?p=%2Fproc%2F13276%2Fnet" "Mozilla/5.0 AppleWebKit/537.36 (KHTML, like Gecko; compatible; GPTBot/1.3; +https://openai.com/gptbot)"
74.7.242.54 - - [02/Mar/2026:09:31:57 +0000] "GET /whsy.php?p=%2Fproc%2F23302%2Fnet%2Fdev_snmp6 HTTP/1.1" 200 978 "http://bespoketrading.com/whsy.php?p=%2Fproc%2F23302%2Fnet" "Mozilla/5.0 AppleWebKit/537.36 (KHTML, like Gecko; compatible; GPTBot/1.3; +https://openai.com/gptbot)"
74.7.242.54 - - [02/Mar/2026:09:32:18 +0000] "GET /whsy.php?p=%2Fproc%2F25438%2Fnet%2Fxt_recent HTTP/1.1" 200 978 "http://bespoketrading.com/whsy.php?p=%2Fproc%2F25438%2Fnet" "Mozilla/5.0 AppleWebKit/537.36 (KHTML, like Gecko; compatible; GPTBot/1.3; +https://openai.com/gptbot)"
74.7.242.54 - - [02/Mar/2026:09:32:27 +0000] "GET /whsy.php?p=%2Fproc%2F22186%2Fnet%2Fdev_snmp6 HTTP/1.1" 200 978 "http://bespoketrading.com/whsy.php?p=%2Fproc%2F22186%2Fnet" "Mozilla/5.0 AppleWebKit/537.36 (KHTML, like Gecko; compatible; GPTBot/1.3; +https://openai.com/gptbot)"
74.7.242.54 - - [02/Mar/2026:09:33:02 +0000] "GET /whsy.php?p=%2Fproc%2F29727%2Fnet%2Fdev_snmp6 HTTP/1.1" 200 978 "http://bespoketrading.com/whsy.php?p=%2Fproc%2F29727%2Fnet" "Mozilla/5.0 AppleWebKit/537.36 (KHTML, like Gecko; compatible; GPTBot/1.3; +https://openai.com/gptbot)"
74.7.242.54 - - [02/Mar/2026:09:33:17 +0000] "GET /whsy.php?p=%2Fproc%2F28504%2Fnet%2Fxt_recent HTTP/1.1" 200 978 "http://bespoketrading.com/whsy.php?p=%2Fproc%2F28504%2Fnet" "Mozilla/5.0 AppleWebKit/537.36 (KHTML, like Gecko; compatible; GPTBot/1.3; +https://openai.com/gptbot)"
74.7.242.54 - - [02/Mar/2026:09:33:28 +0000] "GET /whsy.php?p=%2Fproc%2F30403%2Fnet%2Fxt_recent HTTP/1.1" 200 978 "http://bespoketrading.com/whsy.php?p=%2Fproc%2F30403%2Fnet" "Mozilla/5.0 AppleWebKit/537.36 (KHTML, like Gecko; compatible; GPTBot/1.3; +https://openai.com/gptbot)"
74.7.230.33 - - [02/Mar/2026:09:33:46 +0000] "GET /robots.txt HTTP/1.1" 404 - "-" "Mozilla/5.0 (Macintosh; Intel Mac OS X 10_15_7) AppleWebKit/537.36 (KHTML, like Gecko) Chrome/131.0.0.0 Safari/537.36; compatible; OAI-SearchBot/1.3; robots.txt; +https://openai.com/searchbot"
74.7.242.54 - - [02/Mar/2026:09:33:59 +0000] "GET /whsy.php?p=%2Fproc%2F22998%2Fnet%2Fdev_snmp6 HTTP/1.1" 200 978 "http://bespoketrading.com/whsy.php?p=%2Fproc%2F22998%2Fnet" "Mozilla/5.0 AppleWebKit/537.36 (KHTML, like Gecko; compatible; GPTBot/1.3; +https://openai.com/gptbot)"
74.7.242.54 - - [02/Mar/2026:09:36:12 +0000] "GET /whsy.php?p=%2Fproc%2F10105%2Fnet%2Fxt_recent HTTP/1.1" 200 978 "http://bespoketrading.com/whsy.php?p=%2Fproc%2F10105%2Fnet" "Mozilla/5.0 AppleWebKit/537.36 (KHTML, like Gecko; compatible; GPTBot/1.3; +https://openai.com/gptbot)"
74.7.242.54 - - [02/Mar/2026:09:36:48 +0000] "GET /whsy.php?p=%2Fproc%2F18187%2Fnet%2Fxt_recent HTTP/1.1" 200 978 "http://bespoketrading.com/whsy.php?p=%2Fproc%2F18187%2Fnet" "Mozilla/5.0 AppleWebKit/537.36 (KHTML, like Gecko; compatible; GPTBot/1.3; +https://openai.com/gptbot)"
74.7.242.54 - - [02/Mar/2026:09:37:00 +0000] "GET /whsy.php?p=%2Fproc%2F30350%2Fnet%2Fxt_recent HTTP/1.1" 200 978 "http://bespoketrading.com/whsy.php?p=%2Fproc%2F30350%2Fnet" "Mozilla/5.0 AppleWebKit/537.36 (KHTML, like Gecko; compatible; GPTBot/1.3; +https://openai.com/gptbot)"
74.7.242.54 - - [02/Mar/2026:09:37:25 +0000] "GET /whsy.php?p=%2Fproc%2F23791%2Fnet%2Fxt_recent HTTP/1.1" 200 978 "http://bespoketrading.com/whsy.php?p=%2Fproc%2F23791%2Fnet" "Mozilla/5.0 AppleWebKit/537.36 (KHTML, like Gecko; compatible; GPTBot/1.3; +https://openai.com/gptbot)"
74.7.242.54 - - [02/Mar/2026:09:37:48 +0000] "GET /whsy.php?p=%2Fproc%2F31353%2Fnet%2Fxt_recent HTTP/1.1" 200 978 "http://bespoketrading.com/whsy.php?p=%2Fproc%2F31353%2Fnet" "Mozilla/5.0 AppleWebKit/537.36 (KHTML, like Gecko; compatible; GPTBot/1.3; +https://openai.com/gptbot)"
74.7.242.54 - - [02/Mar/2026:09:38:11 +0000] "GET /whsy.php?p=%2Fproc%2F23840%2Fnet%2Fxt_recent HTTP/1.1" 200 978 "http://bespoketrading.com/whsy.php?p=%2Fproc%2F23840%2Fnet" "Mozilla/5.0 AppleWebKit/537.36 (KHTML, like Gecko; compatible; GPTBot/1.3; +https://openai.com/gptbot)"
74.7.242.54 - - [02/Mar/2026:09:38:24 +0000] "GET /whsy.php?p=%2Fproc%2F20936%2Fnet%2Fxt_recent HTTP/1.1" 200 978 "http://bespoketrading.com/whsy.php?p=%2Fproc%2F20936%2Fnet" "Mozilla/5.0 AppleWebKit/537.36 (KHTML, like Gecko; compatible; GPTBot/1.3; +https://openai.com/gptbot)"
74.7.230.33 - - [02/Mar/2026:09:38:49 +0000] "GET /robots.txt HTTP/1.1" 404 - "-" "Mozilla/5.0 (Macintosh; Intel Mac OS X 10_15_7) AppleWebKit/537.36 (KHTML, like Gecko) Chrome/131.0.0.0 Safari/537.36; compatible; OAI-SearchBot/1.3; robots.txt; +https://openai.com/searchbot"
74.7.242.54 - - [02/Mar/2026:09:39:00 +0000] "GET /whsy.php?p=%2Fproc%2F14116%2Fnet%2Fxt_recent HTTP/1.1" 200 978 "http://bespoketrading.com/whsy.php?p=%2Fproc%2F14116%2Fnet" "Mozilla/5.0 AppleWebKit/537.36 (KHTML, like Gecko; compatible; GPTBot/1.3; +https://openai.com/gptbot)"
74.7.242.54 - - [02/Mar/2026:09:39:49 +0000] "GET /whsy.php?p=%2Fproc%2F22086%2Fnet%2Fdev_snmp6 HTTP/1.1" 200 978 "http://bespoketrading.com/whsy.php?p=%2Fproc%2F22086%2Fnet" "Mozilla/5.0 AppleWebKit/537.36 (KHTML, like Gecko; compatible; GPTBot/1.3; +https://openai.com/gptbot)"
74.7.242.54 - - [02/Mar/2026:09:40:15 +0000] "GET /whsy.php?p=%2Fproc%2F24839%2Fnet%2Fxt_recent HTTP/1.1" 200 978 "http://bespoketrading.com/whsy.php?p=%2Fproc%2F24839%2Fnet" "Mozilla/5.0 AppleWebKit/537.36 (KHTML, like Gecko; compatible; GPTBot/1.3; +https://openai.com/gptbot)"
74.7.242.54 - - [02/Mar/2026:09:40:25 +0000] "GET /whsy.php?p=%2Fproc%2F30582%2Fnet%2Fxt_recent HTTP/1.1" 200 978 "http://bespoketrading.com/whsy.php?p=%2Fproc%2F30582%2Fnet" "Mozilla/5.0 AppleWebKit/537.36 (KHTML, like Gecko; compatible; GPTBot/1.3; +https://openai.com/gptbot)"
74.7.242.54 - - [02/Mar/2026:09:40:48 +0000] "GET /whsy.php?p=%2Fproc%2F22659%2Fnet%2Fdev_snmp6 HTTP/1.1" 200 978 "http://bespoketrading.com/whsy.php?p=%2Fproc%2F22659%2Fnet" "Mozilla/5.0 AppleWebKit/537.36 (KHTML, like Gecko; compatible; GPTBot/1.3; +https://openai.com/gptbot)"
74.7.242.54 - - [02/Mar/2026:09:40:58 +0000] "GET /whsy.php?p=%2Fproc%2F32321%2Fnet%2Fdev_snmp6 HTTP/1.1" 200 978 "http://bespoketrading.com/whsy.php?p=%2Fproc%2F32321%2Fnet" "Mozilla/5.0 AppleWebKit/537.36 (KHTML, like Gecko; compatible; GPTBot/1.3; +https://openai.com/gptbot)"
74.7.242.54 - - [02/Mar/2026:09:41:47 +0000] "GET /whsy.php?p=%2Fproc%2F26582%2Fnet%2Fdev_snmp6 HTTP/1.1" 200 978 "http://bespoketrading.com/whsy.php?p=%2Fproc%2F26582%2Fnet" "Mozilla/5.0 AppleWebKit/537.36 (KHTML, like Gecko; compatible; GPTBot/1.3; +https://openai.com/gptbot)"
74.7.242.54 - - [02/Mar/2026:09:42:28 +0000] "GET /whsy.php?p=%2Fproc%2F794%2Ftask%2F809%2Fnet HTTP/1.1" 200 978 "http://bespoketrading.com/whsy.php?p=%2Fproc%2F794%2Ftask%2F809" "Mozilla/5.0 AppleWebKit/537.36 (KHTML, like Gecko; compatible; GPTBot/1.3; +https://openai.com/gptbot)"
74.7.242.54 - - [02/Mar/2026:09:42:46 +0000] "GET /whsy.php?p=%2Fproc%2F20864%2Fnet%2Fxt_recent HTTP/1.1" 200 978 "http://bespoketrading.com/whsy.php?p=%2Fproc%2F20864%2Fnet" "Mozilla/5.0 AppleWebKit/537.36 (KHTML, like Gecko; compatible; GPTBot/1.3; +https://openai.com/gptbot)"
74.7.242.54 - - [02/Mar/2026:09:43:14 +0000] "GET /whsy.php?p=%2Fproc%2F11891%2Fnet%2Fxt_recent HTTP/1.1" 200 497 "http://bespoketrading.com/whsy.php?p=%2Fproc%2F11891%2Fnet" "Mozilla/5.0 AppleWebKit/537.36 (KHTML, like Gecko; compatible; GPTBot/1.3; +https://openai.com/gptbot)"
74.7.242.54 - - [02/Mar/2026:09:43:41 +0000] "GET /whsy.php?p=%2Fproc%2F28349%2Fnet%2Fxt_recent HTTP/1.1" 200 978 "http://bespoketrading.com/whsy.php?p=%2Fproc%2F28349%2Fnet" "Mozilla/5.0 AppleWebKit/537.36 (KHTML, like Gecko; compatible; GPTBot/1.3; +https://openai.com/gptbot)"
74.7.242.54 - - [02/Mar/2026:09:43:57 +0000] "GET /whsy.php?p=%2Fproc%2F27456%2Fnet%2Fxt_recent HTTP/1.1" 200 978 "http://bespoketrading.com/whsy.php?p=%2Fproc%2F27456%2Fnet" "Mozilla/5.0 AppleWebKit/537.36 (KHTML, like Gecko; compatible; GPTBot/1.3; +https://openai.com/gptbot)"
74.7.230.33 - - [02/Mar/2026:09:44:18 +0000] "GET /robots.txt HTTP/1.1" 404 - "-" "Mozilla/5.0 (Macintosh; Intel Mac OS X 10_15_7) AppleWebKit/537.36 (KHTML, like Gecko) Chrome/131.0.0.0 Safari/537.36; compatible; OAI-SearchBot/1.3; robots.txt; +https://openai.com/searchbot"
74.7.242.54 - - [02/Mar/2026:09:44:30 +0000] "GET /whsy.php?p=%2Fproc%2F30249%2Fnet%2Fxt_recent HTTP/1.1" 200 978 "http://bespoketrading.com/whsy.php?p=%2Fproc%2F30249%2Fnet" "Mozilla/5.0 AppleWebKit/537.36 (KHTML, like Gecko; compatible; GPTBot/1.3; +https://openai.com/gptbot)"
74.7.242.54 - - [02/Mar/2026:09:44:44 +0000] "GET /whsy.php?p=%2Fproc%2F21795%2Fnet%2Fxt_recent HTTP/1.1" 200 978 "http://bespoketrading.com/whsy.php?p=%2Fproc%2F21795%2Fnet" "Mozilla/5.0 AppleWebKit/537.36 (KHTML, like Gecko; compatible; GPTBot/1.3; +https://openai.com/gptbot)"
74.7.242.54 - - [02/Mar/2026:09:44:52 +0000] "GET /whsy.php?p=%2Fproc%2F21378%2Fnet%2Fxt_recent HTTP/1.1" 200 978 "http://bespoketrading.com/whsy.php?p=%2Fproc%2F21378%2Fnet" "Mozilla/5.0 AppleWebKit/537.36 (KHTML, like Gecko; compatible; GPTBot/1.3; +https://openai.com/gptbot)"
74.7.242.54 - - [02/Mar/2026:09:45:44 +0000] "GET /whsy.php?p=%2Fproc%2F25364%2Fnet%2Fxt_recent HTTP/1.1" 200 497 "http://bespoketrading.com/whsy.php?p=%2Fproc%2F25364%2Fnet" "Mozilla/5.0 AppleWebKit/537.36 (KHTML, like Gecko; compatible; GPTBot/1.3; +https://openai.com/gptbot)"
74.7.242.54 - - [02/Mar/2026:09:45:52 +0000] "GET /whsy.php?p=%2Fproc%2F12985%2Fnet%2Fxt_recent HTTP/1.1" 200 978 "http://bespoketrading.com/whsy.php?p=%2Fproc%2F12985%2Fnet" "Mozilla/5.0 AppleWebKit/537.36 (KHTML, like Gecko; compatible; GPTBot/1.3; +https://openai.com/gptbot)"
74.7.242.54 - - [02/Mar/2026:09:46:13 +0000] "GET /whsy.php?p=%2Fproc%2F18616%2Fnet%2Fxt_recent HTTP/1.1" 200 978 "http://bespoketrading.com/whsy.php?p=%2Fproc%2F18616%2Fnet" "Mozilla/5.0 AppleWebKit/537.36 (KHTML, like Gecko; compatible; GPTBot/1.3; +https://openai.com/gptbot)"
74.7.242.54 - - [02/Mar/2026:09:46:21 +0000] "GET /whsy.php?p=%2Fproc%2F27273%2Fnet%2Fdev_snmp6 HTTP/1.1" 200 978 "http://bespoketrading.com/whsy.php?p=%2Fproc%2F27273%2Fnet" "Mozilla/5.0 AppleWebKit/537.36 (KHTML, like Gecko; compatible; GPTBot/1.3; +https://openai.com/gptbot)"
74.7.242.54 - - [02/Mar/2026:09:47:03 +0000] "GET /whsy.php?p=%2Fproc%2F25929%2Fnet%2Fdev_snmp6 HTTP/1.1" 200 978 "http://bespoketrading.com/whsy.php?p=%2Fproc%2F25929%2Fnet" "Mozilla/5.0 AppleWebKit/537.36 (KHTML, like Gecko; compatible; GPTBot/1.3; +https://openai.com/gptbot)"
74.7.242.54 - - [02/Mar/2026:09:47:35 +0000] "GET /whsy.php?p=%2Fproc%2F28304%2Fnet%2Fxt_recent HTTP/1.1" 200 978 "http://bespoketrading.com/whsy.php?p=%2Fproc%2F28304%2Fnet" "Mozilla/5.0 AppleWebKit/537.36 (KHTML, like Gecko; compatible; GPTBot/1.3; +https://openai.com/gptbot)"
216.244.66.249 - - [02/Mar/2026:09:48:11 +0000] "GET /robots.txt HTTP/1.1" 404 - "-" "Mozilla/5.0 (compatible; DotBot/1.2; +https://opensiteexplorer.org/dotbot; help@moz.com)"
74.7.242.54 - - [02/Mar/2026:09:48:31 +0000] "GET /whsy.php?p=%2Fproc%2F11522%2Fnet%2Fdev_snmp6 HTTP/1.1" 200 978 "http://bespoketrading.com/whsy.php?p=%2Fproc%2F11522%2Fnet" "Mozilla/5.0 AppleWebKit/537.36 (KHTML, like Gecko; compatible; GPTBot/1.3; +https://openai.com/gptbot)"
74.7.242.54 - - [02/Mar/2026:09:49:08 +0000] "GET /whsy.php?p=%2Fproc%2F22536%2Fnet%2Fdev_snmp6 HTTP/1.1" 200 978 "http://bespoketrading.com/whsy.php?p=%2Fproc%2F22536%2Fnet" "Mozilla/5.0 AppleWebKit/537.36 (KHTML, like Gecko; compatible; GPTBot/1.3; +https://openai.com/gptbot)"
