74.7.242.31 - - [01/Mar/2026:15:09:50 +0000] "GET /whsy.php?e=ksm_merging_pages&p=%2Fproc%2F19885 HTTP/1.1" 200 978 "http://bespoketrading.com/whsy.php?p=%2Fproc%2F19885" "Mozilla/5.0 AppleWebKit/537.36 (KHTML, like Gecko; compatible; GPTBot/1.3; +https://openai.com/gptbot)"
74.7.242.31 - - [01/Mar/2026:15:10:07 +0000] "GET /whsy.php?e=ksm_merging_pages&p=%2Fproc%2F16769 HTTP/1.1" 200 1936 "http://bespoketrading.com/whsy.php?p=%2Fproc%2F16769" "Mozilla/5.0 AppleWebKit/537.36 (KHTML, like Gecko; compatible; GPTBot/1.3; +https://openai.com/gptbot)"
74.7.242.31 - - [01/Mar/2026:15:10:14 +0000] "GET /whsy.php?e=ksm_merging_pages&p=%2Fproc%2F19664 HTTP/1.1" 200 978 "http://bespoketrading.com/whsy.php?p=%2Fproc%2F19664" "Mozilla/5.0 AppleWebKit/537.36 (KHTML, like Gecko; compatible; GPTBot/1.3; +https://openai.com/gptbot)"
74.7.242.31 - - [01/Mar/2026:15:10:19 +0000] "GET /whsy.php?e=ksm_merging_pages&p=%2Fproc%2F26917 HTTP/1.1" 200 1936 "http://bespoketrading.com/whsy.php?p=%2Fproc%2F26917" "Mozilla/5.0 AppleWebKit/537.36 (KHTML, like Gecko; compatible; GPTBot/1.3; +https://openai.com/gptbot)"
74.7.242.31 - - [01/Mar/2026:15:10:23 +0000] "GET /whsy.php?e=ksm_merging_pages&p=%2Fproc%2F18651 HTTP/1.1" 200 978 "http://bespoketrading.com/whsy.php?p=%2Fproc%2F18651" "Mozilla/5.0 AppleWebKit/537.36 (KHTML, like Gecko; compatible; GPTBot/1.3; +https://openai.com/gptbot)"
74.7.242.31 - - [01/Mar/2026:15:10:36 +0000] "GET /whsy.php?p=%2Fproc%2F11146%2Ftask%2F24282%2Ffdinfo HTTP/1.1" 200 791074 "http://bespoketrading.com/whsy.php?p=%2Fproc%2F11146%2Ftask%2F24282" "Mozilla/5.0 AppleWebKit/537.36 (KHTML, like Gecko; compatible; GPTBot/1.3; +https://openai.com/gptbot)"
74.7.242.31 - - [01/Mar/2026:15:11:47 +0000] "GET /whsy.php?p=%2Fproc%2F11146%2Ftask%2F24282%2Fnet%2Fip6t_hashlimit HTTP/1.1" 200 521 "http://bespoketrading.com/whsy.php?p=%2Fproc%2F11146%2Ftask%2F24282%2Fnet" "Mozilla/5.0 AppleWebKit/537.36 (KHTML, like Gecko; compatible; GPTBot/1.3; +https://openai.com/gptbot)"
74.7.242.31 - - [01/Mar/2026:15:11:53 +0000] "GET /whsy.php?p=%2Fproc%2F11146%2Ftask%2F11246 HTTP/1.1" 200 1798 "http://bespoketrading.com/whsy.php?p=%2Fproc%2F11146%2Ftask" "Mozilla/5.0 AppleWebKit/537.36 (KHTML, like Gecko; compatible; GPTBot/1.3; +https://openai.com/gptbot)"
74.7.242.31 - - [01/Mar/2026:15:11:59 +0000] "GET /whsy.php?p=%2Fproc%2F11146%2Ftask%2F11247 HTTP/1.1" 200 1801 "http://bespoketrading.com/whsy.php?p=%2Fproc%2F11146%2Ftask" "Mozilla/5.0 AppleWebKit/537.36 (KHTML, like Gecko; compatible; GPTBot/1.3; +https://openai.com/gptbot)"
74.7.242.31 - - [01/Mar/2026:15:12:04 +0000] "GET /whsy.php?p=%2Fproc%2F11146%2Ftask%2F11234 HTTP/1.1" 200 1801 "http://bespoketrading.com/whsy.php?p=%2Fproc%2F11146%2Ftask" "Mozilla/5.0 AppleWebKit/537.36 (KHTML, like Gecko; compatible; GPTBot/1.3; +https://openai.com/gptbot)"
74.7.242.31 - - [01/Mar/2026:15:12:09 +0000] "GET /whsy.php?p=%2Fproc%2F11146%2Ftask%2F11161 HTTP/1.1" 200 1800 "http://bespoketrading.com/whsy.php?p=%2Fproc%2F11146%2Ftask" "Mozilla/5.0 AppleWebKit/537.36 (KHTML, like Gecko; compatible; GPTBot/1.3; +https://openai.com/gptbot)"
74.7.242.31 - - [01/Mar/2026:15:12:24 +0000] "GET /whsy.php?p=%2Fproc%2F11146%2Ftask%2F11236 HTTP/1.1" 200 1801 "http://bespoketrading.com/whsy.php?p=%2Fproc%2F11146%2Ftask" "Mozilla/5.0 AppleWebKit/537.36 (KHTML, like Gecko; compatible; GPTBot/1.3; +https://openai.com/gptbot)"
74.7.242.31 - - [01/Mar/2026:15:12:28 +0000] "GET /whsy.php?p=%2Fproc%2F11146%2Ftask%2F11156 HTTP/1.1" 200 1800 "http://bespoketrading.com/whsy.php?p=%2Fproc%2F11146%2Ftask" "Mozilla/5.0 AppleWebKit/537.36 (KHTML, like Gecko; compatible; GPTBot/1.3; +https://openai.com/gptbot)"
74.7.242.31 - - [01/Mar/2026:15:12:34 +0000] "GET /whsy.php?p=%2Fproc%2F11146%2Ftask%2F11231 HTTP/1.1" 200 1801 "http://bespoketrading.com/whsy.php?p=%2Fproc%2F11146%2Ftask" "Mozilla/5.0 AppleWebKit/537.36 (KHTML, like Gecko; compatible; GPTBot/1.3; +https://openai.com/gptbot)"
74.7.242.31 - - [01/Mar/2026:15:12:42 +0000] "GET /whsy.php?p=%2Fproc%2F11146%2Ftask%2F11154 HTTP/1.1" 200 1801 "http://bespoketrading.com/whsy.php?p=%2Fproc%2F11146%2Ftask" "Mozilla/5.0 AppleWebKit/537.36 (KHTML, like Gecko; compatible; GPTBot/1.3; +https://openai.com/gptbot)"
74.7.242.31 - - [01/Mar/2026:15:13:03 +0000] "GET /whsy.php?p=%2Fproc%2F11146%2Ftask%2F11246%2Fattr HTTP/1.1" 200 817 "http://bespoketrading.com/whsy.php?p=%2Fproc%2F11146%2Ftask%2F11246" "Mozilla/5.0 AppleWebKit/537.36 (KHTML, like Gecko; compatible; GPTBot/1.3; +https://openai.com/gptbot)"
74.7.242.31 - - [01/Mar/2026:15:13:16 +0000] "GET /whsy.php?p=%2Fproc%2F11146%2Ftask%2F11247%2Fattr HTTP/1.1" 200 817 "http://bespoketrading.com/whsy.php?p=%2Fproc%2F11146%2Ftask%2F11247" "Mozilla/5.0 AppleWebKit/537.36 (KHTML, like Gecko; compatible; GPTBot/1.3; +https://openai.com/gptbot)"
74.7.242.31 - - [01/Mar/2026:15:13:35 +0000] "GET /whsy.php?p=%2Fproc%2F11146%2Ftask%2F11234%2Fattr HTTP/1.1" 200 817 "http://bespoketrading.com/whsy.php?p=%2Fproc%2F11146%2Ftask%2F11234" "Mozilla/5.0 AppleWebKit/537.36 (KHTML, like Gecko; compatible; GPTBot/1.3; +https://openai.com/gptbot)"
74.7.242.31 - - [01/Mar/2026:15:13:47 +0000] "GET /whsy.php?e=uid_map&p=%2Fproc%2F11146%2Ftask%2F11161 HTTP/1.1" 200 1883 "http://bespoketrading.com/whsy.php?p=%2Fproc%2F11146%2Ftask%2F11161" "Mozilla/5.0 AppleWebKit/537.36 (KHTML, like Gecko; compatible; GPTBot/1.3; +https://openai.com/gptbot)"
74.7.242.31 - - [01/Mar/2026:15:14:21 +0000] "GET /whsy.php?e=numa_maps&p=%2Fproc%2F11146%2Ftask%2F11236 HTTP/1.1" 200 1993 "http://bespoketrading.com/whsy.php?p=%2Fproc%2F11146%2Ftask%2F11236" "Mozilla/5.0 AppleWebKit/537.36 (KHTML, like Gecko; compatible; GPTBot/1.3; +https://openai.com/gptbot)"
74.7.242.31 - - [01/Mar/2026:15:14:34 +0000] "GET /whsy.php?p=%2Fproc%2F11146%2Ftask%2F11161%2Fattr HTTP/1.1" 200 817 "http://bespoketrading.com/whsy.php?p=%2Fproc%2F11146%2Ftask%2F11161" "Mozilla/5.0 AppleWebKit/537.36 (KHTML, like Gecko; compatible; GPTBot/1.3; +https://openai.com/gptbot)"
74.7.242.31 - - [01/Mar/2026:15:14:40 +0000] "GET /whsy.php?p=%2Fproc%2F11146%2Ftask%2F11156%2Fattr HTTP/1.1" 200 818 "http://bespoketrading.com/whsy.php?p=%2Fproc%2F11146%2Ftask%2F11156" "Mozilla/5.0 AppleWebKit/537.36 (KHTML, like Gecko; compatible; GPTBot/1.3; +https://openai.com/gptbot)"
74.7.242.31 - - [01/Mar/2026:15:14:45 +0000] "GET /whsy.php?p=%2Fproc%2F11146%2Ftask%2F11154%2Fattr HTTP/1.1" 200 818 "http://bespoketrading.com/whsy.php?p=%2Fproc%2F11146%2Ftask%2F11154" "Mozilla/5.0 AppleWebKit/537.36 (KHTML, like Gecko; compatible; GPTBot/1.3; +https://openai.com/gptbot)"
74.7.242.31 - - [01/Mar/2026:15:15:04 +0000] "GET /whsy.php?p=%2Fproc%2F11146%2Ftask%2F11161%2Fnet HTTP/1.1" 200 2465 "http://bespoketrading.com/whsy.php?p=%2Fproc%2F11146%2Ftask%2F11161" "Mozilla/5.0 AppleWebKit/537.36 (KHTML, like Gecko; compatible; GPTBot/1.3; +https://openai.com/gptbot)"
74.7.242.31 - - [01/Mar/2026:15:15:14 +0000] "GET /whsy.php?p=%2Fproc%2F11146%2Ftask%2F11154%2Fnet HTTP/1.1" 200 2467 "http://bespoketrading.com/whsy.php?p=%2Fproc%2F11146%2Ftask%2F11154" "Mozilla/5.0 AppleWebKit/537.36 (KHTML, like Gecko; compatible; GPTBot/1.3; +https://openai.com/gptbot)"
74.7.242.31 - - [01/Mar/2026:15:15:22 +0000] "GET /whsy.php?p=%2Fproc%2F11146%2Ftask%2F11156%2Fnet HTTP/1.1" 200 2467 "http://bespoketrading.com/whsy.php?p=%2Fproc%2F11146%2Ftask%2F11156" "Mozilla/5.0 AppleWebKit/537.36 (KHTML, like Gecko; compatible; GPTBot/1.3; +https://openai.com/gptbot)"
74.7.242.31 - - [01/Mar/2026:15:15:33 +0000] "GET /whsy.php?p=%2Fproc%2F11146%2Ftask%2F11236%2Fattr HTTP/1.1" 200 816 "http://bespoketrading.com/whsy.php?p=%2Fproc%2F11146%2Ftask%2F11236" "Mozilla/5.0 AppleWebKit/537.36 (KHTML, like Gecko; compatible; GPTBot/1.3; +https://openai.com/gptbot)"
74.7.242.31 - - [01/Mar/2026:15:15:54 +0000] "GET /whsy.php?e=current&p=%2Fproc%2F11146%2Ftask%2F11156%2Fattr HTTP/1.1" 200 866 "http://bespoketrading.com/whsy.php?p=%2Fproc%2F11146%2Ftask%2F11156%2Fattr" "Mozilla/5.0 AppleWebKit/537.36 (KHTML, like Gecko; compatible; GPTBot/1.3; +https://openai.com/gptbot)"
74.7.242.31 - - [01/Mar/2026:15:16:10 +0000] "GET /whsy.php?p=%2Fproc%2F11146%2Ftask%2F11231%2Fattr HTTP/1.1" 200 817 "http://bespoketrading.com/whsy.php?p=%2Fproc%2F11146%2Ftask%2F11231" "Mozilla/5.0 AppleWebKit/537.36 (KHTML, like Gecko; compatible; GPTBot/1.3; +https://openai.com/gptbot)"
74.7.242.31 - - [01/Mar/2026:15:16:23 +0000] "GET /whsy.php?p=%2Fproc%2F11146%2Ftask%2F11231%2Fnet HTTP/1.1" 200 2466 "http://bespoketrading.com/whsy.php?p=%2Fproc%2F11146%2Ftask%2F11231" "Mozilla/5.0 AppleWebKit/537.36 (KHTML, like Gecko; compatible; GPTBot/1.3; +https://openai.com/gptbot)"
74.7.242.31 - - [01/Mar/2026:15:16:33 +0000] "GET /whsy.php?p=%2Fproc%2F11146%2Ftask%2F11236%2Fnet HTTP/1.1" 200 2465 "http://bespoketrading.com/whsy.php?p=%2Fproc%2F11146%2Ftask%2F11236" "Mozilla/5.0 AppleWebKit/537.36 (KHTML, like Gecko; compatible; GPTBot/1.3; +https://openai.com/gptbot)"
74.7.242.31 - - [01/Mar/2026:15:16:52 +0000] "GET /whsy.php?p=%2Fproc%2F11146%2Ftask%2F11247%2Fnet HTTP/1.1" 200 2467 "http://bespoketrading.com/whsy.php?p=%2Fproc%2F11146%2Ftask%2F11247" "Mozilla/5.0 AppleWebKit/537.36 (KHTML, like Gecko; compatible; GPTBot/1.3; +https://openai.com/gptbot)"
74.7.242.31 - - [01/Mar/2026:15:17:07 +0000] "GET /whsy.php?p=%2Fproc%2F11146%2Ftask%2F11246%2Fnet HTTP/1.1" 200 2466 "http://bespoketrading.com/whsy.php?p=%2Fproc%2F11146%2Ftask%2F11246" "Mozilla/5.0 AppleWebKit/537.36 (KHTML, like Gecko; compatible; GPTBot/1.3; +https://openai.com/gptbot)"
74.7.244.26 - - [01/Mar/2026:15:17:07 +0000] "GET /robots.txt HTTP/1.1" 404 - "-" "Mozilla/5.0 (Macintosh; Intel Mac OS X 10_15_7) AppleWebKit/537.36 (KHTML, like Gecko) Chrome/131.0.0.0 Safari/537.36; compatible; OAI-SearchBot/1.3; robots.txt; +https://openai.com/searchbot"
74.7.242.31 - - [01/Mar/2026:15:17:14 +0000] "GET /whsy.php?e=netlink&p=%2Fproc%2F11146%2Ftask%2F11154%2Fnet HTTP/1.1" 200 2834 "http://bespoketrading.com/whsy.php?p=%2Fproc%2F11146%2Ftask%2F11154%2Fnet" "Mozilla/5.0 AppleWebKit/537.36 (KHTML, like Gecko; compatible; GPTBot/1.3; +https://openai.com/gptbot)"
74.7.242.31 - - [01/Mar/2026:15:17:27 +0000] "GET /whsy.php?p=%2Fproc%2F11146%2Ftask%2F11234%2Fnet HTTP/1.1" 200 2466 "http://bespoketrading.com/whsy.php?p=%2Fproc%2F11146%2Ftask%2F11234" "Mozilla/5.0 AppleWebKit/537.36 (KHTML, like Gecko; compatible; GPTBot/1.3; +https://openai.com/gptbot)"
74.7.242.31 - - [01/Mar/2026:15:17:35 +0000] "GET /whsy.php?p=%2Fproc%2F11146%2Ftask%2F11156%2Fns HTTP/1.1" 200 817929 "http://bespoketrading.com/whsy.php?p=%2Fproc%2F11146%2Ftask%2F11156" "Mozilla/5.0 AppleWebKit/537.36 (KHTML, like Gecko; compatible; GPTBot/1.3; +https://openai.com/gptbot)"
74.7.242.31 - - [01/Mar/2026:15:18:19 +0000] "GET /whsy.php?p=%2Fproc%2F11146%2Ftask%2F11247%2Fns HTTP/1.1" 200 795403 "http://bespoketrading.com/whsy.php?p=%2Fproc%2F11146%2Ftask%2F11247" "Mozilla/5.0 AppleWebKit/537.36 (KHTML, like Gecko; compatible; GPTBot/1.3; +https://openai.com/gptbot)"
74.7.242.31 - - [01/Mar/2026:15:18:59 +0000] "GET /whsy.php?p=%2Fproc%2F11146%2Ftask%2F11154%2Fns HTTP/1.1" 200 772623 "http://bespoketrading.com/whsy.php?p=%2Fproc%2F11146%2Ftask%2F11154" "Mozilla/5.0 AppleWebKit/537.36 (KHTML, like Gecko; compatible; GPTBot/1.3; +https://openai.com/gptbot)"
74.7.242.31 - - [01/Mar/2026:15:20:19 +0000] "GET /whsy.php?e=netlink&p=%2Fproc%2F11146%2Ftask%2F11231%2Fnet HTTP/1.1" 200 2835 "http://bespoketrading.com/whsy.php?p=%2Fproc%2F11146%2Ftask%2F11231%2Fnet" "Mozilla/5.0 AppleWebKit/537.36 (KHTML, like Gecko; compatible; GPTBot/1.3; +https://openai.com/gptbot)"
74.7.242.31 - - [01/Mar/2026:15:20:59 +0000] "GET /whsy.php?e=mcfilter6&p=%2Fproc%2F11146%2Ftask%2F11236%2Fnet HTTP/1.1" 200 2574 "http://bespoketrading.com/whsy.php?p=%2Fproc%2F11146%2Ftask%2F11236%2Fnet" "Mozilla/5.0 AppleWebKit/537.36 (KHTML, like Gecko; compatible; GPTBot/1.3; +https://openai.com/gptbot)"
74.7.242.31 - - [01/Mar/2026:15:21:41 +0000] "GET /whsy.php?e=connector&p=%2Fproc%2F11146%2Ftask%2F11231%2Fnet HTTP/1.1" 200 2547 "http://bespoketrading.com/whsy.php?p=%2Fproc%2F11146%2Ftask%2F11231%2Fnet" "Mozilla/5.0 AppleWebKit/537.36 (KHTML, like Gecko; compatible; GPTBot/1.3; +https://openai.com/gptbot)"
216.244.66.249 - - [01/Mar/2026:15:21:56 +0000] "GET /robots.txt HTTP/1.1" 404 - "-" "Mozilla/5.0 (compatible; DotBot/1.2; +https://opensiteexplorer.org/dotbot; help@moz.com)"
74.7.242.31 - - [01/Mar/2026:15:22:39 +0000] "GET /whsy.php?p=%2Fproc%2F11146%2Ftask%2F11236%2Fns HTTP/1.1" 200 871307 "http://bespoketrading.com/whsy.php?p=%2Fproc%2F11146%2Ftask%2F11236" "Mozilla/5.0 AppleWebKit/537.36 (KHTML, like Gecko; compatible; GPTBot/1.3; +https://openai.com/gptbot)"
74.7.244.26 - - [01/Mar/2026:15:23:09 +0000] "GET /robots.txt HTTP/1.1" 404 - "-" "Mozilla/5.0 (Macintosh; Intel Mac OS X 10_15_7) AppleWebKit/537.36 (KHTML, like Gecko) Chrome/131.0.0.0 Safari/537.36; compatible; OAI-SearchBot/1.3; robots.txt; +https://openai.com/searchbot"
74.7.242.31 - - [01/Mar/2026:15:24:21 +0000] "GET /whsy.php?e=ip6_flowlabel&p=%2Fproc%2F11146%2Ftask%2F11234%2Fnet HTTP/1.1" 200 2573 "http://bespoketrading.com/whsy.php?p=%2Fproc%2F11146%2Ftask%2F11234%2Fnet" "Mozilla/5.0 AppleWebKit/537.36 (KHTML, like Gecko; compatible; GPTBot/1.3; +https://openai.com/gptbot)"
74.7.242.31 - - [01/Mar/2026:15:25:24 +0000] "GET /whsy.php?p=%2Fproc%2F11146%2Ftask%2F11231%2Ffd HTTP/1.1" 200 647759 "http://bespoketrading.com/whsy.php?p=%2Fproc%2F11146%2Ftask%2F11231" "Mozilla/5.0 AppleWebKit/537.36 (KHTML, like Gecko; compatible; GPTBot/1.3; +https://openai.com/gptbot)"
216.244.66.249 - - [01/Mar/2026:15:26:21 +0000] "GET /whsy.php?p=%2Fhome%2Flab2454c%2F.wp-cli HTTP/1.1" 200 7483 "-" "Mozilla/5.0 (compatible; DotBot/1.2; +https://opensiteexplorer.org/dotbot; help@moz.com)"
216.244.66.249 - - [01/Mar/2026:15:26:26 +0000] "GET /whsy.php?p=%2Fhome%2Flab2454c%2Fcoshade.com HTTP/1.1" 200 4271 "-" "Mozilla/5.0 (compatible; DotBot/1.2; +https://opensiteexplorer.org/dotbot; help@moz.com)"
216.244.66.249 - - [01/Mar/2026:15:26:31 +0000] "GET /whsy.php?p=%2Fhome%2Flab2454c%2Fgce.elementalrock.com HTTP/1.1" 200 13075 "-" "Mozilla/5.0 (compatible; DotBot/1.2; +https://opensiteexplorer.org/dotbot; help@moz.com)"
74.7.244.26 - - [01/Mar/2026:15:28:53 +0000] "GET /robots.txt HTTP/1.1" 404 - "-" "Mozilla/5.0 (Macintosh; Intel Mac OS X 10_15_7) AppleWebKit/537.36 (KHTML, like Gecko) Chrome/131.0.0.0 Safari/537.36; compatible; OAI-SearchBot/1.3; robots.txt; +https://openai.com/searchbot"
74.7.242.31 - - [01/Mar/2026:15:29:28 +0000] "GET /whsy.php?p=%2Fproc%2F11146%2Ftask%2F11246%2Fns HTTP/1.1" 200 869013 "http://bespoketrading.com/whsy.php?p=%2Fproc%2F11146%2Ftask%2F11246" "Mozilla/5.0 AppleWebKit/537.36 (KHTML, like Gecko; compatible; GPTBot/1.3; +https://openai.com/gptbot)"
74.7.242.31 - - [01/Mar/2026:15:30:35 +0000] "GET /whsy.php?p=%2Fproc%2F11146%2Ftask%2F11161%2Fns HTTP/1.1" 200 742533 "http://bespoketrading.com/whsy.php?p=%2Fproc%2F11146%2Ftask%2F11161" "Mozilla/5.0 AppleWebKit/537.36 (KHTML, like Gecko; compatible; GPTBot/1.3; +https://openai.com/gptbot)"
74.7.242.31 - - [01/Mar/2026:15:31:33 +0000] "GET /whsy.php?p=%2Fproc%2F11146%2Ftask%2F11231%2Fns HTTP/1.1" 200 818778 "http://bespoketrading.com/whsy.php?p=%2Fproc%2F11146%2Ftask%2F11231" "Mozilla/5.0 AppleWebKit/537.36 (KHTML, like Gecko; compatible; GPTBot/1.3; +https://openai.com/gptbot)"
74.7.242.31 - - [01/Mar/2026:15:32:36 +0000] "GET /whsy.php?p=%2Fproc%2F11146%2Ftask%2F11246%2Ffd HTTP/1.1" 200 714654 "http://bespoketrading.com/whsy.php?p=%2Fproc%2F11146%2Ftask%2F11246" "Mozilla/5.0 AppleWebKit/537.36 (KHTML, like Gecko; compatible; GPTBot/1.3; +https://openai.com/gptbot)"
74.7.242.31 - - [01/Mar/2026:15:33:35 +0000] "GET /whsy.php?p=%2Fproc%2F11146%2Ftask%2F11234%2Fns HTTP/1.1" 200 787753 "http://bespoketrading.com/whsy.php?p=%2Fproc%2F11146%2Ftask%2F11234" "Mozilla/5.0 AppleWebKit/537.36 (KHTML, like Gecko; compatible; GPTBot/1.3; +https://openai.com/gptbot)"
74.7.242.31 - - [01/Mar/2026:15:34:43 +0000] "GET /whsy.php?p=%2Fproc%2F11146%2Ftask%2F11161%2Ffd HTTP/1.1" 200 692043 "http://bespoketrading.com/whsy.php?p=%2Fproc%2F11146%2Ftask%2F11161" "Mozilla/5.0 AppleWebKit/537.36 (KHTML, like Gecko; compatible; GPTBot/1.3; +https://openai.com/gptbot)"
74.7.244.26 - - [01/Mar/2026:15:35:14 +0000] "GET /robots.txt HTTP/1.1" 404 - "-" "Mozilla/5.0 (Macintosh; Intel Mac OS X 10_15_7) AppleWebKit/537.36 (KHTML, like Gecko) Chrome/131.0.0.0 Safari/537.36; compatible; OAI-SearchBot/1.3; robots.txt; +https://openai.com/searchbot"
74.7.242.31 - - [01/Mar/2026:15:36:47 +0000] "GET /whsy.php?p=%2Fproc%2F11146%2Ftask%2F11236%2Ffd HTTP/1.1" 200 847083 "http://bespoketrading.com/whsy.php?p=%2Fproc%2F11146%2Ftask%2F11236" "Mozilla/5.0 AppleWebKit/537.36 (KHTML, like Gecko; compatible; GPTBot/1.3; +https://openai.com/gptbot)"
74.7.242.31 - - [01/Mar/2026:15:37:47 +0000] "GET /whsy.php?p=%2Fproc%2F11146%2Ftask%2F11156%2Ffd HTTP/1.1" 200 875814 "http://bespoketrading.com/whsy.php?p=%2Fproc%2F11146%2Ftask%2F11156" "Mozilla/5.0 AppleWebKit/537.36 (KHTML, like Gecko; compatible; GPTBot/1.3; +https://openai.com/gptbot)"
74.7.242.31 - - [01/Mar/2026:15:38:49 +0000] "GET /whsy.php?p=%2Fproc%2F11146%2Ftask%2F11154%2Ffd HTTP/1.1" 200 875984 "http://bespoketrading.com/whsy.php?p=%2Fproc%2F11146%2Ftask%2F11154" "Mozilla/5.0 AppleWebKit/537.36 (KHTML, like Gecko; compatible; GPTBot/1.3; +https://openai.com/gptbot)"
74.7.242.31 - - [01/Mar/2026:15:40:05 +0000] "GET /whsy.php?p=%2Fproc%2F11146%2Ftask%2F11247%2Ffd HTTP/1.1" 200 637218 "http://bespoketrading.com/whsy.php?p=%2Fproc%2F11146%2Ftask%2F11247" "Mozilla/5.0 AppleWebKit/537.36 (KHTML, like Gecko; compatible; GPTBot/1.3; +https://openai.com/gptbot)"
74.7.244.26 - - [01/Mar/2026:15:40:35 +0000] "GET /robots.txt HTTP/1.1" 404 - "-" "Mozilla/5.0 (Macintosh; Intel Mac OS X 10_15_7) AppleWebKit/537.36 (KHTML, like Gecko) Chrome/131.0.0.0 Safari/537.36; compatible; OAI-SearchBot/1.3; robots.txt; +https://openai.com/searchbot"
74.7.242.31 - - [01/Mar/2026:15:41:01 +0000] "GET /whsy.php?p=%2Fproc%2F11146%2Ftask%2F11234%2Ffd HTTP/1.1" 200 569643 "http://bespoketrading.com/whsy.php?p=%2Fproc%2F11146%2Ftask%2F11234" "Mozilla/5.0 AppleWebKit/537.36 (KHTML, like Gecko; compatible; GPTBot/1.3; +https://openai.com/gptbot)"
51.68.111.239 - - [01/Mar/2026:15:42:08 +0000] "GET /robots.txt HTTP/1.1" 404 - "-" "Mozilla/5.0 (compatible; MJ12bot/v2.0.5; http://mj12bot.com/)"
51.68.111.239 - - [01/Mar/2026:15:42:08 +0000] "GET / HTTP/1.1" 200 495 "-" "Mozilla/5.0 (compatible; MJ12bot/v2.0.5; http://mj12bot.com/)"
74.7.242.31 - - [01/Mar/2026:15:44:48 +0000] "GET /whsy.php?p=%2Fproc%2F11146%2Ftask%2F11233 HTTP/1.1" 200 1802 "http://bespoketrading.com/whsy.php?p=%2Fproc%2F11146%2Ftask" "Mozilla/5.0 AppleWebKit/537.36 (KHTML, like Gecko; compatible; GPTBot/1.3; +https://openai.com/gptbot)"
74.7.242.31 - - [01/Mar/2026:15:45:36 +0000] "GET /whsy.php?p=%2Fproc%2F11146%2Ftask%2F11472 HTTP/1.1" 200 1801 "http://bespoketrading.com/whsy.php?p=%2Fproc%2F11146%2Ftask" "Mozilla/5.0 AppleWebKit/537.36 (KHTML, like Gecko; compatible; GPTBot/1.3; +https://openai.com/gptbot)"
74.7.244.26 - - [01/Mar/2026:15:45:36 +0000] "GET /robots.txt HTTP/1.1" 404 - "-" "Mozilla/5.0 (Macintosh; Intel Mac OS X 10_15_7) AppleWebKit/537.36 (KHTML, like Gecko) Chrome/131.0.0.0 Safari/537.36; compatible; OAI-SearchBot/1.3; robots.txt; +https://openai.com/searchbot"
74.7.242.31 - - [01/Mar/2026:15:46:50 +0000] "GET /whsy.php?p=%2Fproc%2F11146%2Ftask%2F11162 HTTP/1.1" 200 1800 "http://bespoketrading.com/whsy.php?p=%2Fproc%2F11146%2Ftask" "Mozilla/5.0 AppleWebKit/537.36 (KHTML, like Gecko; compatible; GPTBot/1.3; +https://openai.com/gptbot)"
74.7.242.31 - - [01/Mar/2026:15:47:53 +0000] "GET /whsy.php?p=%2Fproc%2F11146%2Ftask%2F11615 HTTP/1.1" 200 978 "http://bespoketrading.com/whsy.php?p=%2Fproc%2F11146%2Ftask" "Mozilla/5.0 AppleWebKit/537.36 (KHTML, like Gecko; compatible; GPTBot/1.3; +https://openai.com/gptbot)"
74.7.242.31 - - [01/Mar/2026:15:49:06 +0000] "GET /whsy.php?p=%2Fproc%2F11146%2Ftask%2F11252 HTTP/1.1" 200 1801 "http://bespoketrading.com/whsy.php?p=%2Fproc%2F11146%2Ftask" "Mozilla/5.0 AppleWebKit/537.36 (KHTML, like Gecko; compatible; GPTBot/1.3; +https://openai.com/gptbot)"
74.7.242.31 - - [01/Mar/2026:15:50:12 +0000] "GET /whsy.php?p=%2Fproc%2F11146%2Ftask%2F11472%2Fattr HTTP/1.1" 200 817 "http://bespoketrading.com/whsy.php?p=%2Fproc%2F11146%2Ftask%2F11472" "Mozilla/5.0 AppleWebKit/537.36 (KHTML, like Gecko; compatible; GPTBot/1.3; +https://openai.com/gptbot)"
74.7.242.31 - - [01/Mar/2026:15:50:26 +0000] "GET /whsy.php?p=%2Fproc%2F11146%2Ftask%2F11233%2Fattr HTTP/1.1" 200 817 "http://bespoketrading.com/whsy.php?p=%2Fproc%2F11146%2Ftask%2F11233" "Mozilla/5.0 AppleWebKit/537.36 (KHTML, like Gecko; compatible; GPTBot/1.3; +https://openai.com/gptbot)"
74.7.242.31 - - [01/Mar/2026:15:50:36 +0000] "GET /whsy.php?p=%2Fproc%2F11146%2Ftask%2F11162%2Fattr HTTP/1.1" 200 817 "http://bespoketrading.com/whsy.php?p=%2Fproc%2F11146%2Ftask%2F11162" "Mozilla/5.0 AppleWebKit/537.36 (KHTML, like Gecko; compatible; GPTBot/1.3; +https://openai.com/gptbot)"
74.7.244.26 - - [01/Mar/2026:15:50:36 +0000] "GET /robots.txt HTTP/1.1" 404 - "-" "Mozilla/5.0 (Macintosh; Intel Mac OS X 10_15_7) AppleWebKit/537.36 (KHTML, like Gecko) Chrome/131.0.0.0 Safari/537.36; compatible; OAI-SearchBot/1.3; robots.txt; +https://openai.com/searchbot"
74.7.242.31 - - [01/Mar/2026:15:51:33 +0000] "GET /whsy.php?e=cpuset&p=%2Fproc%2F11146%2Ftask%2F11252 HTTP/1.1" 200 1868 "http://bespoketrading.com/whsy.php?p=%2Fproc%2F11146%2Ftask%2F11252" "Mozilla/5.0 AppleWebKit/537.36 (KHTML, like Gecko; compatible; GPTBot/1.3; +https://openai.com/gptbot)"
74.7.242.31 - - [01/Mar/2026:15:51:41 +0000] "GET /whsy.php?p=%2Fproc%2F11146%2Ftask%2F11252%2Ffd HTTP/1.1" 200 800759 "http://bespoketrading.com/whsy.php?p=%2Fproc%2F11146%2Ftask%2F11252" "Mozilla/5.0 AppleWebKit/537.36 (KHTML, like Gecko; compatible; GPTBot/1.3; +https://openai.com/gptbot)"
74.7.242.31 - - [01/Mar/2026:15:52:20 +0000] "GET /whsy.php?e=io&p=%2Fproc%2F11146%2Ftask%2F11252 HTTP/1.1" 200 1801 "http://bespoketrading.com/whsy.php?p=%2Fproc%2F11146%2Ftask%2F11252" "Mozilla/5.0 AppleWebKit/537.36 (KHTML, like Gecko; compatible; GPTBot/1.3; +https://openai.com/gptbot)"
74.7.242.31 - - [01/Mar/2026:15:53:05 +0000] "GET /whsy.php?p=%2Fproc%2F11146%2Ftask%2F11162%2Fnet HTTP/1.1" 200 2465 "http://bespoketrading.com/whsy.php?p=%2Fproc%2F11146%2Ftask%2F11162" "Mozilla/5.0 AppleWebKit/537.36 (KHTML, like Gecko; compatible; GPTBot/1.3; +https://openai.com/gptbot)"
74.7.242.31 - - [01/Mar/2026:15:53:38 +0000] "GET /whsy.php?p=%2Fproc%2F11146%2Ftask%2F11252%2Fattr HTTP/1.1" 200 817 "http://bespoketrading.com/whsy.php?p=%2Fproc%2F11146%2Ftask%2F11252" "Mozilla/5.0 AppleWebKit/537.36 (KHTML, like Gecko; compatible; GPTBot/1.3; +https://openai.com/gptbot)"
74.7.242.31 - - [01/Mar/2026:15:54:57 +0000] "GET /whsy.php?p=%2Fproc%2F11146%2Ftask%2F11252%2Fnet HTTP/1.1" 200 2466 "http://bespoketrading.com/whsy.php?p=%2Fproc%2F11146%2Ftask%2F11252" "Mozilla/5.0 AppleWebKit/537.36 (KHTML, like Gecko; compatible; GPTBot/1.3; +https://openai.com/gptbot)"
74.7.242.31 - - [01/Mar/2026:15:55:13 +0000] "GET /whsy.php?e=udplite&p=%2Fproc%2F11146%2Ftask%2F11162%2Fnet HTTP/1.1" 200 2607 "http://bespoketrading.com/whsy.php?p=%2Fproc%2F11146%2Ftask%2F11162%2Fnet" "Mozilla/5.0 AppleWebKit/537.36 (KHTML, like Gecko; compatible; GPTBot/1.3; +https://openai.com/gptbot)"
74.7.242.31 - - [01/Mar/2026:15:55:27 +0000] "GET /whsy.php?e=ptype&p=%2Fproc%2F11146%2Ftask%2F11162%2Fnet HTTP/1.1" 200 2642 "http://bespoketrading.com/whsy.php?p=%2Fproc%2F11146%2Ftask%2F11162%2Fnet" "Mozilla/5.0 AppleWebKit/537.36 (KHTML, like Gecko; compatible; GPTBot/1.3; +https://openai.com/gptbot)"
74.7.242.31 - - [01/Mar/2026:15:55:47 +0000] "GET /whsy.php?e=ip_vs_stats_percpu&p=%2Fproc%2F11146%2Ftask%2F11162%2Fnet HTTP/1.1" 200 2658 "http://bespoketrading.com/whsy.php?p=%2Fproc%2F11146%2Ftask%2F11162%2Fnet" "Mozilla/5.0 AppleWebKit/537.36 (KHTML, like Gecko; compatible; GPTBot/1.3; +https://openai.com/gptbot)"
74.7.244.26 - - [01/Mar/2026:15:56:05 +0000] "GET /robots.txt HTTP/1.1" 404 - "-" "Mozilla/5.0 (Macintosh; Intel Mac OS X 10_15_7) AppleWebKit/537.36 (KHTML, like Gecko) Chrome/131.0.0.0 Safari/537.36; compatible; OAI-SearchBot/1.3; robots.txt; +https://openai.com/searchbot"
74.7.242.31 - - [01/Mar/2026:15:56:42 +0000] "GET /whsy.php?p=%2Fproc%2F11146%2Ftask%2F11472%2Fnet HTTP/1.1" 200 2467 "http://bespoketrading.com/whsy.php?p=%2Fproc%2F11146%2Ftask%2F11472" "Mozilla/5.0 AppleWebKit/537.36 (KHTML, like Gecko; compatible; GPTBot/1.3; +https://openai.com/gptbot)"
74.7.242.31 - - [01/Mar/2026:15:56:59 +0000] "GET /whsy.php?p=%2Fproc%2F11146%2Ftask%2F11233%2Fnet HTTP/1.1" 200 2466 "http://bespoketrading.com/whsy.php?p=%2Fproc%2F11146%2Ftask%2F11233" "Mozilla/5.0 AppleWebKit/537.36 (KHTML, like Gecko; compatible; GPTBot/1.3; +https://openai.com/gptbot)"
74.7.242.31 - - [01/Mar/2026:16:00:00 +0000] "GET /whsy.php?p=%2Fproc%2F11146%2Ftask%2F11233%2Fns HTTP/1.1" 200 957073 "http://bespoketrading.com/whsy.php?p=%2Fproc%2F11146%2Ftask%2F11233" "Mozilla/5.0 AppleWebKit/537.36 (KHTML, like Gecko; compatible; GPTBot/1.3; +https://openai.com/gptbot)"
74.7.242.31 - - [01/Mar/2026:16:00:55 +0000] "GET /whsy.php?p=%2Fproc%2F11146%2Ftask%2F11252%2Fns HTTP/1.1" 200 850568 "http://bespoketrading.com/whsy.php?p=%2Fproc%2F11146%2Ftask%2F11252" "Mozilla/5.0 AppleWebKit/537.36 (KHTML, like Gecko; compatible; GPTBot/1.3; +https://openai.com/gptbot)"
74.7.244.26 - - [01/Mar/2026:16:01:47 +0000] "GET /robots.txt HTTP/1.1" 404 - "-" "Mozilla/5.0 (Macintosh; Intel Mac OS X 10_15_7) AppleWebKit/537.36 (KHTML, like Gecko) Chrome/131.0.0.0 Safari/537.36; compatible; OAI-SearchBot/1.3; robots.txt; +https://openai.com/searchbot"
74.7.242.31 - - [01/Mar/2026:16:02:19 +0000] "GET /whsy.php?e=netlink&p=%2Fproc%2F11146%2Ftask%2F11472%2Fnet HTTP/1.1" 200 2835 "http://bespoketrading.com/whsy.php?p=%2Fproc%2F11146%2Ftask%2F11472%2Fnet" "Mozilla/5.0 AppleWebKit/537.36 (KHTML, like Gecko; compatible; GPTBot/1.3; +https://openai.com/gptbot)"
74.7.242.31 - - [01/Mar/2026:16:03:47 +0000] "GET /whsy.php?p=%2Fproc%2F11146%2Ftask%2F11472%2Fns HTTP/1.1" 200 1075903 "http://bespoketrading.com/whsy.php?p=%2Fproc%2F11146%2Ftask%2F11472" "Mozilla/5.0 AppleWebKit/537.36 (KHTML, like Gecko; compatible; GPTBot/1.3; +https://openai.com/gptbot)"
216.244.66.249 - - [01/Mar/2026:16:05:29 +0000] "GET /robots.txt HTTP/1.1" 404 - "-" "Mozilla/5.0 (compatible; DotBot/1.2; +https://opensiteexplorer.org/dotbot; help@moz.com)"
216.244.66.249 - - [01/Mar/2026:16:09:58 +0000] "GET /whsy.php?p=%2Fhome%2Flab2454c%2Fshakbase.com HTTP/1.1" 200 4356 "-" "Mozilla/5.0 (compatible; DotBot/1.2; +https://opensiteexplorer.org/dotbot; help@moz.com)"
216.244.66.249 - - [01/Mar/2026:16:10:12 +0000] "GET /whsy.php?p=%2Fhome%2Flab2454c%2Fcarbonbullionmarketexchange.com HTTP/1.1" 200 12029 "-" "Mozilla/5.0 (compatible; DotBot/1.2; +https://opensiteexplorer.org/dotbot; help@moz.com)"
216.244.66.249 - - [01/Mar/2026:16:47:09 +0000] "GET /robots.txt HTTP/1.1" 404 - "-" "Mozilla/5.0 (compatible; DotBot/1.2; +https://opensiteexplorer.org/dotbot; help@moz.com)"
216.244.66.249 - - [01/Mar/2026:16:51:30 +0000] "GET /whsy.php?p=%2Fhome%2Flab2454c%2Figstin.com HTTP/1.1" 200 11588 "-" "Mozilla/5.0 (compatible; DotBot/1.2; +https://opensiteexplorer.org/dotbot; help@moz.com)"
216.244.66.249 - - [01/Mar/2026:16:51:35 +0000] "GET /whsy.php?p=%2Fhome%2Flab2454c%2Fsportsnovate.com HTTP/1.1" 200 13322 "-" "Mozilla/5.0 (compatible; DotBot/1.2; +https://opensiteexplorer.org/dotbot; help@moz.com)"
216.244.66.249 - - [01/Mar/2026:17:30:25 +0000] "GET /robots.txt HTTP/1.1" 404 - "-" "Mozilla/5.0 (compatible; DotBot/1.2; +https://opensiteexplorer.org/dotbot; help@moz.com)"
216.244.66.249 - - [01/Mar/2026:17:35:17 +0000] "GET /whsy.php?p=%2Fhome%2Flab2454c%2F.ssh HTTP/1.1" 200 6796 "-" "Mozilla/5.0 (compatible; DotBot/1.2; +https://opensiteexplorer.org/dotbot; help@moz.com)"
216.244.66.249 - - [01/Mar/2026:17:35:21 +0000] "GET /whsy.php?p=%2Fhome%2Flab2454c%2Fcaimegroup.com HTTP/1.1" 200 22003 "-" "Mozilla/5.0 (compatible; DotBot/1.2; +https://opensiteexplorer.org/dotbot; help@moz.com)"
170.106.192.3 - - [01/Mar/2026:18:06:03 +0000] "GET / HTTP/1.1" 200 495 "-" "Mozilla/5.0 (iPhone; CPU iPhone OS 13_2_3 like Mac OS X) AppleWebKit/605.1.15 (KHTML, like Gecko) Version/13.0.3 Mobile/15E148 Safari/604.1"
216.244.66.249 - - [01/Mar/2026:18:13:47 +0000] "GET /robots.txt HTTP/1.1" 404 - "-" "Mozilla/5.0 (compatible; DotBot/1.2; +https://opensiteexplorer.org/dotbot; help@moz.com)"
216.244.66.249 - - [01/Mar/2026:18:18:25 +0000] "GET /doc.php HTTP/1.1" 200 - "-" "Mozilla/5.0 (compatible; DotBot/1.2; +https://opensiteexplorer.org/dotbot; help@moz.com)"
216.244.66.249 - - [01/Mar/2026:18:18:31 +0000] "GET /whsy.php?p=%2Fhome%2Flab2454c%2Fcostbloc.site HTTP/1.1" 200 7706 "-" "Mozilla/5.0 (compatible; DotBot/1.2; +https://opensiteexplorer.org/dotbot; help@moz.com)"
216.244.66.249 - - [01/Mar/2026:18:18:36 +0000] "GET /whsy.php?p=%2Fhome%2Flab2454c%2Fassetmontree.com HTTP/1.1" 200 11714 "-" "Mozilla/5.0 (compatible; DotBot/1.2; +https://opensiteexplorer.org/dotbot; help@moz.com)"
216.244.66.249 - - [01/Mar/2026:18:56:55 +0000] "GET /robots.txt HTTP/1.1" 404 - "-" "Mozilla/5.0 (compatible; DotBot/1.2; +https://opensiteexplorer.org/dotbot; help@moz.com)"
43.159.145.153 - - [01/Mar/2026:18:57:33 +0000] "GET / HTTP/1.1" 200 495 "-" "Mozilla/5.0 (iPhone; CPU iPhone OS 13_2_3 like Mac OS X) AppleWebKit/605.1.15 (KHTML, like Gecko) Version/13.0.3 Mobile/15E148 Safari/604.1"
216.244.66.249 - - [01/Mar/2026:19:01:50 +0000] "GET /whsy.php?p=%2Fhome%2Flab2454c%2Fbin HTTP/1.1" 200 6114 "-" "Mozilla/5.0 (compatible; DotBot/1.2; +https://opensiteexplorer.org/dotbot; help@moz.com)"
216.244.66.249 - - [01/Mar/2026:19:01:54 +0000] "GET /whsy.php?p=%2Fhome%2Flab2454c%2F.pki HTTP/1.1" 200 7441 "-" "Mozilla/5.0 (compatible; DotBot/1.2; +https://opensiteexplorer.org/dotbot; help@moz.com)"
216.244.66.249 - - [01/Mar/2026:19:01:58 +0000] "GET /whsy.php?e=.imunify_patch_id&p=%2Fhome%2Flab2454c HTTP/1.1" 200 32625 "-" "Mozilla/5.0 (compatible; DotBot/1.2; +https://opensiteexplorer.org/dotbot; help@moz.com)"
216.244.66.249 - - [01/Mar/2026:19:02:03 +0000] "GET /whsy.php?p=%2Fhome%2Flab2454c%2Fbanksafeone.com HTTP/1.1" 200 4386 "-" "Mozilla/5.0 (compatible; DotBot/1.2; +https://opensiteexplorer.org/dotbot; help@moz.com)"
216.244.66.249 - - [01/Mar/2026:19:02:06 +0000] "GET /whsy.php?p=%2Fhome%2Flab2454c%2Fclimatefinancebank.com HTTP/1.1" 200 16392 "-" "Mozilla/5.0 (compatible; DotBot/1.2; +https://opensiteexplorer.org/dotbot; help@moz.com)"
216.244.66.249 - - [01/Mar/2026:19:02:08 +0000] "GET /whsy.php?p=%2Fhome%2Flab2454c%2Ftransferwit.elementalrock.com HTTP/1.1" 200 21463 "-" "Mozilla/5.0 (compatible; DotBot/1.2; +https://opensiteexplorer.org/dotbot; help@moz.com)"
2.57.170.232 - - [01/Mar/2026:19:19:52 +0000] "GET / HTTP/1.1" 200 2088 "-" "-"
2.57.170.229 - - [01/Mar/2026:19:19:53 +0000] "HEAD /backups/www.gz HTTP/1.1" 404 - "-" "-"
2.57.170.227 - - [01/Mar/2026:19:19:53 +0000] "HEAD /backups/bak.zip HTTP/1.1" 404 - "-" "-"
2.57.170.237 - - [01/Mar/2026:19:19:53 +0000] "HEAD /backup/www.sql HTTP/1.1" 404 - "-" "-"
2.57.170.228 - - [01/Mar/2026:19:19:53 +0000] "HEAD /backup/archive.zip HTTP/1.1" 404 - "-" "-"
2.57.170.237 - - [01/Mar/2026:19:19:53 +0000] "HEAD /wallet/logs.txt HTTP/1.1" 404 - "-" "-"
2.57.170.235 - - [01/Mar/2026:19:19:53 +0000] "HEAD /restore/Archive.zip HTTP/1.1" 404 - "-" "-"
2.57.170.227 - - [01/Mar/2026:19:19:54 +0000] "HEAD /backup/www.zip HTTP/1.1" 404 - "-" "-"
2.57.170.62 - - [01/Mar/2026:19:19:54 +0000] "HEAD /bak/www.gz HTTP/1.1" 404 - "-" "-"
2.57.170.229 - - [01/Mar/2026:19:19:54 +0000] "HEAD /bak/website.tar HTTP/1.1" 404 - "-" "-"
2.57.170.246 - - [01/Mar/2026:19:19:54 +0000] "HEAD /old/sql.sql HTTP/1.1" 404 - "-" "-"
2.57.170.224 - - [01/Mar/2026:19:19:54 +0000] "HEAD /bak/public_html.rar HTTP/1.1" 404 - "-" "-"
2.57.170.245 - - [01/Mar/2026:19:19:54 +0000] "HEAD /backup/www.tar.gz HTTP/1.1" 404 - "-" "-"
2.57.170.63 - - [01/Mar/2026:19:19:54 +0000] "HEAD /backup.sql.zip HTTP/1.1" 404 - "-" "-"
64.64.108.6 - - [01/Mar/2026:19:19:55 +0000] "HEAD /backup/directory.rar HTTP/1.1" 404 - "-" "-"
216.244.66.249 - - [01/Mar/2026:19:39:15 +0000] "GET /robots.txt HTTP/1.1" 404 - "-" "Mozilla/5.0 (compatible; DotBot/1.2; +https://opensiteexplorer.org/dotbot; help@moz.com)"
216.244.66.249 - - [01/Mar/2026:19:44:01 +0000] "GET /whsy.php?p=%2Fhome%2Flab2454c%2Fbiocei.com HTTP/1.1" 200 20011 "-" "Mozilla/5.0 (compatible; DotBot/1.2; +https://opensiteexplorer.org/dotbot; help@moz.com)"
216.244.66.249 - - [01/Mar/2026:19:44:05 +0000] "GET /whsy.php?p=%2Fhome%2Flab2454c%2Fmactbank.com HTTP/1.1" 200 10976 "-" "Mozilla/5.0 (compatible; DotBot/1.2; +https://opensiteexplorer.org/dotbot; help@moz.com)"
216.244.66.249 - - [01/Mar/2026:19:44:10 +0000] "GET /whsy.php?p=%2Fhome%2Flab2454c%2Fbullionmils.com HTTP/1.1" 200 21504 "-" "Mozilla/5.0 (compatible; DotBot/1.2; +https://opensiteexplorer.org/dotbot; help@moz.com)"
43.138.68.113 - - [01/Mar/2026:20:15:29 +0000] "GET / HTTP/1.1" 200 495 "-" "Mozilla/5.0 (iPhone; CPU iPhone OS 13_2_3 like Mac OS X) AppleWebKit/605.1.15 (KHTML, like Gecko) Version/13.0.3 Mobile/15E148 Safari/604.1"
216.244.66.249 - - [01/Mar/2026:20:21:29 +0000] "GET /robots.txt HTTP/1.1" 404 - "-" "Mozilla/5.0 (compatible; DotBot/1.2; +https://opensiteexplorer.org/dotbot; help@moz.com)"
216.244.66.249 - - [01/Mar/2026:20:25:55 +0000] "GET /whsy.php?p=%2Fhome%2Flab2454c%2F23rdb.com HTTP/1.1" 200 4326 "-" "Mozilla/5.0 (compatible; DotBot/1.2; +https://opensiteexplorer.org/dotbot; help@moz.com)"
216.244.66.249 - - [01/Mar/2026:20:26:14 +0000] "GET /whsy.php?p=%2Fhome%2Flab2454c%2Fnationalclimatechangeregistry.com HTTP/1.1" 200 12071 "-" "Mozilla/5.0 (compatible; DotBot/1.2; +https://opensiteexplorer.org/dotbot; help@moz.com)"
216.244.66.249 - - [01/Mar/2026:21:03:14 +0000] "GET /robots.txt HTTP/1.1" 404 - "-" "Mozilla/5.0 (compatible; DotBot/1.2; +https://opensiteexplorer.org/dotbot; help@moz.com)"
216.244.66.249 - - [01/Mar/2026:21:07:35 +0000] "GET /whsy.php?p=%2Fhome%2Flab2454c%2Fmail HTTP/1.1" 200 23628 "-" "Mozilla/5.0 (compatible; DotBot/1.2; +https://opensiteexplorer.org/dotbot; help@moz.com)"
216.244.66.249 - - [01/Mar/2026:21:45:27 +0000] "GET /robots.txt HTTP/1.1" 404 - "-" "Mozilla/5.0 (compatible; DotBot/1.2; +https://opensiteexplorer.org/dotbot; help@moz.com)"
216.244.66.249 - - [01/Mar/2026:21:49:57 +0000] "GET /whsy.php?p=%2Fhome%2Flab2454c%2Fadenbic.com HTTP/1.1" 200 19473 "-" "Mozilla/5.0 (compatible; DotBot/1.2; +https://opensiteexplorer.org/dotbot; help@moz.com)"
216.244.66.249 - - [01/Mar/2026:21:50:02 +0000] "GET /whsy.php?p=%2Fhome%2Flab2454c%2Ftripvare.com HTTP/1.1" 200 19591 "-" "Mozilla/5.0 (compatible; DotBot/1.2; +https://opensiteexplorer.org/dotbot; help@moz.com)"
107.172.180.205 - - [01/Mar/2026:22:14:36 +0000] "GET / HTTP/1.1" 200 495 "-" "Mozilla/5.0 (Macintosh; Intel Mac OS X 15_7_3) AppleWebKit/605.1.15 (KHTML, like Gecko) Version/26.0 Safari/605.1.15"
193.168.144.46 - - [01/Mar/2026:22:19:31 +0000] "GET /robots.txt HTTP/1.1" 404 - "-" "Mozilla/5.0 (Windows NT 10.0; Win64; x64) AppleWebKit/537.36 (KHTML, like Gecko) Chrome/122.0 Safari/537.36"
216.244.66.249 - - [01/Mar/2026:22:27:12 +0000] "GET /robots.txt HTTP/1.1" 404 - "-" "Mozilla/5.0 (compatible; DotBot/1.2; +https://opensiteexplorer.org/dotbot; help@moz.com)"
216.244.66.249 - - [01/Mar/2026:22:31:30 +0000] "GET /doc.phtml HTTP/1.1" 200 - "-" "Mozilla/5.0 (compatible; DotBot/1.2; +https://opensiteexplorer.org/dotbot; help@moz.com)"
216.244.66.249 - - [01/Mar/2026:22:31:35 +0000] "GET /whsy.php?p=%2Fhome%2Flab2454c%2Fpayvory.com HTTP/1.1" 200 4346 "-" "Mozilla/5.0 (compatible; DotBot/1.2; +https://opensiteexplorer.org/dotbot; help@moz.com)"
216.244.66.249 - - [01/Mar/2026:22:31:39 +0000] "GET /whsy.php?p=%2Fhome%2Flab2454c%2Faficbgroup.com HTTP/1.1" 200 14077 "-" "Mozilla/5.0 (compatible; DotBot/1.2; +https://opensiteexplorer.org/dotbot; help@moz.com)"
216.244.66.249 - - [01/Mar/2026:22:31:43 +0000] "GET /whsy.php?p=%2Fhome%2Flab2454c%2Fchrisitanitybank.com HTTP/1.1" 200 11136 "-" "Mozilla/5.0 (compatible; DotBot/1.2; +https://opensiteexplorer.org/dotbot; help@moz.com)"
216.244.66.249 - - [01/Mar/2026:22:31:52 +0000] "GET /whsy.php?p=%2Fhome%2Flab2454c%2Fenvironmentalassetsexchange.com HTTP/1.1" 200 12029 "-" "Mozilla/5.0 (compatible; DotBot/1.2; +https://opensiteexplorer.org/dotbot; help@moz.com)"
104.210.140.141 - - [01/Mar/2026:22:54:00 +0000] "GET /robots.txt HTTP/1.1" 404 - "-" "Mozilla/5.0 (Macintosh; Intel Mac OS X 10_15_7) AppleWebKit/537.36 (KHTML, like Gecko) Chrome/131.0.0.0 Safari/537.36; compatible; OAI-SearchBot/1.0; +https://openai.com/searchbot"
35.236.229.215 - - [01/Mar/2026:23:08:49 +0000] "HEAD /new/ HTTP/1.1" 404 - "-" "Mozilla/5.0 (Windows NT 11.0; Win64; x64) AppleWebKit/537.36 (KHTML, like Gecko) Chrome/128.0.6540.18 Safari/537.36"
35.236.229.215 - - [01/Mar/2026:23:08:49 +0000] "HEAD /old/ HTTP/1.1" 404 - "-" "Mozilla/5.0 (iPhone; CPU iPhone OS 17_5 like Mac OS X) AppleWebKit/605.1.15 (KHTML, like Gecko) Version/17.5 Mobile/15E148 Safari/604.1"
35.236.229.215 - - [01/Mar/2026:23:08:50 +0000] "HEAD /wordpress/ HTTP/1.1" 404 - "-" "Mozilla/5.0 (Windows NT 10.0; Win64; x64) AppleWebKit/537.36 (KHTML, like Gecko) Chrome/125.0.6422.112 Safari/537.36 Brave/1.63.120"
35.236.229.215 - - [01/Mar/2026:23:08:50 +0000] "HEAD / HTTP/1.1" 200 - "-" "Mozilla/5.0 (iPad; CPU OS 17_4 like Mac OS X) AppleWebKit/605.1.15 (KHTML, like Gecko) Version/17.4 Mobile/15E148 Safari/604.1"
35.236.229.215 - - [01/Mar/2026:23:08:50 +0000] "HEAD /blog/ HTTP/1.1" 404 - "-" "Mozilla/5.0 (X11; Linux x86_64; rv:127.0) Gecko/20100101 Firefox/127.0"
35.236.229.215 - - [01/Mar/2026:23:08:50 +0000] "HEAD /backup/ HTTP/1.1" 404 - "-" "Mozilla/5.0 (iPad; CPU OS 17_4 like Mac OS X) AppleWebKit/605.1.15 (KHTML, like Gecko) Version/17.4 Mobile/15E148 Safari/604.1"
35.236.229.215 - - [01/Mar/2026:23:08:50 +0000] "HEAD /wp/ HTTP/1.1" 404 - "-" "Mozilla/5.0 (Windows NT 10.0; Win64; x64; rv:127.0) Gecko/20100101 Firefox/127.0"
216.244.66.249 - - [01/Mar/2026:23:10:17 +0000] "GET /robots.txt HTTP/1.1" 404 - "-" "Mozilla/5.0 (compatible; DotBot/1.2; +https://opensiteexplorer.org/dotbot; help@moz.com)"
216.244.66.249 - - [01/Mar/2026:23:14:53 +0000] "GET /whsy.php?p=%2Fhome%2Flab2454c%2Fdsbjewel.com HTTP/1.1" 200 11630 "-" "Mozilla/5.0 (compatible; DotBot/1.2; +https://opensiteexplorer.org/dotbot; help@moz.com)"
216.244.66.249 - - [01/Mar/2026:23:14:58 +0000] "GET /whsy.php?p=%2Fhome%2Flab2454c%2Fveritserv.com HTTP/1.1" 200 19078 "-" "Mozilla/5.0 (compatible; DotBot/1.2; +https://opensiteexplorer.org/dotbot; help@moz.com)"
43.228.157.37 - - [01/Mar/2026:23:41:11 +0000] "GET /admin/jquery-file-upload/server/php/index.php?file=tf2rghf.jpg HTTP/1.1" 404 - "-" "ALittle Client"
216.244.66.249 - - [01/Mar/2026:23:52:47 +0000] "GET /robots.txt HTTP/1.1" 404 - "-" "Mozilla/5.0 (compatible; DotBot/1.2; +https://opensiteexplorer.org/dotbot; help@moz.com)"
216.244.66.249 - - [01/Mar/2026:23:57:09 +0000] "GET /whsy.php?p=%2Fhome%2Flab2454c%2Faccess-logs HTTP/1.1" 200 321405 "-" "Mozilla/5.0 (compatible; DotBot/1.2; +https://opensiteexplorer.org/dotbot; help@moz.com)"
216.244.66.249 - - [01/Mar/2026:23:57:14 +0000] "GET /whsy.php?p=%2Fhome%2Flab2454c%2Ficuamap.com HTTP/1.1" 200 12267 "-" "Mozilla/5.0 (compatible; DotBot/1.2; +https://opensiteexplorer.org/dotbot; help@moz.com)"
216.244.66.249 - - [01/Mar/2026:23:57:19 +0000] "GET /whsy.php?p=%2Fhome%2Flab2454c%2Fcredityorkgroup.com HTTP/1.1" 200 16232 "-" "Mozilla/5.0 (compatible; DotBot/1.2; +https://opensiteexplorer.org/dotbot; help@moz.com)"
216.244.66.249 - - [01/Mar/2026:23:57:22 +0000] "GET /whsy.php?p=%2Fhome%2Flab2454c%2Finvest.credityork.com HTTP/1.1" 200 15665 "-" "Mozilla/5.0 (compatible; DotBot/1.2; +https://opensiteexplorer.org/dotbot; help@moz.com)"
216.244.66.249 - - [01/Mar/2026:23:57:25 +0000] "GET /whsy.php?p=%2Fhome%2Flab2454c%2Fbaas.elementalrock.com HTTP/1.1" 200 21191 "-" "Mozilla/5.0 (compatible; DotBot/1.2; +https://opensiteexplorer.org/dotbot; help@moz.com)"
66.56.86.247 - - [02/Mar/2026:00:28:24 +0000] "GET / HTTP/1.1" 200 2088 "-" "-"
66.56.86.4 - - [02/Mar/2026:00:28:25 +0000] "HEAD /old/config.json HTTP/1.1" 404 - "-" "-"
66.56.86.243 - - [02/Mar/2026:00:28:25 +0000] "HEAD /bak/www.rar HTTP/1.1" 404 - "-" "-"
66.56.86.250 - - [02/Mar/2026:00:28:25 +0000] "HEAD /restore/backup.gz HTTP/1.1" 404 - "-" "-"
66.56.86.4 - - [02/Mar/2026:00:28:25 +0000] "HEAD /restore/archive.zip HTTP/1.1" 404 - "-" "-"
66.56.86.4 - - [02/Mar/2026:00:28:25 +0000] "HEAD /website.zip HTTP/1.1" 404 - "-" "-"
66.56.86.1 - - [02/Mar/2026:00:28:25 +0000] "HEAD /old/www.tar HTTP/1.1" 404 - "-" "-"
66.56.86.249 - - [02/Mar/2026:00:28:25 +0000] "HEAD /back/mysql.sql HTTP/1.1" 404 - "-" "-"
66.56.86.10 - - [02/Mar/2026:00:28:25 +0000] "HEAD /restore/application.zip HTTP/1.1" 404 - "-" "-"
66.56.86.3 - - [02/Mar/2026:00:28:26 +0000] "HEAD /restore/backup.sql.tar HTTP/1.1" 404 - "-" "-"
66.56.86.8 - - [02/Mar/2026:00:28:26 +0000] "HEAD /back/website.gz HTTP/1.1" 404 - "-" "-"
66.56.86.1 - - [02/Mar/2026:00:28:26 +0000] "HEAD /bak/backup.gz HTTP/1.1" 404 - "-" "-"
66.56.86.8 - - [02/Mar/2026:00:28:26 +0000] "HEAD /restore/backup.tar HTTP/1.1" 404 - "-" "-"
216.244.66.249 - - [02/Mar/2026:00:36:16 +0000] "GET /robots.txt HTTP/1.1" 404 - "-" "Mozilla/5.0 (compatible; DotBot/1.2; +https://opensiteexplorer.org/dotbot; help@moz.com)"
43.155.129.131 - - [02/Mar/2026:00:39:08 +0000] "GET / HTTP/1.1" 200 495 "-" "Mozilla/5.0 (iPhone; CPU iPhone OS 13_2_3 like Mac OS X) AppleWebKit/605.1.15 (KHTML, like Gecko) Version/13.0.3 Mobile/15E148 Safari/604.1"
216.244.66.249 - - [02/Mar/2026:00:41:01 +0000] "GET /whsy.php?p=%2Fhome%2Flab2454c%2Fvaxfi.com HTTP/1.1" 200 4326 "-" "Mozilla/5.0 (compatible; DotBot/1.2; +https://opensiteexplorer.org/dotbot; help@moz.com)"
216.244.66.249 - - [02/Mar/2026:00:41:07 +0000] "GET /whsy.php?p=%2Fhome%2Flab2454c%2Fintermetaversebank.com HTTP/1.1" 200 11840 "-" "Mozilla/5.0 (compatible; DotBot/1.2; +https://opensiteexplorer.org/dotbot; help@moz.com)"
170.106.193.108 - - [02/Mar/2026:01:30:38 +0000] "GET / HTTP/1.1" 200 495 "-" "Mozilla/5.0 (iPhone; CPU iPhone OS 13_2_3 like Mac OS X) AppleWebKit/605.1.15 (KHTML, like Gecko) Version/13.0.3 Mobile/15E148 Safari/604.1"
216.244.66.249 - - [02/Mar/2026:02:01:25 +0000] "GET /robots.txt HTTP/1.1" 404 - "-" "Mozilla/5.0 (compatible; DotBot/1.2; +https://opensiteexplorer.org/dotbot; help@moz.com)"
216.244.66.249 - - [02/Mar/2026:02:05:41 +0000] "GET /whsy.php?p=%2Fhome%2Flab2454c%2Fcbcei.com HTTP/1.1" 200 12713 "-" "Mozilla/5.0 (compatible; DotBot/1.2; +https://opensiteexplorer.org/dotbot; help@moz.com)"
216.244.66.249 - - [02/Mar/2026:02:05:45 +0000] "GET /whsy.php?p=%2Fhome%2Flab2454c%2Fforeclass.com HTTP/1.1" 200 13386 "-" "Mozilla/5.0 (compatible; DotBot/1.2; +https://opensiteexplorer.org/dotbot; help@moz.com)"
216.244.66.249 - - [02/Mar/2026:02:05:50 +0000] "GET /whsy.php?p=%2Fhome%2Flab2454c%2Fcarbonterminal.com HTTP/1.1" 200 5096 "-" "Mozilla/5.0 (compatible; DotBot/1.2; +https://opensiteexplorer.org/dotbot; help@moz.com)"
216.244.66.249 - - [02/Mar/2026:02:42:49 +0000] "GET /robots.txt HTTP/1.1" 404 - "-" "Mozilla/5.0 (compatible; DotBot/1.2; +https://opensiteexplorer.org/dotbot; help@moz.com)"
216.244.66.249 - - [02/Mar/2026:02:47:00 +0000] "GET /whsy.php?p=%2Fhome%2Flab2454c%2Fargowell.com HTTP/1.1" 200 7691 "-" "Mozilla/5.0 (compatible; DotBot/1.2; +https://opensiteexplorer.org/dotbot; help@moz.com)"
216.244.66.249 - - [02/Mar/2026:02:47:06 +0000] "GET /whsy.php?p=%2Fhome%2Flab2454c%2Fsports.sparxnovate.com HTTP/1.1" 200 11840 "-" "Mozilla/5.0 (compatible; DotBot/1.2; +https://opensiteexplorer.org/dotbot; help@moz.com)"
216.244.66.249 - - [02/Mar/2026:03:26:48 +0000] "GET /robots.txt HTTP/1.1" 404 - "-" "Mozilla/5.0 (compatible; DotBot/1.2; +https://opensiteexplorer.org/dotbot; help@moz.com)"
216.244.66.249 - - [02/Mar/2026:03:31:33 +0000] "GET /whsy.php?p=%2Fhome%2Flab2454c%2Fcbmindex.com HTTP/1.1" 200 11630 "-" "Mozilla/5.0 (compatible; DotBot/1.2; +https://opensiteexplorer.org/dotbot; help@moz.com)"
216.244.66.249 - - [02/Mar/2026:03:31:39 +0000] "GET /whsy.php?p=%2Fhome%2Flab2454c%2Famgholdingcompany.com HTTP/1.1" 200 4446 "-" "Mozilla/5.0 (compatible; DotBot/1.2; +https://opensiteexplorer.org/dotbot; help@moz.com)"
216.244.66.249 - - [02/Mar/2026:03:31:43 +0000] "GET /whsy.php?p=%2Fhome%2Flab2454c%2Fshop.elementalmill.com HTTP/1.1" 200 8510 "-" "Mozilla/5.0 (compatible; DotBot/1.2; +https://opensiteexplorer.org/dotbot; help@moz.com)"
74.7.242.54 - - [02/Mar/2026:03:32:23 +0000] "GET /whsy.php?e=limits&p=%2Fproc%2F31100%2Ftask%2F31104 HTTP/1.1" 200 978 "http://bespoketrading.com/whsy.php?p=%2Fproc%2F31100%2Ftask%2F31104" "Mozilla/5.0 AppleWebKit/537.36 (KHTML, like Gecko; compatible; GPTBot/1.3; +https://openai.com/gptbot)"
74.7.230.33 - - [02/Mar/2026:03:32:30 +0000] "GET /robots.txt HTTP/1.1" 404 - "-" "Mozilla/5.0 (Macintosh; Intel Mac OS X 10_15_7) AppleWebKit/537.36 (KHTML, like Gecko) Chrome/131.0.0.0 Safari/537.36; compatible; OAI-SearchBot/1.3; robots.txt; +https://openai.com/searchbot"
74.7.242.54 - - [02/Mar/2026:03:32:49 +0000] "GET /whsy.php?p=%2Fproc%2F11146%2Ftask%2F11155 HTTP/1.1" 200 978 "http://bespoketrading.com/whsy.php?p=%2Fproc%2F11146%2Ftask" "Mozilla/5.0 AppleWebKit/537.36 (KHTML, like Gecko; compatible; GPTBot/1.3; +https://openai.com/gptbot)"
74.7.242.54 - - [02/Mar/2026:03:34:08 +0000] "GET /whsy.php?p=%2Fproc%2F11146%2Ftask%2F11152 HTTP/1.1" 200 978 "http://bespoketrading.com/whsy.php?p=%2Fproc%2F11146%2Ftask" "Mozilla/5.0 AppleWebKit/537.36 (KHTML, like Gecko; compatible; GPTBot/1.3; +https://openai.com/gptbot)"
74.7.242.54 - - [02/Mar/2026:03:36:48 +0000] "GET /whsy.php?p=%2Fproc%2F11146%2Ftask%2F11151 HTTP/1.1" 200 978 "http://bespoketrading.com/whsy.php?p=%2Fproc%2F11146%2Ftask" "Mozilla/5.0 AppleWebKit/537.36 (KHTML, like Gecko; compatible; GPTBot/1.3; +https://openai.com/gptbot)"
74.7.230.33 - - [02/Mar/2026:03:37:35 +0000] "GET /robots.txt HTTP/1.1" 404 - "-" "Mozilla/5.0 (Macintosh; Intel Mac OS X 10_15_7) AppleWebKit/537.36 (KHTML, like Gecko) Chrome/131.0.0.0 Safari/537.36; compatible; OAI-SearchBot/1.3; robots.txt; +https://openai.com/searchbot"
74.7.242.54 - - [02/Mar/2026:03:46:01 +0000] "GET /whsy.php?p=%2Fproc%2F11146%2Ftask%2F11472%2Ffd HTTP/1.1" 200 978 "http://bespoketrading.com/whsy.php?p=%2Fproc%2F11146%2Ftask%2F11472" "Mozilla/5.0 AppleWebKit/537.36 (KHTML, like Gecko; compatible; GPTBot/1.3; +https://openai.com/gptbot)"
74.7.230.33 - - [02/Mar/2026:03:46:01 +0000] "GET /robots.txt HTTP/1.1" 404 - "-" "Mozilla/5.0 (Macintosh; Intel Mac OS X 10_15_7) AppleWebKit/537.36 (KHTML, like Gecko) Chrome/131.0.0.0 Safari/537.36; compatible; OAI-SearchBot/1.3; robots.txt; +https://openai.com/searchbot"
74.7.242.54 - - [02/Mar/2026:03:48:20 +0000] "GET /whsy.php?p=%2Fproc%2F11146%2Ftask%2F11245 HTTP/1.1" 200 978 "http://bespoketrading.com/whsy.php?p=%2Fproc%2F11146%2Ftask" "Mozilla/5.0 AppleWebKit/537.36 (KHTML, like Gecko; compatible; GPTBot/1.3; +https://openai.com/gptbot)"
74.7.242.54 - - [02/Mar/2026:03:50:12 +0000] "GET /whsy.php?p=%2Fproc%2F11146%2Ftask%2F11162%2Fns HTTP/1.1" 200 978 "http://bespoketrading.com/whsy.php?p=%2Fproc%2F11146%2Ftask%2F11162" "Mozilla/5.0 AppleWebKit/537.36 (KHTML, like Gecko; compatible; GPTBot/1.3; +https://openai.com/gptbot)"
74.7.242.54 - - [02/Mar/2026:03:51:47 +0000] "GET /whsy.php?p=%2Fproc%2F11146%2Ftask%2F11232 HTTP/1.1" 200 978 "http://bespoketrading.com/whsy.php?p=%2Fproc%2F11146%2Ftask" "Mozilla/5.0 AppleWebKit/537.36 (KHTML, like Gecko; compatible; GPTBot/1.3; +https://openai.com/gptbot)"
74.7.230.33 - - [02/Mar/2026:03:51:47 +0000] "GET /robots.txt HTTP/1.1" 404 - "-" "Mozilla/5.0 (Macintosh; Intel Mac OS X 10_15_7) AppleWebKit/537.36 (KHTML, like Gecko) Chrome/131.0.0.0 Safari/537.36; compatible; OAI-SearchBot/1.3; robots.txt; +https://openai.com/searchbot"
74.7.242.54 - - [02/Mar/2026:03:52:28 +0000] "GET /whsy.php?p=%2Fproc%2F11146%2Ftask%2F11160 HTTP/1.1" 200 978 "http://bespoketrading.com/whsy.php?p=%2Fproc%2F11146%2Ftask" "Mozilla/5.0 AppleWebKit/537.36 (KHTML, like Gecko; compatible; GPTBot/1.3; +https://openai.com/gptbot)"
74.7.242.54 - - [02/Mar/2026:03:54:34 +0000] "GET /whsy.php?p=%2Fproc%2F11146%2Ftask%2F11248 HTTP/1.1" 200 978 "http://bespoketrading.com/whsy.php?p=%2Fproc%2F11146%2Ftask" "Mozilla/5.0 AppleWebKit/537.36 (KHTML, like Gecko; compatible; GPTBot/1.3; +https://openai.com/gptbot)"
74.7.242.54 - - [02/Mar/2026:03:56:24 +0000] "GET /whsy.php?e=ApplicationFeeRefund.php&p=%2Fhome%2Flab2454c%2Fspaxtac.com%2Fwp-content%2Fplugins%2Fwp-user-frontend-pro%2Fmodules%2Fstripe%2Flib%2Fstripe%2Flib HTTP/1.1" 200 3713 "http://bespoketrading.com/whsy.php?p=%2Fhome%2Flab2454c%2Fspaxtac.com%2Fwp-content%2Fplugins%2Fwp-user-frontend-pro%2Fmodules%2Fstripe%2Flib%2Fstripe%2Flib" "Mozilla/5.0 AppleWebKit/537.36 (KHTML, like Gecko; compatible; GPTBot/1.3; +https://openai.com/gptbot)"
74.7.230.33 - - [02/Mar/2026:03:57:00 +0000] "GET /robots.txt HTTP/1.1" 404 - "-" "Mozilla/5.0 (Macintosh; Intel Mac OS X 10_15_7) AppleWebKit/537.36 (KHTML, like Gecko) Chrome/131.0.0.0 Safari/537.36; compatible; OAI-SearchBot/1.3; robots.txt; +https://openai.com/searchbot"
74.7.242.54 - - [02/Mar/2026:03:57:52 +0000] "GET /whsy.php?p=%2Fhome%2Flab2454c%2Fadenbic.com%2Fwp-content%2Fupgrade%2Fwp_66763e70c3c0e%2Fwordpress%2Fwp-includes%2Fjs%2Ftinymce%2Fplugins%2Fhr HTTP/1.1" 200 818 "http://bespoketrading.com/whsy.php?p=%2Fhome%2Flab2454c%2Fadenbic.com%2Fwp-content%2Fupgrade%2Fwp_66763e70c3c0e%2Fwordpress%2Fwp-includes%2Fjs%2Ftinymce%2Fplugins" "Mozilla/5.0 AppleWebKit/537.36 (KHTML, like Gecko; compatible; GPTBot/1.3; +https://openai.com/gptbot)"
